-- Table structure for table `membership`
--

CREATE TABLE `membership` (
  `id` int NOT NULL AUTO_INCREMENT,
  `owner_id` int NOT NULL,
  `state` enum('expired','pending','active','cancelled') COLLATE utf8mb3_unicode_ci DEFAULT NULL,
  `activated_at` datetime DEFAULT NULL,
  `renewal_email_sent` tinyint(1) DEFAULT NULL,
  `created_at` datetime NOT NULL,
  `updated_at` datetime NOT NULL,
  PRIMARY KEY (`id`),
  KEY `IDX_86FFD2857E3C61F9` (`owner_id`),
  CONSTRAINT `FK_86FFD2857E3C61F9` FOREIGN KEY (`owner_id`) REFERENCES `commercial` (`id`)
) ENGINE=InnoDB AUTO_INCREMENT=5 DEFAULT CHARSET=utf8mb3 COLLATE=utf8mb3_unicode_ci;

--
-- Dumping data for table `membership`
--

INSERT INTO `membership` VALUES (1,5116,'active','2025-02-28 15:30:09',NULL,'2025-02-28 15:30:09','2025-02-28 15:30:09'),(2,5116,'active','2025-02-28 15:30:09',NULL,'2025-03-04 10:23:40','2025-03-04 10:23:40'),(3,3640,'active','2025-03-18 18:36:22',NULL,'2025-03-18 18:36:23','2025-03-18 18:36:23'),(4,5133,'active','2025-03-19 17:54:41',NULL,'2025-03-19 17:54:41','2025-03-19 17:54:41');

--
-- Table structure for table `messenger_messages`
--

CREATE TABLE `messenger_messages` (
  `id` bigint NOT NULL AUTO_INCREMENT,
  `body` longtext COLLATE utf8mb3_unicode_ci NOT NULL,
  `headers` longtext COLLATE utf8mb3_unicode_ci NOT NULL,
  `queue_name` varchar(190) COLLATE utf8mb3_unicode_ci NOT NULL,
  `created_at` datetime NOT NULL COMMENT '(DC2Type:datetime_immutable)',
  `available_at` datetime NOT NULL COMMENT '(DC2Type:datetime_immutable)',
  `delivered_at` datetime DEFAULT NULL COMMENT '(DC2Type:datetime_immutable)',
  PRIMARY KEY (`id`),
  KEY `IDX_75EA56E0FB7336F0` (`queue_name`),
  KEY `IDX_75EA56E0E3BD61CE` (`available_at`),
  KEY `IDX_75EA56E016BA31DB` (`delivered_at`)
) ENGINE=InnoDB AUTO_INCREMENT=1044 DEFAULT CHARSET=utf8mb3 COLLATE=utf8mb3_unicode_ci;

--
-- Dumping data for table `messenger_messages`
--


--
-- Table structure for table `offer`
--

CREATE TABLE `offer` (
  `id` int NOT NULL AUTO_INCREMENT,
  `name` varchar(255) COLLATE utf8mb3_unicode_ci NOT NULL,
  `price` double NOT NULL,
  `broadcast_duration` double DEFAULT NULL,
  `description` longtext COLLATE utf8mb3_unicode_ci,
  `advert_quantity` int NOT NULL,
  `review` tinyint(1) DEFAULT NULL,
  `created_at` datetime NOT NULL,
  `updated_at` datetime NOT NULL,
  `type` varchar(255) COLLATE utf8mb3_unicode_ci NOT NULL,
  `ttc_price` double DEFAULT NULL,
  PRIMARY KEY (`id`)
) ENGINE=InnoDB AUTO_INCREMENT=7 DEFAULT CHARSET=utf8mb3 COLLATE=utf8mb3_unicode_ci;

--
-- Dumping data for table `offer`
--

INSERT INTO `offer` VALUES (1,'3 X 1 mois + Revue',395,1,NULL,3,1,'2024-05-17 14:26:52','2024-10-23 12:50:36','creditoffer',0),(2,'3 mois + Revue',395,3,NULL,1,1,'2024-05-17 14:26:52','2024-10-23 12:50:36','creditoffer',0),(3,'Pack 10 annonces',500,3,'Diffusion site pour 3 mois, Logo + 1 secteur d’activité',10,0,'2024-05-17 14:26:52','2024-10-09 20:46:13','packageoffer',600),(4,'Pack 15 annonces',750,3,'Diffusion site pour 3 mois, Logo + 2 secteur d’activité, Image personnalisée',15,0,'2024-05-17 14:26:52','2024-10-09 20:46:13','packageoffer',900),(5,'Pack 10 annonces + Revue',600,3,'Diffusion site + revue pour 3 mois, Logo + 1 secteur d’activité',10,1,'2024-06-03 19:12:05','2024-10-09 20:46:13','packageoffer',720),(6,'Pack 15 annonces + Revue',900,3,'Diffusion site + revue pour 3 mois, Logo + 2 secteur d’activité, Image personnalisée',15,1,'2024-06-03 19:12:05','2024-10-09 20:46:13','packageoffer',1080);

--
-- Table structure for table `order`
--

CREATE TABLE `order` (
  `id` int NOT NULL AUTO_INCREMENT,
  `customer_id` int NOT NULL,
  `advert_broadcast_id` int DEFAULT NULL,
  `offer_id` int DEFAULT NULL,
  `reference` varchar(255) COLLATE utf8mb3_unicode_ci NOT NULL,
  `amount` double NOT NULL,
  `payment_mode` enum('cb','bank_transfer','credit') COLLATE utf8mb3_unicode_ci NOT NULL,
  `state` enum('pending','paid','failed','validated','processing','refunded','cancelled','declined') COLLATE utf8mb3_unicode_ci NOT NULL,
  `checkout_url` longtext COLLATE utf8mb3_unicode_ci,
  `checkout_id` varchar(255) COLLATE utf8mb3_unicode_ci DEFAULT NULL,
  `created_at` datetime NOT NULL,
  `updated_at` datetime NOT NULL,
  `type` varchar(255) COLLATE utf8mb3_unicode_ci NOT NULL,
  `tva` double DEFAULT NULL,
  `commercial_credit_usable_offer_id` int DEFAULT NULL,
  `chamber_package_usable_offer_id` int DEFAULT NULL,
  `embassy_package_usable_offer_id` int DEFAULT NULL,
  `stripe_id` varchar(255) COLLATE utf8mb3_unicode_ci DEFAULT NULL,
  `stripe_payment_intent_id` varchar(255) COLLATE utf8mb3_unicode_ci DEFAULT NULL,
  `verifone_transaction_id` varchar(255) COLLATE utf8mb3_unicode_ci DEFAULT NULL,
  `contract_id` int DEFAULT NULL,
  `usable_gift_id` int DEFAULT NULL,
  `paid_at` datetime DEFAULT NULL,
  PRIMARY KEY (`id`),
  UNIQUE KEY `UNIQ_F5299398AEA34913` (`reference`),
  KEY `IDX_F52993989395C3F3` (`customer_id`),
  KEY `IDX_F52993989ED5161F` (`advert_broadcast_id`),
  KEY `IDX_F529939853C674EE` (`offer_id`),
  KEY `IDX_F5299398CB88C8AC` (`commercial_credit_usable_offer_id`),
  KEY `IDX_F529939872C54F59` (`chamber_package_usable_offer_id`),
  KEY `IDX_F52993988B94365E` (`embassy_package_usable_offer_id`),
  KEY `IDX_F52993982576E0FD` (`contract_id`),
  KEY `IDX_F529939858EAFFB9` (`usable_gift_id`),
  CONSTRAINT `FK_F52993982576E0FD` FOREIGN KEY (`contract_id`) REFERENCES `contract` (`id`),
  CONSTRAINT `FK_F529939853C674EE` FOREIGN KEY (`offer_id`) REFERENCES `offer` (`id`),
  CONSTRAINT `FK_F529939858EAFFB9` FOREIGN KEY (`usable_gift_id`) REFERENCES `advert_gift` (`id`),
  CONSTRAINT `FK_F529939872C54F59` FOREIGN KEY (`chamber_package_usable_offer_id`) REFERENCES `chamber_package` (`id`),
  CONSTRAINT `FK_F52993988B94365E` FOREIGN KEY (`embassy_package_usable_offer_id`) REFERENCES `embassy_package` (`id`),
  CONSTRAINT `FK_F52993989395C3F3` FOREIGN KEY (`customer_id`) REFERENCES `customer` (`id`),
  CONSTRAINT `FK_F52993989ED5161F` FOREIGN KEY (`advert_broadcast_id`) REFERENCES `advert_broadcast` (`id`),
  CONSTRAINT `FK_F5299398CB88C8AC` FOREIGN KEY (`commercial_credit_usable_offer_id`) REFERENCES `commercial_credit` (`id`)
) ENGINE=InnoDB AUTO_INCREMENT=387 DEFAULT CHARSET=utf8mb3 COLLATE=utf8mb3_unicode_ci;

--
-- Dumping data for table `order`
--

INSERT INTO `order` VALUES (6,4410,NULL,1,'OFCB000001',394,'cb','paid','https://cst.checkout.vficloud.net/v2/checkout/fd3f6376-9a6c-4795-8f69-ec6f2634f12f/view',NULL,'2024-05-17 14:27:26','2024-06-17 09:30:47','offerorder',0,NULL,NULL,NULL,NULL,NULL,NULL,NULL,NULL,NULL),(25,3,NULL,2,'OFCB000003',395,'cb','paid','https://cst.checkout.vficloud.net/v2/checkout/fd3f6376-9a6c-4795-8f69-ec6f2634f12f/view',NULL,'2024-06-11 08:15:40','2024-06-17 09:30:47','offerorder',0,NULL,NULL,NULL,NULL,NULL,NULL,NULL,NULL,NULL),(34,4438,NULL,1,'OFBT000005',395,'bank_transfer','paid',NULL,NULL,'2024-07-01 16:55:06','2024-07-01 16:55:06','offerorder',20,NULL,NULL,NULL,NULL,NULL,NULL,NULL,NULL,NULL),(35,4439,NULL,1,'OFCB000004',395,'cb','paid','https://cst.checkout.vficloud.net/v2/checkout/fd3f6376-9a6c-4795-8f69-ec6f2634f12f/view',NULL,'2024-07-01 17:10:16','2024-07-01 17:10:16','offerorder',20,NULL,NULL,NULL,NULL,NULL,NULL,NULL,NULL,NULL),(36,4440,NULL,1,'OFCB000005',395,'cb','paid','https://cst.checkout.vficloud.net/v2/checkout/fd3f6376-9a6c-4795-8f69-ec6f2634f12f/view',NULL,'2024-07-02 10:38:15','2024-07-02 10:38:15','offerorder',20,NULL,NULL,NULL,NULL,NULL,NULL,NULL,NULL,NULL),(37,4441,NULL,1,'OFCB000006',395,'cb','paid','https://cst.checkout.vficloud.net/v2/checkout/fd3f6376-9a6c-4795-8f69-ec6f2634f12f/view',NULL,'2024-07-02 10:56:22','2024-07-02 10:56:22','offerorder',20,NULL,NULL,NULL,NULL,NULL,NULL,NULL,NULL,NULL),(41,3,NULL,2,'OFCB000007',395,'cb','paid','https://checkout.stripe.com/c/pay/cs_test_a1dVmmV5pHvlb9dO0Dj8yzM3Ih1JyChATmGCb2EjmoNHuFUzwgLnrXOpGU#fidkdWxOYHwnPyd1blpxYHZxWjA0VWkwQ1BOM2twaHZIMHV8ckNhQmxwSm9KZjdqTnVfSFA9RFRLQ3U2SU9yPXNHPTBEU0ZhM2NCPExBcmlkMlRsVzBWMn1takJ%2FNkBmUm0zTFF1ckxtVGRDNTV1QHBWV1dNaycpJ2N3amhWYHdzYHcnP3F3cGApJ2lkfGpwcVF8dWAnPyd2bGtiaWBabHFgaCcpJ2BrZGdpYFVpZGZgbWppYWB3dic%2FcXdwYHgl',NULL,'2024-08-08 17:51:12','2024-08-08 17:51:48','offerorder',0,NULL,NULL,NULL,'cs_test_a1dVmmV5pHvlb9dO0Dj8yzM3Ih1JyChATmGCb2EjmoNHuFUzwgLnrXOpGU','pi_3PlaV4K6numsM5py14BfTHPG',NULL,NULL,NULL,NULL),(42,3,NULL,2,'OFCB000008',395,'cb','paid','https://checkout.stripe.com/c/pay/cs_test_a1rydYHnWKZ6pGBLvO3zVqGVExtFZDqfjCvYTbAigFMrPWJb4xxzoSfzb2#fidkdWxOYHwnPyd1blpxYHZxWjA0VW10cENNZG81Q1M0dk1NVk9LcmdWZ11BczFjX39cQlJhU21iUF9HdD18d3JPaF9WdEB0SXxnQXVubXJyR0dBSlJGUj1fR0JtQHRIUD1CNnRjPXMybGw9NTVKdTZSbERAQScpJ2N3amhWYHdzYHcnP3F3cGApJ2lkfGpwcVF8dWAnPyd2bGtiaWBabHFgaCcpJ2BrZGdpYFVpZGZgbWppYWB3dic%2FcXdwYHgl',NULL,'2024-08-08 18:06:03','2024-08-08 18:06:46','offerorder',0,NULL,NULL,NULL,'cs_test_a1rydYHnWKZ6pGBLvO3zVqGVExtFZDqfjCvYTbAigFMrPWJb4xxzoSfzb2','pi_3PlajXHaj0FV1sHH1W0vWVOW',NULL,NULL,NULL,NULL),(48,4451,NULL,1,'OFCB000009',395,'cb','validated','https://checkout.stripe.com/c/pay/cs_test_a1dIYSXTyfzuqGkmr096Bc8FkAWFgjh5hBB5rmXApPnoF3FKbq7Gc5DGl1#fidkdWxOYHwnPyd1blpxYHZxWjA0VW10cENNZG81Q1M0dk1NVk9LcmdWZ11BczFjX39cQlJhU21iUF9HdD18d3JPaF9WdEB0SXxnQXVubXJyR0dBSlJGUj1fR0JtQHRIUD1CNnRjPXMybGw9NTVKdTZSbERAQScpJ2N3amhWYHdzYHcnP3F3cGApJ2lkfGpwcVF8dWAnPyd2bGtiaWBabHFgaCcpJ2BrZGdpYFVpZGZgbWppYWB3dic%2FcXdwYHgl',NULL,'2024-08-13 14:32:49','2024-08-13 15:17:32','offerorder',20,NULL,NULL,NULL,'cs_test_a1dIYSXTyfzuqGkmr096Bc8FkAWFgjh5hBB5rmXApPnoF3FKbq7Gc5DGl1',NULL,NULL,NULL,NULL,NULL),(49,4451,NULL,1,'OFCB000010',395,'cb','validated','https://checkout.stripe.com/c/pay/cs_test_a1jOSasF63zt39YIQGM6gLUl7rGYZILgBxV4Sznps8PxlrNVbFkgdqCPX4#fidkdWxOYHwnPyd1blpxYHZxWjA0VW10cENNZG81Q1M0dk1NVk9LcmdWZ11BczFjX39cQlJhU21iUF9HdD18d3JPaF9WdEB0SXxnQXVubXJyR0dBSlJGUj1fR0JtQHRIUD1CNnRjPXMybGw9NTVKdTZSbERAQScpJ2N3amhWYHdzYHcnP3F3cGApJ2lkfGpwcVF8dWAnPyd2bGtiaWBabHFgaCcpJ2BrZGdpYFVpZGZgbWppYWB3dic%2FcXdwYHgl',NULL,'2024-08-13 14:43:58','2024-08-13 15:17:24','offerorder',20,NULL,NULL,NULL,'cs_test_a1jOSasF63zt39YIQGM6gLUl7rGYZILgBxV4Sznps8PxlrNVbFkgdqCPX4',NULL,NULL,NULL,NULL,NULL),(50,4451,NULL,1,'OFBT000007',395,'bank_transfer','validated',NULL,NULL,'2024-08-13 15:06:55','2024-08-13 15:15:27','offerorder',20,NULL,NULL,NULL,NULL,NULL,NULL,NULL,NULL,NULL),(55,4455,NULL,1,'OFBT000008',395,'bank_transfer','pending',NULL,NULL,'2024-08-20 13:24:04','2024-08-20 13:24:04','offerorder',20,NULL,NULL,NULL,NULL,NULL,NULL,NULL,NULL,NULL),(56,4455,NULL,2,'OFCB000012',395,'cb','pending','https://checkout.stripe.com/c/pay/cs_test_a1JzxlvGFGOg9XKP7PzoOLKUvAs3nsOuCgPnctUiu1HJTPQd9w2xBzxDJz#fidkdWxOYHwnPyd1blpxYHZxWjA0VW10cENNZG81Q1M0dk1NVk9LcmdWZ11BczFjX39cQlJhU21iUF9HdD18d3JPaF9WdEB0SXxnQXVubXJyR0dBSlJGUj1fR0JtQHRIUD1CNnRjPXMybGw9NTVKdTZSbERAQScpJ2N3amhWYHdzYHcnP3F3cGApJ2lkfGpwcVF8dWAnPyd2bGtiaWBabHFgaCcpJ2BrZGdpYFVpZGZgbWppYWB3dic%2FcXdwYHgl',NULL,'2024-08-20 13:24:34','2024-08-20 13:24:35','offerorder',20,NULL,NULL,NULL,'cs_test_a1JzxlvGFGOg9XKP7PzoOLKUvAs3nsOuCgPnctUiu1HJTPQd9w2xBzxDJz',NULL,NULL,NULL,NULL,NULL),(57,4455,NULL,2,'OFBT000009',395,'bank_transfer','pending',NULL,NULL,'2024-08-20 13:26:39','2024-08-20 13:26:39','offerorder',20,NULL,NULL,NULL,NULL,NULL,NULL,NULL,NULL,NULL),(59,4418,NULL,NULL,'CT000001',41.67,'bank_transfer','pending','https://preprod-tpeweb.paybox.com/cgi/MYchoix_pagepaiement.cgi?PBX_SITE=5016323&PBX_RANG=01&PBX_IDENTIFIANT=722066132&PBX_TOTAL=4167&PBX_DEVISE=978&PBX_CMD=CT000001&PBX_PORTEUR=romanegautierdeluze@gmail.com&PBX_RETOUR=id:S;amount:M;reference:R;appel:T;autorization:A;error:E;signature:K&PBX_HASH=SHA512&PBX_RUF1=POST&PBX_EFFECTUE=https://fnac-ep.underconstruction.ovh/company/tool&PBX_REFUSE=https://fnac-ep.underconstruction.ovh/payment/failed&PBX_ANNULE=https://fnac-ep.underconstruction.ovh/payment/canceled&PBX_ATTENTE=https://fnac-ep.underconstruction.ovh/registration/pending&PBX_REPONDRE_A=https://fnac-ep.underconstruction.ovh/verifone/webhooks&PBX_TIME=2024-08-22&PBX_HMAC=6338EAE8E5220D96DA1BF233EE45D961F64C4A89CB2AF564F125E482D12061026AAC146E669353C6B75DC1918ECBB89C705A683C7D15DA98A58A30A623B2C0F3',NULL,'2024-08-22 13:04:44','2024-08-22 13:04:44','contractorder',0,NULL,NULL,NULL,NULL,NULL,NULL,1,NULL,NULL),(60,4418,NULL,NULL,'CT000002',41.67,'bank_transfer','pending','https://preprod-tpeweb.paybox.com/cgi/MYchoix_pagepaiement.cgi?PBX_SITE=5016323&PBX_RANG=01&PBX_IDENTIFIANT=722066132&PBX_TOTAL=4167&PBX_DEVISE=978&PBX_CMD=CT000002&PBX_PORTEUR=romanegautierdeluze@gmail.com&PBX_RETOUR=id:S;amount:M;reference:R;appel:T;autorization:A;error:E;signature:K&PBX_HASH=SHA512&PBX_RUF1=POST&PBX_EFFECTUE=https://fnac-ep.underconstruction.ovh/company/tool&PBX_REFUSE=https://fnac-ep.underconstruction.ovh/payment/failed&PBX_ANNULE=https://fnac-ep.underconstruction.ovh/payment/canceled&PBX_ATTENTE=https://fnac-ep.underconstruction.ovh/registration/pending&PBX_REPONDRE_A=https://fnac-ep.underconstruction.ovh/verifone/webhooks&PBX_TIME=2024-08-22&PBX_HMAC=D6705AB17D2DB129CC53E041DE17608EEED6A75B04A67C71032809171B2104321FC0154DC5281ADE99E465DF96D3D037DC98EED73A823D63ADDD61C66B7DB7BD',NULL,'2024-08-22 13:05:28','2024-08-22 13:05:28','contractorder',0,NULL,NULL,NULL,NULL,NULL,NULL,1,NULL,NULL),(63,4,NULL,NULL,'CT000003',41.67,'bank_transfer','pending','https://preprod-tpeweb.paybox.com/cgi/MYchoix_pagepaiement.cgi?PBX_SITE=5016323&PBX_RANG=01&PBX_IDENTIFIANT=722066132&PBX_TOTAL=4167&PBX_DEVISE=978&PBX_CMD=CT000003&PBX_PORTEUR=embassy@fnac.fr&PBX_RETOUR=id:S;amount:M;reference:R;appel:T;autorization:A;error:E;signature:K&PBX_HASH=SHA512&PBX_RUF1=POST&PBX_EFFECTUE=https://fnac-ep.underconstruction.ovh/company/tool&PBX_REFUSE=https://fnac-ep.underconstruction.ovh/payment/failed&PBX_ANNULE=https://fnac-ep.underconstruction.ovh/payment/canceled&PBX_ATTENTE=https://fnac-ep.underconstruction.ovh/registration/pending&PBX_REPONDRE_A=https://fnac-ep.underconstruction.ovh/verifone/webhooks&PBX_TIME=2024-08-22&PBX_HMAC=C8FFE92DE80F40867E9E4625AB2A761AF3AE31F67127828E2018C00ED72B2E1DCA3C4F72075AA3BE36F8133575C7BE339811C5E86C1218AF698EFFBF36DEB6AE',NULL,'2024-08-22 15:00:59','2024-08-22 15:00:59','contractorder',0,NULL,NULL,NULL,NULL,NULL,NULL,7,NULL,NULL),(64,4,NULL,NULL,'CT000004',41.67,'bank_transfer','pending','https://preprod-tpeweb.paybox.com/cgi/MYchoix_pagepaiement.cgi?PBX_SITE=5016323&PBX_RANG=01&PBX_IDENTIFIANT=722066132&PBX_TOTAL=4167&PBX_DEVISE=978&PBX_CMD=CT000004&PBX_PORTEUR=embassy@fnac.fr&PBX_RETOUR=id:S;amount:M;reference:R;appel:T;autorization:A;error:E;signature:K&PBX_HASH=SHA512&PBX_RUF1=POST&PBX_EFFECTUE=https://fnac-ep.underconstruction.ovh/company/tool&PBX_REFUSE=https://fnac-ep.underconstruction.ovh/payment/failed&PBX_ANNULE=https://fnac-ep.underconstruction.ovh/payment/canceled&PBX_ATTENTE=https://fnac-ep.underconstruction.ovh/registration/pending&PBX_REPONDRE_A=https://fnac-ep.underconstruction.ovh/verifone/webhooks&PBX_TIME=2024-08-22&PBX_HMAC=37636367413181F2B81D5DFCBC0B5294959526BF8A6D3115472222FAD56F8AEFDDE2CFA74A3BDCBD17C944A2F5108218603C0EDFBE6C6BE22A6291E5AFE0736F',NULL,'2024-08-22 15:03:25','2024-08-22 15:03:25','contractorder',0,NULL,NULL,NULL,NULL,NULL,NULL,7,NULL,NULL),(65,4,NULL,NULL,'CT000005',41.67,'bank_transfer','pending','https://preprod-tpeweb.paybox.com/cgi/MYchoix_pagepaiement.cgi?PBX_SITE=5016323&PBX_RANG=01&PBX_IDENTIFIANT=722066132&PBX_TOTAL=4167&PBX_DEVISE=978&PBX_CMD=CT000005&PBX_PORTEUR=embassy@fnac.fr&PBX_RETOUR=id:S;amount:M;reference:R;appel:T;autorization:A;error:E;signature:K&PBX_HASH=SHA512&PBX_RUF1=POST&PBX_EFFECTUE=https://fnac-ep.underconstruction.ovh/company/tool&PBX_REFUSE=https://fnac-ep.underconstruction.ovh/payment/failed&PBX_ANNULE=https://fnac-ep.underconstruction.ovh/payment/canceled&PBX_ATTENTE=https://fnac-ep.underconstruction.ovh/registration/pending&PBX_REPONDRE_A=https://fnac-ep.underconstruction.ovh/verifone/webhooks&PBX_TIME=2024-08-22&PBX_HMAC=CF9F733D45E0694257D897A51F9DF9EBE67968F3C11FD2A30F2F90AC05E56C8D7B19D50235D950E56034008DEA526901E1771BD346B9E51448B28B49D6B4986C',NULL,'2024-08-22 15:20:56','2024-08-22 15:20:56','contractorder',0,NULL,NULL,NULL,NULL,NULL,NULL,4,NULL,NULL),(66,4,NULL,NULL,'CT000006',41.67,'bank_transfer','pending','https://preprod-tpeweb.paybox.com/cgi/MYchoix_pagepaiement.cgi?PBX_SITE=5016323&PBX_RANG=01&PBX_IDENTIFIANT=722066132&PBX_TOTAL=4167&PBX_DEVISE=978&PBX_CMD=CT000006&PBX_PORTEUR=embassy@fnac.fr&PBX_RETOUR=id:S;amount:M;reference:R;appel:T;autorization:A;error:E;signature:K&PBX_HASH=SHA512&PBX_RUF1=POST&PBX_EFFECTUE=https://fnac-ep.underconstruction.ovh/company/tool&PBX_REFUSE=https://fnac-ep.underconstruction.ovh/payment/failed&PBX_ANNULE=https://fnac-ep.underconstruction.ovh/payment/canceled&PBX_ATTENTE=https://fnac-ep.underconstruction.ovh/registration/pending&PBX_REPONDRE_A=https://fnac-ep.underconstruction.ovh/verifone/webhooks&PBX_TIME=2024-08-22&PBX_HMAC=6D2FB7130EFF865FB60205C01E17E2C92F55F6A3DACD46D6A6667AD091D8FEDBEAF5D91FAA045796E7C2F3A7CADB5EBBF9CA0DD8F9B1F1690ACB9C9A6DAE3E17',NULL,'2024-08-22 15:21:11','2024-08-22 15:21:11','contractorder',0,NULL,NULL,NULL,NULL,NULL,NULL,9,NULL,NULL),(67,4418,NULL,NULL,'CT000007',41.67,'bank_transfer','pending','https://preprod-tpeweb.paybox.com/cgi/MYchoix_pagepaiement.cgi?PBX_SITE=5016323&PBX_RANG=01&PBX_IDENTIFIANT=722066132&PBX_TOTAL=4167&PBX_DEVISE=978&PBX_CMD=CT000007&PBX_PORTEUR=romanegautierdeluze@gmail.com&PBX_RETOUR=id:S;amount:M;reference:R;appel:T;autorization:A;error:E;signature:K&PBX_HASH=SHA512&PBX_RUF1=POST&PBX_EFFECTUE=https://fnac-ep.underconstruction.ovh/company/tool&PBX_REFUSE=https://fnac-ep.underconstruction.ovh/payment/failed&PBX_ANNULE=https://fnac-ep.underconstruction.ovh/payment/canceled&PBX_ATTENTE=https://fnac-ep.underconstruction.ovh/registration/pending&PBX_REPONDRE_A=https://fnac-ep.underconstruction.ovh/verifone/webhooks&PBX_TIME=2024-08-23&PBX_HMAC=02D71118CCC7577944D5C44B00396D53C3C182F6A07845134C48C2BF1092BAFD9A8815AFF40324821966C81C65469A01F339A15C5BAEC13F3ED33A413C2CD89B',NULL,'2024-08-23 08:00:23','2024-08-23 08:00:23','contractorder',0,NULL,NULL,NULL,NULL,NULL,NULL,7,NULL,NULL),(68,4418,NULL,NULL,'CT000008',41.67,'bank_transfer','pending','https://preprod-tpeweb.paybox.com/cgi/MYchoix_pagepaiement.cgi?PBX_SITE=5016323&PBX_RANG=01&PBX_IDENTIFIANT=722066132&PBX_TOTAL=4167&PBX_DEVISE=978&PBX_CMD=CT000008&PBX_PORTEUR=romanegautierdeluze@gmail.com&PBX_RETOUR=id:S;amount:M;reference:R;appel:T;autorization:A;error:E;signature:K&PBX_HASH=SHA512&PBX_RUF1=POST&PBX_EFFECTUE=https://fnac-ep.underconstruction.ovh/company/tool&PBX_REFUSE=https://fnac-ep.underconstruction.ovh/payment/failed&PBX_ANNULE=https://fnac-ep.underconstruction.ovh/payment/canceled&PBX_ATTENTE=https://fnac-ep.underconstruction.ovh/registration/pending&PBX_REPONDRE_A=https://fnac-ep.underconstruction.ovh/verifone/webhooks&PBX_TIME=2024-08-23&PBX_HMAC=AE86F83C40C1666DDAA91DB25F15F6644C2A8BB70C9FD86D3899EA034A8382BF15FFE8AA4819B8210B231360C53B985A495997DB2551F2294362BD6337789C83',NULL,'2024-08-23 08:01:30','2024-08-23 08:01:30','contractorder',0,NULL,NULL,NULL,NULL,NULL,NULL,7,NULL,NULL),(74,4465,NULL,3,'OFCB000014',500,'cb','pending','https://preprod-tpeweb.paybox.com/cgi/MYchoix_pagepaiement.cgi?PBX_SITE=5016323&PBX_RANG=01&PBX_IDENTIFIANT=722066132&PBX_TOTAL=60000&PBX_DEVISE=978&PBX_CMD=PREPROD-OFCB000014&PBX_PORTEUR=justine.ghesquiere@hotmail.fr&PBX_RETOUR=id:S;amount:M;reference:R;appel:T;autorization:A;error:E;signature:K&PBX_HASH=SHA512&PBX_RUF1=POST&PBX_EFFECTUE=https://fnac-ep.underconstruction.ovh/registration/success&PBX_REFUSE=https://fnac-ep.underconstruction.ovh/payment/failed&PBX_ANNULE=https://fnac-ep.underconstruction.ovh/payment/canceled&PBX_ATTENTE=https://fnac-ep.underconstruction.ovh/registration/pending&PBX_REPONDRE_A=https://fnac-ep.underconstruction.ovh/verifone/webhooks&PBX_TIME=2024-09-11&PBX_HMAC=D6E90A00727C32CE150926D57EC8345F6DC34B2D7A11924C73F09882636909F8AE3D2A4B1863E606BF60377E2583517EFCE31AC052980B3356D13EB6585EA3A6',NULL,'2024-09-11 12:27:44','2024-09-11 12:27:45','offerorder',20,NULL,NULL,NULL,NULL,NULL,NULL,NULL,NULL,NULL),(76,4465,NULL,3,'OFBT000010',500,'bank_transfer','pending',NULL,NULL,'2024-09-11 12:35:13','2024-09-11 12:35:13','offerorder',20,NULL,NULL,NULL,NULL,NULL,NULL,NULL,NULL,NULL),(77,4465,NULL,3,'OFBT000011',500,'bank_transfer','pending',NULL,NULL,'2024-09-11 12:41:31','2024-09-11 12:41:31','offerorder',20,NULL,NULL,NULL,NULL,NULL,NULL,NULL,NULL,NULL),(78,4465,NULL,4,'OFBT000012',750,'bank_transfer','processing',NULL,NULL,'2024-09-11 12:43:56','2024-09-11 12:45:51','offerorder',20,NULL,NULL,NULL,NULL,NULL,NULL,NULL,NULL,NULL),(82,4465,NULL,NULL,'CT000009',41.67,'cb','pending','https://preprod-tpeweb.paybox.com/cgi/MYchoix_pagepaiement.cgi?PBX_SITE=5016323&PBX_RANG=01&PBX_IDENTIFIANT=722066132&PBX_TOTAL=4167&PBX_DEVISE=978&PBX_CMD=PREPROD-CT000009&PBX_PORTEUR=justine.ghesquiere@hotmail.fr&PBX_RETOUR=id:S;amount:M;reference:R;appel:T;autorization:A;error:E;signature:K&PBX_HASH=SHA512&PBX_RUF1=POST&PBX_EFFECTUE=https://fnac-ep.underconstruction.ovh/company/tool&PBX_REFUSE=https://fnac-ep.underconstruction.ovh/payment/failed&PBX_ANNULE=https://fnac-ep.underconstruction.ovh/payment/canceled&PBX_ATTENTE=https://fnac-ep.underconstruction.ovh/registration/pending&PBX_REPONDRE_A=https://fnac-ep.underconstruction.ovh/verifone/webhooks&PBX_TIME=2024-09-11&PBX_HMAC=DFA59A7C38865D24C3E65AF1BA62958394E4054DDD3F89188AF034D6E0F96B64FDA2627E1F1194D456BAEA70571A9135CB505E1C6891C11B8E933584A5B65F0E',NULL,'2024-09-11 13:09:28','2024-09-11 13:09:28','contractorder',0,NULL,NULL,NULL,NULL,NULL,NULL,1,NULL,NULL),(83,4465,NULL,NULL,'CT000010',41.67,'cb','pending','https://preprod-tpeweb.paybox.com/cgi/MYchoix_pagepaiement.cgi?PBX_SITE=5016323&PBX_RANG=01&PBX_IDENTIFIANT=722066132&PBX_TOTAL=4167&PBX_DEVISE=978&PBX_CMD=PREPROD-CT000010&PBX_PORTEUR=justine.ghesquiere@hotmail.fr&PBX_RETOUR=id:S;amount:M;reference:R;appel:T;autorization:A;error:E;signature:K&PBX_HASH=SHA512&PBX_RUF1=POST&PBX_EFFECTUE=https://fnac-ep.underconstruction.ovh/company/tool&PBX_REFUSE=https://fnac-ep.underconstruction.ovh/payment/failed&PBX_ANNULE=https://fnac-ep.underconstruction.ovh/payment/canceled&PBX_ATTENTE=https://fnac-ep.underconstruction.ovh/registration/pending&PBX_REPONDRE_A=https://fnac-ep.underconstruction.ovh/verifone/webhooks&PBX_TIME=2024-09-11&PBX_HMAC=ECC2398D598E7CCDC395D4AFB158BF7056FE53240712BEE0078CDC98110184B767661CEFC4221ABEBF7D8F35CA289CE8BEE795CA4EB033EDEE893B60E660F2B7',NULL,'2024-09-11 13:51:42','2024-09-11 13:51:42','contractorder',0,NULL,NULL,NULL,NULL,NULL,NULL,1,NULL,NULL),(84,4465,NULL,3,'OFCB000016',500,'cb','pending','https://preprod-tpeweb.paybox.com/cgi/MYchoix_pagepaiement.cgi?PBX_SITE=5016323&PBX_RANG=01&PBX_IDENTIFIANT=722066132&PBX_TOTAL=60000&PBX_DEVISE=978&PBX_CMD=PREPROD-OFCB000016&PBX_PORTEUR=justine.ghesquiere@hotmail.fr&PBX_RETOUR=id:S;amount:M;reference:R;appel:T;autorization:A;error:E;signature:K&PBX_HASH=SHA512&PBX_RUF1=POST&PBX_EFFECTUE=https://fnac-ep.underconstruction.ovh/registration/success&PBX_REFUSE=https://fnac-ep.underconstruction.ovh/payment/failed&PBX_ANNULE=https://fnac-ep.underconstruction.ovh/payment/canceled&PBX_ATTENTE=https://fnac-ep.underconstruction.ovh/registration/pending&PBX_REPONDRE_A=https://fnac-ep.underconstruction.ovh/verifone/webhooks&PBX_TIME=2024-09-11&PBX_HMAC=777597AE86B1F306FC83E132A536849DB37FD1C00B44393E3490737FF56D739B36BC435B0675331A581E5D89CEC5CC23C068D22672E61E380142E8F38E0305AF',NULL,'2024-09-11 15:26:22','2024-09-11 15:26:22','offerorder',20,NULL,NULL,NULL,NULL,NULL,NULL,NULL,NULL,NULL),(85,4465,NULL,3,'OFCB000017',500,'cb','pending','https://preprod-tpeweb.paybox.com/cgi/MYchoix_pagepaiement.cgi?PBX_SITE=5016323&PBX_RANG=01&PBX_IDENTIFIANT=722066132&PBX_TOTAL=60000&PBX_DEVISE=978&PBX_CMD=PREPROD-OFCB000017&PBX_PORTEUR=justine.ghesquiere@hotmail.fr&PBX_RETOUR=id:S;amount:M;reference:R;appel:T;autorization:A;error:E;signature:K&PBX_HASH=SHA512&PBX_RUF1=POST&PBX_EFFECTUE=https://fnac-ep.underconstruction.ovh/registration/success&PBX_REFUSE=https://fnac-ep.underconstruction.ovh/payment/failed&PBX_ANNULE=https://fnac-ep.underconstruction.ovh/payment/canceled&PBX_ATTENTE=https://fnac-ep.underconstruction.ovh/registration/pending&PBX_REPONDRE_A=https://fnac-ep.underconstruction.ovh/verifone/webhooks&PBX_TIME=2024-09-11&PBX_HMAC=D984B3CD45B0935C53DF184D13305B36E2233147BE42FB8D1F38834F6C8779ED7967D19319256C31F66F3ED8C196F46E49CF2D4DC44A7C153023F25292DFF668',NULL,'2024-09-11 15:27:33','2024-09-11 15:27:33','offerorder',20,NULL,NULL,NULL,NULL,NULL,NULL,NULL,NULL,NULL),(87,4465,NULL,3,'OFCB000018',500,'cb','pending','https://preprod-tpeweb.paybox.com/cgi/MYchoix_pagepaiement.cgi?PBX_SITE=5016323&PBX_RANG=01&PBX_IDENTIFIANT=722066132&PBX_TOTAL=60000&PBX_DEVISE=978&PBX_CMD=PREPROD-OFCB000018&PBX_PORTEUR=justine.ghesquiere@hotmail.fr&PBX_RETOUR=id:S;amount:M;reference:R;appel:T;autorization:A;error:E;signature:K&PBX_HASH=SHA512&PBX_RUF1=POST&PBX_EFFECTUE=https://fnac-ep.underconstruction.ovh/registration/success&PBX_REFUSE=https://fnac-ep.underconstruction.ovh/payment/failed&PBX_ANNULE=https://fnac-ep.underconstruction.ovh/payment/canceled&PBX_ATTENTE=https://fnac-ep.underconstruction.ovh/registration/pending&PBX_REPONDRE_A=https://fnac-ep.underconstruction.ovh/verifone/webhooks&PBX_TIME=2024-09-11&PBX_HMAC=75041A8D5A19C0DD644523ED439FF4690A17FBFE9DDA225F81E26994B49120BFB625EFF67911903E682FFE7EF4DF6A0DEF3788EC8EC341632ED30B5B5821D3E9',NULL,'2024-09-11 16:10:22','2024-09-11 16:10:22','offerorder',20,NULL,NULL,NULL,NULL,NULL,NULL,NULL,NULL,NULL),(88,4465,NULL,NULL,'CT000011',41.67,'cb','pending','https://preprod-tpeweb.paybox.com/cgi/MYchoix_pagepaiement.cgi?PBX_SITE=5016323&PBX_RANG=01&PBX_IDENTIFIANT=722066132&PBX_TOTAL=4167&PBX_DEVISE=978&PBX_CMD=PREPROD-CT000011&PBX_PORTEUR=justine.ghesquiere@hotmail.fr&PBX_RETOUR=id:S;amount:M;reference:R;appel:T;autorization:A;error:E;signature:K&PBX_HASH=SHA512&PBX_RUF1=POST&PBX_EFFECTUE=https://fnac-ep.underconstruction.ovh/company/tool&PBX_REFUSE=https://fnac-ep.underconstruction.ovh/payment/failed&PBX_ANNULE=https://fnac-ep.underconstruction.ovh/payment/canceled&PBX_ATTENTE=https://fnac-ep.underconstruction.ovh/registration/pending&PBX_REPONDRE_A=https://fnac-ep.underconstruction.ovh/verifone/webhooks&PBX_TIME=2024-09-11&PBX_HMAC=BCD5E9531D9B865ABD9DC4A8F2D4A0E9D3908EF6187584176E865FB5731A18BDCD7F360D6301B74D38D1C94A3FB7983CFA645C7B4194BA07F44AF0A96D9E52AE',NULL,'2024-09-11 16:13:40','2024-09-11 16:13:40','contractorder',0,NULL,NULL,NULL,NULL,NULL,NULL,1,NULL,NULL),(90,4465,NULL,NULL,'CT000012',41.67,'cb','pending','https://preprod-tpeweb.paybox.com/cgi/MYchoix_pagepaiement.cgi?PBX_SITE=5016323&PBX_RANG=01&PBX_IDENTIFIANT=722066132&PBX_TOTAL=4167&PBX_DEVISE=978&PBX_CMD=PREPROD-CT000012&PBX_PORTEUR=justine.ghesquiere@hotmail.fr&PBX_RETOUR=id:S;amount:M;reference:R;appel:T;autorization:A;error:E;signature:K&PBX_HASH=SHA512&PBX_RUF1=POST&PBX_EFFECTUE=https://fnac-ep.underconstruction.ovh/company/tool&PBX_REFUSE=https://fnac-ep.underconstruction.ovh/payment/failed&PBX_ANNULE=https://fnac-ep.underconstruction.ovh/payment/canceled&PBX_ATTENTE=https://fnac-ep.underconstruction.ovh/registration/pending&PBX_REPONDRE_A=https://fnac-ep.underconstruction.ovh/verifone/webhooks&PBX_TIME=2024-09-11&PBX_HMAC=12878E9201017FBEC0D5C4A795B2869371007255970D4A34CC4F87DBDE86EB014146AB03B35DE262E1FF8F2B5B7D3C174B474A8722527AE23C754FA0CCE72C0F',NULL,'2024-09-11 16:18:22','2024-09-11 16:18:22','contractorder',0,NULL,NULL,NULL,NULL,NULL,NULL,1,NULL,NULL),(91,4468,NULL,1,'OFCB000019',395,'cb','refunded','https://checkout.stripe.com/c/pay/cs_test_a1S1hjwFEqOYCSHCXn6XcCUaq0ZNPXRn7uJ5G019AMh38L6YIT0cWeAwOg#fidkdWxOYHwnPyd1blpxYHZxWjA0VW10cENNZG81Q1M0dk1NVk9LcmdWZ11BczFjX39cQlJhU21iUF9HdD18d3JPaF9WdEB0SXxnQXVubXJyR0dBSlJGUj1fR0JtQHRIUD1CNnRjPXMybGw9NTVKdTZSbERAQScpJ2N3amhWYHdzYHcnP3F3cGApJ2lkfGpwcVF8dWAnPyd2bGtiaWBabHFgaCcpJ2BrZGdpYFVpZGZgbWppYWB3dic%2FcXdwYHgl',NULL,'2024-09-12 11:59:43','2024-09-12 12:03:29','offerorder',20,NULL,NULL,NULL,'cs_test_a1S1hjwFEqOYCSHCXn6XcCUaq0ZNPXRn7uJ5G019AMh38L6YIT0cWeAwOg',NULL,NULL,NULL,NULL,NULL),(96,4472,NULL,1,'OFBT000039',395,'bank_transfer','pending',NULL,NULL,'2024-09-12 12:40:45','2024-12-23 17:59:25','offerorder',20,NULL,NULL,NULL,NULL,NULL,NULL,NULL,NULL,NULL),(98,4465,NULL,3,'OFCB000060',500,'cb','pending','https://preprod-tpeweb.paybox.com/cgi/MYchoix_pagepaiement.cgi?PBX_SITE=5016323&PBX_RANG=01&PBX_IDENTIFIANT=722066132&PBX_TOTAL=60000&PBX_DEVISE=978&PBX_CMD=PREPROD-OFCB000018&PBX_PORTEUR=justine.ghesquiere@hotmail.fr&PBX_RETOUR=id:S;amount:M;reference:R;appel:T;autorization:A;error:E;signature:K&PBX_HASH=SHA512&PBX_RUF1=POST&PBX_EFFECTUE=https://fnac-ep.underconstruction.ovh/registration/success&PBX_REFUSE=https://fnac-ep.underconstruction.ovh/payment/failed&PBX_ANNULE=https://fnac-ep.underconstruction.ovh/payment/canceled&PBX_ATTENTE=https://fnac-ep.underconstruction.ovh/registration/pending&PBX_REPONDRE_A=https://fnac-ep.underconstruction.ovh/verifone/webhooks&PBX_TIME=2024-09-12&PBX_HMAC=1C63AAC382A07D2B6CECAC5C5E06D201A353E0D6E33BF3F7645B213A2846257EA043670A87C106E63C64F5BA5E762E3BB4B4A77F097B5C744826C7BD8AB671BF',NULL,'2024-09-12 12:45:29','2024-12-23 17:59:25','offerorder',20,NULL,NULL,NULL,NULL,NULL,NULL,NULL,NULL,NULL),(99,4473,NULL,NULL,'CT000013',41.67,'cb','pending','https://preprod-tpeweb.paybox.com/cgi/MYchoix_pagepaiement.cgi?PBX_SITE=5016323&PBX_RANG=01&PBX_IDENTIFIANT=722066132&PBX_TOTAL=4167&PBX_DEVISE=978&PBX_CMD=PREPROD-CT000013&PBX_PORTEUR=Test@test456.fr&PBX_RETOUR=id:S;amount:M;reference:R;appel:T;autorization:A;error:E;signature:K&PBX_HASH=SHA512&PBX_RUF1=POST&PBX_EFFECTUE=https://fnac-ep.underconstruction.ovh/company/tool&PBX_REFUSE=https://fnac-ep.underconstruction.ovh/payment/failed&PBX_ANNULE=https://fnac-ep.underconstruction.ovh/payment/canceled&PBX_ATTENTE=https://fnac-ep.underconstruction.ovh/registration/pending&PBX_REPONDRE_A=https://fnac-ep.underconstruction.ovh/verifone/webhooks&PBX_TIME=2024-09-12&PBX_HMAC=CCA91712DED548C7ECB4EEE102FC8C21EA04EBBD4D16D3A259A5937FD41C94EFE4BCA2145A350FAF37F187BE72A1E9F3AC75D79F3090F7B0AB31B502F1E72303',NULL,'2024-09-12 12:48:51','2024-09-12 12:48:51','contractorder',0,NULL,NULL,NULL,NULL,NULL,NULL,1,NULL,NULL),(100,4465,NULL,4,'OFCB000061',750,'cb','pending','https://preprod-tpeweb.paybox.com/cgi/MYchoix_pagepaiement.cgi?PBX_SITE=5016323&PBX_RANG=01&PBX_IDENTIFIANT=722066132&PBX_TOTAL=90000&PBX_DEVISE=978&PBX_CMD=PREPROD-OFCB000019&PBX_PORTEUR=justine.ghesquiere@hotmail.fr&PBX_RETOUR=id:S;amount:M;reference:R;appel:T;autorization:A;error:E;signature:K&PBX_HASH=SHA512&PBX_RUF1=POST&PBX_EFFECTUE=https://fnac-ep.underconstruction.ovh/registration/success&PBX_REFUSE=https://fnac-ep.underconstruction.ovh/payment/failed&PBX_ANNULE=https://fnac-ep.underconstruction.ovh/payment/canceled&PBX_ATTENTE=https://fnac-ep.underconstruction.ovh/registration/pending&PBX_REPONDRE_A=https://fnac-ep.underconstruction.ovh/verifone/webhooks&PBX_TIME=2024-09-12&PBX_HMAC=13164D33885F26AA70B334B4D2995100C6873D52AF8596F28214D6D74A35CD3CB22AFEFF479E2988D3E76FEE242CBAF9827BB95C1401D860A247E6FFC69A3781',NULL,'2024-09-12 12:49:14','2024-12-23 17:59:25','offerorder',20,NULL,NULL,NULL,NULL,NULL,NULL,NULL,NULL,NULL),(101,4473,NULL,NULL,'CT000014',41.67,'cb','pending','https://preprod-tpeweb.paybox.com/cgi/MYchoix_pagepaiement.cgi?PBX_SITE=5016323&PBX_RANG=01&PBX_IDENTIFIANT=722066132&PBX_TOTAL=4167&PBX_DEVISE=978&PBX_CMD=PREPROD-CT000014&PBX_PORTEUR=Test@test456.fr&PBX_RETOUR=id:S;amount:M;reference:R;appel:T;autorization:A;error:E;signature:K&PBX_HASH=SHA512&PBX_RUF1=POST&PBX_EFFECTUE=https://fnac-ep.underconstruction.ovh/company/tool&PBX_REFUSE=https://fnac-ep.underconstruction.ovh/payment/failed&PBX_ANNULE=https://fnac-ep.underconstruction.ovh/payment/canceled&PBX_ATTENTE=https://fnac-ep.underconstruction.ovh/registration/pending&PBX_REPONDRE_A=https://fnac-ep.underconstruction.ovh/verifone/webhooks&PBX_TIME=2024-09-12&PBX_HMAC=8EC5FF80208863870F244835868C0064B196FCB71822DB0BB981753821C50E860C70FF63CD0434A8AC7AD2F029D6F9E91C323849B5A033C78BFD843636CDC646',NULL,'2024-09-12 12:50:57','2024-09-12 12:50:57','contractorder',0,NULL,NULL,NULL,NULL,NULL,NULL,1,NULL,NULL),(104,4474,NULL,6,'OFCB000020',900,'cb','pending','https://preprod-tpeweb.paybox.com/cgi/MYchoix_pagepaiement.cgi?PBX_SITE=5016323&PBX_RANG=01&PBX_IDENTIFIANT=722066132&PBX_TOTAL=90000&PBX_DEVISE=978&PBX_CMD=PREPROD-OFCB000020&PBX_PORTEUR=test@test7428.com&PBX_RETOUR=id:S;amount:M;reference:R;appel:T;autorization:A;error:E;signature:K&PBX_HASH=SHA512&PBX_RUF1=POST&PBX_EFFECTUE=https://fnac-ep.underconstruction.ovh/registration/success&PBX_REFUSE=https://fnac-ep.underconstruction.ovh/payment/failed&PBX_ANNULE=https://fnac-ep.underconstruction.ovh/payment/canceled&PBX_ATTENTE=https://fnac-ep.underconstruction.ovh/registration/pending&PBX_REPONDRE_A=https://fnac-ep.underconstruction.ovh/verifone/webhooks&PBX_TIME=2024-09-12&PBX_HMAC=F6AD36ACEA3E78577DA4EECDA2EA4E5A959C41B87BE482AF743A70A71997496F57689C7F4FF1806D7988D5A0FF3B03E19D4B2BCF2D12E8EEC4652A4C0706CEC4',NULL,'2024-09-12 12:57:57','2024-09-12 12:57:58','offerorder',0,NULL,NULL,NULL,NULL,NULL,NULL,NULL,NULL,NULL),(106,4475,NULL,6,'OFCB000021',900,'cb','pending','https://preprod-tpeweb.paybox.com/cgi/MYchoix_pagepaiement.cgi?PBX_SITE=5016323&PBX_RANG=01&PBX_IDENTIFIANT=722066132&PBX_TOTAL=108000&PBX_DEVISE=978&PBX_CMD=PREPROD-OFCB000021&PBX_PORTEUR=xelyqawido@mailinator.com&PBX_RETOUR=id:S;amount:M;reference:R;appel:T;autorization:A;error:E;signature:K&PBX_HASH=SHA512&PBX_RUF1=POST&PBX_EFFECTUE=https://fnac-ep.underconstruction.ovh/registration/success&PBX_REFUSE=https://fnac-ep.underconstruction.ovh/payment/failed&PBX_ANNULE=https://fnac-ep.underconstruction.ovh/payment/canceled&PBX_ATTENTE=https://fnac-ep.underconstruction.ovh/registration/pending&PBX_REPONDRE_A=https://fnac-ep.underconstruction.ovh/verifone/webhooks&PBX_TIME=2024-09-13&PBX_HMAC=3841E1E54FEF699AA012F2B31C30CAD3F425A973714E30F8E9B62B425173034B850D38519FA6CEFC86D19197A5B6B739BCECA5F4C6AD0A923795F8A223061E86',NULL,'2024-09-13 16:27:06','2024-09-13 16:27:07','offerorder',20,NULL,NULL,NULL,NULL,NULL,NULL,NULL,NULL,NULL),(107,4475,NULL,5,'OFCB000022',600,'cb','pending','https://preprod-tpeweb.paybox.com/cgi/MYchoix_pagepaiement.cgi?PBX_SITE=5016323&PBX_RANG=01&PBX_IDENTIFIANT=722066132&PBX_TOTAL=72000&PBX_DEVISE=978&PBX_CMD=PREPROD-OFCB000022&PBX_PORTEUR=xelyqawido@mailinator.com&PBX_RETOUR=id:S;amount:M;reference:R;appel:T;autorization:A;error:E;signature:K&PBX_HASH=SHA512&PBX_RUF1=POST&PBX_EFFECTUE=https://fnac-ep.underconstruction.ovh/payment/success&PBX_REFUSE=https://fnac-ep.underconstruction.ovh/payment/failed&PBX_ANNULE=https://fnac-ep.underconstruction.ovh/payment/canceled&PBX_ATTENTE=https://fnac-ep.underconstruction.ovh/registration/pending&PBX_REPONDRE_A=https://fnac-ep.underconstruction.ovh/verifone/webhooks&PBX_TIME=2024-09-13&PBX_HMAC=B1106A8F08F7AE5AD058114424377932BEE7BB6CB31DDB8E1E8A1FA552270C453846E5937702AFD59FD1C8376C0D1786EDA40A0DDF5C92A11F391EC1A6AF498C',NULL,'2024-09-13 16:56:02','2024-09-13 16:56:03','offerorder',20,NULL,NULL,NULL,NULL,NULL,NULL,NULL,NULL,NULL),(108,4475,NULL,4,'OFCB000023',750,'cb','pending','https://preprod-tpeweb.paybox.com/cgi/MYchoix_pagepaiement.cgi?PBX_SITE=5016323&PBX_RANG=01&PBX_IDENTIFIANT=722066132&PBX_TOTAL=90000&PBX_DEVISE=978&PBX_CMD=PREPROD-OFCB000023&PBX_PORTEUR=xelyqawido@mailinator.com&PBX_RETOUR=id:S;amount:M;reference:R;appel:T;autorization:A;error:E;signature:K&PBX_HASH=SHA512&PBX_RUF1=POST&PBX_EFFECTUE=https://fnac-ep.underconstruction.ovh/payment/success&PBX_REFUSE=https://fnac-ep.underconstruction.ovh/payment/failed&PBX_ANNULE=https://fnac-ep.underconstruction.ovh/payment/canceled&PBX_ATTENTE=https://fnac-ep.underconstruction.ovh/registration/pending&PBX_REPONDRE_A=https://fnac-ep.underconstruction.ovh/verifone/webhooks&PBX_TIME=2024-09-13&PBX_HMAC=640350AF463DFAC4DB98A0F09501D656C7113A23929A53F2F80D7F0CE58CD289851EAB59968B398F585B97CD3185D05C841D8EDDAC9DED36803CFA03E2281481',NULL,'2024-09-13 17:42:03','2024-09-13 17:42:03','offerorder',20,NULL,NULL,NULL,NULL,NULL,NULL,NULL,NULL,NULL),(109,4475,NULL,4,'OFCB000024',750,'cb','pending','https://preprod-tpeweb.paybox.com/cgi/MYchoix_pagepaiement.cgi?PBX_SITE=5016323&PBX_RANG=01&PBX_IDENTIFIANT=722066132&PBX_TOTAL=90000&PBX_DEVISE=978&PBX_CMD=PREPROD-OFCB000024&PBX_PORTEUR=xelyqawido@mailinator.com&PBX_RETOUR=id:S;amount:M;reference:R;appel:T;autorization:A;error:E;signature:K&PBX_HASH=SHA512&PBX_RUF1=POST&PBX_EFFECTUE=https://fnac-ep.underconstruction.ovh/payment/success&PBX_REFUSE=https://fnac-ep.underconstruction.ovh/payment/failed&PBX_ANNULE=https://fnac-ep.underconstruction.ovh/payment/canceled&PBX_ATTENTE=https://fnac-ep.underconstruction.ovh/registration/pending&PBX_REPONDRE_A=https://fnac-ep.underconstruction.ovh/verifone/webhooks&PBX_TIME=2024-09-13&PBX_HMAC=9A57E4866BB771EFC3A25ACF9025F3B34A174261363F05BD018419D5C4BDF8C4D4669D32E1555D61E96566C686CC4EAC7FB16C8EFF5C082517CC1F1E617F95B1',NULL,'2024-09-13 17:48:33','2024-09-13 17:48:33','offerorder',20,NULL,NULL,NULL,NULL,NULL,NULL,NULL,NULL,NULL),(110,4475,NULL,3,'OFCB000025',500,'cb','pending','https://preprod-tpeweb.paybox.com/cgi/MYchoix_pagepaiement.cgi?PBX_SITE=5016323&PBX_RANG=01&PBX_IDENTIFIANT=722066132&PBX_TOTAL=60000&PBX_DEVISE=978&PBX_CMD=PREPROD-OFCB000025&PBX_PORTEUR=xelyqawido@mailinator.com&PBX_RETOUR=id:S;amount:M;reference:R;appel:T;autorization:A;error:E;signature:K&PBX_HASH=SHA512&PBX_RUF1=POST&PBX_EFFECTUE=https://fnac-ep.underconstruction.ovh/payment/success&PBX_REFUSE=https://fnac-ep.underconstruction.ovh/payment/failed&PBX_ANNULE=https://fnac-ep.underconstruction.ovh/payment/canceled&PBX_ATTENTE=https://fnac-ep.underconstruction.ovh/registration/pending&PBX_REPONDRE_A=https://fnac-ep.underconstruction.ovh/verifone/webhooks&PBX_TIME=2024-09-13&PBX_HMAC=4872EC6344710E639F386A3BF01A365637A429F922AAB1118D26B262D0C564B0AD13746CB12DBBF018DDB0238FDDEA6F244F9589047E19C71FD5D6137AC59B27',NULL,'2024-09-13 18:05:35','2024-09-13 18:05:35','offerorder',20,NULL,NULL,NULL,NULL,NULL,NULL,NULL,NULL,NULL),(111,4475,NULL,4,'OFCB000026',750,'cb','pending','https://preprod-tpeweb.paybox.com/cgi/MYchoix_pagepaiement.cgi?PBX_SITE=5016323&PBX_RANG=01&PBX_IDENTIFIANT=722066132&PBX_TOTAL=90000&PBX_DEVISE=978&PBX_CMD=PREPROD-OFCB000026&PBX_PORTEUR=xelyqawido@mailinator.com&PBX_RETOUR=id:S;amount:M;reference:R;appel:T;autorization:A;error:E;signature:K&PBX_HASH=SHA512&PBX_RUF1=POST&PBX_EFFECTUE=https://fnac-ep.underconstruction.ovh/payment/success&PBX_REFUSE=https://fnac-ep.underconstruction.ovh/payment/failed&PBX_ANNULE=https://fnac-ep.underconstruction.ovh/payment/canceled&PBX_ATTENTE=https://fnac-ep.underconstruction.ovh/registration/pending&PBX_REPONDRE_A=https://fnac-ep.underconstruction.ovh/verifone/webhooks&PBX_TIME=2024-09-13&PBX_HMAC=BF471BBFC5A88AA85B5DBE8D58B6E73218E9C3309C1B635CA6004D5D64EF7C5A549980423E7E1AC89AE030068D14E600404306FA5A4ECFF7F70B6B69C82C9FC2',NULL,'2024-09-13 18:08:35','2024-09-13 18:08:35','offerorder',20,NULL,NULL,NULL,NULL,NULL,NULL,NULL,NULL,NULL),(112,4475,NULL,3,'OFCB000027',500,'cb','validated','https://preprod-tpeweb.paybox.com/cgi/MYchoix_pagepaiement.cgi?PBX_SITE=5016323&PBX_RANG=01&PBX_IDENTIFIANT=722066132&PBX_TOTAL=60000&PBX_DEVISE=978&PBX_CMD=PREPROD-OFCB000027&PBX_PORTEUR=xelyqawido@mailinator.com&PBX_RETOUR=id:S;amount:M;reference:R;appel:T;autorization:A;error:E;signature:K&PBX_HASH=SHA512&PBX_RUF1=POST&PBX_EFFECTUE=https://fnac-ep.underconstruction.ovh/payment/success&PBX_REFUSE=https://fnac-ep.underconstruction.ovh/payment/failed&PBX_ANNULE=https://fnac-ep.underconstruction.ovh/payment/canceled&PBX_ATTENTE=https://fnac-ep.underconstruction.ovh/registration/pending&PBX_REPONDRE_A=https://fnac-ep.underconstruction.ovh/verifone/webhooks&PBX_TIME=2024-09-13&PBX_HMAC=6228EC725F3F432CF97C2BCCF0BEAAF5777D9421F9F53647C4B44F15028484ED9E925F4D73D11473ABDBBCFE0AA13D78C383BB164CFC94B5FEE480A86230AA06',NULL,'2024-09-13 18:18:55','2024-09-14 06:16:04','offerorder',20,NULL,NULL,NULL,NULL,NULL,NULL,NULL,NULL,NULL),(113,4475,NULL,3,'OFCB000028',500,'cb','pending','https://preprod-tpeweb.paybox.com/cgi/MYchoix_pagepaiement.cgi?PBX_SITE=5016323&PBX_RANG=01&PBX_IDENTIFIANT=722066132&PBX_TOTAL=60000&PBX_DEVISE=978&PBX_CMD=PREPROD-OFCB000028&PBX_PORTEUR=xelyqawido@mailinator.com&PBX_RETOUR=id:S;amount:M;reference:R;appel:T;autorization:A;error:E;signature:K&PBX_HASH=SHA512&PBX_RUF1=POST&PBX_EFFECTUE=https://fnac-ep.underconstruction.ovh/payment/success&PBX_REFUSE=https://fnac-ep.underconstruction.ovh/payment/failed&PBX_ANNULE=https://fnac-ep.underconstruction.ovh/payment/canceled&PBX_ATTENTE=https://fnac-ep.underconstruction.ovh/registration/pending&PBX_REPONDRE_A=https://fnac-ep.underconstruction.ovh/verifone/webhooks&PBX_TIME=2024-09-13&PBX_HMAC=36FE28C8548B74FF2109DAFD3796A7282B08FEFDCA381D96B4E9E3C971CF1851265C63EF0C1D6BE4C4F6C5299388AB33B2A714F7D48D5CA87706A342A3BE053D',NULL,'2024-09-13 18:27:50','2024-09-13 18:27:50','offerorder',20,NULL,NULL,NULL,NULL,NULL,NULL,NULL,NULL,NULL),(114,4475,NULL,4,'OFCB000029',750,'cb','paid','https://preprod-tpeweb.paybox.com/cgi/MYchoix_pagepaiement.cgi?PBX_SITE=5016323&PBX_RANG=01&PBX_IDENTIFIANT=722066132&PBX_TOTAL=90000&PBX_DEVISE=978&PBX_CMD=PREPROD-OFCB000029&PBX_PORTEUR=xelyqawido@mailinator.com&PBX_RETOUR=id:S;amount:M;reference:R;appel:T;autorization:A;error:E;signature:K&PBX_HASH=SHA512&PBX_RUF1=POST&PBX_EFFECTUE=https://fnac-ep.underconstruction.ovh/payment/success&PBX_REFUSE=https://fnac-ep.underconstruction.ovh/payment/failed&PBX_ANNULE=https://fnac-ep.underconstruction.ovh/payment/canceled&PBX_ATTENTE=https://fnac-ep.underconstruction.ovh/registration/pending&PBX_REPONDRE_A=https://fnac-ep.underconstruction.ovh/verifone/webhooks&PBX_TIME=2024-09-13&PBX_HMAC=2B4BF427D980630D463602D45D9C1608EB5F6EF91170484D65093DA7D87A7E9CE365A90C03320CFAC13A09A0B47B261465D4D5395EB2B1091DB18801FCBB60B0',NULL,'2024-09-13 18:33:06','2024-09-13 18:33:24','offerorder',20,NULL,NULL,NULL,NULL,NULL,'38172812',NULL,NULL,NULL),(115,4475,NULL,NULL,'CT000015',41.67,'cb','paid','https://preprod-tpeweb.paybox.com/cgi/MYchoix_pagepaiement.cgi?PBX_SITE=5016323&PBX_RANG=01&PBX_IDENTIFIANT=722066132&PBX_TOTAL=4167&PBX_DEVISE=978&PBX_CMD=PREPROD-CT000015&PBX_PORTEUR=xelyqawido@mailinator.com&PBX_RETOUR=id:S;amount:M;reference:R;appel:T;autorization:A;error:E;signature:K&PBX_HASH=SHA512&PBX_RUF1=POST&PBX_EFFECTUE=https://fnac-ep.underconstruction.ovh/payment/success&PBX_REFUSE=https://fnac-ep.underconstruction.ovh/payment/failed&PBX_ANNULE=https://fnac-ep.underconstruction.ovh/payment/canceled&PBX_ATTENTE=https://fnac-ep.underconstruction.ovh/registration/pending&PBX_REPONDRE_A=https://fnac-ep.underconstruction.ovh/verifone/webhooks&PBX_TIME=2024-09-13&PBX_HMAC=38D3257D6264A71B673A164CF20A4BC84C978189A5BFA9A68D852D6628113DE2303C91AFAE260BC8364BF2B542505DAE763202B1EBE32200085D360B9B8981DE',NULL,'2024-09-13 18:34:45','2024-09-13 18:34:59','contractorder',0,NULL,NULL,NULL,NULL,NULL,'38172818',4,NULL,NULL),(116,4475,NULL,NULL,'CT000016',41.67,'cb','paid','https://preprod-tpeweb.paybox.com/cgi/MYchoix_pagepaiement.cgi?PBX_SITE=5016323&PBX_RANG=01&PBX_IDENTIFIANT=722066132&PBX_TOTAL=4167&PBX_DEVISE=978&PBX_CMD=PREPROD-CT000016&PBX_PORTEUR=xelyqawido@mailinator.com&PBX_RETOUR=id:S;amount:M;reference:R;appel:T;autorization:A;error:E;signature:K&PBX_HASH=SHA512&PBX_RUF1=POST&PBX_EFFECTUE=https://fnac-ep.underconstruction.ovh/payment/success&PBX_REFUSE=https://fnac-ep.underconstruction.ovh/payment/failed&PBX_ANNULE=https://fnac-ep.underconstruction.ovh/payment/canceled&PBX_ATTENTE=https://fnac-ep.underconstruction.ovh/registration/pending&PBX_REPONDRE_A=https://fnac-ep.underconstruction.ovh/verifone/webhooks&PBX_TIME=2024-09-14&PBX_HMAC=6531B8C6EEC78ED92B53F9AA482658A29CD7E7484CF89BDF2A77CED363D351B28AE1DE39AF20BF0548B6F7665CE991C5C5168F6BC9B5E047924AB422E881E51F',NULL,'2024-09-14 06:16:47','2024-09-14 06:17:13','contractorder',0,NULL,NULL,NULL,NULL,NULL,'38173123',6,NULL,NULL),(119,4474,NULL,NULL,'CT000017',41.67,'cb','paid','https://preprod-tpeweb.paybox.com/cgi/MYchoix_pagepaiement.cgi?PBX_SITE=5016323&PBX_RANG=01&PBX_IDENTIFIANT=722066132&PBX_TOTAL=4167&PBX_DEVISE=978&PBX_CMD=PREPROD-CT000017&PBX_PORTEUR=test@test7428.com&PBX_RETOUR=id:S;amount:M;reference:R;appel:T;autorization:A;error:E;signature:K&PBX_HASH=SHA512&PBX_RUF1=POST&PBX_EFFECTUE=https://fnac-ep.underconstruction.ovh/payment/success&PBX_REFUSE=https://fnac-ep.underconstruction.ovh/payment/failed&PBX_ANNULE=https://fnac-ep.underconstruction.ovh/payment/canceled&PBX_ATTENTE=https://fnac-ep.underconstruction.ovh/registration/pending&PBX_REPONDRE_A=https://fnac-ep.underconstruction.ovh/verifone/webhooks&PBX_TIME=2024-09-16&PBX_HMAC=D573CDE9772C1C20A16B7D86B7595CDD711B5C89EA45769100A95D47C9013D3D4C6C2AD13540339029E714E2034BE5BC8060C25FC992E1DCFF854EDE7968578E',NULL,'2024-09-16 08:48:24','2024-09-16 08:50:13','contractorder',0,NULL,NULL,NULL,NULL,NULL,'38173806',5,NULL,NULL),(125,4474,NULL,3,'OFCB000032',500,'cb','pending','https://preprod-tpeweb.paybox.com/cgi/MYchoix_pagepaiement.cgi?PBX_SITE=5016323&PBX_RANG=01&PBX_IDENTIFIANT=722066132&PBX_TOTAL=50000&PBX_DEVISE=978&PBX_CMD=PREPROD-OFCB000032&PBX_PORTEUR=test@test7428.com&PBX_RETOUR=id:S;amount:M;reference:R;appel:T;autorization:A;error:E;signature:K&PBX_HASH=SHA512&PBX_RUF1=POST&PBX_EFFECTUE=https://fnac-ep.underconstruction.ovh/payment/success&PBX_REFUSE=https://fnac-ep.underconstruction.ovh/payment/failed&PBX_ANNULE=https://fnac-ep.underconstruction.ovh/payment/canceled&PBX_ATTENTE=https://fnac-ep.underconstruction.ovh/registration/pending&PBX_REPONDRE_A=https://fnac-ep.underconstruction.ovh/verifone/webhooks&PBX_TIME=2024-09-16&PBX_HMAC=2BF920E6ED88739A0F64DBF70891594417638F303E8473B62208C75A67D6062C0136533C7B7F7E9981F935A4291F2BFEEBD886EE25044BCB0ED9CC6DF281AEBF',NULL,'2024-09-16 12:09:25','2024-09-16 12:09:25','offerorder',0,NULL,NULL,NULL,NULL,NULL,NULL,NULL,NULL,NULL),(126,4474,NULL,3,'OFCB000033',500,'cb','paid','https://preprod-tpeweb.paybox.com/cgi/MYchoix_pagepaiement.cgi?PBX_SITE=5016323&PBX_RANG=01&PBX_IDENTIFIANT=722066132&PBX_TOTAL=50000&PBX_DEVISE=978&PBX_CMD=PREPROD-OFCB000033&PBX_PORTEUR=test@test7428.com&PBX_RETOUR=id:S;amount:M;reference:R;appel:T;autorization:A;error:E;signature:K&PBX_HASH=SHA512&PBX_RUF1=POST&PBX_EFFECTUE=https://fnac-ep.underconstruction.ovh/payment/success&PBX_REFUSE=https://fnac-ep.underconstruction.ovh/payment/failed&PBX_ANNULE=https://fnac-ep.underconstruction.ovh/payment/canceled&PBX_ATTENTE=https://fnac-ep.underconstruction.ovh/registration/pending&PBX_REPONDRE_A=https://fnac-ep.underconstruction.ovh/verifone/webhooks&PBX_TIME=2024-09-16&PBX_HMAC=41B321F2855A4494F31B64BDEC18E2B8B73ED898E152401E0E70A90D5CFFD9659114CC48B393C4DD952E8FA388AB3F4D225ED29798352F081CB3D693AEC70517',NULL,'2024-09-16 12:10:27','2024-09-16 12:12:26','offerorder',0,NULL,NULL,NULL,NULL,NULL,'38174113',NULL,NULL,NULL),(128,4474,NULL,3,'OFBT000040',500,'bank_transfer','pending',NULL,NULL,'2024-09-16 12:15:34','2024-12-23 17:59:25','offerorder',0,NULL,NULL,NULL,NULL,NULL,NULL,NULL,NULL,NULL),(130,4477,NULL,2,'OFCB000034',395,'cb','paid','https://checkout.stripe.com/c/pay/cs_test_a1gVZrq6NcuhLMDEmEFV3hNg9NghVGamRfuFYt4tHU6CAtXa5heqk93xVE#fidkdWxOYHwnPyd1blpxYHZxWjA0VW10cENNZG81Q1M0dk1NVk9LcmdWZ11BczFjX39cQlJhU21iUF9HdD18d3JPaF9WdEB0SXxnQXVubXJyR0dBSlJGUj1fR0JtQHRIUD1CNnRjPXMybGw9NTVKdTZSbERAQScpJ2N3amhWYHdzYHcnP3F3cGApJ2lkfGpwcVF8dWAnPyd2bGtiaWBabHFgaCcpJ2BrZGdpYFVpZGZgbWppYWB3dic%2FcXdwYHgl',NULL,'2024-09-16 12:24:49','2024-09-16 13:26:21','offerorder',20,NULL,NULL,NULL,'cs_test_a1gVZrq6NcuhLMDEmEFV3hNg9NghVGamRfuFYt4tHU6CAtXa5heqk93xVE','pi_3PzdzvHaj0FV1sHH0KtppTFD',NULL,NULL,NULL,NULL),(133,4474,NULL,3,'OFCB000035',500,'cb','pending','https://preprod-tpeweb.paybox.com/cgi/MYchoix_pagepaiement.cgi?PBX_SITE=5016323&PBX_RANG=01&PBX_IDENTIFIANT=722066132&PBX_TOTAL=50000&PBX_DEVISE=978&PBX_CMD=PREPROD-OFCB000035&PBX_PORTEUR=test@test7428.com&PBX_RETOUR=id:S;amount:M;reference:R;appel:T;autorization:A;error:E;signature:K&PBX_HASH=SHA512&PBX_RUF1=POST&PBX_EFFECTUE=https://fnac-ep.underconstruction.ovh/payment/success&PBX_REFUSE=https://fnac-ep.underconstruction.ovh/payment/failed&PBX_ANNULE=https://fnac-ep.underconstruction.ovh/payment/canceled&PBX_ATTENTE=https://fnac-ep.underconstruction.ovh/registration/pending&PBX_REPONDRE_A=https://fnac-ep.underconstruction.ovh/verifone/webhooks&PBX_TIME=2024-09-16&PBX_HMAC=C8EA83040D98C947A368CD8BE3D92999FD8D6A4F500069360CD821AF0062B26DC6BA4499AB639E7E704C64E9E27350FE01BD4C63AFAFBD3D181EEE8534167CFA',NULL,'2024-09-16 13:43:16','2024-09-16 13:43:16','offerorder',0,NULL,NULL,NULL,NULL,NULL,NULL,NULL,NULL,NULL),(134,4474,NULL,6,'OFCB000036',900,'cb','pending','https://preprod-tpeweb.paybox.com/cgi/MYchoix_pagepaiement.cgi?PBX_SITE=5016323&PBX_RANG=01&PBX_IDENTIFIANT=722066132&PBX_TOTAL=90000&PBX_DEVISE=978&PBX_CMD=PREPROD-OFCB000036&PBX_PORTEUR=test@test7428.com&PBX_RETOUR=id:S;amount:M;reference:R;appel:T;autorization:A;error:E;signature:K&PBX_HASH=SHA512&PBX_RUF1=POST&PBX_EFFECTUE=https://fnac-ep.underconstruction.ovh/payment/success&PBX_REFUSE=https://fnac-ep.underconstruction.ovh/payment/failed&PBX_ANNULE=https://fnac-ep.underconstruction.ovh/payment/canceled&PBX_ATTENTE=https://fnac-ep.underconstruction.ovh/registration/pending&PBX_REPONDRE_A=https://fnac-ep.underconstruction.ovh/verifone/webhooks&PBX_TIME=2024-09-16&PBX_HMAC=4A66ED2E450F557D4F8398D89594697B83C2E24097578D8BC19B3B5621FB363F09B95161AB88B97D035D2834702E49B3760AE81A56EBE13A43B7CA21588045A6',NULL,'2024-09-16 13:43:50','2024-09-16 13:43:50','offerorder',0,NULL,NULL,NULL,NULL,NULL,NULL,NULL,NULL,NULL),(138,4485,NULL,1,'OFCB000038',395,'cb','failed','https://checkout.stripe.com/c/pay/cs_test_a1psEfvu8dpgSpPeXBPJSkuKywVzPtjtZjmu9WmxQzuSY7tBAgTmnQpJxC#fidkdWxOYHwnPyd1blpxYHZxWjA0VW10cENNZG81Q1M0dk1NVk9LcmdWZ11BczFjX39cQlJhU21iUF9HdD18d3JPaF9WdEB0SXxnQXVubXJyR0dBSlJGUj1fR0JtQHRIUD1CNnRjPXMybGw9NTVKdTZSbERAQScpJ2N3amhWYHdzYHcnP3F3cGApJ2lkfGpwcVF8dWAnPyd2bGtiaWBabHFgaCcpJ2BrZGdpYFVpZGZgbWppYWB3dic%2FcXdwYHgl',NULL,'2024-09-17 10:33:24','2024-09-19 12:58:25','offerorder',20,NULL,NULL,NULL,'cs_test_a1psEfvu8dpgSpPeXBPJSkuKywVzPtjtZjmu9WmxQzuSY7tBAgTmnQpJxC','pi_3PzylIHaj0FV1sHH0rHoBTqK',NULL,NULL,NULL,NULL),(143,4490,NULL,5,'OFCB000037',600,'cb','pending','https://preprod-tpeweb.paybox.com/cgi/MYchoix_pagepaiement.cgi?PBX_SITE=5016323&PBX_RANG=01&PBX_IDENTIFIANT=722066132&PBX_TOTAL=72000&PBX_DEVISE=978&PBX_CMD=PREPROD-OFCB000037&PBX_PORTEUR=Testambassade190924@gmail.com&PBX_RETOUR=id:S;amount:M;reference:R;appel:T;autorization:A;error:E;signature:K&PBX_HASH=SHA512&PBX_RUF1=POST&PBX_EFFECTUE=https://fnac-ep.underconstruction.ovh/payment/success&PBX_REFUSE=https://fnac-ep.underconstruction.ovh/payment/failed&PBX_ANNULE=https://fnac-ep.underconstruction.ovh/payment/canceled&PBX_ATTENTE=https://fnac-ep.underconstruction.ovh/registration/pending&PBX_REPONDRE_A=https://fnac-ep.underconstruction.ovh/verifone/webhooks&PBX_TIME=2024-09-19&PBX_HMAC=D06FF706D499F456E55AE0F02849B3BEE83288A5D05BDB3E60258A342FA11D94D59A683368F2FC4759A00D153E84B11204B4E2EF654CEB1CB2DC76748BEEA385',NULL,'2024-09-19 12:56:22','2024-09-19 12:56:23','offerorder',20,NULL,NULL,NULL,NULL,NULL,NULL,NULL,NULL,NULL),(144,4490,NULL,5,'OFCB000062',600,'cb','pending','https://preprod-tpeweb.paybox.com/cgi/MYchoix_pagepaiement.cgi?PBX_SITE=5016323&PBX_RANG=01&PBX_IDENTIFIANT=722066132&PBX_TOTAL=72000&PBX_DEVISE=978&PBX_CMD=PREPROD-OFCB000038&PBX_PORTEUR=Testambassade190924@gmail.com&PBX_RETOUR=id:S;amount:M;reference:R;appel:T;autorization:A;error:E;signature:K&PBX_HASH=SHA512&PBX_RUF1=POST&PBX_EFFECTUE=https://fnac-ep.underconstruction.ovh/payment/success&PBX_REFUSE=https://fnac-ep.underconstruction.ovh/payment/failed&PBX_ANNULE=https://fnac-ep.underconstruction.ovh/payment/canceled&PBX_ATTENTE=https://fnac-ep.underconstruction.ovh/registration/pending&PBX_REPONDRE_A=https://fnac-ep.underconstruction.ovh/verifone/webhooks&PBX_TIME=2024-09-19&PBX_HMAC=FC1B067CA2064051BF8B2579058E1693B2466141F74618FD6BE62A877677327EB42FA27095FA3F1277F3306167C26DB8187AAEDAD0947492EA9D6529F7A42FDB',NULL,'2024-09-19 12:56:57','2024-12-23 17:59:25','offerorder',20,NULL,NULL,NULL,NULL,NULL,NULL,NULL,NULL,NULL),(145,4490,NULL,4,'OFBT000041',750,'bank_transfer','paid',NULL,NULL,'2024-09-19 13:00:27','2024-12-23 17:59:25','offerorder',20,NULL,NULL,NULL,NULL,NULL,NULL,NULL,NULL,NULL),(152,4499,NULL,1,'OFCB000041',395,'cb','refunded','https://checkout.stripe.com/c/pay/cs_test_a1duiNvnv8OKK0emdJjKkPFA1tKOBz0jvrqBuz0vVbPUrVpjDYmWqCrbLl#fidkdWxOYHwnPyd1blpxYHZxWjA0VW10cENNZG81Q1M0dk1NVk9LcmdWZ11BczFjX39cQlJhU21iUF9HdD18d3JPaF9WdEB0SXxnQXVubXJyR0dBSlJGUj1fR0JtQHRIUD1CNnRjPXMybGw9NTVKdTZSbERAQScpJ2N3amhWYHdzYHcnP3F3cGApJ2lkfGpwcVF8dWAnPyd2bGtiaWBabHFgaCcpJ2BrZGdpYFVpZGZgbWppYWB3dic%2FcXdwYHgl',NULL,'2024-09-23 17:46:47','2024-10-12 17:29:58','offerorder',20,NULL,NULL,NULL,'cs_test_a1duiNvnv8OKK0emdJjKkPFA1tKOBz0jvrqBuz0vVbPUrVpjDYmWqCrbLl','pi_3Q2GN8Haj0FV1sHH0GlsAn85',NULL,NULL,NULL,NULL),(153,4499,90,NULL,'ADCTCB000005',45,'cb','refunded','https://preprod-tpeweb.paybox.com/cgi/MYchoix_pagepaiement.cgi?PBX_SITE=5016323&PBX_RANG=01&PBX_IDENTIFIANT=722066132&PBX_TOTAL=5400&PBX_DEVISE=978&PBX_CMD=PREPROD-ADCTCB000005&PBX_PORTEUR=vice-presidente-2@agentcommercial.fr&PBX_RETOUR=id:S;amount:M;reference:R;appel:T;autorization:A;error:E;signature:K&PBX_HASH=SHA512&PBX_RUF1=POST&PBX_EFFECTUE=https://fnac-ep.underconstruction.ovh/advert/create/success&PBX_REFUSE=https://fnac-ep.underconstruction.ovh/payment/failed&PBX_ANNULE=https://fnac-ep.underconstruction.ovh/payment/canceled&PBX_ATTENTE=https://fnac-ep.underconstruction.ovh/registration/pending&PBX_REPONDRE_A=https://fnac-ep.underconstruction.ovh/verifone/webhooks&PBX_TIME=2024-09-23&PBX_HMAC=4D9E74156D377E06628A4FC8A5C75F99406CF5AEC9B318825F8D3C25B023527476B47934F069C40482E2705F1C3E12350BDF523F9E81180F484EF3DDFFCB970F',NULL,'2024-09-23 17:51:01','2024-10-12 17:29:29','advertbroadcastorder',20,29,NULL,NULL,NULL,NULL,'38182165',NULL,NULL,NULL),(156,4500,NULL,2,'OFCB000042',395,'cb','pending','https://checkout.stripe.com/c/pay/cs_test_a1evMng1ZTQojyYCJkuzNVr1KvNNXIf5VI39T7H9ITCRBq65KmiUZfRlld#fidkdWxOYHwnPyd1blpxYHZxWjA0VW10cENNZG81Q1M0dk1NVk9LcmdWZ11BczFjX39cQlJhU21iUF9HdD18d3JPaF9WdEB0SXxnQXVubXJyR0dBSlJGUj1fR0JtQHRIUD1CNnRjPXMybGw9NTVKdTZSbERAQScpJ2N3amhWYHdzYHcnP3F3cGApJ2lkfGpwcVF8dWAnPyd2bGtiaWBabHFgaCcpJ2BrZGdpYFVpZGZgbWppYWB3dic%2FcXdwYHgl',NULL,'2024-09-25 07:41:28','2024-09-25 07:41:29','offerorder',20,NULL,NULL,NULL,'cs_test_a1evMng1ZTQojyYCJkuzNVr1KvNNXIf5VI39T7H9ITCRBq65KmiUZfRlld',NULL,NULL,NULL,NULL,NULL),(162,4509,NULL,6,'OFCB000045',900,'cb','paid','https://preprod-tpeweb.paybox.com/cgi/MYchoix_pagepaiement.cgi?PBX_SITE=5016323&PBX_RANG=01&PBX_IDENTIFIANT=722066132&PBX_TOTAL=90000&PBX_DEVISE=978&PBX_CMD=PREPROD-OFCB000045&PBX_PORTEUR=mf@orange.fr&PBX_RETOUR=id:S;amount:M;reference:R;appel:T;autorization:A;error:E;signature:K&PBX_HASH=SHA512&PBX_RUF1=POST&PBX_EFFECTUE=https://fnac-ep.underconstruction.ovh/payment/success&PBX_REFUSE=https://fnac-ep.underconstruction.ovh/payment/failed&PBX_ANNULE=https://fnac-ep.underconstruction.ovh/payment/canceled&PBX_ATTENTE=https://fnac-ep.underconstruction.ovh/registration/pending&PBX_REPONDRE_A=https://fnac-ep.underconstruction.ovh/verifone/webhooks&PBX_TIME=2024-09-30&PBX_HMAC=A6CD0A3668342E64B2E5E475B6FAEF05692A3105197E71F89915461B609F46A5448BCDCE800B1D8C9E061684B1AACC5EC3C4AF4D668609DDFFBDA7A5A8CF7498',NULL,'2024-09-30 14:25:46','2024-09-30 14:26:43','offerorder',0,NULL,NULL,NULL,NULL,NULL,'38190255',NULL,NULL,NULL),(163,4509,96,NULL,'ADCOBT000022',40,'bank_transfer','pending',NULL,NULL,'2024-09-30 14:35:36','2024-09-30 14:35:36','advertbroadcastorder',0,NULL,NULL,44,NULL,NULL,NULL,NULL,NULL,NULL),(167,4527,NULL,1,'OFBT000042',395,'bank_transfer','paid',NULL,NULL,'2024-10-09 14:22:23','2024-12-23 17:59:25','offerorder',20,NULL,NULL,NULL,NULL,NULL,NULL,NULL,NULL,NULL),(168,4528,NULL,1,'OFBT000013',395,'bank_transfer','pending',NULL,NULL,'2024-10-09 17:08:22','2024-10-09 17:08:22','offerorder',20,NULL,NULL,NULL,NULL,NULL,NULL,NULL,NULL,NULL),(178,4551,NULL,2,'OFBT000014',395,'bank_transfer','pending',NULL,NULL,'2024-10-12 17:03:11','2024-10-12 17:03:11','offerorder',20,NULL,NULL,NULL,NULL,NULL,NULL,NULL,NULL,NULL),(179,4552,NULL,1,'OFCB000051',395,'cb','validated','https://checkout.stripe.com/c/pay/cs_test_a1L39h0cpXlm9ZJIOLF9FJz7GOlJpTFyM2jUCrnHjoC37qSjxhUr5EBU0g#fidkdWxOYHwnPyd1blpxYHZxWjA0VW10cENNZG81Q1M0dk1NVk9LcmdWZ11BczFjX39cQlJhU21iUF9HdD18d3JPaF9WdEB0SXxnQXVubXJyR0dBSlJGUj1fR0JtQHRIUD1CNnRjPXMybGw9NTVKdTZSbERAQScpJ2N3amhWYHdzYHcnP3F3cGApJ2lkfGpwcVF8dWAnPyd2bGtiaWBabHFgaCcpJ2BrZGdpYFVpZGZgbWppYWB3dic%2FcXdwYHgl',NULL,'2024-10-12 17:43:02','2024-10-12 17:45:18','offerorder',20,NULL,NULL,NULL,'cs_test_a1L39h0cpXlm9ZJIOLF9FJz7GOlJpTFyM2jUCrnHjoC37qSjxhUr5EBU0g','pi_3Q99NPHaj0FV1sHH0ySkhdsX',NULL,NULL,NULL,NULL),(183,4555,NULL,1,'OFCB000052',395,'cb','validated','https://checkout.stripe.com/c/pay/cs_test_a1nw5dlAeNc2oDAbZ0UJVjPIvew5oZUpEVkNAvRXW1wuAf08hmYrX685vh#fidkdWxOYHwnPyd1blpxYHZxWjA0VW10cENNZG81Q1M0dk1NVk9LcmdWZ11BczFjX39cQlJhU21iUF9HdD18d3JPaF9WdEB0SXxnQXVubXJyR0dBSlJGUj1fR0JtQHRIUD1CNnRjPXMybGw9NTVKdTZSbERAQScpJ2N3amhWYHdzYHcnP3F3cGApJ2lkfGpwcVF8dWAnPyd2bGtiaWBabHFgaCcpJ2BrZGdpYFVpZGZgbWppYWB3dic%2FcXdwYHgl',NULL,'2024-10-14 10:36:30','2024-10-14 10:38:53','offerorder',20,NULL,NULL,NULL,'cs_test_a1nw5dlAeNc2oDAbZ0UJVjPIvew5oZUpEVkNAvRXW1wuAf08hmYrX685vh','pi_3Q9lfjHaj0FV1sHH1lhOT2Yb',NULL,NULL,NULL,NULL),(185,4559,NULL,1,'OFCB000054',395,'cb','validated','https://checkout.stripe.com/c/pay/cs_test_a1UJJiPFWroIXzPWSAXqYeWrXZrIRirIKaeWewgIsCnqbB34FgoBWj3KYb#fidkdWxOYHwnPyd1blpxYHZxWjA0VW10cENNZG81Q1M0dk1NVk9LcmdWZ11BczFjX39cQlJhU21iUF9HdD18d3JPaF9WdEB0SXxnQXVubXJyR0dBSlJGUj1fR0JtQHRIUD1CNnRjPXMybGw9NTVKdTZSbERAQScpJ2N3amhWYHdzYHcnP3F3cGApJ2lkfGpwcVF8dWAnPyd2bGtiaWBabHFgaCcpJ2BrZGdpYFVpZGZgbWppYWB3dic%2FcXdwYHgl',NULL,'2024-10-14 14:49:11','2024-10-14 14:49:45','offerorder',20,NULL,NULL,NULL,'cs_test_a1UJJiPFWroIXzPWSAXqYeWrXZrIRirIKaeWewgIsCnqbB34FgoBWj3KYb','pi_3Q9padHaj0FV1sHH16oS1zpH',NULL,NULL,NULL,NULL),(186,4,NULL,6,'OFCB000055',900,'cb','paid','https://preprod-tpeweb.paybox.com/cgi/MYchoix_pagepaiement.cgi?PBX_SITE=5016323&PBX_RANG=01&PBX_IDENTIFIANT=722066132&PBX_TOTAL=90000&PBX_DEVISE=978&PBX_CMD=PREPROD-OFCB000055&PBX_PORTEUR=embassy@fnac.fr&PBX_RETOUR=id:S;amount:M;reference:R;appel:T;autorization:A;error:E;signature:K&PBX_HASH=SHA512&PBX_RUF1=POST&PBX_EFFECTUE=https://fnac-ep.underconstruction.ovh/payment/success&PBX_REFUSE=https://fnac-ep.underconstruction.ovh/payment/failed&PBX_ANNULE=https://fnac-ep.underconstruction.ovh/payment/canceled&PBX_ATTENTE=https://fnac-ep.underconstruction.ovh/registration/pending&PBX_REPONDRE_A=https://fnac-ep.underconstruction.ovh/verifone/webhooks&PBX_TIME=2024-10-14&PBX_HMAC=C8706579C0BC068B3FCFCDB824449C55ED13A21E3BB844E11E898BEA782C1A5A4C5EFAFAEB458295D88DA8ADE6DA8FDF95EC38047A430974EDB16A8058123C1D',NULL,'2024-10-14 16:48:58','2024-10-14 16:49:32','offerorder',0,NULL,NULL,NULL,NULL,NULL,'38204093',NULL,NULL,NULL),(188,4,NULL,3,'OFCB000056',500,'cb','paid','https://preprod-tpeweb.paybox.com/cgi/MYchoix_pagepaiement.cgi?PBX_SITE=5016323&PBX_RANG=01&PBX_IDENTIFIANT=722066132&PBX_TOTAL=60000&PBX_DEVISE=978&PBX_CMD=PREPROD-OFCB000056&PBX_PORTEUR=embassy@fnac.fr&PBX_RETOUR=id:S;amount:M;reference:R;appel:T;autorization:A;error:E;signature:K&PBX_HASH=SHA512&PBX_RUF1=POST&PBX_EFFECTUE=https://fnac-ep.underconstruction.ovh/payment/success&PBX_REFUSE=https://fnac-ep.underconstruction.ovh/payment/failed&PBX_ANNULE=https://fnac-ep.underconstruction.ovh/payment/canceled&PBX_ATTENTE=https://fnac-ep.underconstruction.ovh/registration/pending&PBX_REPONDRE_A=https://fnac-ep.underconstruction.ovh/verifone/webhooks&PBX_TIME=2024-10-14&PBX_HMAC=CA8A8432A1BCAF82A1055996832744AE95ED0A571AAF9619F7B89B4A9758ABA57854BB60A817E1B2A81F6BCFDD39365626DBD9C9BC0AA41B0F2CE73E815208A2',NULL,'2024-10-14 16:54:29','2024-10-14 16:54:52','offerorder',20,NULL,NULL,NULL,NULL,NULL,'38204095',NULL,NULL,NULL),(194,4806,NULL,1,'OFBT000043',395,'bank_transfer','pending',NULL,NULL,'2024-10-21 17:49:15','2024-12-23 17:59:25','offerorder',20,NULL,NULL,NULL,NULL,NULL,NULL,NULL,NULL,NULL),(197,4808,NULL,5,'OFBT000015',600,'bank_transfer','paid',NULL,NULL,'2024-10-21 18:20:51','2024-10-21 18:21:29','offerorder',20,NULL,NULL,NULL,NULL,NULL,NULL,NULL,NULL,NULL),(199,4808,NULL,5,'OFCB000044',600,'cb','pending','https://tpeweb.paybox.com/cgi/MYchoix_pagepaiement.cgi?PBX_SITE=5016323&PBX_RANG=01&PBX_IDENTIFIANT=722066132&PBX_TOTAL=72000&PBX_DEVISE=978&PBX_CMD=PROD-OFCB000044&PBX_PORTEUR=test@test4567.fr&PBX_RETOUR=id:S;amount:M;reference:R;appel:T;autorization:A;error:E;signature:K&PBX_HASH=SHA512&PBX_RUF1=POST&PBX_EFFECTUE=https://admin.agentcommercial.fr/payment/success&PBX_REFUSE=https://admin.agentcommercial.fr/payment/failed&PBX_ANNULE=https://admin.agentcommercial.fr/payment/canceled&PBX_ATTENTE=https://admin.agentcommercial.fr/registration/pending&PBX_REPONDRE_A=https://admin.agentcommercial.fr/verifone/webhooks&PBX_TIME=2024-10-21&PBX_HMAC=A1D5424C248D8450C163243BB46B1C9125D19676E3F15AE14348FB7F3F26FA8E89832AA2090852BBBBBA8C943EB2F50BB1D00F96D35CE00DDAD3C0B24B170856',NULL,'2024-10-21 18:59:00','2024-10-21 18:59:00','offerorder',20,NULL,NULL,NULL,NULL,NULL,NULL,NULL,NULL,NULL),(201,4813,NULL,NULL,'CT000018',41.67,'cb','pending','https://tpeweb.paybox.com/cgi/MYchoix_pagepaiement.cgi?PBX_SITE=5016323&PBX_RANG=01&PBX_IDENTIFIANT=722066132&PBX_TOTAL=4167&PBX_DEVISE=978&PBX_CMD=PROD-CT000018&PBX_PORTEUR=mandant1@mandant.fr&PBX_RETOUR=id:S;amount:M;reference:R;appel:T;autorization:A;error:E;signature:K&PBX_HASH=SHA512&PBX_RUF1=POST&PBX_EFFECTUE=https://admin.agentcommercial.fr/payment/success&PBX_REFUSE=https://admin.agentcommercial.fr/payment/failed&PBX_ANNULE=https://admin.agentcommercial.fr/payment/canceled&PBX_ATTENTE=https://admin.agentcommercial.fr/registration/pending&PBX_REPONDRE_A=https://admin.agentcommercial.fr/verifone/webhooks&PBX_TIME=2024-10-22&PBX_HMAC=FD09DCA625CC921ADDF3082BE215A8DCC3179D637A18F8264E6B502821186744902CA7FA1459C3ED0E56D46DC3D2E127F2D37059E6438AEF4C907E25F93712C0',NULL,'2024-10-22 09:14:52','2024-10-22 09:14:52','contractorder',0,NULL,NULL,NULL,NULL,NULL,NULL,1,NULL,NULL),(202,4813,NULL,NULL,'CT000019',41.67,'cb','pending','https://tpeweb.paybox.com/cgi/MYchoix_pagepaiement.cgi?PBX_SITE=5016323&PBX_RANG=01&PBX_IDENTIFIANT=722066132&PBX_TOTAL=4167&PBX_DEVISE=978&PBX_CMD=PROD-CT000019&PBX_PORTEUR=mandant1@mandant.fr&PBX_RETOUR=id:S;amount:M;reference:R;appel:T;autorization:A;error:E;signature:K&PBX_HASH=SHA512&PBX_RUF1=POST&PBX_EFFECTUE=https://admin.agentcommercial.fr/payment/success&PBX_REFUSE=https://admin.agentcommercial.fr/payment/failed&PBX_ANNULE=https://admin.agentcommercial.fr/payment/canceled&PBX_ATTENTE=https://admin.agentcommercial.fr/registration/pending&PBX_REPONDRE_A=https://admin.agentcommercial.fr/verifone/webhooks&PBX_TIME=2024-10-22&PBX_HMAC=7128FC21B831426DE5DA144A26CF0E2CCD96865A73A909D953F1BE04FBAB501F0F70A8A8CFA12916200692DB65E64E46A5C2458DB1B595F81DAB2F505D6B4B92',NULL,'2024-10-22 09:14:58','2024-10-22 09:14:58','contractorder',0,NULL,NULL,NULL,NULL,NULL,NULL,2,NULL,NULL),(203,4814,NULL,1,'OFBT000016',395,'bank_transfer','validated',NULL,NULL,'2024-10-22 09:20:26','2024-10-22 09:21:55','offerorder',20,NULL,NULL,NULL,NULL,NULL,NULL,NULL,NULL,NULL),(206,4815,NULL,2,'OFCB000063',395,'cb','validated',NULL,NULL,'2024-10-22 09:59:15','2024-12-23 17:59:25','offerorder',20,NULL,NULL,NULL,NULL,NULL,NULL,NULL,NULL,NULL),(209,4818,NULL,NULL,'CT000020',41.67,'cb','pending','https://tpeweb.paybox.com/cgi/MYchoix_pagepaiement.cgi?PBX_SITE=5016323&PBX_RANG=01&PBX_IDENTIFIANT=722066132&PBX_TOTAL=4167&PBX_DEVISE=978&PBX_CMD=PROD-CT000020&PBX_PORTEUR=justine.ghesq@gmail.com&PBX_RETOUR=id:S;amount:M;reference:R;appel:T;autorization:A;error:E;signature:K&PBX_HASH=SHA512&PBX_RUF1=POST&PBX_EFFECTUE=https://admin.agentcommercial.fr/payment/success&PBX_REFUSE=https://admin.agentcommercial.fr/payment/failed&PBX_ANNULE=https://admin.agentcommercial.fr/payment/canceled&PBX_ATTENTE=https://admin.agentcommercial.fr/registration/pending&PBX_REPONDRE_A=https://admin.agentcommercial.fr/verifone/webhooks&PBX_TIME=2024-10-22&PBX_HMAC=003370B00A1E62C7369D161AF329BA335A45907F3A1F76499260743C1C79651D1DD59D3C01B154F74F4D73EDC41043901F7A3D83A62DFC095E474C02251F8370',NULL,'2024-10-22 10:43:46','2024-10-22 10:43:46','contractorder',0,NULL,NULL,NULL,NULL,NULL,NULL,1,NULL,NULL),(212,4819,NULL,3,'OFBT000017',500,'bank_transfer','validated',NULL,NULL,'2024-10-22 12:01:55','2024-10-22 12:02:27','offerorder',20,NULL,NULL,NULL,NULL,NULL,NULL,NULL,NULL,NULL),(218,4821,NULL,1,'OFBT000018',395,'bank_transfer','pending',NULL,NULL,'2024-10-22 13:55:51','2024-10-22 13:55:51','offerorder',20,NULL,NULL,NULL,NULL,NULL,NULL,NULL,NULL,NULL),(220,4822,NULL,1,'OFBT000019',395,'bank_transfer','validated',NULL,NULL,'2024-10-22 14:00:05','2024-10-22 14:00:36','offerorder',20,NULL,NULL,NULL,NULL,NULL,NULL,NULL,NULL,NULL),(222,4823,NULL,1,'OFBT000020',395,'bank_transfer','paid',NULL,NULL,'2024-10-22 14:39:15','2024-10-22 15:24:58','offerorder',20,NULL,NULL,NULL,NULL,NULL,NULL,NULL,NULL,NULL),(226,4824,NULL,NULL,'CT000021',41.67,'cb','paid','https://tpeweb.paybox.com/cgi/MYchoix_pagepaiement.cgi?PBX_SITE=5016323&PBX_RANG=01&PBX_IDENTIFIANT=722066132&PBX_TOTAL=4167&PBX_DEVISE=978&PBX_CMD=PROD-CT000021&PBX_PORTEUR=fnac.contact@agentcommercial.fr&PBX_RETOUR=id:S;amount:M;reference:R;appel:T;autorization:A;error:E;signature:K&PBX_HASH=SHA512&PBX_RUF1=POST&PBX_EFFECTUE=https://admin.agentcommercial.fr/payment/success&PBX_REFUSE=https://admin.agentcommercial.fr/payment/failed&PBX_ANNULE=https://admin.agentcommercial.fr/payment/canceled&PBX_ATTENTE=https://admin.agentcommercial.fr/registration/pending&PBX_REPONDRE_A=https://admin.agentcommercial.fr/verifone/webhooks&PBX_TIME=2024-10-22&PBX_HMAC=185DD022DE99F83A9509B9DFDB93A56817A6767761FE5FF580BDE5C853F8BA64C57A721CB3271AEA1861EF32FF5EFE7FFD2A9691B4114A47AD051F236F0D6192',NULL,'2024-10-22 15:42:08','2024-10-22 15:45:09','contractorder',0,NULL,NULL,NULL,NULL,NULL,'300608521',1,NULL,NULL),(227,4825,NULL,3,'OFBT000021',500,'bank_transfer','paid',NULL,NULL,'2024-10-22 17:27:53','2024-10-22 17:29:02','offerorder',20,NULL,NULL,NULL,NULL,NULL,NULL,NULL,NULL,NULL),(229,4826,NULL,4,'OFBT000022',750,'bank_transfer','paid',NULL,NULL,'2024-10-22 17:31:31','2024-10-22 17:31:41','offerorder',20,NULL,NULL,NULL,NULL,NULL,NULL,NULL,NULL,NULL),(231,4827,NULL,5,'OFBT000023',600,'bank_transfer','paid',NULL,NULL,'2024-10-22 17:34:37','2024-10-22 17:34:55','offerorder',20,NULL,NULL,NULL,NULL,NULL,NULL,NULL,NULL,NULL),(233,4828,NULL,6,'OFBT000024',900,'bank_transfer','paid',NULL,NULL,'2024-10-22 17:37:25','2024-10-22 17:37:35','offerorder',20,NULL,NULL,NULL,NULL,NULL,NULL,NULL,NULL,NULL),(235,4830,NULL,6,'OFBT000025',900,'bank_transfer','paid',NULL,NULL,'2024-10-23 12:14:22','2024-10-23 12:15:55','offerorder',20,NULL,NULL,NULL,NULL,NULL,NULL,NULL,NULL,NULL),(238,4831,NULL,1,'OFCB000046',395,'cb','pending',NULL,NULL,'2024-10-23 12:39:36','2024-10-23 12:39:36','offerorder',20,NULL,NULL,NULL,NULL,NULL,NULL,NULL,NULL,NULL),(239,4831,NULL,1,'OFCB000047',395,'cb','pending',NULL,NULL,'2024-10-23 12:39:59','2024-10-23 12:39:59','offerorder',20,NULL,NULL,NULL,NULL,NULL,NULL,NULL,NULL,NULL),(240,4831,NULL,1,'OFCB000048',395,'cb','pending',NULL,NULL,'2024-10-23 12:40:20','2024-10-23 12:40:20','offerorder',20,NULL,NULL,NULL,NULL,NULL,NULL,NULL,NULL,NULL),(241,4832,NULL,2,'OFCB000049',395,'cb','pending',NULL,NULL,'2024-10-23 12:41:57','2024-10-23 12:41:57','offerorder',20,NULL,NULL,NULL,NULL,NULL,NULL,NULL,NULL,NULL),(242,3,NULL,1,'OFCB000050',395,'cb','pending','https://checkout.stripe.com/c/pay/cs_live_a18GoA0ajgrrJL3EyB5F9P4SWrCjb9a1i53Sl7xSViq2RvZAXlAfdkWpIz#fidkdWxOYHwnPyd1blppbHNgWjA0VW10cENNZG81Q1M0dk1NcTxkdGt9bWlKR29RPDxoPG1pVzdwTWpQbEo2dTw9Z0F3SzZVV2EzUm9uUGxSblJMakN0MFZ3S2FESTF8PG9fM1YxU3d1UlNjNTVUQlMzQEA1SicpJ2N3amhWYHdzYHcnP3F3cGApJ2lkfGpwcVF8dWAnPyd2bGtiaWBabHFgaCcpJ2BrZGdpYFVpZGZgbWppYWB3dic%2FcXdwYHgl',NULL,'2024-10-23 12:42:46','2024-10-23 12:42:46','offerorder',0,NULL,NULL,NULL,'cs_live_a18GoA0ajgrrJL3EyB5F9P4SWrCjb9a1i53Sl7xSViq2RvZAXlAfdkWpIz',NULL,NULL,NULL,NULL,NULL),(243,3,NULL,1,'OFCB000064',395,'cb','pending','https://checkout.stripe.com/c/pay/cs_live_a1009p47UT4zDet4WkifrgIopbZFNiu4R079tlgBy2ZLTwJEElCjWXTdBb#fidkdWxOYHwnPyd1blppbHNgWjA0VW10cENNZG81Q1M0dk1NcTxkdGt9bWlKR29RPDxoPG1pVzdwTWpQbEo2dTw9Z0F3SzZVV2EzUm9uUGxSblJMakN0MFZ3S2FESTF8PG9fM1YxU3d1UlNjNTVUQlMzQEA1SicpJ2N3amhWYHdzYHcnP3F3cGApJ2lkfGpwcVF8dWAnPyd2bGtiaWBabHFgaCcpJ2BrZGdpYFVpZGZgbWppYWB3dic%2FcXdwYHgl',NULL,'2024-10-23 12:43:44','2024-12-23 17:59:25','offerorder',0,NULL,NULL,NULL,'cs_live_a1009p47UT4zDet4WkifrgIopbZFNiu4R079tlgBy2ZLTwJEElCjWXTdBb',NULL,NULL,NULL,NULL,NULL),(244,4833,NULL,1,'OFCB000065',395,'cb','pending',NULL,NULL,'2024-10-23 12:46:23','2024-12-23 17:59:25','offerorder',20,NULL,NULL,NULL,NULL,NULL,NULL,NULL,NULL,NULL),(245,3,NULL,1,'OFCB000053',395,'cb','pending',NULL,NULL,'2024-10-23 12:47:00','2024-10-23 12:47:00','offerorder',20,NULL,NULL,NULL,NULL,NULL,NULL,NULL,NULL,NULL),(246,3,NULL,1,'OFCB000066',395,'cb','pending','https://checkout.stripe.com/c/pay/cs_live_a1WG8gjElzs5f6vZTCxtJBspQEJ4HnRkfPic7sl0a4ZhmFYrTUjpCwCtfS#fidkdWxOYHwnPyd1blppbHNgWjA0VW10cENNZG81Q1M0dk1NcTxkdGt9bWlKR29RPDxoPG1pVzdwTWpQbEo2dTw9Z0F3SzZVV2EzUm9uUGxSblJMakN0MFZ3S2FESTF8PG9fM1YxU3d1UlNjNTVUQlMzQEA1SicpJ2N3amhWYHdzYHcnP3F3cGApJ2lkfGpwcVF8dWAnPyd2bGtiaWBabHFgaCcpJ2BrZGdpYFVpZGZgbWppYWB3dic%2FcXdwYHgl',NULL,'2024-10-23 12:52:40','2024-12-23 17:59:25','offerorder',20,NULL,NULL,NULL,'cs_live_a1WG8gjElzs5f6vZTCxtJBspQEJ4HnRkfPic7sl0a4ZhmFYrTUjpCwCtfS',NULL,NULL,NULL,NULL,NULL),(247,4834,NULL,1,'OFCB000067',395,'cb','pending','https://checkout.stripe.com/c/pay/cs_live_a1gTvNR0s1zQDRFjHQwypWt919h4OJxkGkm8ouTxe8OaeYLgJ5UmsWeCJu#fidkdWxOYHwnPyd1blppbHNgWjA0VW10cENNZG81Q1M0dk1NcTxkdGt9bWlKR29RPDxoPG1pVzdwTWpQbEo2dTw9Z0F3SzZVV2EzUm9uUGxSblJMakN0MFZ3S2FESTF8PG9fM1YxU3d1UlNjNTVUQlMzQEA1SicpJ2N3amhWYHdzYHcnP3F3cGApJ2lkfGpwcVF8dWAnPyd2bGtiaWBabHFgaCcpJ2BrZGdpYFVpZGZgbWppYWB3dic%2FcXdwYHgl',NULL,'2024-10-23 13:58:10','2024-12-23 17:59:25','offerorder',20,NULL,NULL,NULL,'cs_live_a1gTvNR0s1zQDRFjHQwypWt919h4OJxkGkm8ouTxe8OaeYLgJ5UmsWeCJu',NULL,NULL,NULL,NULL,NULL),(248,4835,NULL,1,'OFCB000068',395,'cb','pending','https://checkout.stripe.com/c/pay/cs_live_a1EUn0KrAMIjhaskfPbr9R2xfnWHyEm7uImEd1wROQHDcfHZy0cEx9bjLu#fidkdWxOYHwnPyd1blppbHNgWjA0VW10cENNZG81Q1M0dk1NcTxkdGt9bWlKR29RPDxoPG1pVzdwTWpQbEo2dTw9Z0F3SzZVV2EzUm9uUGxSblJMakN0MFZ3S2FESTF8PG9fM1YxU3d1UlNjNTVUQlMzQEA1SicpJ2N3amhWYHdzYHcnP3F3cGApJ2lkfGpwcVF8dWAnPyd2bGtiaWBabHFgaCcpJ2BrZGdpYFVpZGZgbWppYWB3dic%2FcXdwYHgl',NULL,'2024-10-23 14:36:44','2024-12-23 17:59:25','offerorder',20,NULL,NULL,NULL,'cs_live_a1EUn0KrAMIjhaskfPbr9R2xfnWHyEm7uImEd1wROQHDcfHZy0cEx9bjLu',NULL,NULL,NULL,NULL,NULL),(249,4836,NULL,1,'OFCB000057',395,'cb','validated','https://checkout.stripe.com/c/pay/cs_live_a1y5Z7DhUXWrjn6ztxoilfZQ9HNIJ6d5WxMISKXkekCFk7sC1X6GLNRMqT#fidkdWxOYHwnPyd1blppbHNgWjA0VW10cENNZG81Q1M0dk1NcTxkdGt9bWlKR29RPDxoPG1pVzdwTWpQbEo2dTw9Z0F3SzZVV2EzUm9uUGxSblJMakN0MFZ3S2FESTF8PG9fM1YxU3d1UlNjNTVUQlMzQEA1SicpJ2N3amhWYHdzYHcnP3F3cGApJ2lkfGpwcVF8dWAnPyd2bGtiaWBabHFgaCcpJ2BrZGdpYFVpZGZgbWppYWB3dic%2FcXdwYHgl',NULL,'2024-10-23 14:40:32','2024-10-23 14:41:01','offerorder',0,NULL,NULL,NULL,'cs_live_a1y5Z7DhUXWrjn6ztxoilfZQ9HNIJ6d5WxMISKXkekCFk7sC1X6GLNRMqT','pi_3QD3rwHaj0FV1sHH1e6GNvKb',NULL,NULL,NULL,NULL),(251,4837,NULL,1,'OFBT000026',395,'bank_transfer','paid',NULL,NULL,'2024-10-23 14:44:55','2024-10-23 14:45:26','offerorder',20,NULL,NULL,NULL,NULL,NULL,NULL,NULL,NULL,NULL),(253,4838,NULL,1,'OFBT000027',395,'bank_transfer','pending',NULL,NULL,'2024-10-23 18:20:47','2024-10-23 18:20:47','offerorder',20,NULL,NULL,NULL,NULL,NULL,NULL,NULL,NULL,NULL),(256,4841,NULL,1,'OFBT000028',395,'bank_transfer','pending',NULL,NULL,'2024-10-24 09:38:51','2024-10-24 09:38:51','offerorder',20,NULL,NULL,NULL,NULL,NULL,NULL,NULL,NULL,NULL),(257,4688,169,NULL,'ADCOBT000002',460,'bank_transfer','validated',NULL,NULL,'2024-10-24 15:53:41','2024-10-30 15:25:00','advertbroadcastorder',0,NULL,NULL,NULL,NULL,NULL,NULL,NULL,NULL,NULL),(258,4854,NULL,1,'OFBT000029',395,'bank_transfer','validated',NULL,NULL,'2024-10-24 16:52:28','2024-10-24 16:52:50','offerorder',20,NULL,NULL,NULL,NULL,NULL,NULL,NULL,NULL,NULL),(261,4855,NULL,1,'OFBT000030',395,'bank_transfer','pending',NULL,NULL,'2024-10-24 17:45:53','2024-10-24 17:45:53','offerorder',20,NULL,NULL,NULL,NULL,NULL,NULL,NULL,NULL,NULL),(263,4867,NULL,1,'OFBT000031',395,'bank_transfer','pending',NULL,NULL,'2024-10-28 11:57:17','2024-10-28 11:57:17','offerorder',20,NULL,NULL,NULL,NULL,NULL,NULL,NULL,NULL,NULL),(265,4872,NULL,4,'OFBT000032',750,'bank_transfer','validated',NULL,NULL,'2024-10-28 12:42:06','2024-10-28 12:42:30','offerorder',20,NULL,NULL,NULL,NULL,NULL,NULL,NULL,NULL,NULL),(268,4874,NULL,4,'OFBT000033',750,'bank_transfer','validated',NULL,NULL,'2024-10-28 17:50:22','2024-10-28 17:51:55','offerorder',20,NULL,NULL,NULL,NULL,NULL,NULL,NULL,NULL,NULL),(270,4875,NULL,1,'OFBT000034',395,'bank_transfer','declined',NULL,NULL,'2024-10-28 18:08:03','2024-10-28 19:07:50','offerorder',20,NULL,NULL,NULL,NULL,NULL,NULL,NULL,NULL,NULL),(271,4876,NULL,1,'OFBT000035',395,'bank_transfer','pending',NULL,NULL,'2024-10-28 19:03:48','2024-10-28 19:03:48','offerorder',0,NULL,NULL,NULL,NULL,NULL,NULL,NULL,NULL,NULL),(273,4877,NULL,2,'OFCB000058',395,'cb','pending','https://checkout.stripe.com/c/pay/cs_live_a1Ahz2BJcKQ74Nk7FTBotkIbhFNZJqRcdYnyIAHCW3HZCJrHdtOgFXjnVX#fidkdWxOYHwnPyd1blppbHNgWjA0VW10cENNZG81Q1M0dk1NcTxkdGt9bWlKR29RPDxoPG1pVzdwTWpQbEo2dTw9Z0F3SzZVV2EzUm9uUGxSblJMakN0MFZ3S2FESTF8PG9fM1YxU3d1UlNjNTVUQlMzQEA1SicpJ2N3amhWYHdzYHcnP3F3cGApJ2lkfGpwcVF8dWAnPyd2bGtiaWBabHFgaCcpJ2BrZGdpYFVpZGZgbWppYWB3dic%2FcXdwYHgl',NULL,'2024-10-29 17:25:45','2024-10-29 17:25:46','offerorder',20,NULL,NULL,NULL,'cs_live_a1Ahz2BJcKQ74Nk7FTBotkIbhFNZJqRcdYnyIAHCW3HZCJrHdtOgFXjnVX',NULL,NULL,NULL,NULL,NULL),(274,4877,NULL,2,'OFBT000036',395,'bank_transfer','paid',NULL,NULL,'2024-10-29 17:27:21','2024-11-04 17:27:12','offerorder',20,NULL,NULL,NULL,NULL,NULL,NULL,NULL,NULL,NULL),(275,1782,179,NULL,'ADCOBT000003',390,'bank_transfer','pending',NULL,NULL,'2024-10-30 12:02:17','2024-10-30 12:02:17','advertbroadcastorder',20,NULL,NULL,NULL,NULL,NULL,NULL,NULL,NULL,NULL),(276,1782,NULL,4,'OFBT000037',750,'bank_transfer','paid',NULL,NULL,'2024-10-30 12:12:09','2024-10-30 12:14:52','offerorder',20,NULL,NULL,NULL,NULL,NULL,NULL,NULL,NULL,NULL),(277,1782,178,NULL,'ADCO000004',0,'credit','paid',NULL,NULL,'2024-10-30 12:28:10','2024-10-30 12:28:10','advertbroadcastorder',20,NULL,NULL,57,NULL,NULL,NULL,NULL,NULL,NULL),(278,4881,180,NULL,'ADCOCB000001',190,'cb','paid','https://tpeweb.paybox.com/cgi/MYchoix_pagepaiement.cgi?PBX_SITE=5016323&PBX_RANG=01&PBX_IDENTIFIANT=722066132&PBX_TOTAL=22800&PBX_DEVISE=978&PBX_CMD=PROD-ADCOCB000001&PBX_PORTEUR=jean.lucchini@lacfc.fr&PBX_RETOUR=id:S;amount:M;reference:R;appel:T;autorization:A;error:E;signature:K&PBX_HASH=SHA512&PBX_RUF1=POST&PBX_EFFECTUE=https://admin.agentcommercial.fr/advert/create/success&PBX_REFUSE=https://admin.agentcommercial.fr/payment/failed&PBX_ANNULE=https://admin.agentcommercial.fr/payment/canceled&PBX_ATTENTE=https://admin.agentcommercial.fr/registration/pending&PBX_REPONDRE_A=https://admin.agentcommercial.fr/verifone/webhooks&PBX_TIME=2024-10-30&PBX_HMAC=44F1E150E2971A5F0EC8B9EEC4015806F78B0E79B4E0D0F94AFE249DAC2B0D153358A578E2BAA2C4D0E1688D296415EF6F7D5C401F36BC82B8CCA9A151A678CE',NULL,'2024-10-30 17:16:12','2024-10-30 17:17:16','advertbroadcastorder',20,NULL,NULL,NULL,NULL,NULL,'166589137',NULL,NULL,NULL),(279,4883,NULL,NULL,'CT000022',41.67,'cb','pending','https://tpeweb.paybox.com/cgi/MYchoix_pagepaiement.cgi?PBX_SITE=5016323&PBX_RANG=01&PBX_IDENTIFIANT=722066132&PBX_TOTAL=4167&PBX_DEVISE=978&PBX_CMD=PROD-CT000022&PBX_PORTEUR=sammkaps@gmail.com&PBX_RETOUR=id:S;amount:M;reference:R;appel:T;autorization:A;error:E;signature:K&PBX_HASH=SHA512&PBX_RUF1=POST&PBX_EFFECTUE=https://admin.agentcommercial.fr/payment/success&PBX_REFUSE=https://admin.agentcommercial.fr/payment/failed&PBX_ANNULE=https://admin.agentcommercial.fr/payment/canceled&PBX_ATTENTE=https://admin.agentcommercial.fr/registration/pending&PBX_REPONDRE_A=https://admin.agentcommercial.fr/verifone/webhooks&PBX_TIME=2024-10-30&PBX_HMAC=1BC98C4BD34B8062C0FB4E55BF0CD1F397F3E78CE422A6A4901E6678DB207F55B614691953E9D38CBC89EB46A765AD34DE0CFDD2BDB800A35F4DC04EB29CAE9A',NULL,'2024-10-30 22:57:24','2024-10-30 22:57:24','contractorder',0,NULL,NULL,NULL,NULL,NULL,NULL,10,NULL,NULL),(280,4883,NULL,NULL,'CT000023',41.67,'cb','pending','https://tpeweb.paybox.com/cgi/MYchoix_pagepaiement.cgi?PBX_SITE=5016323&PBX_RANG=01&PBX_IDENTIFIANT=722066132&PBX_TOTAL=4167&PBX_DEVISE=978&PBX_CMD=PROD-CT000023&PBX_PORTEUR=sammkaps@gmail.com&PBX_RETOUR=id:S;amount:M;reference:R;appel:T;autorization:A;error:E;signature:K&PBX_HASH=SHA512&PBX_RUF1=POST&PBX_EFFECTUE=https://admin.agentcommercial.fr/payment/success&PBX_REFUSE=https://admin.agentcommercial.fr/payment/failed&PBX_ANNULE=https://admin.agentcommercial.fr/payment/canceled&PBX_ATTENTE=https://admin.agentcommercial.fr/registration/pending&PBX_REPONDRE_A=https://admin.agentcommercial.fr/verifone/webhooks&PBX_TIME=2024-10-30&PBX_HMAC=D3A9BBB92AC0407A83D4E20B23FE4683486D47AFB392833930CA5BE3D0B52724951EA273BE784C50164F4AD068334B3B9357310315382715AE46B4AE5CEFFDBE',NULL,'2024-10-30 22:57:37','2024-10-30 22:57:37','contractorder',0,NULL,NULL,NULL,NULL,NULL,NULL,3,NULL,NULL),(281,1793,NULL,NULL,'CT000024',41.67,'cb','pending','https://tpeweb.paybox.com/cgi/MYchoix_pagepaiement.cgi?PBX_SITE=5016323&PBX_RANG=01&PBX_IDENTIFIANT=722066132&PBX_TOTAL=4167&PBX_DEVISE=978&PBX_CMD=PROD-CT000024&PBX_PORTEUR=fnac.regionsud@gmail.com&PBX_RETOUR=id:S;amount:M;reference:R;appel:T;autorization:A;error:E;signature:K&PBX_HASH=SHA512&PBX_RUF1=POST&PBX_EFFECTUE=https://admin.agentcommercial.fr/payment/success&PBX_REFUSE=https://admin.agentcommercial.fr/payment/failed&PBX_ANNULE=https://admin.agentcommercial.fr/payment/canceled&PBX_ATTENTE=https://admin.agentcommercial.fr/registration/pending&PBX_REPONDRE_A=https://admin.agentcommercial.fr/verifone/webhooks&PBX_TIME=2024-10-31&PBX_HMAC=CAFD21931E18A3D867D0A00C2AB6AAD05367A629C93D36336256C5D01CB70DA5E8B910BD508BF2DFDC44ED6C3F106F91C6F5A08F0CFD921FB88E61F7285AD0FD',NULL,'2024-10-31 16:10:40','2024-10-31 16:10:40','contractorder',0,NULL,NULL,NULL,NULL,NULL,NULL,10,NULL,NULL),(282,1784,NULL,NULL,'CT000025',41.67,'cb','pending','https://tpeweb.paybox.com/cgi/MYchoix_pagepaiement.cgi?PBX_SITE=5016323&PBX_RANG=01&PBX_IDENTIFIANT=722066132&PBX_TOTAL=4167&PBX_DEVISE=978&PBX_CMD=PROD-CT000025&PBX_PORTEUR=fnacgrandest@orange.fr&PBX_RETOUR=id:S;amount:M;reference:R;appel:T;autorization:A;error:E;signature:K&PBX_HASH=SHA512&PBX_RUF1=POST&PBX_EFFECTUE=https://admin.agentcommercial.fr/payment/success&PBX_REFUSE=https://admin.agentcommercial.fr/payment/failed&PBX_ANNULE=https://admin.agentcommercial.fr/payment/canceled&PBX_ATTENTE=https://admin.agentcommercial.fr/registration/pending&PBX_REPONDRE_A=https://admin.agentcommercial.fr/verifone/webhooks&PBX_TIME=2024-11-03&PBX_HMAC=2998F89AB005186EFAAF6C46F414146400321C5C72E3E7BDE5E72495D60E9C994BFC12196720D6981AA70980A563B50104A0FD7C8E329B3E7DC1E49C87490765',NULL,'2024-11-03 14:53:04','2024-11-03 14:53:04','contractorder',0,NULL,NULL,NULL,NULL,NULL,NULL,7,NULL,NULL),(283,73,181,NULL,'ADCO000006',0,'credit','paid',NULL,NULL,'2024-11-04 10:29:49','2024-11-04 10:29:49','advertbroadcastorder',0,NULL,NULL,NULL,NULL,NULL,NULL,NULL,1471,NULL),(284,4198,182,NULL,'ADCOBT000004',370,'bank_transfer','paid',NULL,NULL,'2024-11-04 17:23:43','2024-11-12 17:45:59','advertbroadcastorder',20,NULL,NULL,NULL,NULL,NULL,NULL,NULL,NULL,NULL),(286,1782,184,NULL,'ADCO000008',0,'credit','paid',NULL,NULL,'2024-11-05 14:34:34','2024-11-05 14:34:34','advertbroadcastorder',20,NULL,NULL,57,NULL,NULL,NULL,NULL,NULL,NULL),(287,4899,NULL,2,'OFCB000059',395,'cb','cancelled','https://checkout.stripe.com/c/pay/cs_live_a1q3Ho91loKTUNgFHjmPG09zhfeW95DawWN32IA1MKDD1AHepaVFUFOe79#fidkdWxOYHwnPyd1blppbHNgWjA0VW10cENNZG81Q1M0dk1NcTxkdGt9bWlKR29RPDxoPG1pVzdwTWpQbEo2dTw9Z0F3SzZVV2EzUm9uUGxSblJMakN0MFZ3S2FESTF8PG9fM1YxU3d1UlNjNTVUQlMzQEA1SicpJ2N3amhWYHdzYHcnP3F3cGApJ2lkfGpwcVF8dWAnPyd2bGtiaWBabHFgaCcpJ2BrZGdpYFVpZGZgbWppYWB3dic%2FcXdwYHgl',NULL,'2024-11-06 09:59:22','2024-11-07 10:57:55','offerorder',20,NULL,NULL,NULL,'cs_live_a1q3Ho91loKTUNgFHjmPG09zhfeW95DawWN32IA1MKDD1AHepaVFUFOe79',NULL,NULL,NULL,NULL,NULL),(288,4902,NULL,NULL,'CT000026',41.67,'cb','pending','https://tpeweb.paybox.com/cgi/MYchoix_pagepaiement.cgi?PBX_SITE=5016323&PBX_RANG=01&PBX_IDENTIFIANT=722066132&PBX_TOTAL=4167&PBX_DEVISE=978&PBX_CMD=PROD-CT000026&PBX_PORTEUR=contact@mariemoisan.com&PBX_RETOUR=id:S;amount:M;reference:R;appel:T;autorization:A;error:E;signature:K&PBX_HASH=SHA512&PBX_RUF1=POST&PBX_EFFECTUE=https://admin.agentcommercial.fr/payment/success&PBX_REFUSE=https://admin.agentcommercial.fr/payment/failed&PBX_ANNULE=https://admin.agentcommercial.fr/payment/canceled&PBX_ATTENTE=https://admin.agentcommercial.fr/registration/pending&PBX_REPONDRE_A=https://admin.agentcommercial.fr/verifone/webhooks&PBX_TIME=2024-11-07&PBX_HMAC=9D64AA3FD9C6D2891E9B93DE1B895E339B658E4DDA4EE721A8B52EA6E47CD2F192B648D84CB22ACB3A174E6A5034221D8FFC12B0CDFBEF879EAA5257D1FFF04B',NULL,'2024-11-07 09:26:29','2024-11-07 09:26:29','contractorder',0,NULL,NULL,NULL,NULL,NULL,NULL,10,NULL,NULL),(289,4903,185,NULL,'ADCOBT000005',290,'bank_transfer','paid',NULL,NULL,'2024-11-07 11:27:26','2024-11-07 11:28:26','advertbroadcastorder',20,NULL,NULL,NULL,NULL,NULL,NULL,NULL,NULL,NULL),(290,4911,NULL,NULL,'CT000027',41.67,'cb','pending','https://tpeweb.paybox.com/cgi/MYchoix_pagepaiement.cgi?PBX_SITE=5016323&PBX_RANG=01&PBX_IDENTIFIANT=722066132&PBX_TOTAL=4167&PBX_DEVISE=978&PBX_CMD=PROD-CT000027&PBX_PORTEUR=rafael.gerona@lapesa.es&PBX_RETOUR=id:S;amount:M;reference:R;appel:T;autorization:A;error:E;signature:K&PBX_HASH=SHA512&PBX_RUF1=POST&PBX_EFFECTUE=https://admin.agentcommercial.fr/payment/success&PBX_REFUSE=https://admin.agentcommercial.fr/payment/failed&PBX_ANNULE=https://admin.agentcommercial.fr/payment/canceled&PBX_ATTENTE=https://admin.agentcommercial.fr/registration/pending&PBX_REPONDRE_A=https://admin.agentcommercial.fr/verifone/webhooks&PBX_TIME=2024-11-12&PBX_HMAC=DA84D15662C7CE72DEA51FEFC1FA389E100E1DA75416CF6F4B9E2D8280DA8FF2289F8BBF62B833232596C1BBEAF2B89715A60D91B14C0CAD42395FB80B923BBA',NULL,'2024-11-12 09:26:47','2024-11-12 09:26:47','contractorder',0,NULL,NULL,NULL,NULL,NULL,NULL,8,NULL,NULL),(291,1782,187,NULL,'ADCO000010',0,'credit','paid',NULL,NULL,'2024-11-12 11:55:33','2024-11-12 11:55:33','advertbroadcastorder',20,NULL,NULL,57,NULL,NULL,NULL,NULL,NULL,NULL),(292,1782,188,NULL,'ADCO000011',0,'credit','paid',NULL,NULL,'2024-11-12 16:40:49','2024-11-12 16:40:49','advertbroadcastorder',20,NULL,NULL,57,NULL,NULL,NULL,NULL,NULL,NULL),(293,4914,NULL,NULL,'CT000028',41.67,'cb','pending','https://tpeweb.paybox.com/cgi/MYchoix_pagepaiement.cgi?PBX_SITE=5016323&PBX_RANG=01&PBX_IDENTIFIANT=722066132&PBX_TOTAL=4167&PBX_DEVISE=978&PBX_CMD=PROD-CT000028&PBX_PORTEUR=lelabodulub@gmail.com&PBX_RETOUR=id:S;amount:M;reference:R;appel:T;autorization:A;error:E;signature:K&PBX_HASH=SHA512&PBX_RUF1=POST&PBX_EFFECTUE=https://admin.agentcommercial.fr/payment/success&PBX_REFUSE=https://admin.agentcommercial.fr/payment/failed&PBX_ANNULE=https://admin.agentcommercial.fr/payment/canceled&PBX_ATTENTE=https://admin.agentcommercial.fr/registration/pending&PBX_REPONDRE_A=https://admin.agentcommercial.fr/verifone/webhooks&PBX_TIME=2024-11-13&PBX_HMAC=DA9B45EBE7ED035C51982180D554DEC52708F8C07FE1EC317E325E7ACFE687DABD9A326BBE443C013AE4459BC4498F12A5FBE317117E7EBF98E2B3A2F4AC6441',NULL,'2024-11-13 12:16:17','2024-11-13 12:16:17','contractorder',0,NULL,NULL,NULL,NULL,NULL,NULL,10,NULL,NULL),(294,4918,NULL,1,'OFBT000038',395,'bank_transfer','pending',NULL,NULL,'2024-11-14 12:29:27','2024-11-14 12:29:27','offerorder',20,NULL,NULL,NULL,NULL,NULL,NULL,NULL,NULL,NULL),(295,4789,NULL,NULL,'CT000029',41.67,'cb','pending','https://tpeweb.paybox.com/cgi/MYchoix_pagepaiement.cgi?PBX_SITE=5016323&PBX_RANG=01&PBX_IDENTIFIANT=722066132&PBX_TOTAL=4167&PBX_DEVISE=978&PBX_CMD=PROD-CT000029&PBX_PORTEUR=gilles.remi@genertech-power.com&PBX_RETOUR=id:S;amount:M;reference:R;appel:T;autorization:A;error:E;signature:K&PBX_HASH=SHA512&PBX_RUF1=POST&PBX_EFFECTUE=https://admin.agentcommercial.fr/payment/success&PBX_REFUSE=https://admin.agentcommercial.fr/payment/failed&PBX_ANNULE=https://admin.agentcommercial.fr/payment/canceled&PBX_ATTENTE=https://admin.agentcommercial.fr/registration/pending&PBX_REPONDRE_A=https://admin.agentcommercial.fr/verifone/webhooks&PBX_TIME=2024-11-14&PBX_HMAC=361A572C316AFEA9247B2D6710009B6541D5BE9AA064CD20D54CFCAF32631EA0143A0BC25C2853A12171721DAED08919FB67C16C458FDF1C2BA5388C70B21A30',NULL,'2024-11-14 13:20:16','2024-11-14 13:20:16','contractorder',0,NULL,NULL,NULL,NULL,NULL,NULL,10,NULL,NULL),(296,4922,189,NULL,'ADCOCB000002',190,'cb','paid','https://tpeweb.paybox.com/cgi/MYchoix_pagepaiement.cgi?PBX_SITE=5016323&PBX_RANG=01&PBX_IDENTIFIANT=722066132&PBX_TOTAL=22800&PBX_DEVISE=978&PBX_CMD=PROD-ADCOCB000002&PBX_PORTEUR=julien@technolim.fr&PBX_RETOUR=id:S;amount:M;reference:R;appel:T;autorization:A;error:E;signature:K&PBX_HASH=SHA512&PBX_RUF1=POST&PBX_EFFECTUE=https://admin.agentcommercial.fr/advert/create/success&PBX_REFUSE=https://admin.agentcommercial.fr/payment/failed&PBX_ANNULE=https://admin.agentcommercial.fr/payment/canceled&PBX_ATTENTE=https://admin.agentcommercial.fr/registration/pending&PBX_REPONDRE_A=https://admin.agentcommercial.fr/verifone/webhooks&PBX_TIME=2024-11-15&PBX_HMAC=A548D6086F9FE5B84EC465C123606C4C9F8BDE9ECA3CC3E143A8063A880F326640AE03C07D4B7DCE0B030E2189ABB9F469B62237A76BEB92F4236E48F5EAE48F',NULL,'2024-11-15 10:34:30','2024-11-15 10:37:10','advertbroadcastorder',20,NULL,NULL,NULL,NULL,NULL,'169269278',NULL,NULL,NULL),(297,1782,190,NULL,'ADCO000013',0,'credit','paid',NULL,NULL,'2024-11-15 10:41:34','2024-11-15 10:41:34','advertbroadcastorder',20,NULL,NULL,57,NULL,NULL,NULL,NULL,NULL,NULL),(298,4928,193,NULL,'ADCOCB000003',350,'cb','paid','https://tpeweb.paybox.com/cgi/MYchoix_pagepaiement.cgi?PBX_SITE=5016323&PBX_RANG=01&PBX_IDENTIFIANT=722066132&PBX_TOTAL=42000&PBX_DEVISE=978&PBX_CMD=PROD-ADCOCB000003&PBX_PORTEUR=jeremy.gauthier@cap-trading.fr&PBX_RETOUR=id:S;amount:M;reference:R;appel:T;autorization:A;error:E;signature:K&PBX_HASH=SHA512&PBX_RUF1=POST&PBX_EFFECTUE=https://admin.agentcommercial.fr/advert/create/success&PBX_REFUSE=https://admin.agentcommercial.fr/payment/failed&PBX_ANNULE=https://admin.agentcommercial.fr/payment/canceled&PBX_ATTENTE=https://admin.agentcommercial.fr/registration/pending&PBX_REPONDRE_A=https://admin.agentcommercial.fr/verifone/webhooks&PBX_TIME=2024-11-19&PBX_HMAC=E14A1802F5FDE6E4CB7523D8FCEEE4EB724856A968AD60886E03AE266F7F79075249AE43849B62F3E9685276E76E2C82BF3895A7E32CD5DFDD07157E06DBFE1E',NULL,'2024-11-19 11:47:26','2024-11-19 11:48:29','advertbroadcastorder',20,NULL,NULL,NULL,NULL,NULL,'169781063',NULL,NULL,NULL),(300,4945,201,NULL,'ADCOCB000005',210,'cb','paid','https://tpeweb.paybox.com/cgi/MYchoix_pagepaiement.cgi?PBX_SITE=5016323&PBX_RANG=01&PBX_IDENTIFIANT=722066132&PBX_TOTAL=25200&PBX_DEVISE=978&PBX_CMD=PROD-ADCOCB000005&PBX_PORTEUR=contact@synthesepro.fr&PBX_RETOUR=id:S;amount:M;reference:R;appel:T;autorization:A;error:E;signature:K&PBX_HASH=SHA512&PBX_RUF1=POST&PBX_EFFECTUE=https://admin.agentcommercial.fr/advert/create/success&PBX_REFUSE=https://admin.agentcommercial.fr/payment/failed&PBX_ANNULE=https://admin.agentcommercial.fr/payment/canceled&PBX_ATTENTE=https://admin.agentcommercial.fr/registration/pending&PBX_REPONDRE_A=https://admin.agentcommercial.fr/verifone/webhooks&PBX_TIME=2024-11-25&PBX_HMAC=D0C857636A67D5EAF141A48EDA73A04EC402190714675267D24071365CA6C89705E2997926F083C74DD464794C2B3A889A5303A74DF8E7ACC096144006EFF359',NULL,'2024-11-25 19:45:16','2024-11-25 19:46:10','advertbroadcastorder',20,NULL,NULL,NULL,NULL,NULL,'170543741',NULL,NULL,NULL),(302,4947,204,NULL,'ADCOCB000007',350,'cb','paid','https://tpeweb.paybox.com/cgi/MYchoix_pagepaiement.cgi?PBX_SITE=5016323&PBX_RANG=01&PBX_IDENTIFIANT=722066132&PBX_TOTAL=42000&PBX_DEVISE=978&PBX_CMD=PROD-ADCOCB000007&PBX_PORTEUR=rh@spve.fr&PBX_RETOUR=id:S;amount:M;reference:R;appel:T;autorization:A;error:E;signature:K&PBX_HASH=SHA512&PBX_RUF1=POST&PBX_EFFECTUE=https://admin.agentcommercial.fr/advert/create/success&PBX_REFUSE=https://admin.agentcommercial.fr/payment/failed&PBX_ANNULE=https://admin.agentcommercial.fr/payment/canceled&PBX_ATTENTE=https://admin.agentcommercial.fr/registration/pending&PBX_REPONDRE_A=https://admin.agentcommercial.fr/verifone/webhooks&PBX_TIME=2024-11-26&PBX_HMAC=C2592F77ACDEAEC252CF435805E87EBA33AD766706EBEFE4F363F064A4459801FB2D893D27149A857D897FE9E2474F73CFC5A877BD69F54111155CAC6AD544A9',NULL,'2024-11-26 11:13:36','2024-11-26 11:14:48','advertbroadcastorder',20,NULL,NULL,NULL,NULL,NULL,'305517761',NULL,NULL,NULL),(303,4934,205,NULL,'ADCOCB000008',350,'cb','paid','https://tpeweb.paybox.com/cgi/MYchoix_pagepaiement.cgi?PBX_SITE=5016323&PBX_RANG=01&PBX_IDENTIFIANT=722066132&PBX_TOTAL=42000&PBX_DEVISE=978&PBX_CMD=PROD-ADCOCB000008&PBX_PORTEUR=sebastien.demsar@netpatrimoineetcapitaux.fr&PBX_RETOUR=id:S;amount:M;reference:R;appel:T;autorization:A;error:E;signature:K&PBX_HASH=SHA512&PBX_RUF1=POST&PBX_EFFECTUE=https://admin.agentcommercial.fr/advert/create/success&PBX_REFUSE=https://admin.agentcommercial.fr/payment/failed&PBX_ANNULE=https://admin.agentcommercial.fr/payment/canceled&PBX_ATTENTE=https://admin.agentcommercial.fr/registration/pending&PBX_REPONDRE_A=https://admin.agentcommercial.fr/verifone/webhooks&PBX_TIME=2024-11-26&PBX_HMAC=414FF8DCDA0DE174FBA4778FBEE904409C9A50C9B4288DC26CA6BFFC4B8D0E51BF7358B95D2381E2765226067BCA378DDD38480C013AA6D97D9CE0BA269C4659',NULL,'2024-11-26 18:53:43','2024-11-26 18:57:36','advertbroadcastorder',20,NULL,NULL,NULL,NULL,NULL,'170670784',NULL,NULL,NULL),(304,4973,NULL,NULL,'CT000030',41.67,'cb','pending','https://tpeweb.paybox.com/cgi/MYchoix_pagepaiement.cgi?PBX_SITE=5016323&PBX_RANG=01&PBX_IDENTIFIANT=722066132&PBX_TOTAL=4167&PBX_DEVISE=978&PBX_CMD=PROD-CT000030&PBX_PORTEUR=g.ostalier@visiexpert.com&PBX_RETOUR=id:S;amount:M;reference:R;appel:T;autorization:A;error:E;signature:K&PBX_HASH=SHA512&PBX_RUF1=POST&PBX_EFFECTUE=https://admin.agentcommercial.fr/payment/success&PBX_REFUSE=https://admin.agentcommercial.fr/payment/failed&PBX_ANNULE=https://admin.agentcommercial.fr/payment/canceled&PBX_ATTENTE=https://admin.agentcommercial.fr/registration/pending&PBX_REPONDRE_A=https://admin.agentcommercial.fr/verifone/webhooks&PBX_TIME=2024-11-27&PBX_HMAC=8D84398432A5DE8B2EC38A83EFB3E767A30FE28A7C40BC3D584D36CECC3F76905C3999DCC87C00E06AECA9B3F91A60E3785B4D1A329DA0DF44FF420925F62533',NULL,'2024-11-27 15:21:00','2024-11-27 15:21:00','contractorder',0,NULL,NULL,NULL,NULL,NULL,NULL,10,NULL,NULL),(305,3160,207,NULL,'ADCO000018',0,'credit','paid',NULL,NULL,'2024-11-29 11:48:23','2024-11-29 11:48:23','advertbroadcastorder',20,NULL,NULL,NULL,NULL,NULL,NULL,NULL,1030,NULL),(307,3819,211,NULL,'ADCT000002',0,'credit','paid',NULL,NULL,'2024-12-02 11:42:14','2024-12-02 11:42:14','advertbroadcastorder',0,NULL,NULL,NULL,NULL,NULL,NULL,NULL,987,NULL),(308,4937,212,NULL,'ADCOCB000011',190,'cb','pending','https://tpeweb.paybox.com/cgi/MYchoix_pagepaiement.cgi?PBX_SITE=5016323&PBX_RANG=01&PBX_IDENTIFIANT=722066132&PBX_TOTAL=22800&PBX_DEVISE=978&PBX_CMD=PROD-ADCOCB000008&PBX_PORTEUR=oriane@escaliers-morel.fr&PBX_RETOUR=id:S;amount:M;reference:R;appel:T;autorization:A;error:E;signature:K&PBX_HASH=SHA512&PBX_RUF1=POST&PBX_EFFECTUE=https://admin.agentcommercial.fr/advert/create/success&PBX_REFUSE=https://admin.agentcommercial.fr/payment/failed&PBX_ANNULE=https://admin.agentcommercial.fr/payment/canceled&PBX_ATTENTE=https://admin.agentcommercial.fr/registration/pending&PBX_REPONDRE_A=https://admin.agentcommercial.fr/verifone/webhooks&PBX_TIME=2024-12-03&PBX_HMAC=53952EFEAD9B4212211FCC09D057406E174D775CF31C4343F72D28FE09533F2738DDB16040596F8CAECE24BF2F378BF4D645CF13CCA19E8F0A542A188C745C39',NULL,'2024-12-03 08:37:04','2024-12-23 17:59:25','advertbroadcastorder',20,NULL,NULL,NULL,NULL,NULL,NULL,NULL,NULL,NULL),(309,1787,NULL,NULL,'CT000031',41.67,'cb','pending','https://tpeweb.paybox.com/cgi/MYchoix_pagepaiement.cgi?PBX_SITE=5016323&PBX_RANG=01&PBX_IDENTIFIANT=722066132&PBX_TOTAL=4167&PBX_DEVISE=978&PBX_CMD=PROD-CT000031&PBX_PORTEUR=cpacn@orange.fr&PBX_RETOUR=id:S;amount:M;reference:R;appel:T;autorization:A;error:E;signature:K&PBX_HASH=SHA512&PBX_RUF1=POST&PBX_EFFECTUE=https://admin.agentcommercial.fr/payment/success&PBX_REFUSE=https://admin.agentcommercial.fr/payment/failed&PBX_ANNULE=https://admin.agentcommercial.fr/payment/canceled&PBX_ATTENTE=https://admin.agentcommercial.fr/registration/pending&PBX_REPONDRE_A=https://admin.agentcommercial.fr/verifone/webhooks&PBX_TIME=2024-12-03&PBX_HMAC=3320FD1E73A5F7776945AF7D88E5FD501EE4E325ECB497F9E3420C63F60187A7E3CF7E34C431B2E2FE48303BBB1185A2B3463F04029946EADA579EDEDC995968',NULL,'2024-12-03 09:04:30','2024-12-03 09:04:30','contractorder',0,NULL,NULL,NULL,NULL,NULL,NULL,6,NULL,NULL),(310,4972,213,NULL,'ADCOBT000006',420,'bank_transfer','validated',NULL,NULL,'2024-12-03 09:54:27','2024-12-03 10:06:37','advertbroadcastorder',20,NULL,NULL,NULL,NULL,NULL,NULL,NULL,NULL,NULL),(311,4993,NULL,NULL,'CT000032',41.67,'cb','pending','https://tpeweb.paybox.com/cgi/MYchoix_pagepaiement.cgi?PBX_SITE=5016323&PBX_RANG=01&PBX_IDENTIFIANT=722066132&PBX_TOTAL=4167&PBX_DEVISE=978&PBX_CMD=PROD-CT000032&PBX_PORTEUR=gcaravaca@delicedeau.com&PBX_RETOUR=id:S;amount:M;reference:R;appel:T;autorization:A;error:E;signature:K&PBX_HASH=SHA512&PBX_RUF1=POST&PBX_EFFECTUE=https://admin.agentcommercial.fr/payment/success&PBX_REFUSE=https://admin.agentcommercial.fr/payment/failed&PBX_ANNULE=https://admin.agentcommercial.fr/payment/canceled&PBX_ATTENTE=https://admin.agentcommercial.fr/registration/pending&PBX_REPONDRE_A=https://admin.agentcommercial.fr/verifone/webhooks&PBX_TIME=2024-12-03&PBX_HMAC=5B4BE97BAA2B703E7E9A8AF05F64C15B038954BC782B0F06344F66E18F5AAF59814AE35DBBD7872971753F29A8C6213142910DD26F06F065E4C7434EF997222A',NULL,'2024-12-03 11:40:29','2024-12-03 11:40:29','contractorder',0,NULL,NULL,NULL,NULL,NULL,NULL,10,NULL,NULL),(312,5002,NULL,NULL,'CT000033',41.67,'cb','pending','https://tpeweb.paybox.com/cgi/MYchoix_pagepaiement.cgi?PBX_SITE=5016323&PBX_RANG=01&PBX_IDENTIFIANT=722066132&PBX_TOTAL=4167&PBX_DEVISE=978&PBX_CMD=PROD-CT000033&PBX_PORTEUR=info@proxyarti.fr&PBX_RETOUR=id:S;amount:M;reference:R;appel:T;autorization:A;error:E;signature:K&PBX_HASH=SHA512&PBX_RUF1=POST&PBX_EFFECTUE=https://admin.agentcommercial.fr/payment/success&PBX_REFUSE=https://admin.agentcommercial.fr/payment/failed&PBX_ANNULE=https://admin.agentcommercial.fr/payment/canceled&PBX_ATTENTE=https://admin.agentcommercial.fr/registration/pending&PBX_REPONDRE_A=https://admin.agentcommercial.fr/verifone/webhooks&PBX_TIME=2024-12-05&PBX_HMAC=78A2D84D584D530A550DC9D449424A8D0BDA9014FF17AF21AF04016F6530393B06D53155978F7B50B739C54C2405A41F14106C07C376F3A5CF51CB08F87AC727',NULL,'2024-12-05 14:25:59','2024-12-05 14:25:59','contractorder',0,NULL,NULL,NULL,NULL,NULL,NULL,10,NULL,NULL),(313,5006,214,NULL,'ADCOCB000009',190,'cb','pending','https://tpeweb.paybox.com/cgi/MYchoix_pagepaiement.cgi?PBX_SITE=5016323&PBX_RANG=01&PBX_IDENTIFIANT=722066132&PBX_TOTAL=22800&PBX_DEVISE=978&PBX_CMD=PROD-ADCOCB000009&PBX_PORTEUR=pruni-sa@wanadoo.fr&PBX_RETOUR=id:S;amount:M;reference:R;appel:T;autorization:A;error:E;signature:K&PBX_HASH=SHA512&PBX_RUF1=POST&PBX_EFFECTUE=https://admin.agentcommercial.fr/advert/create/success&PBX_REFUSE=https://admin.agentcommercial.fr/payment/failed&PBX_ANNULE=https://admin.agentcommercial.fr/payment/canceled&PBX_ATTENTE=https://admin.agentcommercial.fr/registration/pending&PBX_REPONDRE_A=https://admin.agentcommercial.fr/verifone/webhooks&PBX_TIME=2024-12-06&PBX_HMAC=B6A2A3777805E67FC818B92F30A4288125AA3D83640EE1BDC0121FD68304A14C5B293BA9EAFF217B86DB9CDEC9EEC42251EFD189DC3314C556D44BD18118A4B1',NULL,'2024-12-06 15:25:44','2024-12-06 15:25:44','advertbroadcastorder',20,NULL,NULL,NULL,NULL,NULL,NULL,NULL,NULL,NULL),(314,5006,215,NULL,'ADCOCB000010',190,'cb','paid','https://tpeweb.paybox.com/cgi/MYchoix_pagepaiement.cgi?PBX_SITE=5016323&PBX_RANG=01&PBX_IDENTIFIANT=722066132&PBX_TOTAL=22800&PBX_DEVISE=978&PBX_CMD=PROD-ADCOCB000010&PBX_PORTEUR=pruni-sa@wanadoo.fr&PBX_RETOUR=id:S;amount:M;reference:R;appel:T;autorization:A;error:E;signature:K&PBX_HASH=SHA512&PBX_RUF1=POST&PBX_EFFECTUE=https://admin.agentcommercial.fr/advert/create/success&PBX_REFUSE=https://admin.agentcommercial.fr/payment/failed&PBX_ANNULE=https://admin.agentcommercial.fr/payment/canceled&PBX_ATTENTE=https://admin.agentcommercial.fr/registration/pending&PBX_REPONDRE_A=https://admin.agentcommercial.fr/verifone/webhooks&PBX_TIME=2024-12-06&PBX_HMAC=55AF77BF5BE60478870F99DDD151BFAABB96C65C1AD202696CBFF60D0901ED1C7C2F358769DA704FADF0723720BA8DA7C4DD2CD1AA5FF1EBD7BA2DB10AF0C72B',NULL,'2024-12-06 15:29:44','2024-12-06 15:33:52','advertbroadcastorder',20,NULL,NULL,NULL,NULL,NULL,'172673471',NULL,NULL,NULL),(315,5006,NULL,NULL,'CT000034',41.67,'cb','pending','https://tpeweb.paybox.com/cgi/MYchoix_pagepaiement.cgi?PBX_SITE=5016323&PBX_RANG=01&PBX_IDENTIFIANT=722066132&PBX_TOTAL=4167&PBX_DEVISE=978&PBX_CMD=PROD-CT000034&PBX_PORTEUR=pruni-sa@wanadoo.fr&PBX_RETOUR=id:S;amount:M;reference:R;appel:T;autorization:A;error:E;signature:K&PBX_HASH=SHA512&PBX_RUF1=POST&PBX_EFFECTUE=https://admin.agentcommercial.fr/payment/success&PBX_REFUSE=https://admin.agentcommercial.fr/payment/failed&PBX_ANNULE=https://admin.agentcommercial.fr/payment/canceled&PBX_ATTENTE=https://admin.agentcommercial.fr/registration/pending&PBX_REPONDRE_A=https://admin.agentcommercial.fr/verifone/webhooks&PBX_TIME=2024-12-06&PBX_HMAC=C0D9C10BE0372A2C23486B142606FECA46C214DFE4D3AFB75CB2C7688B8570B89FA93894F114B9C3E64E252BA0AAF8865F5FE76259D66F4EC819C617F52E5345',NULL,'2024-12-06 15:35:08','2024-12-06 15:35:08','contractorder',0,NULL,NULL,NULL,NULL,NULL,NULL,10,NULL,NULL),(319,838,NULL,NULL,'CT000035',41.67,'cb','pending','https://tpeweb.paybox.com/cgi/MYchoix_pagepaiement.cgi?PBX_SITE=5016323&PBX_RANG=01&PBX_IDENTIFIANT=722066132&PBX_TOTAL=4167&PBX_DEVISE=978&PBX_CMD=PROD-CT000035&PBX_PORTEUR=paris@awex-wallonia.com&PBX_RETOUR=id:S;amount:M;reference:R;appel:T;autorization:A;error:E;signature:K&PBX_HASH=SHA512&PBX_RUF1=POST&PBX_EFFECTUE=https://admin.agentcommercial.fr/payment/success&PBX_REFUSE=https://admin.agentcommercial.fr/payment/failed&PBX_ANNULE=https://admin.agentcommercial.fr/payment/canceled&PBX_ATTENTE=https://admin.agentcommercial.fr/registration/pending&PBX_REPONDRE_A=https://admin.agentcommercial.fr/verifone/webhooks&PBX_TIME=2024-12-10&PBX_HMAC=830BB608FC6A86B3221EF76009CCCB576B59692A916051EF3FB56996400F072964798D8E709F79F59AD663E4E55B2B911908F5B6B2461EF49A5297BEEB0922C0',NULL,'2024-12-10 09:26:12','2024-12-10 09:26:12','contractorder',0,NULL,NULL,NULL,NULL,NULL,NULL,10,NULL,NULL),(320,5006,NULL,NULL,'CT000036',41.67,'cb','pending','https://tpeweb.paybox.com/cgi/MYchoix_pagepaiement.cgi?PBX_SITE=5016323&PBX_RANG=01&PBX_IDENTIFIANT=722066132&PBX_TOTAL=4167&PBX_DEVISE=978&PBX_CMD=PROD-CT000036&PBX_PORTEUR=pruni-sa@wanadoo.fr&PBX_RETOUR=id:S;amount:M;reference:R;appel:T;autorization:A;error:E;signature:K&PBX_HASH=SHA512&PBX_RUF1=POST&PBX_EFFECTUE=https://admin.agentcommercial.fr/payment/success&PBX_REFUSE=https://admin.agentcommercial.fr/payment/failed&PBX_ANNULE=https://admin.agentcommercial.fr/payment/canceled&PBX_ATTENTE=https://admin.agentcommercial.fr/registration/pending&PBX_REPONDRE_A=https://admin.agentcommercial.fr/verifone/webhooks&PBX_TIME=2024-12-10&PBX_HMAC=8AC712DB35BCF9F85818ADEB57A1C89EABAD461BF9427E3E1AAA8A93D14BBB854ED25CB414F23012FF3E3AFFB949F5E807F762AF5BEAA4AEBFD5A738F3551149',NULL,'2024-12-10 13:17:17','2024-12-10 13:17:17','contractorder',0,NULL,NULL,NULL,NULL,NULL,NULL,3,NULL,NULL),(321,5013,NULL,NULL,'CT000037',41.67,'cb','pending','https://tpeweb.paybox.com/cgi/MYchoix_pagepaiement.cgi?PBX_SITE=5016323&PBX_RANG=01&PBX_IDENTIFIANT=722066132&PBX_TOTAL=4167&PBX_DEVISE=978&PBX_CMD=PROD-CT000037&PBX_PORTEUR=alban.givelet@repsagroup.com&PBX_RETOUR=id:S;amount:M;reference:R;appel:T;autorization:A;error:E;signature:K&PBX_HASH=SHA512&PBX_RUF1=POST&PBX_EFFECTUE=https://admin.agentcommercial.fr/payment/success&PBX_REFUSE=https://admin.agentcommercial.fr/payment/failed&PBX_ANNULE=https://admin.agentcommercial.fr/payment/canceled&PBX_ATTENTE=https://admin.agentcommercial.fr/registration/pending&PBX_REPONDRE_A=https://admin.agentcommercial.fr/verifone/webhooks&PBX_TIME=2024-12-10&PBX_HMAC=9ADA33F9B2049505F540C0AC212DD848772B03F640A02FA138E6154D2C40482F73BB7E653B2BF62EFC173E50047CA470FEFD3B537FB3715EF6C377216CC708B0',NULL,'2024-12-10 13:54:05','2024-12-10 13:54:05','contractorder',0,NULL,NULL,NULL,NULL,NULL,NULL,10,NULL,NULL),(322,1842,NULL,NULL,'CT000038',41.67,'cb','pending','https://tpeweb.paybox.com/cgi/MYchoix_pagepaiement.cgi?PBX_SITE=5016323&PBX_RANG=01&PBX_IDENTIFIANT=722066132&PBX_TOTAL=4167&PBX_DEVISE=978&PBX_CMD=PROD-CT000038&PBX_PORTEUR=fnac.alsace.franchecomte@gmail.com&PBX_RETOUR=id:S;amount:M;reference:R;appel:T;autorization:A;error:E;signature:K&PBX_HASH=SHA512&PBX_RUF1=POST&PBX_EFFECTUE=https://admin.agentcommercial.fr/payment/success&PBX_REFUSE=https://admin.agentcommercial.fr/payment/failed&PBX_ANNULE=https://admin.agentcommercial.fr/payment/canceled&PBX_ATTENTE=https://admin.agentcommercial.fr/registration/pending&PBX_REPONDRE_A=https://admin.agentcommercial.fr/verifone/webhooks&PBX_TIME=2024-12-16&PBX_HMAC=56CF6FE73625F2E64EEDFC8D9BE427275C0F0D3DEDB3DC56D38DC0A2B613587D38E300B2E41B02D4E206EE834B4E7E8BBFD4770DF723EE000020879A992F8758',NULL,'2024-12-16 12:00:37','2024-12-16 12:00:37','contractorder',0,NULL,NULL,NULL,NULL,NULL,NULL,3,NULL,NULL),(323,5024,222,NULL,'ADCOCB000012',420,'cb','paid','https://tpeweb.paybox.com/cgi/MYchoix_pagepaiement.cgi?PBX_SITE=5016323&PBX_RANG=01&PBX_IDENTIFIANT=722066132&PBX_TOTAL=50400&PBX_DEVISE=978&PBX_CMD=PROD-ADCOCB000010&PBX_PORTEUR=bento31@orange.fr&PBX_RETOUR=id:S;amount:M;reference:R;appel:T;autorization:A;error:E;signature:K&PBX_HASH=SHA512&PBX_RUF1=POST&PBX_EFFECTUE=https://admin.agentcommercial.fr/advert/create/success&PBX_REFUSE=https://admin.agentcommercial.fr/payment/failed&PBX_ANNULE=https://admin.agentcommercial.fr/payment/canceled&PBX_ATTENTE=https://admin.agentcommercial.fr/registration/pending&PBX_REPONDRE_A=https://admin.agentcommercial.fr/verifone/webhooks&PBX_TIME=2024-12-17&PBX_HMAC=B8B9B709D01876AA7B8F0F31C136D6290A0CD97946F3161DCE5DF6CB0F9C98913160621D9AB0CEB669A281B97D06BD636C9A27178F49E32640399F9DA6EAC8A0',NULL,'2024-12-17 10:25:43','2024-12-23 17:59:25','advertbroadcastorder',20,NULL,NULL,NULL,NULL,NULL,NULL,NULL,NULL,NULL),(324,4878,200,NULL,'ADCO000024',0,'credit','paid',NULL,NULL,'2024-12-17 17:19:52','2024-12-17 17:19:52','advertbroadcastorder',20,NULL,NULL,NULL,NULL,NULL,NULL,NULL,1567,NULL),(325,1788,NULL,NULL,'CT000039',41.67,'cb','pending','https://tpeweb.paybox.com/cgi/MYchoix_pagepaiement.cgi?PBX_SITE=5016323&PBX_RANG=01&PBX_IDENTIFIANT=722066132&PBX_TOTAL=4167&PBX_DEVISE=978&PBX_CMD=PROD-CT000039&PBX_PORTEUR=contact@fnacouest.fr&PBX_RETOUR=id:S;amount:M;reference:R;appel:T;autorization:A;error:E;signature:K&PBX_HASH=SHA512&PBX_RUF1=POST&PBX_EFFECTUE=https://admin.agentcommercial.fr/payment/success&PBX_REFUSE=https://admin.agentcommercial.fr/payment/failed&PBX_ANNULE=https://admin.agentcommercial.fr/payment/canceled&PBX_ATTENTE=https://admin.agentcommercial.fr/registration/pending&PBX_REPONDRE_A=https://admin.agentcommercial.fr/verifone/webhooks&PBX_TIME=2024-12-23&PBX_HMAC=B2CE8CCF685A2B1815B0B4F658A66B835371B2437D26B98E7EE149FDF6826F5AEE919550770EB9B8A5E3A24C1B08D42BD123227F45735736BA3B3A50DC81D70B',NULL,'2024-12-23 14:57:39','2024-12-23 14:57:39','contractorder',0,NULL,NULL,NULL,NULL,NULL,NULL,3,NULL,NULL),(326,5035,NULL,NULL,'CT000040',41.67,'cb','pending','https://tpeweb.paybox.com/cgi/MYchoix_pagepaiement.cgi?PBX_SITE=5016323&PBX_RANG=01&PBX_IDENTIFIANT=722066132&PBX_TOTAL=4167&PBX_DEVISE=978&PBX_CMD=PROD-CT000040&PBX_PORTEUR=jlpauzet@gmail.com&PBX_RETOUR=id:S;amount:M;reference:R;appel:T;autorization:A;error:E;signature:K&PBX_HASH=SHA512&PBX_RUF1=POST&PBX_EFFECTUE=https://admin.agentcommercial.fr/payment/success&PBX_REFUSE=https://admin.agentcommercial.fr/payment/failed&PBX_ANNULE=https://admin.agentcommercial.fr/payment/canceled&PBX_ATTENTE=https://admin.agentcommercial.fr/registration/pending&PBX_REPONDRE_A=https://admin.agentcommercial.fr/verifone/webhooks&PBX_TIME=2024-12-28&PBX_HMAC=18DDD1EE09DCE12B17C65A481EB3362993D8582A12E6A4E43DE132FDD1149CF74B20023F8C23A79D1E39E0659CCB6156A4801FCB6B79902F08CEE44477DBD4D3',NULL,'2024-12-28 08:13:49','2024-12-28 08:13:49','contractorder',0,NULL,NULL,NULL,NULL,NULL,NULL,3,NULL,NULL),(327,5016,224,NULL,'ADCOCB000013',190,'cb','paid','https://tpeweb.paybox.com/cgi/MYchoix_pagepaiement.cgi?PBX_SITE=5016323&PBX_RANG=01&PBX_IDENTIFIANT=722066132&PBX_TOTAL=22800&PBX_DEVISE=978&PBX_CMD=PROD-ADCOCB000013&PBX_PORTEUR=contact@magicpartyevent.fr&PBX_RETOUR=id:S;amount:M;reference:R;appel:T;autorization:A;error:E;signature:K&PBX_HASH=SHA512&PBX_RUF1=POST&PBX_EFFECTUE=https://admin.agentcommercial.fr/advert/create/success&PBX_REFUSE=https://admin.agentcommercial.fr/payment/failed&PBX_ANNULE=https://admin.agentcommercial.fr/payment/canceled&PBX_ATTENTE=https://admin.agentcommercial.fr/registration/pending&PBX_REPONDRE_A=https://admin.agentcommercial.fr/verifone/webhooks&PBX_TIME=2025-01-02&PBX_HMAC=807B791C592A8A0C51B6EA1125AF8FCFA7063619DFCFF06D4F34D6BF85150518F61F79959447608BE4E114713EE175754EB18AF3385AE20F632CF6BDDDFF69A4',NULL,'2025-01-02 17:02:30','2025-01-02 17:04:56','advertbroadcastorder',20,NULL,NULL,NULL,NULL,NULL,'176253178',NULL,NULL,NULL),(328,5033,NULL,2,'OFBT000044',395,'bank_transfer','cancelled',NULL,NULL,'2025-01-05 23:05:26','2025-01-05 23:05:35','offerorder',20,NULL,NULL,NULL,NULL,NULL,NULL,NULL,NULL,NULL),(329,5033,NULL,2,'OFCB000069',395,'cb','pending','https://checkout.stripe.com/c/pay/cs_live_a1LR9KNNyNkWjRUBM8lMF0vGBujI4u0LRqcQMusyagtwzMBQyumAiqphjD#fidkdWxOYHwnPyd1blppbHNgWjA0VW10cENNZG81Q1M0dk1NcTxkdGt9bWlKR29RPDxoPG1pVzdwTWpQbEo2dTw9Z0F3SzZVV2EzUm9uUGxSblJMakN0MFZ3S2FESTF8PG9fM1YxU3d1UlNjNTVUQlMzQEA1SicpJ2N3amhWYHdzYHcnP3F3cGApJ2lkfGpwcVF8dWAnPyd2bGtiaWBabHFgaCcpJ2BrZGdpYFVpZGZgbWppYWB3dic%2FcXdwYHgl',NULL,'2025-01-05 23:05:34','2025-01-05 23:05:35','offerorder',20,NULL,NULL,NULL,'cs_live_a1LR9KNNyNkWjRUBM8lMF0vGBujI4u0LRqcQMusyagtwzMBQyumAiqphjD',NULL,NULL,NULL,NULL,NULL),(330,5040,NULL,1,'OFBT000045',395,'bank_transfer','pending',NULL,NULL,'2025-01-06 10:12:17','2025-01-06 10:12:17','offerorder',0,NULL,NULL,NULL,NULL,NULL,NULL,NULL,NULL,NULL),(331,73,225,NULL,'ADCO000001',0,'credit','paid',NULL,NULL,'2025-01-06 10:16:19','2025-01-06 10:16:19','advertbroadcastorder',0,NULL,NULL,NULL,NULL,NULL,NULL,NULL,1471,NULL),(332,5046,NULL,1,'OFCB000070',395,'cb','paid','https://checkout.stripe.com/c/pay/cs_live_a1K9cIJQMQ6iz2Of4yk1tzaHJ5q9zcIpWG4syihXTJANqtcPsEBlxridz6#fidkdWxOYHwnPyd1blppbHNgWjA0VW10cENNZG81Q1M0dk1NcTxkdGt9bWlKR29RPDxoPG1pVzdwTWpQbEo2dTw9Z0F3SzZVV2EzUm9uUGxSblJMakN0MFZ3S2FESTF8PG9fM1YxU3d1UlNjNTVUQlMzQEA1SicpJ2N3amhWYHdzYHcnP3F3cGApJ2lkfGpwcVF8dWAnPyd2bGtiaWBabHFgaCcpJ2BrZGdpYFVpZGZgbWppYWB3dic%2FcXdwYHgl',NULL,'2025-01-07 13:59:35','2025-02-13 09:11:57','offerorder',20,NULL,NULL,NULL,'cs_live_a1K9cIJQMQ6iz2Of4yk1tzaHJ5q9zcIpWG4syihXTJANqtcPsEBlxridz6','pi_3QecOxHaj0FV1sHH1BcKiZxp',NULL,NULL,NULL,NULL),(333,5044,226,NULL,'ADCOCB000014',190,'cb','paid','https://tpeweb.paybox.com/cgi/MYchoix_pagepaiement.cgi?PBX_SITE=5016323&PBX_RANG=01&PBX_IDENTIFIANT=722066132&PBX_TOTAL=19000&PBX_DEVISE=978&PBX_CMD=PROD-ADCOCB000014&PBX_PORTEUR=bonzano.italjolly@gmail.com&PBX_RETOUR=id:S;amount:M;reference:R;appel:T;autorization:A;error:E;signature:K&PBX_HASH=SHA512&PBX_RUF1=POST&PBX_EFFECTUE=https://admin.agentcommercial.fr/advert/create/success&PBX_REFUSE=https://admin.agentcommercial.fr/payment/failed&PBX_ANNULE=https://admin.agentcommercial.fr/payment/canceled&PBX_ATTENTE=https://admin.agentcommercial.fr/registration/pending&PBX_REPONDRE_A=https://admin.agentcommercial.fr/verifone/webhooks&PBX_TIME=2025-01-07&PBX_HMAC=1CF3177222672A40B81A0012C18C13E3EFB71C6BAB76FBC328D7FDC06697381DEFDC9C31A76574FA42428A2AD4E1DB01399A3B225D9167B34BF315884F4C13DB',NULL,'2025-01-07 15:37:33','2025-01-07 15:38:48','advertbroadcastorder',0,NULL,NULL,NULL,NULL,NULL,'176972342',NULL,NULL,NULL),(334,5049,NULL,NULL,'CT000041',41.67,'cb','pending','https://tpeweb.paybox.com/cgi/MYchoix_pagepaiement.cgi?PBX_SITE=5016323&PBX_RANG=01&PBX_IDENTIFIANT=722066132&PBX_TOTAL=4167&PBX_DEVISE=978&PBX_CMD=PROD-CT000041&PBX_PORTEUR=contact@medical66.fr&PBX_RETOUR=id:S;amount:M;reference:R;appel:T;autorization:A;error:E;signature:K&PBX_HASH=SHA512&PBX_RUF1=POST&PBX_EFFECTUE=https://admin.agentcommercial.fr/payment/success&PBX_REFUSE=https://admin.agentcommercial.fr/payment/failed&PBX_ANNULE=https://admin.agentcommercial.fr/payment/canceled&PBX_ATTENTE=https://admin.agentcommercial.fr/registration/pending&PBX_REPONDRE_A=https://admin.agentcommercial.fr/verifone/webhooks&PBX_TIME=2025-01-09&PBX_HMAC=AC7A5ABA08614B73A5B762CD7EC82DB6EC3981ADBB5522B9397D1C646D8D6C61E3CDED4769714F3604CA974F38F7850A457A68A37F21A19CD4B467022E2F2CE7',NULL,'2025-01-09 20:51:52','2025-01-09 20:51:52','contractorder',0,NULL,NULL,NULL,NULL,NULL,NULL,10,NULL,NULL),(336,5071,NULL,1,'OFBT000046',395,'bank_transfer','pending',NULL,NULL,'2025-01-22 14:28:56','2025-01-22 14:28:56','offerorder',20,NULL,NULL,NULL,NULL,NULL,NULL,NULL,NULL,NULL),(338,5075,230,NULL,'ADCOCB000015',190,'cb','paid','https://tpeweb.paybox.com/cgi/MYchoix_pagepaiement.cgi?PBX_SITE=5016323&PBX_RANG=01&PBX_IDENTIFIANT=722066132&PBX_TOTAL=22800&PBX_DEVISE=978&PBX_CMD=PROD-ADCOCB000015&PBX_PORTEUR=benoit.klesse@delarosa-industrie.fr&PBX_RETOUR=id:S;amount:M;reference:R;appel:T;autorization:A;error:E;signature:K&PBX_HASH=SHA512&PBX_RUF1=POST&PBX_EFFECTUE=https://admin.agentcommercial.fr/advert/create/success&PBX_REFUSE=https://admin.agentcommercial.fr/payment/failed&PBX_ANNULE=https://admin.agentcommercial.fr/payment/canceled&PBX_ATTENTE=https://admin.agentcommercial.fr/registration/pending&PBX_REPONDRE_A=https://admin.agentcommercial.fr/verifone/webhooks&PBX_TIME=2025-01-23&PBX_HMAC=7CEBB35C47D1B1E98041B393A8AF499AFCE1F4A31CB5AED4B7EF6E5AB10043FC31C6745CF9BE2E484FC3F08A3B34726C4DA7986CAD20ED4700B02ACC03AA09E4',NULL,'2025-01-23 17:32:00','2025-01-23 17:36:26','advertbroadcastorder',20,NULL,NULL,NULL,NULL,NULL,'179659504',NULL,NULL,NULL),(339,2214,NULL,NULL,'CT000042',41.67,'cb','paid','https://tpeweb.paybox.com/cgi/MYchoix_pagepaiement.cgi?PBX_SITE=5016323&PBX_RANG=01&PBX_IDENTIFIANT=722066132&PBX_TOTAL=4167&PBX_DEVISE=978&PBX_CMD=PROD-CT000042&PBX_PORTEUR=vetementpro.sas@gmail.com&PBX_RETOUR=id:S;amount:M;reference:R;appel:T;autorization:A;error:E;signature:K&PBX_HASH=SHA512&PBX_RUF1=POST&PBX_EFFECTUE=https://admin.agentcommercial.fr/payment/success&PBX_REFUSE=https://admin.agentcommercial.fr/payment/failed&PBX_ANNULE=https://admin.agentcommercial.fr/payment/canceled&PBX_ATTENTE=https://admin.agentcommercial.fr/registration/pending&PBX_REPONDRE_A=https://admin.agentcommercial.fr/verifone/webhooks&PBX_TIME=2025-01-24&PBX_HMAC=BF59FF29EF277BB4FE4EA974181318A5E78CE97D467B4D439836FB4A34216374041BF72AB4DFB90E17AC37D8B576817094879D70AEDC9C2AD952B3DA33510EE1',NULL,'2025-01-24 10:38:55','2025-01-24 10:41:02','contractorder',0,NULL,NULL,NULL,NULL,NULL,'179731931',10,NULL,NULL),(340,4884,231,NULL,'ADCO000025',0,'credit','paid',NULL,NULL,'2025-01-27 16:46:24','2025-01-27 16:46:24','advertbroadcastorder',0,NULL,NULL,NULL,NULL,NULL,NULL,NULL,1554,NULL),(341,5057,228,NULL,'ADCOBT000024',390,'bank_transfer','paid',NULL,NULL,'2025-01-28 10:51:26','2025-01-28 15:14:22','advertbroadcastorder',20,NULL,NULL,NULL,NULL,NULL,NULL,NULL,NULL,NULL),(342,5079,232,NULL,'ADCOCB000016',210,'cb','paid','https://tpeweb.paybox.com/cgi/MYchoix_pagepaiement.cgi?PBX_SITE=5016323&PBX_RANG=01&PBX_IDENTIFIANT=722066132&PBX_TOTAL=25200&PBX_DEVISE=978&PBX_CMD=PROD-ADCOCB000016&PBX_PORTEUR=clemence@sectio-tech.fr&PBX_RETOUR=id:S;amount:M;reference:R;appel:T;autorization:A;error:E;signature:K&PBX_HASH=SHA512&PBX_RUF1=POST&PBX_EFFECTUE=https://admin.agentcommercial.fr/advert/create/success&PBX_REFUSE=https://admin.agentcommercial.fr/payment/failed&PBX_ANNULE=https://admin.agentcommercial.fr/payment/canceled&PBX_ATTENTE=https://admin.agentcommercial.fr/registration/pending&PBX_REPONDRE_A=https://admin.agentcommercial.fr/verifone/webhooks&PBX_TIME=2025-01-28&PBX_HMAC=E3463F7B3114DB58FF5FC4DC0F3D1CB95F0CC290B22D932F58102B658BF6A49CF185F8170B76D7CC6A5D9B98338C3C9971BD0BB2B5EBA8DED906539F433199A9',NULL,'2025-01-28 11:00:46','2025-01-28 11:01:52','advertbroadcastorder',20,NULL,NULL,NULL,NULL,NULL,'313100190',NULL,NULL,NULL),(343,4878,233,NULL,'ADCO000026',0,'credit','paid',NULL,NULL,'2025-01-28 14:25:24','2025-01-28 14:25:24','advertbroadcastorder',20,NULL,NULL,NULL,NULL,NULL,NULL,NULL,1567,NULL),(344,5082,NULL,NULL,'CT000043',41.67,'cb','pending','https://tpeweb.paybox.com/cgi/MYchoix_pagepaiement.cgi?PBX_SITE=5016323&PBX_RANG=01&PBX_IDENTIFIANT=722066132&PBX_TOTAL=4167&PBX_DEVISE=978&PBX_CMD=PROD-CT000043&PBX_PORTEUR=contact@tisavap.fr&PBX_RETOUR=id:S;amount:M;reference:R;appel:T;autorization:A;error:E;signature:K&PBX_HASH=SHA512&PBX_RUF1=POST&PBX_EFFECTUE=https://admin.agentcommercial.fr/payment/success&PBX_REFUSE=https://admin.agentcommercial.fr/payment/failed&PBX_ANNULE=https://admin.agentcommercial.fr/payment/canceled&PBX_ATTENTE=https://admin.agentcommercial.fr/registration/pending&PBX_REPONDRE_A=https://admin.agentcommercial.fr/verifone/webhooks&PBX_TIME=2025-01-30&PBX_HMAC=28615AF47D3AF9893D625981A4105D24A4AF84430584CBAF0223E3D97E8D3F4D5A6D78B2D207A63D0FD2DD30899225722F2AC4378B434DA66D00456F5ECA2BAA',NULL,'2025-01-30 16:03:38','2025-01-30 16:03:38','contractorder',0,NULL,NULL,NULL,NULL,NULL,NULL,10,NULL,NULL),(345,4994,NULL,NULL,'CT000044',41.67,'cb','pending','https://tpeweb.paybox.com/cgi/MYchoix_pagepaiement.cgi?PBX_SITE=5016323&PBX_RANG=01&PBX_IDENTIFIANT=722066132&PBX_TOTAL=4167&PBX_DEVISE=978&PBX_CMD=PROD-CT000044&PBX_PORTEUR=test@test123.fr&PBX_RETOUR=id:S;amount:M;reference:R;appel:T;autorization:A;error:E;signature:K&PBX_HASH=SHA512&PBX_RUF1=POST&PBX_EFFECTUE=https://admin.agentcommercial.fr/payment/success&PBX_REFUSE=https://admin.agentcommercial.fr/payment/failed&PBX_ANNULE=https://admin.agentcommercial.fr/payment/canceled&PBX_ATTENTE=https://admin.agentcommercial.fr/registration/pending&PBX_REPONDRE_A=https://admin.agentcommercial.fr/verifone/webhooks&PBX_TIME=2025-02-04&PBX_HMAC=E7CA33616B412DE60A3E8193C0AD4FB52A1348B70FA33CBFFCCF6B98B874A08609261152E089C22BA7551889A1E7FB99D2AEFEA68A561561B3BD9A0D7FF10698',NULL,'2025-02-04 10:53:19','2025-02-04 10:53:19','contractorder',0,NULL,NULL,NULL,NULL,NULL,NULL,3,NULL,NULL),(346,4994,NULL,NULL,'CT000045',41.67,'cb','pending','https://tpeweb.paybox.com/cgi/MYchoix_pagepaiement.cgi?PBX_SITE=5016323&PBX_RANG=01&PBX_IDENTIFIANT=722066132&PBX_TOTAL=5000.4&PBX_DEVISE=978&PBX_CMD=PROD-CT000045&PBX_PORTEUR=test@test123.fr&PBX_RETOUR=id:S;amount:M;reference:R;appel:T;autorization:A;error:E;signature:K&PBX_HASH=SHA512&PBX_RUF1=POST&PBX_EFFECTUE=https://admin.agentcommercial.fr/payment/success&PBX_REFUSE=https://admin.agentcommercial.fr/payment/failed&PBX_ANNULE=https://admin.agentcommercial.fr/payment/canceled&PBX_ATTENTE=https://admin.agentcommercial.fr/registration/pending&PBX_REPONDRE_A=https://admin.agentcommercial.fr/verifone/webhooks&PBX_TIME=2025-02-06&PBX_HMAC=D0EEA406F701B78BD8BBA0472F40F6B26010CC42C50E5B222A7D274DF2274F713E5C577B7DCD85D62FD9D75E3DDF9652C0AE03369AAB63AB9C8D86552C5A83F6',NULL,'2025-02-06 09:37:07','2025-02-06 09:37:07','contractorder',20,NULL,NULL,NULL,NULL,NULL,NULL,12,NULL,NULL),(347,4994,NULL,NULL,'CT000046',41.67,'cb','pending','https://tpeweb.paybox.com/cgi/MYchoix_pagepaiement.cgi?PBX_SITE=5016323&PBX_RANG=01&PBX_IDENTIFIANT=722066132&PBX_TOTAL=5000&PBX_DEVISE=978&PBX_CMD=PROD-CT000046&PBX_PORTEUR=test@test123.fr&PBX_RETOUR=id:S;amount:M;reference:R;appel:T;autorization:A;error:E;signature:K&PBX_HASH=SHA512&PBX_RUF1=POST&PBX_EFFECTUE=https://admin.agentcommercial.fr/payment/success&PBX_REFUSE=https://admin.agentcommercial.fr/payment/failed&PBX_ANNULE=https://admin.agentcommercial.fr/payment/canceled&PBX_ATTENTE=https://admin.agentcommercial.fr/registration/pending&PBX_REPONDRE_A=https://admin.agentcommercial.fr/verifone/webhooks&PBX_TIME=2025-02-06&PBX_HMAC=091BD2814F6854DF708A1FD12AFDA96FE9EB32082A905ED4D7E702C72B7FB4359A909B47B60B5B6741DC73DDD36F3CD66633D009C825EEDDF3A2FE450F0FF7E2',NULL,'2025-02-06 09:40:28','2025-02-06 09:40:28','contractorder',20,NULL,NULL,NULL,NULL,NULL,NULL,8,NULL,NULL),(348,73,NULL,5,'OFBT000047',600,'bank_transfer','paid',NULL,NULL,'2025-02-06 14:30:39','2025-02-27 17:09:54','offerorder',0,NULL,NULL,NULL,NULL,NULL,NULL,NULL,NULL,NULL),(349,5057,NULL,NULL,'CT000047',41.67,'cb','pending','https://tpeweb.paybox.com/cgi/MYchoix_pagepaiement.cgi?PBX_SITE=5016323&PBX_RANG=01&PBX_IDENTIFIANT=722066132&PBX_TOTAL=5000&PBX_DEVISE=978&PBX_CMD=PROD-CT000047&PBX_PORTEUR=slabails@lesvignoblesdemaxime.com&PBX_RETOUR=id:S;amount:M;reference:R;appel:T;autorization:A;error:E;signature:K&PBX_HASH=SHA512&PBX_RUF1=POST&PBX_EFFECTUE=https://admin.agentcommercial.fr/payment/success&PBX_REFUSE=https://admin.agentcommercial.fr/payment/failed&PBX_ANNULE=https://admin.agentcommercial.fr/payment/canceled&PBX_ATTENTE=https://admin.agentcommercial.fr/registration/pending&PBX_REPONDRE_A=https://admin.agentcommercial.fr/verifone/webhooks&PBX_TIME=2025-02-06&PBX_HMAC=78B34EBEFFF1768805735CC0E3CB16A058193B707399C7CAD81A2ADBC5CEEC930971A555262C2285B9DC75F577F8A1BC209FEC160DC24C5AEA1659B2F3DE9DFD',NULL,'2025-02-06 18:25:19','2025-02-06 18:25:19','contractorder',20,NULL,NULL,NULL,NULL,NULL,NULL,10,NULL,NULL),(350,4994,NULL,NULL,'CT000048',41.67,'cb','pending','https://tpeweb.paybox.com/cgi/MYchoix_pagepaiement.cgi?PBX_SITE=5016323&PBX_RANG=01&PBX_IDENTIFIANT=722066132&PBX_TOTAL=5000&PBX_DEVISE=978&PBX_CMD=PROD-CT000048&PBX_PORTEUR=test@test123.fr&PBX_RETOUR=id:S;amount:M;reference:R;appel:T;autorization:A;error:E;signature:K&PBX_HASH=SHA512&PBX_RUF1=POST&PBX_EFFECTUE=https://admin.agentcommercial.fr/payment/success&PBX_REFUSE=https://admin.agentcommercial.fr/payment/failed&PBX_ANNULE=https://admin.agentcommercial.fr/payment/canceled&PBX_ATTENTE=https://admin.agentcommercial.fr/registration/pending&PBX_REPONDRE_A=https://admin.agentcommercial.fr/verifone/webhooks&PBX_TIME=2025-02-06&PBX_HMAC=4590AFBD30B73C78AD453F30A26B1E42328462E2ED06F98C73A6DF0BCAE98D8B6CA52DE09C3C5C4767BEACF8B1C36BFC1CCD2CC4E4206F722053232D1EDE2650',NULL,'2025-02-06 18:59:13','2025-02-06 18:59:13','contractorder',20,NULL,NULL,NULL,NULL,NULL,NULL,7,NULL,NULL),(351,4473,NULL,NULL,'CT000049',41.67,'cb','pending','https://tpeweb.paybox.com/cgi/MYchoix_pagepaiement.cgi?PBX_SITE=5016323&PBX_RANG=01&PBX_IDENTIFIANT=722066132&PBX_TOTAL=5000&PBX_DEVISE=978&PBX_CMD=PROD-CT000049&PBX_PORTEUR=Test@test456.fr&PBX_RETOUR=id:S;amount:M;reference:R;appel:T;autorization:A;error:E;signature:K&PBX_HASH=SHA512&PBX_RUF1=POST&PBX_EFFECTUE=https://admin.agentcommercial.fr/payment/success&PBX_REFUSE=https://admin.agentcommercial.fr/payment/failed&PBX_ANNULE=https://admin.agentcommercial.fr/payment/canceled&PBX_ATTENTE=https://admin.agentcommercial.fr/registration/pending&PBX_REPONDRE_A=https://admin.agentcommercial.fr/verifone/webhooks&PBX_TIME=2025-02-06&PBX_HMAC=60181EE1622A9310BBEFC3D1CA78BE31CEE4D54F492823063ABF541BBA09117A9DF19389A83FE7698B8C4A5E34610E8BBE06BA2B36F677BE91939B93CD36FEA9',NULL,'2025-02-06 18:59:31','2025-02-06 18:59:31','contractorder',20,NULL,NULL,NULL,NULL,NULL,NULL,8,NULL,NULL),(352,4407,235,NULL,'ADCOBT000025',290,'bank_transfer','pending',NULL,NULL,'2025-02-06 19:01:45','2025-02-06 19:01:45','advertbroadcastorder',20,NULL,NULL,NULL,NULL,NULL,NULL,NULL,NULL,NULL),(353,5087,NULL,1,'OFBT000048',395,'bank_transfer','pending',NULL,NULL,'2025-02-06 19:06:15','2025-02-06 19:06:15','offerorder',20,NULL,NULL,NULL,NULL,NULL,NULL,NULL,NULL,NULL),(354,5088,NULL,1,'OFCB000071',395,'cb','paid','https://checkout.stripe.com/c/pay/cs_live_a1ckZ1V08gMpYGrbgQvw2VW6T2VXWWK1lQMhxTSacy4mMlDlnNBr9SiWEi#fidkdWxOYHwnPyd1blppbHNgWjA0VW10cENNZG81Q1M0dk1NcTxkdGt9bWlKR29RPDxoPG1pVzdwTWpQbEo2dTw9Z0F3SzZVV2EzUm9uUGxSblJMakN0MFZ3S2FESTF8PG9fM1YxU3d1UlNjNTVUQlMzQEA1SicpJ2N3amhWYHdzYHcnP3F3cGApJ2lkfGpwcVF8dWAnPyd2bGtiaWBabHFgaCcpJ2BrZGdpYFVpZGZgbWppYWB3dic%2FcXdwYHgl',NULL,'2025-02-07 07:11:25','2025-02-12 18:32:40','offerorder',20,NULL,NULL,NULL,'cs_live_a1ckZ1V08gMpYGrbgQvw2VW6T2VXWWK1lQMhxTSacy4mMlDlnNBr9SiWEi','pi_3QpkpQHaj0FV1sHH09vOXNph',NULL,NULL,NULL,NULL),(355,5014,236,NULL,'ADCOCB000017',210,'cb','paid','https://tpeweb.paybox.com/cgi/MYchoix_pagepaiement.cgi?PBX_SITE=5016323&PBX_RANG=01&PBX_IDENTIFIANT=722066132&PBX_TOTAL=25200&PBX_DEVISE=978&PBX_CMD=PROD-ADCOCB000017&PBX_PORTEUR=katia@unsoiralopera.com&PBX_RETOUR=id:S;amount:M;reference:R;appel:T;autorization:A;error:E;signature:K&PBX_HASH=SHA512&PBX_RUF1=POST&PBX_EFFECTUE=https://admin.agentcommercial.fr/advert/create/success&PBX_REFUSE=https://admin.agentcommercial.fr/payment/failed&PBX_ANNULE=https://admin.agentcommercial.fr/payment/canceled&PBX_ATTENTE=https://admin.agentcommercial.fr/registration/pending&PBX_REPONDRE_A=https://admin.agentcommercial.fr/verifone/webhooks&PBX_TIME=2025-02-11&PBX_HMAC=FFB85B60FEF814393EA15767AFCFC5FCDC673D244F46F633EFC528A3562C9AE4105C8872DAEE4CA8FD277D405418F85ECE2DD79D200C10E32032268ACC5BEAAF',NULL,'2025-02-11 12:33:17','2025-02-11 12:34:38','advertbroadcastorder',20,NULL,NULL,NULL,NULL,NULL,'183020212',NULL,NULL,NULL),(356,5096,NULL,1,'OFBT000049',395,'bank_transfer','pending',NULL,NULL,'2025-02-12 17:37:59','2025-02-12 17:37:59','offerorder',20,NULL,NULL,NULL,NULL,NULL,NULL,NULL,NULL,NULL),(357,3912,NULL,1,'OFCB000072',395,'cb','pending','https://checkout.stripe.com/c/pay/cs_live_a13CXEr3vzqQs7sQso02MdxO61bxZqhc6M4jIJtVjxRU3hRC24ndByNSaW#fidkdWxOYHwnPyd1blppbHNgWjA0VW10cENNZG81Q1M0dk1NcTxkdGt9bWlKR29RPDxoPG1pVzdwTWpQbEo2dTw9Z0F3SzZVV2EzUm9uUGxSblJMakN0MFZ3S2FESTF8PG9fM1YxU3d1UlNjNTVUQlMzQEA1SicpJ2N3amhWYHdzYHcnP3F3cGApJ2lkfGpwcVF8dWAnPyd2bGtiaWBabHFgaCcpJ2BrZGdpYFVpZGZgbWppYWB3dic%2FcXdwYHgl',NULL,'2025-02-13 10:44:22','2025-02-13 10:44:23','offerorder',20,NULL,NULL,NULL,'cs_live_a13CXEr3vzqQs7sQso02MdxO61bxZqhc6M4jIJtVjxRU3hRC24ndByNSaW',NULL,NULL,NULL,NULL,NULL),(358,73,237,NULL,'ADCO000027',0,'credit','paid',NULL,NULL,'2025-02-14 11:04:24','2025-02-14 11:04:24','advertbroadcastorder',0,NULL,NULL,NULL,NULL,NULL,NULL,NULL,1471,NULL),(359,4898,NULL,1,'OFCB000073',395,'cb','validated','https://checkout.stripe.com/c/pay/cs_live_a1W7eXqqMlrJAVAfWBV2WZLnXxNAAdpV49ETH54hspgQgvuErnjcaKoNr3#fidkdWxOYHwnPyd1blppbHNgWjA0VW10cENNZG81Q1M0dk1NcTxkdGt9bWlKR29RPDxoPG1pVzdwTWpQbEo2dTw9Z0F3SzZVV2EzUm9uUGxSblJMakN0MFZ3S2FESTF8PG9fM1YxU3d1UlNjNTVUQlMzQEA1SicpJ2N3amhWYHdzYHcnP3F3cGApJ2lkfGpwcVF8dWAnPyd2bGtiaWBabHFgaCcpJ2BrZGdpYFVpZGZgbWppYWB3dic%2FcXdwYHgl',NULL,'2025-02-14 14:25:47','2025-02-14 14:43:04','offerorder',20,NULL,NULL,NULL,'cs_live_a1W7eXqqMlrJAVAfWBV2WZLnXxNAAdpV49ETH54hspgQgvuErnjcaKoNr3','pi_3QsP9SHaj0FV1sHH09ibQp0a',NULL,NULL,NULL,NULL),(360,5057,NULL,NULL,'CT000050',41.67,'cb','pending','https://tpeweb.paybox.com/cgi/MYchoix_pagepaiement.cgi?PBX_SITE=5016323&PBX_RANG=01&PBX_IDENTIFIANT=722066132&PBX_TOTAL=5000&PBX_DEVISE=978&PBX_CMD=PROD-CT000050&PBX_PORTEUR=slabails@lesvignoblesdemaxime.com&PBX_RETOUR=id:S;amount:M;reference:R;appel:T;autorization:A;error:E;signature:K&PBX_HASH=SHA512&PBX_RUF1=POST&PBX_EFFECTUE=https://admin.agentcommercial.fr/payment/success&PBX_REFUSE=https://admin.agentcommercial.fr/payment/failed&PBX_ANNULE=https://admin.agentcommercial.fr/payment/canceled&PBX_ATTENTE=https://admin.agentcommercial.fr/registration/pending&PBX_REPONDRE_A=https://admin.agentcommercial.fr/verifone/webhooks&PBX_TIME=2025-02-14&PBX_HMAC=3F27A180A7338F0ADACC68391EA6DC1F460E8D0DB19F9B15466E0003B3ACC08B0F4945676A8AFD0E84F357F9645949BF74F24322A685891361EC7E81DF16C603',NULL,'2025-02-14 16:29:55','2025-02-14 16:29:55','contractorder',20,NULL,NULL,NULL,NULL,NULL,NULL,10,NULL,NULL),(361,5057,NULL,NULL,'CT000051',41.67,'cb','pending','https://tpeweb.paybox.com/cgi/MYchoix_pagepaiement.cgi?PBX_SITE=5016323&PBX_RANG=01&PBX_IDENTIFIANT=722066132&PBX_TOTAL=5000&PBX_DEVISE=978&PBX_CMD=PROD-CT000051&PBX_PORTEUR=slabails@lesvignoblesdemaxime.com&PBX_RETOUR=id:S;amount:M;reference:R;appel:T;autorization:A;error:E;signature:K&PBX_HASH=SHA512&PBX_RUF1=POST&PBX_EFFECTUE=https://admin.agentcommercial.fr/payment/success&PBX_REFUSE=https://admin.agentcommercial.fr/payment/failed&PBX_ANNULE=https://admin.agentcommercial.fr/payment/canceled&PBX_ATTENTE=https://admin.agentcommercial.fr/registration/pending&PBX_REPONDRE_A=https://admin.agentcommercial.fr/verifone/webhooks&PBX_TIME=2025-02-14&PBX_HMAC=0E219CC310A4FF5B646ECA84D0890845CE8C9C9BBB184E1B2EC957C5C2F0BCFB3272BD2297D1F17CC938E41107C13118335CBA93B4CA09C9E17D54A0B9026BB5',NULL,'2025-02-14 16:30:36','2025-02-14 16:30:36','contractorder',20,NULL,NULL,NULL,NULL,NULL,NULL,10,NULL,NULL),(362,5105,239,NULL,'ADCOCB000018',230,'cb','paid','https://tpeweb.paybox.com/cgi/MYchoix_pagepaiement.cgi?PBX_SITE=5016323&PBX_RANG=01&PBX_IDENTIFIANT=722066132&PBX_TOTAL=27600&PBX_DEVISE=978&PBX_CMD=PROD-ADCOCB000018&PBX_PORTEUR=contact@atelierlatrouvaille.com&PBX_RETOUR=id:S;amount:M;reference:R;appel:T;autorization:A;error:E;signature:K&PBX_HASH=SHA512&PBX_RUF1=POST&PBX_EFFECTUE=https://admin.agentcommercial.fr/advert/create/success&PBX_REFUSE=https://admin.agentcommercial.fr/payment/failed&PBX_ANNULE=https://admin.agentcommercial.fr/payment/canceled&PBX_ATTENTE=https://admin.agentcommercial.fr/registration/pending&PBX_REPONDRE_A=https://admin.agentcommercial.fr/verifone/webhooks&PBX_TIME=2025-02-20&PBX_HMAC=C40FF48BD53229220CB13D5E914D29C87B07F339C3A89D20D3D9E1237C227EA828D59152A3EAAA2DDEAEFB83605F5A22596286996CE821D8499B72EAF3050FE3',NULL,'2025-02-20 14:45:24','2025-02-20 14:46:57','advertbroadcastorder',20,NULL,NULL,NULL,NULL,NULL,'315598298',NULL,NULL,NULL),(363,4,NULL,4,'OFCB000074',750,'cb','pending','https://tpeweb.paybox.com/cgi/MYchoix_pagepaiement.cgi?PBX_SITE=5016323&PBX_RANG=01&PBX_IDENTIFIANT=722066132&PBX_TOTAL=90000&PBX_DEVISE=978&PBX_CMD=PROD-OFCB000074&PBX_PORTEUR=embassy@fnac.fr&PBX_RETOUR=id:S;amount:M;reference:R;appel:T;autorization:A;error:E;signature:K&PBX_HASH=SHA512&PBX_RUF1=POST&PBX_EFFECTUE=https://admin.agentcommercial.fr/payment/success&PBX_REFUSE=https://admin.agentcommercial.fr/payment/failed&PBX_ANNULE=https://admin.agentcommercial.fr/payment/canceled&PBX_ATTENTE=https://admin.agentcommercial.fr/registration/pending&PBX_REPONDRE_A=https://admin.agentcommercial.fr/verifone/webhooks&PBX_TIME=2025-02-21&PBX_HMAC=F141AF97FA5F6D028CE95381118337779B93D1D6C7C3F034C53A3740441DB827C145985BFE20AE0CF5FCB6898DF85B4CAD5908AF3EAC498E85E471F5B84A6CBB',NULL,'2025-02-21 15:30:03','2025-02-21 15:30:04','offerorder',20,NULL,NULL,NULL,NULL,NULL,NULL,NULL,NULL,NULL),(364,5090,NULL,3,'OFCB000075',500,'cb','pending','https://tpeweb.paybox.com/cgi/MYchoix_pagepaiement.cgi?PBX_SITE=5016323&PBX_RANG=01&PBX_IDENTIFIANT=722066132&PBX_TOTAL=60000&PBX_DEVISE=978&PBX_CMD=PROD-OFCB000075&PBX_PORTEUR=helene.lediouron@international.gc.ca&PBX_RETOUR=id:S;amount:M;reference:R;appel:T;autorization:A;error:E;signature:K&PBX_HASH=SHA512&PBX_RUF1=POST&PBX_EFFECTUE=https://admin.agentcommercial.fr/payment/success&PBX_REFUSE=https://admin.agentcommercial.fr/payment/failed&PBX_ANNULE=https://admin.agentcommercial.fr/payment/canceled&PBX_ATTENTE=https://admin.agentcommercial.fr/registration/pending&PBX_REPONDRE_A=https://admin.agentcommercial.fr/verifone/webhooks&PBX_TIME=2025-02-21&PBX_HMAC=49B4E41CD63A79664DC05AD6A0EA7B2246FF4CC06351A34DB61087E64A6E4E80EB4CC2372E27651B48EA0420B9B2A4E885B1482DAB1EE65771E5155889DF3EFA',NULL,'2025-02-21 15:48:29','2025-02-21 15:48:31','offerorder',20,NULL,NULL,NULL,NULL,NULL,NULL,NULL,NULL,NULL),(365,5037,240,NULL,'ADCT000003',0,'credit','paid',NULL,NULL,'2025-02-21 15:53:04','2025-02-21 15:53:04','advertbroadcastorder',0,NULL,NULL,NULL,NULL,NULL,NULL,NULL,1576,'2025-02-21 15:53:04'),(366,5107,238,NULL,'ADCOCB000019',230,'cb','pending','https://tpeweb.paybox.com/cgi/MYchoix_pagepaiement.cgi?PBX_SITE=5016323&PBX_RANG=01&PBX_IDENTIFIANT=722066132&PBX_TOTAL=23000&PBX_DEVISE=978&PBX_CMD=PROD-ADCOCB000019&PBX_PORTEUR=miguel.gomes@adico.pt&PBX_RETOUR=id:S;amount:M;reference:R;appel:T;autorization:A;error:E;signature:K&PBX_HASH=SHA512&PBX_RUF1=POST&PBX_EFFECTUE=https://admin.agentcommercial.fr/advert/create/success&PBX_REFUSE=https://admin.agentcommercial.fr/payment/failed&PBX_ANNULE=https://admin.agentcommercial.fr/payment/canceled&PBX_ATTENTE=https://admin.agentcommercial.fr/registration/pending&PBX_REPONDRE_A=https://admin.agentcommercial.fr/verifone/webhooks&PBX_TIME=2025-02-24&PBX_HMAC=8F2A460053DF35444568340E564F70D778921D12E25EC0E7AEF91FE39CFA6E689DC26FA7BFDD8AF74A5C70E39582BA8F62F03526BAA4C1AB1678CD835A9263CA',NULL,'2025-02-24 17:57:27','2025-02-24 17:57:27','advertbroadcastorder',0,NULL,NULL,NULL,NULL,NULL,NULL,NULL,NULL,NULL),(367,1875,NULL,1,'OFBT000050',395,'bank_transfer','cancelled',NULL,NULL,'2025-02-26 10:21:59','2025-02-26 10:24:08','offerorder',0,NULL,NULL,NULL,NULL,NULL,NULL,NULL,NULL,NULL),(368,1875,NULL,1,'OFCB000076',395,'cb','pending','https://checkout.stripe.com/c/pay/cs_live_a1QofBpqHWmvfgTcBGzclLjpwb5RtTs4VC9iIz1rByXfk7WxYSqCTw4Bll#fidkdWxOYHwnPyd1blppbHNgWjA0VW10cENNZG81Q1M0dk1NcTxkdGt9bWlKR29RPDxoPG1pVzdwTWpQbEo2dTw9Z0F3SzZVV2EzUm9uUGxSblJMakN0MFZ3S2FESTF8PG9fM1YxU3d1UlNjNTVUQlMzQEA1SicpJ2N3amhWYHdzYHcnP3F3cGApJ2lkfGpwcVF8dWAnPyd2bGtiaWBabHFgaCcpJ2BrZGdpYFVpZGZgbWppYWB3dic%2FcXdwYHgl',NULL,'2025-02-26 10:24:06','2025-02-26 10:24:07','offerorder',0,NULL,NULL,NULL,'cs_live_a1QofBpqHWmvfgTcBGzclLjpwb5RtTs4VC9iIz1rByXfk7WxYSqCTw4Bll',NULL,NULL,NULL,NULL,NULL),(369,1875,NULL,1,'OFBT000051',395,'bank_transfer','pending',NULL,NULL,'2025-02-26 10:25:42','2025-02-26 10:25:42','offerorder',0,NULL,NULL,NULL,NULL,NULL,NULL,NULL,NULL,NULL),(370,1875,NULL,2,'OFCB000077',395,'cb','pending','https://checkout.stripe.com/c/pay/cs_live_a18PJq9lIrmwagvH3aXcXUpoc1gvfrulJkZsdtYjMpYLzLmAAoXvFQ13TB#fidkdWxOYHwnPyd1blppbHNgWjA0VW10cENNZG81Q1M0dk1NcTxkdGt9bWlKR29RPDxoPG1pVzdwTWpQbEo2dTw9Z0F3SzZVV2EzUm9uUGxSblJMakN0MFZ3S2FESTF8PG9fM1YxU3d1UlNjNTVUQlMzQEA1SicpJ2N3amhWYHdzYHcnP3F3cGApJ2lkfGpwcVF8dWAnPyd2bGtiaWBabHFgaCcpJ2BrZGdpYFVpZGZgbWppYWB3dic%2FcXdwYHgl',NULL,'2025-02-26 10:27:13','2025-02-26 10:27:14','offerorder',0,NULL,NULL,NULL,'cs_live_a18PJq9lIrmwagvH3aXcXUpoc1gvfrulJkZsdtYjMpYLzLmAAoXvFQ13TB',NULL,NULL,NULL,NULL,NULL),(371,1875,NULL,1,'OFCB000078',395,'cb','pending','https://checkout.stripe.com/c/pay/cs_live_a1L1iY9cv1hNrAUS53jBgcjO6c4oFk3z5Dwzaxalb47pEQmoFWORtCpHwi#fidkdWxOYHwnPyd1blppbHNgWjA0VW10cENNZG81Q1M0dk1NcTxkdGt9bWlKR29RPDxoPG1pVzdwTWpQbEo2dTw9Z0F3SzZVV2EzUm9uUGxSblJMakN0MFZ3S2FESTF8PG9fM1YxU3d1UlNjNTVUQlMzQEA1SicpJ2N3amhWYHdzYHcnP3F3cGApJ2lkfGpwcVF8dWAnPyd2bGtiaWBabHFgaCcpJ2BrZGdpYFVpZGZgbWppYWB3dic%2FcXdwYHgl',NULL,'2025-02-26 10:27:51','2025-02-26 10:27:52','offerorder',0,NULL,NULL,NULL,'cs_live_a1L1iY9cv1hNrAUS53jBgcjO6c4oFk3z5Dwzaxalb47pEQmoFWORtCpHwi',NULL,NULL,NULL,NULL,NULL),(372,1875,NULL,2,'OFBT000052',395,'bank_transfer','pending',NULL,NULL,'2025-02-26 10:29:58','2025-02-26 10:29:58','offerorder',0,NULL,NULL,NULL,NULL,NULL,NULL,NULL,NULL,NULL),(373,1875,NULL,1,'OFBT000053',395,'bank_transfer','pending',NULL,NULL,'2025-02-26 10:32:34','2025-02-26 10:32:34','offerorder',0,NULL,NULL,NULL,NULL,NULL,NULL,NULL,NULL,NULL),(374,3947,243,NULL,'ADCOBT000026',190,'bank_transfer','processing',NULL,NULL,'2025-02-26 11:03:47','2025-02-26 17:26:52','advertbroadcastorder',20,NULL,NULL,NULL,NULL,NULL,NULL,NULL,NULL,NULL),(375,5055,NULL,5,'OFCB000079',600,'cb','pending','https://tpeweb.paybox.com/cgi/MYchoix_pagepaiement.cgi?PBX_SITE=5016323&PBX_RANG=01&PBX_IDENTIFIANT=722066132&PBX_TOTAL=60000&PBX_DEVISE=978&PBX_CMD=PROD-OFCB000079&PBX_PORTEUR=jakub.smetana@czechtrade.cz&PBX_RETOUR=id:S;amount:M;reference:R;appel:T;autorization:A;error:E;signature:K&PBX_HASH=SHA512&PBX_RUF1=POST&PBX_EFFECTUE=https://admin.agentcommercial.fr/payment/success&PBX_REFUSE=https://admin.agentcommercial.fr/payment/failed&PBX_ANNULE=https://admin.agentcommercial.fr/payment/canceled&PBX_ATTENTE=https://admin.agentcommercial.fr/registration/pending&PBX_REPONDRE_A=https://admin.agentcommercial.fr/verifone/webhooks&PBX_TIME=2025-02-26&PBX_HMAC=435020AF09524FBC31497ADBBB14C4AD01BB23AD9B0C53970765369115783013DC337A1C9E6DFFDD5BF711506C1AD765222C095BDE89F7D88F957F6B959B3DEA',NULL,'2025-02-26 14:15:25','2025-02-26 14:15:25','offerorder',0,NULL,NULL,NULL,NULL,NULL,NULL,NULL,NULL,NULL),(376,5112,NULL,NULL,'CT000052',41.67,'cb','paid','https://tpeweb.paybox.com/cgi/MYchoix_pagepaiement.cgi?PBX_SITE=5016323&PBX_RANG=01&PBX_IDENTIFIANT=722066132&PBX_TOTAL=4167&PBX_DEVISE=978&PBX_CMD=PROD-CT000052&PBX_PORTEUR=info@kymasystems.com&PBX_RETOUR=id:S;amount:M;reference:R;appel:T;autorization:A;error:E;signature:K&PBX_HASH=SHA512&PBX_RUF1=POST&PBX_EFFECTUE=https://admin.agentcommercial.fr/payment/success&PBX_REFUSE=https://admin.agentcommercial.fr/payment/failed&PBX_ANNULE=https://admin.agentcommercial.fr/payment/canceled&PBX_ATTENTE=https://admin.agentcommercial.fr/registration/pending&PBX_REPONDRE_A=https://admin.agentcommercial.fr/verifone/webhooks&PBX_TIME=2025-02-26&PBX_HMAC=EFCD05EE42EE5A1DAD7ABEC7D5E35BA45D8B86EAE517014B6488B12DF92385A2921231795AB68AE9EA050FBF4A16456C74DF3A1745E772A94947E53DF0F58F70',NULL,'2025-02-26 15:43:21','2025-02-26 15:45:37','contractorder',0,NULL,NULL,NULL,NULL,NULL,'185198210',10,NULL,NULL),(377,5107,242,NULL,'ADCOBT000027',370,'bank_transfer','paid',NULL,NULL,'2025-02-27 18:48:53','2025-03-06 18:36:33','advertbroadcastorder',0,NULL,NULL,NULL,NULL,NULL,NULL,NULL,NULL,NULL),(378,5116,NULL,2,'OFCB000080',395,'cb','paid','https://checkout.stripe.com/c/pay/cs_live_a1Pk7IoY74QpWcQbkG7jRLVlVcPeoKd4QlV2mOMmXVMsM10j8cgrIakv5q#fidkdWxOYHwnPyd1blppbHNgWjA0VW10cENNZG81Q1M0dk1NcTxkdGt9bWlKR29RPDxoPG1pVzdwTWpQbEo2dTw9Z0F3SzZVV2EzUm9uUGxSblJMakN0MFZ3S2FESTF8PG9fM1YxU3d1UlNjNTVUQlMzQEA1SicpJ2N3amhWYHdzYHcnP3F3cGApJ2lkfGpwcVF8dWAnPyd2bGtiaWBabHFgaCcpJ2BrZGdpYFVpZGZgbWppYWB3dic%2FcXdwYHgl',NULL,'2025-02-28 15:27:05','2025-03-04 10:23:39','offerorder',20,NULL,NULL,NULL,'cs_live_a1Pk7IoY74QpWcQbkG7jRLVlVcPeoKd4QlV2mOMmXVMsM10j8cgrIakv5q','pi_3QxUZ1Haj0FV1sHH1hfCKFyW',NULL,NULL,NULL,'2025-02-28 15:30:09'),(379,74,NULL,NULL,'CT000053',41.67,'cb','pending','https://tpeweb.paybox.com/cgi/MYchoix_pagepaiement.cgi?PBX_SITE=5016323&PBX_RANG=01&PBX_IDENTIFIANT=722066132&PBX_TOTAL=4167&PBX_DEVISE=978&PBX_CMD=PROD-CT000053&PBX_PORTEUR=mbutterbrodt@francoallemand.com&PBX_RETOUR=id:S;amount:M;reference:R;appel:T;autorization:A;error:E;signature:K&PBX_HASH=SHA512&PBX_RUF1=POST&PBX_EFFECTUE=https://admin.agentcommercial.fr/payment/success&PBX_REFUSE=https://admin.agentcommercial.fr/payment/failed&PBX_ANNULE=https://admin.agentcommercial.fr/payment/canceled&PBX_ATTENTE=https://admin.agentcommercial.fr/registration/pending&PBX_REPONDRE_A=https://admin.agentcommercial.fr/verifone/webhooks&PBX_TIME=2025-03-04&PBX_HMAC=FA84984D7042F2F8B24E31FD709E652D16FCDEC6579BBD9675BA0B47CF9D59F2F15B7B1CCF467FAE297BA9C2956ABE65299DE6183E0B2D31946AE98130C3FE5F',NULL,'2025-03-04 16:10:29','2025-03-04 16:10:29','contractorder',0,NULL,NULL,NULL,NULL,NULL,NULL,7,NULL,NULL),(380,4189,244,NULL,'ADCOCB000020',210,'cb','paid','https://tpeweb.paybox.com/cgi/MYchoix_pagepaiement.cgi?PBX_SITE=5016323&PBX_RANG=01&PBX_IDENTIFIANT=722066132&PBX_TOTAL=25200&PBX_DEVISE=978&PBX_CMD=PROD-ADCOCB000020&PBX_PORTEUR=smontaud@lhp-provence.com&PBX_RETOUR=id:S;amount:M;reference:R;appel:T;autorization:A;error:E;signature:K&PBX_HASH=SHA512&PBX_RUF1=POST&PBX_EFFECTUE=https://admin.agentcommercial.fr/advert/create/success&PBX_REFUSE=https://admin.agentcommercial.fr/payment/failed&PBX_ANNULE=https://admin.agentcommercial.fr/payment/canceled&PBX_ATTENTE=https://admin.agentcommercial.fr/registration/pending&PBX_REPONDRE_A=https://admin.agentcommercial.fr/verifone/webhooks&PBX_TIME=2025-03-06&PBX_HMAC=AA44734BC1290038EF31E24B867E5F3A5F49EFDF3302810412479F26DBA9043B1D39DEBE6F2033A24519A293923D5836253403347D926DB76175F1A55EBFEC20',NULL,'2025-03-06 11:13:34','2025-03-06 11:14:24','advertbroadcastorder',20,NULL,NULL,NULL,NULL,NULL,'317085543',NULL,NULL,NULL),(381,5132,NULL,1,'OFBT000054',395,'bank_transfer','pending',NULL,NULL,'2025-03-12 17:07:16','2025-03-12 17:07:16','offerorder',20,NULL,NULL,NULL,NULL,NULL,NULL,NULL,NULL,NULL),(382,2991,NULL,NULL,'CT000054',41.67,'cb','pending','https://tpeweb.paybox.com/cgi/MYchoix_pagepaiement.cgi?PBX_SITE=5016323&PBX_RANG=01&PBX_IDENTIFIANT=722066132&PBX_TOTAL=5000&PBX_DEVISE=978&PBX_CMD=PROD-CT000054&PBX_PORTEUR=contact@portes-cib.fr&PBX_RETOUR=id:S;amount:M;reference:R;appel:T;autorization:A;error:E;signature:K&PBX_HASH=SHA512&PBX_RUF1=POST&PBX_EFFECTUE=https://admin.agentcommercial.fr/payment/success&PBX_REFUSE=https://admin.agentcommercial.fr/payment/failed&PBX_ANNULE=https://admin.agentcommercial.fr/payment/canceled&PBX_ATTENTE=https://admin.agentcommercial.fr/registration/pending&PBX_REPONDRE_A=https://admin.agentcommercial.fr/verifone/webhooks&PBX_TIME=2025-03-17&PBX_HMAC=7E25FC17F9635AC24EFEBDCC6246C9E1C75CEE782EACBB4DFE924AEFC0E484D8845F0D409DF2A2E43B47B64059CCB5A70DC2CFA65172BDBF161030246367484A',NULL,'2025-03-17 14:59:56','2025-03-17 14:59:56','contractorder',20,NULL,NULL,NULL,NULL,NULL,NULL,10,NULL,NULL),(383,3640,NULL,2,'OFCB000081',395,'cb','validated','https://checkout.stripe.com/c/pay/cs_live_a1Hqi9Ug3YzI2Hba3vf4NU5IeZcGX9jNfjhlmRiquTXBX1IHhhjQpH4gXg#fidkdWxOYHwnPyd1blppbHNgWjA0VW10cENNZG81Q1M0dk1NcTxkdGt9bWlKR29RPDxoPG1pVzdwTWpQbEo2dTw9Z0F3SzZVV2EzUm9uUGxSblJMakN0MFZ3S2FESTF8PG9fM1YxU3d1UlNjNTVUQlMzQEA1SicpJ2N3amhWYHdzYHcnP3F3cGApJ2lkfGpwcVF8dWAnPyd2bGtiaWBabHFgaCcpJ2BrZGdpYFVpZGZgbWppYWB3dic%2FcXdwYHgl',NULL,'2025-03-18 18:35:32','2025-03-18 18:36:23','offerorder',20,NULL,NULL,NULL,'cs_live_a1Hqi9Ug3YzI2Hba3vf4NU5IeZcGX9jNfjhlmRiquTXBX1IHhhjQpH4gXg','pi_3R443oHaj0FV1sHH0z8BmvDN',NULL,NULL,NULL,'2025-03-18 18:36:22'),(384,3640,248,NULL,'ADCT000004',0,'credit','paid',NULL,NULL,'2025-03-18 18:45:32','2025-03-18 18:45:32','advertbroadcastorder',20,94,NULL,NULL,NULL,NULL,NULL,NULL,NULL,'2025-03-18 18:45:32'),(385,5133,NULL,2,'OFBT000055',395,'bank_transfer','cancelled',NULL,NULL,'2025-03-19 17:49:28','2025-03-19 17:49:50','offerorder',20,NULL,NULL,NULL,NULL,NULL,NULL,NULL,NULL,NULL),(386,5133,NULL,2,'OFCB000082',395,'cb','validated','https://checkout.stripe.com/c/pay/cs_live_a1gLgJ3DeBEzaIXGkmGAVHdeXTvI2hwHL0luqjY9o2uuRwTGlNXSuYfEAB#fidkdWxOYHwnPyd1blppbHNgWjA0VW10cENNZG81Q1M0dk1NcTxkdGt9bWlKR29RPDxoPG1pVzdwTWpQbEo2dTw9Z0F3SzZVV2EzUm9uUGxSblJMakN0MFZ3S2FESTF8PG9fM1YxU3d1UlNjNTVUQlMzQEA1SicpJ2N3amhWYHdzYHcnP3F3cGApJ2lkfGpwcVF8dWAnPyd2bGtiaWBabHFgaCcpJ2BrZGdpYFVpZGZgbWppYWB3dic%2FcXdwYHgl',NULL,'2025-03-19 17:49:48','2025-03-19 17:54:41','offerorder',20,NULL,NULL,NULL,'cs_live_a1gLgJ3DeBEzaIXGkmGAVHdeXTvI2hwHL0luqjY9o2uuRwTGlNXSuYfEAB','pi_3R4PpbHaj0FV1sHH1H9UeYev',NULL,NULL,NULL,'2025-03-19 17:54:41');

--
-- Table structure for table `order_history`
--

CREATE TABLE `order_history` (
  `id` int NOT NULL AUTO_INCREMENT,
  `original_order_id` int NOT NULL,
  `created_at` datetime NOT NULL,
  `updated_at` datetime NOT NULL,
  PRIMARY KEY (`id`),
  KEY `IDX_D1C0D900AEC08A29` (`original_order_id`),
  CONSTRAINT `FK_D1C0D900AEC08A29` FOREIGN KEY (`original_order_id`) REFERENCES `order` (`id`)
) ENGINE=InnoDB DEFAULT CHARSET=utf8mb3 COLLATE=utf8mb3_unicode_ci;

--
-- Dumping data for table `order_history`
--


--
-- Table structure for table `package_offer`
--

CREATE TABLE `package_offer` (
  `id` int NOT NULL,
  PRIMARY KEY (`id`),
  CONSTRAINT `FK_BCD280D9BF396750` FOREIGN KEY (`id`) REFERENCES `offer` (`id`) ON DELETE CASCADE
) ENGINE=InnoDB DEFAULT CHARSET=utf8mb3 COLLATE=utf8mb3_unicode_ci;

--
-- Dumping data for table `package_offer`
--

INSERT INTO `package_offer` VALUES (3),(4),(5),(6);

--
-- Table structure for table `package_offer_option`
--

CREATE TABLE `package_offer_option` (
  `id` int NOT NULL AUTO_INCREMENT,
  `feature_id` int NOT NULL,
  `package_offer_id` int NOT NULL,
  `quantity` int NOT NULL DEFAULT '1',
  PRIMARY KEY (`id`),
  KEY `IDX_27CF686660E4B879` (`feature_id`),
  KEY `IDX_27CF6866B747E080` (`package_offer_id`),
  CONSTRAINT `FK_27CF686660E4B879` FOREIGN KEY (`feature_id`) REFERENCES `advert_option` (`id`),
  CONSTRAINT `FK_27CF6866B747E080` FOREIGN KEY (`package_offer_id`) REFERENCES `package_offer` (`id`)
) ENGINE=InnoDB AUTO_INCREMENT=15 DEFAULT CHARSET=utf8mb3 COLLATE=utf8mb3_unicode_ci;

--
-- Dumping data for table `package_offer_option`
--

INSERT INTO `package_offer_option` VALUES (1,1,3,1),(2,2,3,1),(3,3,3,1),(4,1,4,1),(5,2,4,1),(6,3,4,2),(7,4,4,1),(8,5,5,1),(9,2,5,1),(10,3,5,1),(11,5,6,1),(12,2,6,1),(13,3,6,2),(14,4,6,1);

--
-- Table structure for table `professional_chamber`
--

CREATE TABLE `professional_chamber` (
  `id` int NOT NULL AUTO_INCREMENT,
  `name` varchar(255) COLLATE utf8mb3_unicode_ci NOT NULL,
  `short_name` varchar(255) COLLATE utf8mb3_unicode_ci DEFAULT NULL,
  `image_url` varchar(255) COLLATE utf8mb3_unicode_ci DEFAULT NULL,
  `description` longtext COLLATE utf8mb3_unicode_ci,
  `informations` longtext COLLATE utf8mb3_unicode_ci,
  `phone` varchar(100) COLLATE utf8mb3_unicode_ci DEFAULT NULL,
  `phone2` varchar(100) COLLATE utf8mb3_unicode_ci DEFAULT NULL,
  `email` varchar(255) COLLATE utf8mb3_unicode_ci DEFAULT NULL,
  `federation_email` varchar(255) COLLATE utf8mb3_unicode_ci DEFAULT NULL,
  `url` varchar(255) COLLATE utf8mb3_unicode_ci DEFAULT NULL,
  `facebook` varchar(255) COLLATE utf8mb3_unicode_ci DEFAULT NULL,
  `linkedin` varchar(255) COLLATE utf8mb3_unicode_ci DEFAULT NULL,
  `twitter` varchar(255) COLLATE utf8mb3_unicode_ci DEFAULT NULL,
  `adresse` varchar(255) COLLATE utf8mb3_unicode_ci DEFAULT NULL,
  `adresse_complement` varchar(255) COLLATE utf8mb3_unicode_ci DEFAULT NULL,
  `postal_code` varchar(50) COLLATE utf8mb3_unicode_ci DEFAULT NULL,
  `city` varchar(255) COLLATE utf8mb3_unicode_ci DEFAULT NULL,
  `city_id` varchar(50) COLLATE utf8mb3_unicode_ci DEFAULT NULL,
  `president` varchar(255) COLLATE utf8mb3_unicode_ci DEFAULT NULL,
  `president_image` varchar(255) COLLATE utf8mb3_unicode_ci DEFAULT NULL,
  `adhesion_text` longtext COLLATE utf8mb3_unicode_ci,
  `infos` longtext COLLATE utf8mb3_unicode_ci,
  `agent_commercial_id` varchar(100) COLLATE utf8mb3_unicode_ci DEFAULT NULL,
  `slug` varchar(255) COLLATE utf8mb3_unicode_ci DEFAULT NULL,
  `created_at` datetime NOT NULL,
  `updated_at` datetime NOT NULL,
  PRIMARY KEY (`id`)
) ENGINE=InnoDB AUTO_INCREMENT=47 DEFAULT CHARSET=utf8mb3 COLLATE=utf8mb3_unicode_ci;

--
-- Dumping data for table `professional_chamber`
--

INSERT INTO `professional_chamber` VALUES (20,'Chambre Professionnelle des Agents Commerciaux de l\'Ouest','Ouest','usr/documents/images/chambres/ruban-ouest.jpg','<p><strong>Avec la F.N.A.C. Ouest, vous &eacute;vitez l&rsquo;isolement, vous &ecirc;tes guid&eacute;, conseill&eacute; et vous &ecirc;tes prot&eacute;g&eacute; et d&eacute;fendu !&nbsp;</strong></p>\n<p>Pour que votre ind&eacute;pendance soit synonyme de r&eacute;ussite, nous vous transmettons des conseils avis&eacute;s, le soutien et la communication de professionnels exp&eacute;riment&eacute;s. Etre Agent Commercial, c&rsquo;est vivre une aventure entrepreneuriale exigeante.</p>\n<p>La s&eacute;curit&eacute; : gr&acirc;ce &agrave;&nbsp;<strong>notre assistance juridique sp&eacute;cifique</strong>, nous vous accompagnons dans l&rsquo;&eacute;laboration et la signature de vos mandats, ainsi qu&rsquo;en cas de litige. Utile pour &eacute;viter les pi&egrave;ges !</p>\n<p>Le d&eacute;veloppement de votre portefeuille : nous relayons les annonces sur la F.N.A.C. et organisons r&eacute;guli&egrave;rement des rencontres interprofessionnelles.<br><strong>Le salon r&eacute;gional BoursOcarteS</strong>, est une occasion unique de rencontres entre agents commerciaux et mandants. Utile pour d&eacute;velopper votre affaire !</p>\n<p><strong>La formation</strong> : toute l&rsquo;ann&eacute;e, nous organisons de nombreuses sessions de formations th&eacute;matiques, prises en charge partiellement ou enti&egrave;rement par votre fonds de formation professionnelle. Utile pour enrichir vos comp&eacute;tences !</p>\n<p><strong>L&rsquo;information r&eacute;guli&egrave;re</strong>&nbsp;: nos diff&eacute;rentes publications (newsletters, site internet, revue f&eacute;d&eacute;rale&hellip;) vous fournissent toutes les informations n&eacute;cessaires sur les &eacute;volutions de notre m&eacute;tier (&eacute;v&eacute;nements, cadre juridique, t&eacute;moignages&hellip;). Utile pour rester &agrave; jour !</p>\n<p>Le soutien du premier groupement r&eacute;gional et La force d&rsquo;un r&eacute;seau national :&nbsp;<strong>Nos ma&icirc;tres-mots : professionnalisme, convivialit&eacute; et &eacute;change d&rsquo;exp&eacute;riences en ayant la repr&eacute;sentativit&eacute; nationale et internationale pour d&eacute;fendre notre statut.&nbsp;</strong>Utile pour se sentir moins seul !</p>\n<p><strong>Appuyez-vous sur nos nombreux services !</strong></p>\n<ul>\n<li><a href=\"https://www.agentcommercial.fr/aide-juridique/\">Assistance juridique</a> et la ma&icirc;trise de toutes les subtilit&eacute;s de votre statut.</li>\n<li>L&rsquo;&eacute;tude de vos contrats avant signature et en cas de litige et des contrats-types en plusieurs langues.</li>\n<li>Un dossier complet sur les particularit&eacute;s du <a href=\"https://www.agentcommercial.fr/devenir-agent-commercial-en-10-etapes/\">m&eacute;tier d&rsquo;Agent Commercial.</a></li>\n<li>Accompagnement certification</li>\n<li>Engagement Formation</li>\n<li>L&rsquo;&eacute;volution des technologies, la complexit&eacute; du contexte &eacute;conomique et de la mondialisation impliquent la mise &agrave; jour constante des comp&eacute;tences de l&rsquo;Agent Commercial.</li>\n<li><a href=\"https://www.agentcommercial.fr/formations/\">Nos Formations</a>, organis&eacute;es en groupe autour de th&egrave;mes p&eacute;dagogiques, sont reconnues par les organismes collecteurs des fonds de formation et encadr&eacute;es par un animateur sp&eacute;cialis&eacute; sur la profession d&rsquo;Agent Commercial.</li>\n<li>Des r&eacute;unions d&rsquo;information (au sein des CCI et MCTE).</li>\n<li>Des Adh&eacute;rencontres-r&eacute;unions conviviales autour d&rsquo;un th&egrave;me propos&eacute; et Rencontres professionnelles</li>\n<li>Communication et Newsletter.</li>\n<li>Retrouvez-nous sur notre site<strong><a href=\"https://www.fnacouest.net/\"> https://www.fnacouest.net/</a></strong></li>\n</ul>','','06 41 43 67 07',NULL,'fnacouest.agentco@gmail.com',NULL,NULL,NULL,NULL,NULL,'1 rue Françoise SAGAN','CCI NANTES/ST-NAZAIRE','44802','Saint-Herblain',NULL,'Isabelle ESPELLE','','','<p><strong>FNAC Ouest</strong><br>1 rue Fran&ccedil;oise Sagan<br>44802 Saint-Herblain<br>T&eacute;l: 06.41.43.67.07<br>Organisme Certifi&eacute; QUALIOPI Actions de formation - n&deg; d&eacute;claration 52440460644<br><strong>Merci de laisser un message sur notre r&eacute;pondeur pour &ecirc;tre rappel&eacute;s<br></strong></p>','1','chambre-regionale-des-agents-commerciaux-fnac-ouest','2024-09-30 14:07:56','2025-02-26 15:52:04'),(21,'Chambre Professionnelle des Agents Commerciaux d\'Alsace - Franche Comté','Alsace - Franche Comté','usr/documents/images/chambres/lieu-alsace.jpg','<p>Un peu d&rsquo;histoire, c&rsquo;est en novembre 1918 que na&icirc;t &agrave; Strasbourg le &laquo;&nbsp;Syndicat des Agents Commerciaux du Bas-Rhin. C&rsquo;est en 1930 que les deux d&eacute;partements alsaciens sont r&eacute;unis, et c&rsquo;est en 2005 que les r&eacute;gions Alsace et la Franche-Comt&eacute; sont rassembl&eacute;es sous la d&eacute;nomination&nbsp;:&nbsp;&laquo;&nbsp;CPAC Alsace / Franche-Comt&eacute;&nbsp;&raquo;,&nbsp; 6 d&eacute;partements qui forment une longue r&eacute;gion frontali&egrave;re du nord du Bas-Rhin au sud du Jura.</p>\n<p>Le Bureau de cette nouvelle Chambre R&eacute;gionale est compos&eacute; de 5 membres b&eacute;n&eacute;voles : 1 Pr&eacute;sident, 2 Vice-Pr&eacute;sidents, 1 Secr&eacute;taire G&eacute;n&eacute;ral et 1 Assesseur.</p>\n<p>Nous accentuons la communication aupr&egrave;s des institutionnels &nbsp;(C.C.I, Greffes&hellip;) et privil&eacute;gions les contacts avec et entre les adh&eacute;rents.</p>\n<p>Dans le soutien apport&eacute; &agrave; nos coll&egrave;gues, nous pouvons nous appuyer sur les comp&eacute;tences et avis de nos 3 avocats locaux (Strasbourg, Colmar, Besan&ccedil;on) et de nos 2 experts comptables (Strasbourg, Colmar).</p>\n<p>Outre l&rsquo;Assembl&eacute;e G&eacute;n&eacute;rale annuelle, nous organisons des rencontres &agrave; th&egrave;mes sous forme de d&eacute;jeuner-d&eacute;bat avec participation de conseils ou d&rsquo;intervenants ext&eacute;rieurs. Elles se d&eacute;roulent, selon le calendrier tous les deux ou trois mois du nord au sud dans des villes diff&eacute;rentes.</p>','','06 62 93 38 66','','fnac.alsace.franchecomte@gmail.com','',NULL,NULL,'',NULL,'68 Avenue de la République','','68000','Colmar','27005','Alain HENCK 06 62 93 38 66','','','<p><strong><u>Adresse</u> :</strong><br>CPAC ALSACE FRANCHE COMTE<br>68 avenue de la R&eacute;publique<br>68000 COLMAR</p>\n<p><a href=\"mailto:fnac.alsace.franchecomte@gmail.com\">fnac.alsace.franchecomte@gmail.com</a></p>\n<p><br><strong>Permanences sur rendez-vous.<br><br></strong><br><br><strong>FRANCHE-COMTE</strong><br>Contact : Claudette CHALEAT<br>06 82 14 27 74<br><br>Sans frais pour les adh&eacute;rents.<br><br>Pour les non-adh&eacute;rents, informations g&eacute;n&eacute;rales sur la F&eacute;d&eacute;ration.&nbsp;&nbsp;&nbsp;&nbsp;&nbsp;&nbsp;&nbsp;&nbsp;&nbsp;&nbsp;&nbsp;&nbsp;&nbsp;&nbsp;&nbsp;&nbsp;&nbsp;&nbsp;&nbsp;&nbsp;&nbsp;&nbsp;&nbsp;&nbsp;&nbsp;&nbsp;&nbsp;&nbsp;&nbsp;&nbsp;&nbsp;&nbsp;&nbsp;&nbsp;&nbsp;&nbsp;&nbsp;&nbsp;&nbsp;&nbsp;&nbsp;<br>Informations compl&eacute;mentaires et &eacute;tudes de dossiers, pr&eacute;-adh&eacute;sion demand&eacute;e de 150,00 &euro; H.T &nbsp;(comprenant documentation compl&egrave;te &nbsp;sur la profession, extraits code du commerce et contrat type, valeur 60&euro;).<br>Pr&eacute;-inscription d&eacute;ductible, dans un d&eacute;lai de 6 mois, lors de l&rsquo;adh&eacute;sion.&nbsp;Cotisation annuelle 375,00 &euro; HT, soit 450,00 T.T.C (d&eacute;ductible fiscalement)</p>','2','chambre-professionnelle-des-agents-commerciaux-d-alsace-franche-comte','2024-09-30 14:07:56','2025-02-26 15:48:10'),(22,'Chambre Professionnelle des Agents Commerciaux d\'Auvergne-Limousin','Auvergne-Limousin','usr/documents/images/chambres/lieu-auvergne.jpg','<p>Qu&rsquo;est-ce qu&rsquo;une Chambre R&eacute;gionale ? C&rsquo;est une entit&eacute; qui s&rsquo;appuie sur le particularisme d&rsquo;une r&eacute;gion en prenant surtout en compte les qualit&eacute;s et les points forts de cette r&eacute;gion.</p>\n<p>Cette Auvergne, qui pour certains semble loin de tout et d&eacute;cal&eacute;e, est en fait remarquablement bien plac&eacute;e au centre de la France. C&rsquo;est une r&eacute;gion qui poss&egrave;de des leaders mondiaux de l&rsquo;industrie :<br>- Michelin dans les pneumatiques.<br>- Limagrain dans les semences et les c&eacute;r&eacute;ales.<br>- Chibret en sp&eacute;cialit&eacute;s pharmaceutiques pour les soins des yeux.</p>\n<p>&lt;strong&gt;Le l&eacute;gendaire sens de l\'&eacute;conomie attribu&eacute; &agrave; l\'Auvergnat s\'appuie sur l&rsquo;adage selon lequel &laquo; le premier argent que l\'on gagne est celui que l\'on ne d&eacute;pense pas &raquo;&hellip; L&rsquo;Auvergne est en fait une r&eacute;gion laborieuse qui a le sens des valeurs profondes, du r&ocirc;le du travail, de l\'&eacute;conomie, et de la parole donn&eacute;e&lt;/strong&gt;.</p>\n<p>Le maillage industriel (80 %) repose notamment sur les petites et moyennes entreprises, ce qui constitue un potentiel tr&egrave;s important de mandants &eacute;ventuels pour les Agents Commerciaux.</p>\n<p>&lt;strong&gt;Le point &nbsp;fort de nos actions actuelles &nbsp;consiste &nbsp;de ce fait &agrave; &eacute;tablir une passerelle entre les Agents Commerciaux et ces entreprises qui en cherchent&lt;/strong&gt;.</p>\n<p>Comment trouver un bon commercial salari&eacute; ? comment le g&eacute;rer ? le fid&eacute;liser ? Ce sont l&agrave; des probl&egrave;mes fondamentaux, d\'autant qu\'en cas d\'&eacute;chec le risque financier est important.<br>Alors que l\'Agent Commercial, profil commercial performant, souvent m&eacute;connu des entreprises, pr&eacute;sente pour elles la r&eacute;solution d\'un de leurs probl&egrave;mes essentiels &hellip; la &laquo; commercialit&eacute; &raquo; de l\'entreprise.<br>Un bon Agent Commercial en ad&eacute;quation avec l\'entreprise, devient un collaborateur commercial, adoptant l\'esprit, et l\'avenir de cette entreprise, en l\'aidant &agrave; se d&eacute;velopper, lui prodiguant outre l\'apport des commandes n&eacute;cessaires, les informations et les conseille sur l\'&eacute;volution souhaitable des produits, sur la concurrence etc.</p>\n<p>La collaboration de plus en plus active, avec les Chambres de Commerce et d\'Industrie, de &lt;strong&gt;Limoges&lt;/strong&gt;, de &lt;strong&gt;Brive&lt;/strong&gt;, de &lt;strong&gt;Clermont-Ferrand&lt;/strong&gt;, &lt;strong&gt;de Moulins Vichy&lt;/strong&gt;, constitue un des leviers essentiels de la construction de cette passerelle destin&eacute;e &agrave; aider les entreprises r&eacute;gionales &agrave; se d&eacute;velopper en s\'appuyant sur les Agents Commerciaux.<br>&lt;strong&gt;C\'est une d&eacute;marche essentielle, pour le d&eacute;veloppement &eacute;conomique de la r&eacute;gion&lt;/strong&gt;</p>\n<p>Que vous soyez actuellement Agent Commercial en activit&eacute;, ou Agent Commercial potentiel en projet, sachez que votre chambre r&eacute;gionale appartenant la F&eacute;d&eacute;ration Nationale des Agents Commerciaux est &agrave; votre &eacute;coute, et vous conseille de ne plus rester seul, ne serait-ce que vu les difficult&eacute;s de plus en plus &eacute;videntes &agrave; exercer votre m&eacute;tier dans un contexte devenant de plus en plus proc&eacute;durier.</p>\n<p>Dans l\'attente du plaisir de vous rencontrer&hellip;.</p>','','06 74 87 72 16','',' acx.auvergne@wanadoo.fr ','',NULL,NULL,'',NULL,'Maison des Associations ','11 rue des Saulées','63400','Chamalières','24822','Fabien DENY','','','<p><span style=\"color: #000000;\"><strong><u>Adresse</u> :</strong><br>CPAC AUVERGNE LIMOUSIN<br>Maison des Associations, 11 rue des Saul&eacute;es<br>63400 CHAMALIERES</span></p>\n<p>Mobile : 06 74 87 72 16</p>\n<p>T&eacute;l: 04 73 37 60 47</p>\n<p>mail: <a href=\"mailto:acx.auvergne@wanadoo.fr\">acx.auvergne@wanadoo.fr</a><br><br><span style=\"color: #000000;\"><strong>Permanences sur RDV par mail &agrave;&nbsp;</strong></span><a href=\"mailto:acx.auvergne@wanadoo.fr\">acx.auvergne@wanadoo.fr</a><br>et<br><strong>CHAMALIERES : Tous les PREMIERS VENDREDI DE CHAQUE MOIS de 09h00 &agrave; 12h00.</strong><br><span style=\"color: #000000;\">Contact : Fabien DENY, St&eacute;phane RICHARD, Philippe IRLANDE<br></span><span style=\"color: #000000;\">T&eacute;l: 04 73 37 60 47&nbsp;</span></p>\n<p><strong>LIMOGES/BRIVES : Une d&eacute;l&eacute;gation est assur&eacute;e.</strong></p>\n<p>Contact : Monsieur Jacques LACOMBE</p>\n<p>Pour un entretien : 06 08 95 16 52 ou jacques.lacombe7@wanadoo.fr&nbsp;<br><br><br></p>','3','chambre-professionnelle-regionnale-des-agents-commerciaux-d-auvergne-limousin','2024-09-30 14:07:56','2025-02-26 15:37:45'),(23,'Chambre Professionnelle des Agents Commerciaux du Centre Val de Loire','Centre Val de Loire','usr/documents/uploads/2022-01/11/img_3605.jpg','<p>Entre la r&eacute;gion Ile de France et Paris au nord, la Bretagne et les Pays de Loire &agrave; l&rsquo;ouest, et la nouvelle entit&eacute; Poitou-Charente-Aquitaine au sud, la r&eacute;gion Centre Val de Loire vit sa r&eacute;alit&eacute; industrielle propre en touchant aux domaines dont ces r&eacute;gions se disent les sp&eacute;cialistes et est ainsi pr&eacute;sente tant dans l&rsquo;agroalimentaire, que dans l&rsquo;a&eacute;ronautique et l&rsquo;automobile, mais elle a aussi ax&eacute; son d&eacute;veloppement sur les domaines de pointe que sont la chimie fine, la cosm&eacute;tique et la pharmacie.<br>Elle est aussi pr&eacute;sente dans le domaine des industries min&eacute;rales (on ne peut pas d&eacute;localiser les carri&egrave;res&nbsp;!!!) et les mat&eacute;riaux de construction.</p>\n<p>La Chambre Professionnelle des Agents Commerciaux du Centre regroupe toutes les forces vives de notre profession d&rsquo;Agent Commercial en son sein, et arrive &agrave; f&eacute;d&eacute;rer ces diff&eacute;rentes sp&eacute;cialit&eacute;s pour ne former qu&rsquo;un seul r&eacute;seau avec le seul objectif d&rsquo;aider les Agents Commerciaux &agrave; exister face &agrave; des lois souvent plus contraignantes les unes que les autres.</p>','','06 50 55 89 68','','agentscocentre@gmail.com','',NULL,NULL,'',NULL,'1 Rue Schiller ',' BP 80415','37200 ','Tours ','35313','José BERENGUER','','','<p><span style=\"color: #000000;\"><strong><u>Adresse</u> :</strong><br>CPAC CENTRE-VAL de LOIRE</span><span style=\"color: #000000;\">&nbsp;<br></span></p>\n<p>1 Rue Schiller<br>BP 80415<br>37200 Tours <br>06 50 55 89 68<br><br></p>','4','chambre-professionnelle-des-agents-commerciaux-centre-val-de-loire','2024-09-30 14:07:56','2025-02-26 15:49:22'),(24,'Chambre Professionnelle des Agents Commerciaux de Lorraine Champagne Ardenne','Lorraine Champagne Ardennes','usr/documents/uploads/2022-01/27/img_3083.jpg','<p><strong>L&rsquo;Agent Commercial, une solution &agrave; la difficult&eacute; de trouver un emploi.</strong></p>\n<p>Vous &ecirc;tes &agrave; la recherche d&rsquo;un emploi ? Vous &ecirc;tes ind&eacute;pendant et exp&eacute;riment&eacute; dans la vente. N&rsquo;h&eacute;sitez plus ! Devenez agent commercial : un concept de vente moderne, adapt&eacute; aux &eacute;volutions &eacute;conomiques actuelles. Car le partenariat avec un agent commercial supprime, pour les entreprises, les risques li&eacute;s &agrave; l&rsquo;investissement humain et financier d&rsquo;une force de vente int&eacute;gr&eacute;e. A titre de profession ind&eacute;pendante, vous &ecirc;tes r&eacute;mun&eacute;r&eacute; par commissionnement, sur la base de vos prestations. Ce qui fait de vous un entrepreneur, charg&eacute; de travailler au nom et pour le compte de producteurs, d\'industriels ou de commer&ccedil;ants.</p>\n<p><strong>Un appui solide</strong><br>Pour vous appuyer dans cette nouvelle orientation, vous pouvez compter sur l&rsquo;aide de la Chambre Professionnelle des Agents Commerciaux Lorraine - Champagne Ardenne. Informations sur les statuts, &nbsp;assistance aux formalit&eacute;s d&rsquo;inscription et d&eacute;livrance d&rsquo;une carte professionnelle&hellip; D&egrave;s votre adh&eacute;sion, vous b&eacute;n&eacute;ficiez des <a href=\"https://www.agentcommercial.fr/aide-juridique\">https://www.agentcommercial.fr/aide-juridique</a>, comptables, financiers mis en place au sein de la Chambre, ainsi que de formations de proximit&eacute;, cibl&eacute;es. &nbsp;Sans oublier les annonces des entreprises &agrave; travers le service de la bourse aux cartes.</p>',NULL,'06 88 88 10 41','06 88 88 10 41','fnacgrandest@orange.fr','','http://www.agentcom-lorraine.com','','',NULL,'Parc Saint Jacques 2 - Bât Océanis 1B - 35 rue Haroun Tazieff','','54320','Maxéville','20115','Loredana CORAVU','usr/documents/uploads/2023-03/22/img_3607.jpg','<p style=\"text-align: justify;\">Bonjour,&nbsp;</p>\r\n<p style=\"text-align: justify;\">Nous vous invitons &agrave; vous rapprocher de votre Chambre Professionnelle des Agents Commerciaux Lorraine-Champagne-Ardenne afin de r&eacute;gler le montant de votre adh&eacute;sion pour l\'ann&eacute;e en cours.&nbsp;</p>\r\n<p style=\"text-align: justify;\">Vous pouvez nous joidre au 06.88.88.10.41 ou par mail fnacgrandest@orange.fr</p>\r\n<p style=\"text-align: justify;\">Cordialement</p>\r\n<p>&nbsp;</p>\r\n<p>&nbsp;</p>','<p> </p>\r\n<p><span style=\"color: #000000;\"><strong><u>Adresse</u> :</strong><br />CPAC LORRAINE - CHAMPAGNE ARDENNE<br />Parc Saint Jacques 2 - Bât. Océanis 1 <br />35, rue Haroun Tazieff<br />54320 MAXEVILLE</span><br /><br /><strong>Permanence sur rendez-vous</strong><br /><span style=\"color: #000000;\">06 88 88 10 41 ou 03 83 44 76 18 <br /><a href=\"http://www.agentcom-lorraine.com\" target=\"_blank\" rel=\"noopener\">Visitez notre site internet</a><br /><br />- Non adhérents (avec participation payante) : Statut et Etude du projet avant démarrage d\'activité<br />- Adhérents : Tous conseils selon demandes</span><br /><br /><br /><br /> </p>','6','chambre-professionnelle-des-agents-commerciaux-de-lorraine-champagne-ardenne','2024-09-30 14:07:56','2025-02-26 15:39:56'),(25,'Chambre Professionnelle des Agents Commerciaux du Nord de la France','Nord','usr/documents/images/chambres/lieu-lille.jpg','<p>Vous &ecirc;tes jeune et vous avez envie de vous lancer dans l&rsquo;entrepreneuriat ?<br>Vous avez une belle exp&eacute;rience, et vous souhaitez vous appuyer dessus pour cr&eacute;er une activit&eacute; ind&eacute;pendante ?<br>Vous &ecirc;tes agent commercial, et vous souffrez de la solitude, de l&rsquo;isolement ?<br>Nous vous invitons &agrave; vous joindre &agrave; une r&eacute;union d&rsquo;information, le premier lundi apr&egrave;s-midi de chaque mois dans les superbes locaux de la CCI GRAND LILLE. Vous serez re&ccedil;us par des agents commerciaux exp&eacute;riment&eacute;s et b&eacute;n&eacute;voles, qui prendront le temps de vous expliquer comment bien d&eacute;marrer, et quels b&eacute;n&eacute;fices tirer de votre adh&eacute;sion si vous exercez depuis plusieurs ann&eacute;es. Vous pourrez rapidement int&eacute;grer le groupe convivial des adh&eacute;rents.<br>Des rendez-vous individuels sont propos&eacute;s aux nouveaux membres.</p>\n<p>Le r&ocirc;le de notre chambre, c&rsquo;est d&rsquo;&ecirc;tre pr&egrave;s de vous, de vous informer, de vous accompagner, de favoriser les &eacute;changes et de promouvoir localement la profession et cr&eacute;er des opportunit&eacute;s.<br>La Chambre est adh&eacute;rente de la FNAC, F&eacute;d&eacute;ration Nationale des Agents Commerciaux, qui n&eacute;gocie et d&eacute;fend la profession vis-&agrave;-vis des autorit&eacute;s nationales et internationales via l&rsquo;IUCAB. La carte professionnelle FNAC nous apporte toute une s&eacute;rie d&rsquo;avantages pratiques. Notre espace personnel sur le site vient compl&eacute;ter l&rsquo;offre, avec une assistance commerciale, juridique, pratique et une offre de formation pertinente gratuite par e-learning. Une &eacute;quipe de juristes sp&eacute;cialis&eacute;s conseille et d&eacute;fend les adh&eacute;rents en cas de litige. L&rsquo;AAAC propose ses services comptables et fiscaux.</p>\n<p>La dynamique du bureau assure la r&eacute;ussite de nos diff&eacute;rentes manifestations.<br>Nous r&eacute;alisons des d&icirc;ners-d&eacute;bats avec des intervenants de choix, sur des th&egrave;mes en rapport avec notre m&eacute;tier d&rsquo;agent commercial. Ce sont des moments d&rsquo;&eacute;changes conviviaux, qui peuvent apporter des opportunit&eacute;s de d&eacute;veloppement. Y sont pr&eacute;sents les &laquo; Anciens &raquo;, toujours joyeux, g&eacute;n&eacute;reux et bienveillants. De vrais bons moments.</p>\n<p>Alors, n&rsquo;h&eacute;sitez plus&hellip; Venez nous rejoindre !</p>\n<p>Car &laquo; L&rsquo;union fait la force &raquo; et &laquo; Ind&eacute;pendance ne veut pas dire isolement &raquo;</p>','','06 09 61 76 38','','info@cpacnorddefrance.fr','',NULL,NULL,'',NULL,'B.P 80034','','59800','Lille','22464','Gilles Delebecque','','','<p><span style=\"color: #000000;\"><strong><u>Adresse</u> :</strong></span><br>Chambre Professionnelle des Agents Commerciaux du Nord de la France<br><span style=\"color: #000000;\">B.P 80034<br>59005 LILLE Cedex</span><br><br><strong>Permanence sur rendez-vous</strong><br>06 09 61 76 38<br>&nbsp;</p>','7','chambre-professionnelle-des-agents-commerciaux-du-nord-de-la-france','2024-09-30 14:07:56','2025-02-26 15:36:49'),(26,'Chambre Professionnelle des Agents Commerciaux de Normandie','Normandie','usr/documents/uploads/2021-07/15/.jpg','<p>Fa&icirc;tes votre m&eacute;tier sereinement... la Chambre veille sur vos int&eacute;r&ecirc;ts</p>\n<p><strong>La Chambre des Agents est compos&eacute;e d\'agents commerciaux en activit&eacute; ou en retraite.</strong></p>\n<ul>\n<li>Nous apportons notre exp&eacute;rience et notre soutien, &eacute;vitant ainsi votre isolement.</li>\n<li>Nous mettons &agrave; votre disposition un contrat type.</li>\n<li>Nous organisons des d&icirc;ners rencontres, v&eacute;ritables moments d\'&eacute;changes et sources d\'informations pour tous.</li>\n</ul>\n<p>Des Informations d\'Ordre Juridique</p>\n<ul>\n<li>Un avocat sp&eacute;cialis&eacute; dans la profession analyse chacun de vos contrats.</li>\n<li>Lors d\'un litige, consultation gratuite avec cet avocat.</li>\n<li>Un <a href=\"https://www.agentcommercial.fr/aide-juridique/\">service juridique</a> &agrave; votre disposition.</li>\n</ul>\n<p>Des Informations d\'Ordre Administratif et Comptable</p>\n<ul>\n<li>Mise en relation avec un organisme agr&eacute;e sp&eacute;cial agents commerciaux (qui pr&eacute;sente des avantages fiscaux et des r&eacute;ductions d\'imp&ocirc;ts sur le revenu).</li>\n<li>Possibilit&eacute; d\'enregistrer votre comptabilit&eacute; &agrave; des prix tr&egrave;s int&eacute;ressants.</li>\n<li>Information des nouvelles r&egrave;gles ou &eacute;volution obligatoire(t&eacute;l&eacute;d&eacute;claration de la TVA).​</li>\n</ul>\n<p><strong>​Une assurance pr&eacute;voyance dans le cadre de l\'activit&eacute; comprise dans l\'adh&eacute;sion.</strong></p>\n<p><strong>OFFRE DE BIENVENUE</strong><br>Nous vous proposons l\'analyse gratuite d\'un de vos contrat par un avocat sp&eacute;cialis&eacute; dans notre profession ainsi que&nbsp;<strong>l\'adh&eacute;sion &agrave; 1 euro par jour</strong>&nbsp;pour<br>votre premi&egrave;re ann&eacute;e d\'adh&eacute;rent.</p>','','02 35 98 70 46','','cpacn@orange.fr','-',NULL,NULL,'',NULL,'C/° C.C.I. Rouen Métropole - 4 Passage de la Luciline - Bâtiment Vauban - CS 40641','','76007','Rouen Cedex 1','35379','Jean Francois JUHEL','','','<p><span style=\"color: #000000;\"><strong>Adresse :</strong><br>CPACN NORMANDIE<br>C/o CCI ROUEN M&eacute;tropole<br>4 Passage de la Luciline<br>B&acirc;timent Vauban<br>76007 ROUEN CEDEX 1</span><br><br><strong>Permanence sur rendez-vous</strong><br><span style=\"color: #000000;\">02 35 98 70 46</span>&nbsp;</p>','8','chambre-professionnelle-des-agents-commerciaux-de-normandie','2024-09-30 14:07:56','2025-02-26 15:50:06'),(27,'Chambre Professionnelle des Agents Commerciaux de la Région Sud','Région Sud','usr/documents/uploads/2021-05/05/dscf3133_1.jpg','<p>Bienvenue sur la page FNAC REGION SUD !</p>\n<p>Notre chambre syndicale r&eacute;gionale du Sud repr&eacute;sente la plus r&eacute;cente entit&eacute; au sein de la F&eacute;d&eacute;ration Nationale des Agents Commerciaux de France.</p>\n<p>Notre groupe, constitu&eacute; de coll&egrave;gues agents commerciaux, est anim&eacute; par des b&eacute;n&eacute;voles en activit&eacute; ou m&ecirc;me &agrave; la retraite, investis &agrave; consacrer une part de leur temps et de leurs comp&eacute;tences pour informer, aider et promouvoir notre noble m&eacute;tier d\'agent commercial.</p>\n<p>Dans un monde en constante &eacute;volution, la force de l\'<a href=\"https://www.agentcommercial.fr/devenir-agent-commercial-en-10-etapes/\">Agent Commercial</a> r&eacute;side dans son adaptabilit&eacute;. Nous nous effor&ccedil;ons d\'informer un large public sur notre profession, que ce soit une personne envisageant de devenir agent commercial apr&egrave;s une carri&egrave;re d&eacute;j&agrave; bien &eacute;tablie, ou un chef d\'entreprise qui ne dispose ni du temps ni des ressources n&eacute;cessaires pour d&eacute;velopper sa propre force de vente et augmenter son chiffre d\'affaires.</p>\n<p>Ne restez plus isol&eacute;(e), sans <a href=\"https://www.agentcommercial.fr/aide-juridique/\">conseil juridique</a> et sans r&eacute;seau, tout en restant inform&eacute;(e) sur les &eacute;volutions de votre profession. Nous sommes l&agrave; pour vous accompagner tout au long de votre parcours.</p>\n<p>N\'h&eacute;sitez pas &agrave; nous rejoindre ! Votre bureau est dirig&eacute; par des coll&egrave;gues agents commerciaux engag&eacute;s, anim&eacute;s par l\'altruisme et la soif de connaissance au sein de la chambre r&eacute;gionale Sud France.</p>\n<p>Retrouvez-nous&nbsp; <a href=\"https://fnacregionsud.assoconnect.com/page/3027832-f-n-a-c-region-sud\"><strong>ICI</strong></a></p>\n<p>&nbsp;</p>','','07 66 79 18 69','06 66 05 58 99 ','fnac.regionsud@gmail.com','',NULL,NULL,'',NULL,'217, RUE DE ST GILLES','','30600','VAUVERT','35331','Jérôme ALBIGES','','','','9','f-n-a-c-region-sud','2024-09-30 14:07:56','2025-02-26 15:53:56'),(28,'Chambre Professionnelle des Agents Commerciaux de Paris - Île de France','Paris - Île de France','usr/documents/uploads/2024-01/31/design-sans-titre-7.png','<p>La<a href=\"http://www.cpfac.com\">&nbsp;<strong>CPFAC</strong></a> (Chambre Professionnelle Francilienne des Agents Commerciaux) couvre les d&eacute;partements d&rsquo;Ile-de-France ainsi que l&rsquo;Yonne et l\'Oise.</p>\n<p>La Chambre couvre &eacute;galement les d&eacute;partements et territoires d\'outre-mer.</p>\n<p>Notre chambre est uniquement compos&eacute;e de <strong>b&eacute;n&eacute;voles</strong>, des Agents Commerciaux en activit&eacute; qui font b&eacute;n&eacute;ficier les futurs agents commerciaux et adh&eacute;rents de leur temps et de leurs comp&eacute;tence safin d\'informer, aider et promouvoir notre profession.</p>\n<p>Notre ambition est d\'informer le plus grand nombre sur notre profession : que ce soit la personne qui, dans le cadre d\'un projet de vie, d&eacute;cide de devenir Agent Commercial apr&egrave;s une carri&egrave;re d&eacute;j&agrave; bien remplie, ou bien encore le chef d\'entreprise qui n\'a ni le temps ni les moyens mat&eacute;riels ou humains de d&eacute;velopper sa propre force de vente pour augmenter son chiffre d\'affaires. Pour commencer du bon pied, la&nbsp;<a href=\"https://cpfac.com/reunion-dinformation-20-novembre-2024/\"><strong>R&eacute;union d&rsquo;information</strong></a>, d&eacute;di&eacute;e au d&eacute;marrage d&rsquo;activit&eacute;, l\'&nbsp;<strong>Adh&eacute;rencontre</strong>&nbsp;(r&eacute;unions informelles qui permettent l&rsquo;&eacute;change entre Adh&eacute;rents et non adh&eacute;rents, Agents Commerciaux en activit&eacute; ou sur le point de le devenir).</p>\n<p>Tout ce capital, h&eacute;rit&eacute; de nos pr&eacute;d&eacute;cesseurs et sans cesse enrichi et actualis&eacute;, nous permet d\'offrir &agrave; nos adh&eacute;rents tout un panel de services que vous pouvez d&eacute;couvrir sur notre site internet,&nbsp;<a href=\"http://www.cpfac.com/\">www.cpfac.com</a>, ou en nous contactant directement.</p>\n<p>Si vous souhaitez adh&eacute;rer directement &agrave; notre chambre&nbsp; rendez-vous sur :&nbsp; <a href=\"https://cpfac.com/adherer/\">https://cpfac.com/adherer/</a></p>','','0780555198','','info@cpfac.com','','https://cpfac.com/bulletin-dadhesion/',NULL,'',NULL,'15 rue des Halles','','75001','Paris','35253','François GALLIMARD','','','<p><span style=\"color: #000000;\"><strong><u>Domiciliation</u> :</strong><br>CPFAC<br>15 rue des Halles<br>75001 Paris</span><br><em><strong>(Attention : pas de rdv physique &agrave; cette adresse</strong></em></p>\n<p>&nbsp;</p>\n<p>Pour nous joindre merci de nous adresser un mail :</p>\n<p>info@cpfac.com</p>\n<p><br><span style=\"color: #843fa1;\"><strong>Pour adh&eacute;rer &agrave; la CPFAC, </strong></span><a title=\"Bulletin d\'adh&eacute;sion\" href=\"https://cpfac.com/bulletin-dadhesion/\" target=\"_blank\" rel=\"noopener\"><span style=\"color: #34495e;\"><strong><span style=\"color: #b96ad9;\"><span style=\"color: #843fa1;\">cliquez ici</span></span></strong></span></a><br>&nbsp;</p>','10','chambre-professionnelle-des-agents-commerciaux-de-paris-ile-de-france','2024-09-30 14:07:56','2025-02-26 15:43:53'),(29,'Chambre Professionnelle des Agents Commerciaux de Rhône-Alpes Bourgogne ','Rhône-Alpes Bourgogne','usr/documents/uploads/2022-03/16/sea-nature-outdoor-person-mountain-cloud-17401-pxhere.com.jpg','<p style=\"font-weight: 400;\"><em>ADHERER , C\'EST PARTAGER LES M&Ecirc;ME VALEURS &hellip; RENOUVELER SON ADHESION &hellip;C\'EST LES DEFENDRE DE FACON INDIVIDUELLES ET COLLECTIVES ..</em></p>\n<p style=\"font-weight: 400;\">&nbsp;Pour accroitre sa repr&eacute;sentativit&eacute;, et donc &ecirc;tre plus forte au sein de sa f&eacute;d&eacute;ration, la chambre professionnelle des agents commerciaux, invite tous les agents en exercices &agrave; la rejoindre.</p>\n<p style=\"font-weight: 400;\">Contactez-nous sur&nbsp;<a href=\"mailto:cpara@gmail.com\">cpara@gmail.com</a>&nbsp;, pour en savoir plus.</p>\n<p style=\"font-weight: 400;\">N&rsquo;oubliez pas notre slogan&nbsp;: &laquo; par les agents Co. pour les agents co &laquo;, car en ce moment, il faut se serrer les coudes pour tenir &laquo; la baraque &laquo; face aux d&eacute;fis qui se profilent&nbsp;!!</p>\n<p style=\"font-weight: 400;\"><strong>&nbsp;</strong>Nous sommes bien chez les agents commerciaux,</p>\n<p style=\"font-weight: 400;\">Nous sommes les agents commerciaux</p>\n<p style=\"font-weight: 400;\">Nous sommes bien &agrave; la f&eacute;d&eacute;ration,</p>\n<p style=\"font-weight: 400;\">Nous sommes&nbsp;<strong>LA</strong>&nbsp;f&eacute;d&eacute;ration</p>\n<p style=\"font-weight: 400;\">Rejoignez nous ,vous y serez \"chez vous\" !!</p>','','06 85 73 59 03','','cpacra@gmail.com','',NULL,NULL,'',NULL,'460 ROUTE DE TOULAUD','LA JUSTICE','07240','VERNOUX EN VIVARAIS','35317','Philippe TUFFERY','','','<pre> </pre>\r\n<p><span style=\"color: #000000;\"><strong><u>Adresse</u>  postale :</strong><br>FNAC RHONE ALPES BOURGOGNE<br></span></p>\r\n<p>460 ROUTE DE TOULAUD </p>\r\n<p>LA JUSTICE</p>\r\n<p>07240 VERNOUX EN VIVARAIS </p>\r\n<p><a href=\"mailto:cpacrab@gmail.com%20%3c%3c%3c%3c%3c%3c%3c\">cpacra@gmail.com</a></p>\r\n<p><strong>Permanence sur rendez-vous</strong></p>\r\n<p>Monsieur BOIRON 06 85 73 59 03</p>\r\n<p> </p>\r\n<h2><strong>Membres du bureaux :</strong></h2>\r\n<p><strong>Philippe TUFFERY</strong>  06 08 95 89 17 president</p>\r\n<p><strong>Isabel CAMPANON</strong> 06 23 22 81 84 secretaire generale </p>\r\n<p><strong> Christophe BACH</strong>  06 23 54 41 15 tresorier </p>\r\n<p><strong>Nicolas DERMAUX</strong> ; 06 07 71 83 47 en charge des renouvellements d\'adhesion </p>\r\n<p><strong>Claude GIORGIO</strong>  06 60 46 99 18 délegué  UNAPL et U2P metropole lyonnaise et 69</p>\r\n<p> I<strong>sabel CAMPANON</strong> 06 23 22 81 84 délégué UNAPL et U2P savoies 73 </p>\r\n<p><strong>Michel BOIRON</strong> 06 85 73 59 03  accueil des porteurs de projets et des primo- adherents</p>\r\n<p><strong>Jean louis  REVAUD </strong>; réferent juridique</p>\r\n<p> </p>','11','f-n-a-c-r-a-b-chambre-professionnelle-des-agents-commerciaux-de-rhone-alpes-bourgogne','2024-09-30 14:07:56','2025-02-26 15:52:45'),(30,'Chambre Professionnelle des Agents Commerciaux du Sud Ouest','Sud-Ouest','usr/documents/images/chambres/lieu-sud-ouest.jpg','<p><strong>PROFESSIONNALISME ET CONVIVIALITE&nbsp;:</strong><br>L&rsquo;ensemble de l&rsquo;&eacute;quipe que je repr&eacute;sente a pour mission d&rsquo;animer la FNAC-REGION SUD-OUEST avec deux axes&nbsp;prioritaires, comme suit :</p>\n<p><strong>Le Professionnalisme&nbsp;:</strong><br>En accompagnant les agents commerciaux dans l&rsquo;exercice quotidien de leur fonction et en soutenant les cr&eacute;ateurs dans leurs montages de projets</p>\n<p><strong>La Convivialit&eacute;&nbsp;:</strong><br>En cr&eacute;ant un authentique r&eacute;seau de professionnels, en facilitant les &eacute;changes entre cons&oelig;urs et confr&egrave;res et en &eacute;vitant l&rsquo;isolement propre &agrave; notre profession.</p>\n<p><strong>NOS SERVICES&nbsp;:</strong></p>\n<ul>\n<li>Le suivi quotidien et le <a href=\"https://www.agentcommercial.fr/aide-juridique/\">conseil juridique.</a></li>\n<li>Le soutien comptable fiscal et social.</li>\n<li>Les rendez-vous individuels de suivi comptable,</li>\n<li>Les actions de formation et le montage des dossiers de prise en charge aupr&egrave;s du FIF-PL.</li>\n<li>L&rsquo;&eacute;v&eacute;nementiel qui favorise les rencontres entre Agents Commerciaux et Chefs d&rsquo;Entreprise&nbsp;: (FORUM, BoursOcarteS, les adh&eacute;rencontres&hellip;).</li>\n<li>Les offres de cartes, fran&ccedil;aises et &eacute;trang&egrave;res.</li>\n<li>L&rsquo;ensemble des prestations f&eacute;d&eacute;rales assur&eacute;es &agrave; nos membres : (Revue de l&rsquo;agent commercial, la carte professionnelle ouvrant droit aux offres privil&eacute;gi&eacute;es de partenariat, le contrat groupe &laquo; Protection Juridique &raquo;, l&rsquo;assurance Invalidit&eacute;-D&eacute;c&egrave;s.</li>\n</ul>','',' 06 34 25 62 25','06 34 25 62 25','acx.sudouest@orange.fr','',NULL,NULL,'',NULL,'B.P N°128','','33024','Bordeaux','35324','Sabri BERTUCAT','','','<p><span style=\"color: #000000;\"><strong>Accueil téléphonique permanent :</strong> <br></span></p>\r\n<p>Tel: 06 34 25 62 25</p>\r\n<p><strong>Accueil physique :</strong> <br>Exclusivement sur rendez-vous.</p>\r\n<p><span style=\"color: #000000;\"><strong>FNAC SUD-OUEST</strong><br>B.P. N° 128<br>33024 BORDEAUX CEDEX</span></p>\r\n<p><strong>Email: <a href=\"mailto:acx.sudouest@orange.fr\">acx.sudouest@orange.fr</a></strong></p>','12','chambre-professionnelle-des-agents-commerciaux-du-sud-ouest','2024-09-30 14:07:56','2025-02-26 15:51:08'),(31,'Chambre Professionnelle des Agents Commerciaux de l\'Ile de La Réunion',NULL,'usr/documents/images/chambres/lieu-ile-de-la-reunion.jpg','',NULL,'-','','sebastien.courteille@asalou.com','','','','',NULL,'-',NULL,'97400','Saint Denis','35350',' -',NULL,NULL,'<span style=\"color:#000000\"><strong>Permanence sur rendez-vous</strong></span><br />\r\n&nbsp;','13','chambre-professionnelle-des-agents-commerciaux-de-l-ile-de-la-reunion','2024-09-30 14:07:56','2024-10-14 16:39:44'),(32,'Chambre test','Test2.3','','<p>Lorem ipsum dolor sit amet, consectetur adipiscing elit. Cras eget felis nec lorem mattis porta. Phasellus eu risus tortor. Maecenas varius in ligula non sagittis. Suspendisse non nunc ac ex dapibus dapibus. Sed convallis erat lectus, eu rhoncus diam rhoncus at. Nunc maximus sem ac euismod molestie. Integer pretium risus eget purus maximus faucibus. Mauris porttitor blandit viverra. Maecenas non egestas odio. Cras eget consectetur eros.</p>','',NULL,NULL,NULL,NULL,NULL,NULL,NULL,NULL,'45 rue du Pont','Bâtiment B','99000','Test-City',NULL,'Cédric','','','<p>Lorem ipsum dolor sit amet, consectetur adipiscing elit. Cras eget felis nec lorem mattis porta. Phasellus eu risus tortor. Maecenas varius in ligula non sagittis. Suspendisse non nunc ac ex dapibus dapibus. Sed convallis erat lectus, eu rhoncus diam rhoncus at. Nunc maximus sem ac euismod molestie. Integer pretium risus eget purus maximus faucibus. Mauris porttitor blandit viverra. Maecenas non egestas odio. Cras eget consectetur eros.</p>\r\n<p>Lorem ipsum dolor sit amet, consectetur adipiscing elit. Cras eget felis nec lorem mattis porta. Phasellus eu risus tortor. Maecenas varius in ligula non sagittis. Suspendisse non nunc ac ex dapibus dapibus. Sed convallis erat lectus, eu rhoncus diam rhoncus at. Nunc maximus sem ac euismod molestie. Integer pretium risus eget purus maximus faucibus. Mauris porttitor blandit viverra. Maecenas non egestas odio. Cras eget consectetur eros.</p>','14','chambre-test','2024-09-30 14:07:56','2024-10-14 16:39:44');

--
-- Table structure for table `professional_chamber_department`
--

CREATE TABLE `professional_chamber_department` (
  `professional_chamber_id` int NOT NULL,
  `department_id` int NOT NULL,
  PRIMARY KEY (`professional_chamber_id`,`department_id`),
  KEY `IDX_14205F78B3742359` (`professional_chamber_id`),
  KEY `IDX_14205F78AE80F5DF` (`department_id`),
  CONSTRAINT `FK_14205F78AE80F5DF` FOREIGN KEY (`department_id`) REFERENCES `department` (`id`) ON DELETE CASCADE,
  CONSTRAINT `FK_14205F78B3742359` FOREIGN KEY (`professional_chamber_id`) REFERENCES `professional_chamber` (`id`) ON DELETE CASCADE
) ENGINE=InnoDB DEFAULT CHARSET=utf8mb3 COLLATE=utf8mb3_unicode_ci;

--
-- Dumping data for table `professional_chamber_department`
--

INSERT INTO `professional_chamber_department` VALUES (20,26),(20,32),(20,41),(20,46),(20,50),(20,53),(20,69),(20,76),(20,82),(20,83),(20,99),(21,22),(21,36),(21,64),(21,65),(21,67),(21,87),(22,3),(22,15),(22,19),(22,20),(22,40),(22,55),(22,60),(22,84),(23,18),(23,25),(23,33),(23,34),(23,38),(23,42),(24,8),(24,10),(24,48),(24,49),(24,51),(24,52),(24,54),(24,85),(25,2),(25,56),(25,59),(25,77),(26,14),(26,24),(26,47),(26,58),(26,73),(27,4),(27,5),(27,6),(27,11),(27,13),(27,27),(27,31),(27,45),(27,63),(27,80),(27,81),(27,98),(27,100),(27,102),(28,57),(28,72),(28,74),(28,75),(28,86),(28,88),(28,89),(28,90),(28,91),(28,92),(28,93),(28,94),(28,95),(28,96),(28,101),(29,1),(29,7),(29,23),(29,35),(29,39),(29,66),(29,68),(29,70),(29,71),(29,97),(30,9),(30,12),(30,16),(30,17),(30,21),(30,28),(30,29),(30,30),(30,37),(30,43),(30,44),(30,61),(30,62),(30,78),(30,79),(31,97),(32,104);

--
-- Table structure for table `rdv_juridique`
--

CREATE TABLE `rdv_juridique` (
  `id` int NOT NULL AUTO_INCREMENT,
  `customer_id` int NOT NULL,
  `created_at` datetime NOT NULL,
  `updated_at` datetime NOT NULL,
  PRIMARY KEY (`id`),
  KEY `IDX_C9CEE5169395C3F3` (`customer_id`),
  CONSTRAINT `FK_C9CEE5169395C3F3` FOREIGN KEY (`customer_id`) REFERENCES `customer` (`id`)
) ENGINE=InnoDB AUTO_INCREMENT=19 DEFAULT CHARSET=utf8mb3 COLLATE=utf8mb3_unicode_ci;

--
-- Dumping data for table `rdv_juridique`
--

INSERT INTO `rdv_juridique` VALUES (1,3,'2024-08-20 08:04:15','2024-08-20 08:04:15'),(2,3,'2024-08-20 08:04:24','2024-08-20 08:04:24'),(3,3,'2024-08-20 08:10:41','2024-08-20 08:10:41'),(4,3,'2024-08-21 07:40:26','2024-08-21 07:40:26'),(5,3,'2024-09-11 07:37:15','2024-09-11 07:37:15'),(6,3,'2024-09-11 07:48:01','2024-09-11 07:48:01'),(7,3,'2024-09-11 12:17:37','2024-09-11 12:17:37'),(8,4485,'2024-09-17 14:16:31','2024-09-17 14:16:31'),(9,4815,'2024-10-22 10:03:46','2024-10-22 10:03:46'),(10,4823,'2024-10-22 14:52:58','2024-10-22 14:52:58'),(11,171,'2024-10-29 18:14:58','2024-10-29 18:14:58'),(12,2739,'2024-11-06 10:05:52','2024-11-06 10:05:52'),(13,4930,'2024-11-27 17:47:22','2024-11-27 17:47:22'),(14,1083,'2024-12-02 09:21:16','2024-12-02 09:21:16'),(15,3503,'2024-12-05 14:56:36','2024-12-05 14:56:36'),(16,3503,'2024-12-05 14:56:53','2024-12-05 14:56:53'),(17,450,'2025-01-23 14:56:24','2025-01-23 14:56:24'),(18,749,'2025-02-18 11:50:44','2025-02-18 11:50:44');

--
-- Table structure for table `region`
--

CREATE TABLE `region` (
  `id` int NOT NULL AUTO_INCREMENT,
  `name` varchar(255) COLLATE utf8mb3_unicode_ci NOT NULL,
  `slug` varchar(255) COLLATE utf8mb3_unicode_ci DEFAULT NULL,
  `old_id` int DEFAULT NULL,
  `created_at` datetime NOT NULL,
  `updated_at` datetime NOT NULL,
  PRIMARY KEY (`id`)
) ENGINE=InnoDB AUTO_INCREMENT=24 DEFAULT CHARSET=utf8mb3 COLLATE=utf8mb3_unicode_ci;

--
-- Dumping data for table `region`
--

INSERT INTO `region` VALUES (1,'Aquitaine','aquitaine',1,'2024-04-30 07:15:24','2024-04-30 07:15:24'),(2,'Auvergne','auvergne',2,'2024-04-30 07:15:24','2024-04-30 07:15:24'),(3,'Bourgogne','bourgogne',3,'2024-04-30 07:15:24','2024-04-30 07:15:24'),(4,'Bretagne','bretagne',4,'2024-04-30 07:15:24','2024-04-30 07:15:24'),(5,'Centre','centre',5,'2024-04-30 07:15:24','2024-04-30 07:15:24'),(6,'Champagne Ardenne','champagne-ardenne',6,'2024-04-30 07:15:24','2024-04-30 07:15:24'),(7,'Corse','corse',7,'2024-04-30 07:15:24','2024-04-30 07:15:24'),(8,'DOM TOM','dom-tom',8,'2024-04-30 07:15:24','2024-04-30 07:15:24'),(9,'Franche Comté','franche-comte',9,'2024-04-30 07:15:24','2024-04-30 07:15:24'),(10,'Ile de France','ile-de-france',10,'2024-04-30 07:15:24','2024-04-30 07:15:24'),(11,'Languedoc Roussillon','languedoc-roussillon',11,'2024-04-30 07:15:24','2024-04-30 07:15:24'),(12,'Limousin','limousin',12,'2024-04-30 07:15:24','2024-04-30 07:15:24'),(13,'Lorraine','lorraine',13,'2024-04-30 07:15:24','2024-04-30 07:15:24'),(14,'Midi Pyrénées','midi-pyrenees',14,'2024-04-30 07:15:24','2024-04-30 07:15:24'),(15,'Nord Pas de Calais','nord-pas-de-calais',15,'2024-04-30 07:15:24','2024-04-30 07:15:24'),(16,'Haute Normandie','haute-normandie',16,'2024-04-30 07:15:24','2024-04-30 07:15:24'),(17,'Pays de la Loire','pays-de-la-loire',17,'2024-04-30 07:15:24','2024-04-30 07:15:24'),(18,'Picardie','picardie',18,'2024-04-30 07:15:24','2024-04-30 07:15:24'),(19,'Poitou Charentes','poitou-charentes',19,'2024-04-30 07:15:24','2024-04-30 07:15:24'),(20,'Rhône Alpes','rhone-alpes',20,'2024-04-30 07:15:24','2024-04-30 07:15:24'),(21,'Alsace','alsace',21,'2024-04-30 07:15:24','2024-04-30 07:15:24'),(22,'Basse-Normandie','basse-normandie',22,'2024-04-30 07:15:24','2024-04-30 07:15:24'),(23,'Provence Alpes Côte d\'Azur','provence-alpes-cote-d-azur',29,'2024-04-30 07:15:24','2024-04-30 07:15:24');

--
-- Table structure for table `regional_chamber`
--

CREATE TABLE `regional_chamber` (
  `id` int NOT NULL AUTO_INCREMENT,
  `name` varchar(255) COLLATE utf8mb3_unicode_ci NOT NULL,
  `image` varchar(255) COLLATE utf8mb3_unicode_ci DEFAULT NULL,
  `description` longtext COLLATE utf8mb3_unicode_ci,
  `info` longtext COLLATE utf8mb3_unicode_ci,
  `phone` varchar(255) COLLATE utf8mb3_unicode_ci DEFAULT NULL,
  `mail` varchar(255) COLLATE utf8mb3_unicode_ci DEFAULT NULL,
  `link` varchar(255) COLLATE utf8mb3_unicode_ci DEFAULT NULL,
  `adresse` varchar(255) COLLATE utf8mb3_unicode_ci DEFAULT NULL,
  `adresse_complement` varchar(255) COLLATE utf8mb3_unicode_ci DEFAULT NULL,
  `postal_code` varchar(20) COLLATE utf8mb3_unicode_ci DEFAULT NULL,
  `city` varchar(255) COLLATE utf8mb3_unicode_ci DEFAULT NULL,
  `leader` varchar(255) COLLATE utf8mb3_unicode_ci DEFAULT NULL,
  `leader_image` varchar(255) COLLATE utf8mb3_unicode_ci DEFAULT NULL,
  `adhesion_text` longtext COLLATE utf8mb3_unicode_ci,
  `short_name` varchar(255) COLLATE utf8mb3_unicode_ci DEFAULT NULL,
  `old_id` int DEFAULT NULL,
  `created_at` datetime NOT NULL,
  `updated_at` datetime NOT NULL,
  PRIMARY KEY (`id`)
) ENGINE=InnoDB AUTO_INCREMENT=21 DEFAULT CHARSET=utf8mb3 COLLATE=utf8mb3_unicode_ci;

--
-- Dumping data for table `regional_chamber`
--

INSERT INTO `regional_chamber` VALUES (7,'Chambre Régionale des Agents Commerciaux - FNAC OUEST','https://www.agentcommercial.fr/usr/documents/images/chambres/ruban-ouest.jpg','<p><strong>Avec la F.N.A.C. Ouest, vous &eacute;vitez l&rsquo;isolement, vous &ecirc;tes guid&eacute;, conseill&eacute; et vous &ecirc;tes prot&eacute;g&eacute; et d&eacute;fendu&nbsp;!&nbsp;</strong><br />&nbsp;<br />Pour que votre ind&eacute;pendance soit synonyme de r&eacute;ussite, nous vous transmettons des conseils avis&eacute;s, le soutien et la communication de professionnels exp&eacute;riment&eacute;s. Etre Agent Commercial, c&rsquo;est vivre une aventure entrepreneuriale exigeante.<br />&nbsp;<br />La s&eacute;curit&eacute; : gr&acirc;ce &agrave;&nbsp;<strong>notre assistance juridique sp&eacute;cifique</strong>, nous vous accompagnons dans l&rsquo;&eacute;laboration et la signature de vos mandats, ainsi qu&rsquo;en cas de litige. Utile pour &eacute;viter les pi&egrave;ges !<br />&nbsp;<br />Le d&eacute;veloppement de votre portefeuille : nous relayons les annonces sur la F.N.A.C. et organisons r&eacute;guli&egrave;rement des rencontres interprofessionnelles.<br /><strong>Le salon r&eacute;gional BoursOcarteS</strong>, est une occasion unique de rencontres entre agents commerciaux et mandants. Utile pour d&eacute;velopper votre affaire !<br />&nbsp;<br /><strong>La formatio</strong>n : toute l&rsquo;ann&eacute;e, nous organisons de nombreuses sessions de formations th&eacute;matiques, prises en charge partiellement ou enti&egrave;rement par votre fonds de formation professionnelle. Utile pour enrichir vos comp&eacute;tences !<br />&nbsp;<br /><strong>L&rsquo;information r&eacute;guli&egrave;re</strong>&nbsp;: nos diff&eacute;rentes publications (newsletters, site internet, revue f&eacute;d&eacute;rale&hellip;) vous fournissent toutes les informations n&eacute;cessaires sur les &eacute;volutions de notre m&eacute;tier (&eacute;v&eacute;nements, cadre juridique, t&eacute;moignages&hellip;). Utile pour rester &agrave; jour !<br />&nbsp;<br />Le soutien du premier groupement r&eacute;gional et La force d&rsquo;un r&eacute;seau national :&nbsp;<strong>Nos ma&icirc;tres-mots : professionnalisme, convivialit&eacute; et &eacute;change d&rsquo;exp&eacute;riences en ayant la repr&eacute;sentativit&eacute; nationale et internationale pour d&eacute;fendre notre statut.&nbsp;</strong>Utile pour se sentir moins seul !<br />&nbsp;<br /><strong>Appuyez-vous sur nos nombreux services !</strong></p>\r\n<ul>\r\n<li>Assistance juridique et la ma&icirc;trise de toutes les subtilit&eacute;s de votre statut.</li>\r\n<li>L&rsquo;&eacute;tude de vos contrats avant signature et en cas de litige et des contrats-types en plusieurs langues.</li>\r\n<li>Un dossier complet sur les particularit&eacute;s du m&eacute;tier d&rsquo;Agent Commercial.</li>\r\n<li>Accompagnement certification</li>\r\n<li>Engagement Formation</li>\r\n<li>L&rsquo;&eacute;volution des technologies, la complexit&eacute; du contexte &eacute;conomique et de la mondialisation impliquent la mise &agrave; jour constante des comp&eacute;tences de l&rsquo;Agent Commercial.</li>\r\n<li>Nos Formations, organis&eacute;es en groupe autour de th&egrave;mes p&eacute;dagogiques, sont reconnues par les organismes collecteurs des fonds de formation et encadr&eacute;es par un animateur sp&eacute;cialis&eacute; sur la profession d&rsquo;Agent Commercial.</li>\r\n<li>Des r&eacute;unions d&rsquo;information (au sein des CCI et MCTE).</li>\r\n<li>Des Adh&eacute;rencontres-r&eacute;unions conviviales autour d&rsquo;un th&egrave;me propos&eacute; et Rencontres professionnelles</li>\r\n<li>Communication et Newsletter.</li>\r\n</ul>','<p><strong>FNAC Ouest</strong><br />1 rue Alessandro Volta<br />44470 CARQUEFOU Cedex<br />T&eacute;l: 06.41.43.67.07<br />Organisme Certifi&eacute; QUALIOPI Actions de formation - n&deg; d&eacute;claration 52440460644<br /><strong>Merci de laisser un message sur notre r&eacute;pondeur pour &ecirc;tre rappel&eacute;s<br /></strong></p>','06 41 43 67 07','contact@fnacouest.fr','https://www.fnacouest.fr','1 rue Alessandro Volta ','Chez TAOLIA : rdc - 1ère porte à droite','44470','Carquefou Cedex','Isabelle ESPELLE','https://www.agentcommercial.fr/usr/documents/images/presidents/isa.jpg','\r\n<p>Veuillez aller sur notre site &agrave; la rubrique adh&eacute;sion.&nbsp; merci&nbsp;</p>','Ouest',1,'2024-04-30 07:47:04','2024-04-30 07:47:04'),(8,'Chambre Professionnelle des Agents Commerciaux d\'Alsace - Franche Comté','https://www.agentcommercial.fr/usr/documents/images/chambres/lieu-alsace.jpg','<p> </p>\r\n<p>Un peu d’histoire, c’est en novembre 1918 que naît à Strasbourg le « Syndicat des Agents Commerciaux du Bas-Rhin. C’est en 1930 que les deux départements alsaciens sont réunis, et c’est en 2005 que les régions Alsace et la Franche-Comté sont rassemblées sous la dénomination : « CPAC Alsace / Franche-Comté »,  6 départements qui forment une longue région frontalière du nord du Bas-Rhin au sud du Jura.<br /><br />Le Bureau de cette nouvelle Chambre Régionale est composé de 5 membres bénévoles : 1 Président, 2 Vice-Présidents, 1 Secrétaire Général et 1 Assesseur.<br /><br />Nous accentuons la communication auprès des institutionnels  (C.C.I, Greffes…) et privilégions les contacts avec et entre les adhérents.<br /><br />Dans le soutien apporté à nos collègues, nous pouvons nous appuyer sur les compétences et avis de nos 3 avocats locaux (Strasbourg, Colmar, Besançon) et de nos 2 experts comptables (Strasbourg, Colmar).<br /><br />Outre l’Assemblée Générale annuelle, nous organisons des rencontres à thèmes sous forme de déjeuner-débat avec participation de conseils ou d’intervenants extérieurs. Elles se déroulent, selon le calendrier tous les deux ou trois mois du nord au sud dans des villes différentes.<br /> </p>','<p><strong><u>Adresse</u> :</strong><br />CPAC ALSACE FRANCHE COMTE<br />68 avenue de la République<br />68000 COLMAR</p>\r\n<p><a href=\"mailto:fnac.alsace.franchecomte@gmail.com\">fnac.alsace.franchecomte@gmail.com</a></p>\r\n<p><br /><strong>Permanences sur rendez-vous.<br /><br /></strong><br /><br /><strong>FRANCHE-COMTE</strong><br />Contact : Claudette CHALEAT<br />06 82 14 27 74<br /><br />Sans frais pour les adhérents.<br /><br />Pour les non-adhérents, informations générales sur la Fédération.                                         <br />Informations complémentaires et études de dossiers, pré-adhésion demandée de 150,00 € H.T  (comprenant documentation complète  sur la profession, extraits code du commerce et contrat type, valeur 60€).<br />Pré-inscription déductible, dans un délai de 6 mois, lors de l’adhésion.                                                 Cotisation annuelle 375,00 € HT, soit 450,00 T.T.C (déductible fiscalement)</p>','06 62 93 38 66','fnac.alsace.franchecomte@gmail.com','','68 Avenue de la République','','68000','Colmar','Alain HENCK 06 62 93 38 66','https://www.agentcommercial.fr/usr/documents/uploads/2021-05/07/henck.png',NULL,'Alsace - Franche Comté',2,'2024-04-30 07:47:04','2024-04-30 07:47:04'),(9,'Chambre Professionnelle Régionnale des Agents Commerciaux d\'Auvergne-Limousin','https://www.agentcommercial.fr/usr/documents/images/chambres/lieu-auvergne.jpg','<p> </p>\r\n<p>Qu’est-ce qu’une Chambre Régionale ? C’est une entité qui s’appuie sur le particularisme d’une région en prenant surtout en compte les qualités et les points forts de cette région.<br /> <br />A cette Auvergne, qui pour certains semble loin de tout et décalée, est en fait remarquablement bien placée au centre de la France. C’est une région qui possède des leaders mondiaux de l’industrie :<br />- Michelin dans les pneumatiques.<br />- Limagrain dans les semences et les céréales.<br />- Chibret en spécialités pharmaceutiques pour les soins des yeux.<br /><br /><strong>Le légendaire sens de l\'économie attribuée à l\'Auvergnat s\'appuie sur l’adage selon lequel « le premier argent que l\'on gagne est celui que l\'on ne dépense pas »… L’Auvergne est en fait une région laborieuse qui a le sens des valeurs profondes, du rôle du travail, de l\'économie, et de la parole donnée</strong>.<br /><br />Le maillage industriel (80 %) repose notamment sur les petites et moyennes entreprises, ce qui constitue un potentiel très important de mandants éventuels pour les Agents Commerciaux.<br /><br /><strong>Le point  fort de nos actions actuelles  consiste  de ce fait à établir une passerelle entre les Agents Commerciaux et ces entreprises  qui en cherchent</strong>.<br /><br />Comment trouver un bon commercial salarié ? comment le gérer ? le fidéliser ? ce sont là des problèmes fondamentaux d\'autant qu\'en cas d\'échec le risque financier est important.<br />Alors que l\'Agent Commercial, profil commercial performant, souvent méconnu de ces entreprises, présente pour elles la résolution d\'un de leurs problèmes essentiels … la « commercialité » de l\'entreprise.<br />Un bon Agent Commercial en adéquation avec l\'entreprise, devient un collaborateur commercial, adoptant l\'esprit, et l\'avenir de cette entreprise, en l\'aidant à se développer, lui prodiguant outre l\'apport des commandes nécessaires, les informations et les conseille sur l\'évolution souhaitable des produits, sur la concurrence etc.<br /><br />La collaboration de plus en plus active, avec les Chambres de Commerce et d\'Industrie, de <strong>Limoges</strong>, de <strong>Brive</strong>, de <strong>Clermont-Ferrand</strong>, <strong>de Moulins Vichy</strong>, constitue un des leviers essentiels de la construction de cette passerelle destinée à aider les entreprises régionales à se développer en s\'appuyant sur les Agents Commerciaux.<br /><strong>C\'est une démarche essentielle, pour le développement économique de la région</strong><br /> <br />Que vous soyez actuellement Agent Commercial en activité, ou Agent Commercial potentiel en projet, sachez que votre chambre régionale appartenant la Fédération Nationale des Agents Commerciaux est à votre écoute, et vous conseille de ne plus rester seul, ne serait-ce que vu les difficultés de plus en plus évidentes à exercer votre métier dans un contexte devenant de plus en plus procédurier.<br /><br />Dans l\'attente du plaisir de vous rencontrer….<br /> <br /> </p>','<p><span style=\"color: #000000;\"><strong><u>Adresse</u> :</strong><br />CPAC AUVERGNE LIMOUSIN<br />Maison des Associations, 11 rue des Saulées<br />63400 CHAMALIERES</span></p>\r\n<p>Mobile : 06 74 87 72 16</p>\r\n<p>Tél: 04 73 37 60 47</p>\r\n<p>mail: <a href=\"mailto:acx.auvergne@wanadoo.fr\">acx.auvergne@wanadoo.fr</a><br /><br /><span style=\"color: #000000;\"><strong>Permanences sur RDV par mail à </strong></span><a href=\"mailto:acx.auvergne@wanadoo.fr\">acx.auvergne@wanadoo.fr</a><br />et<br /><strong>CHAMALIERES : Tous les PREMIERS VENDREDI DE CHAQUE MOIS de 09h00 à 12h00.</strong><br /><span style=\"color: #000000;\">Contact : Fabien DENY, Stéphane RICHARD, Philippe IRLANDE<br /></span><span style=\"color: #000000;\">Tél: 04 73 37 60 47 </span></p>\r\n<p><strong>LIMOGES/BRIVES : Une délégation est assurée.</strong></p>\r\n<p>Contact : Monsieur Jacques LACOMBE</p>\r\n<p>Pour un entretien : 06 08 95 16 52 ou jacques.lacombe7@wanadoo.fr <br /><br /><br /></p>','04 73 37 60 47 - 06 74 87 72 16','acx.auvergne@wanadoo.fr','','Maison des Associations ','11 rue des Saulées','63400','Chamalières','Fabien DENY','https://www.agentcommercial.fr/usr/documents/images/presidents/photo-fd.jpg','<p>Prenez contact avec la chambre, nous nous ferons un plaisir de vous acceuillir.</p>\r\n<p style=\"text-align: center;\">04 73 37 60 47</p>\r\n<p>Nous vous acceuillerons sur rendez vous &agrave; notre permanence.</p>\r\n<p>Nous vous ferons parvenir les &eacute;l&eacute;ments pour votre adh&eacute;sions.</p>\r\n<p>&nbsp;</p>','Auvergne-Limousin',3,'2024-04-30 07:47:04','2024-04-30 07:47:04'),(10,'Chambre Professionnelle des Agents Commerciaux Centre Val de Loire','https://www.agentcommercial.fr/usr/documents/uploads/2022-01/11/img_3605.jpg','<p><span style=\"color: #000000;\">Entre la région Ile de France et Paris au nord, la Bretagne et les Pays de Loire à l’ouest, et la nouvelle entité Poitou-Charente-Aquitaine au sud, la région Centre Val de Loire vit sa réalité industrielle propre en touchant aux domaines dont ces régions se disent les spécialistes et est ainsi présente tant dans l’agroalimentaire, que dans l’aéronautique et l’automobile, mais elle a aussi axé son développement sur les domaines de pointe que sont la chimie fine, la cosmétique et la pharmacie.<br />Elle est aussi présente dans le domaine des industries minérales (on ne peut pas délocaliser les carrières !!!) et les matériaux de construction.<br /> <br />La Chambre Professionnelle des Agents Commerciaux du Centre regroupe toutes les forces vives de notre profession d’Agent Commercial en son sein, et arrive à fédérer ces différentes spécialités pour ne former qu’un seul réseau avec le seul objectif d’aider les Agents Commerciaux à exister face à des lois souvent plus contraignantes les unes que les autres.<br /> <br /> <br />Jean Maurice MEYRAULT<br />Président FNAC CP CENTRE VAL de LOIRE <br />Prise de fonction : Début Avril 2018 </span><br /> </p>','<p><span style=\"color: #000000;\"><strong><u>Adresse</u> :</strong><br />CPAC CENTRE-VAL de LOIRE</span><span style=\"color: #000000;\"> <br /></span></p>\r\n<p>1 Rue Schiller<br />BP 80415<br />37200 Tours <br />06 50 55 89 68<br /><br /><span style=\"color: #000000;\"><strong>Délégués régionaux</strong></span><br /><br /><strong>Dépt 28</strong> : José BERENGUER<br />06 26 02 05 48<br /><br /><strong>Dépt 37</strong> : Pascal DHUY <br />06 24 66 16 78                                                     </p>\r\n<p><strong>Dépt 41</strong> : Eric Gautier De Lahaut<br />0783114052</p>\r\n<p><strong>Dépt 45</strong> : Xavier DE FENOYL<br />0675755020                                                     </p>\r\n<p><strong>Dépt 18 &amp; 36 </strong>: Pierre DERNONCOURT<br />06 11 25 84 08 </p>\r\n<p><br /> </p>','06 50 55 89 68','agentscocentre@gmail.com','','1 Rue Schiller ',' BP 80415','37200 ','Tours ','Jean-Maurice Meyrault','https://www.agentcommercial.fr/usr/documents/images/presidents/moi.jpg',NULL,'Centre Val de Loire',4,'2024-04-30 07:47:04','2024-04-30 07:47:04'),(11,'Chambre Professionnelle des Agents Commerciaux de Lorraine Champagne Ardenne','https://www.agentcommercial.fr/usr/documents/uploads/2022-01/27/img_3083.jpg','<p> </p>\r\n<p style=\"text-align: justify;\"><span style=\"color: #000000;\"><strong>L’Agent Commercial, une solution à la difficulté de trouver un emploi.</strong><br /><br />Vous êtes à la recherche d’un emploi ? Vous êtes indépendant et expérimenté dans la vente. N’hésitez plus ! Devenez agent commercial : un concept de vente moderne, adapté aux évolutions économiques actuelles. Car le partenariat avec un agent commercial supprime, pour les entreprises, les risques liés à l’investissement humain et financier d’une force de vente intégrée. A titre de profession indépendante, vous êtes rémunéré par commissionnement, sur la base de vos prestations. Ce qui fait de vous un entrepreneur, chargé de travailler au nom et pour le compte de producteurs, d\'industriels ou de commerçants.<br /><br /><strong>Un appui solide</strong><br />Pour vous appuyer dans cette nouvelle orientation, vous pouvez compter sur l’aide de la Chambre Professionnelle des Agents Commerciaux Lorraine - Champagne Ardenne. Informations sur les statuts,  assistance aux formalités d’inscription et délivrance d’une carte professionnelle… Dès votre adhésion, vous bénéficiez des services juridiques, comptables, financiers mis en place au sein de la Chambre, ainsi que de formations de proximité, ciblées.  Sans oublier les annonces des entreprises à travers le service de la bourse aux cartes.</span></p>','<p> </p>\r\n<p><span style=\"color: #000000;\"><strong><u>Adresse</u> :</strong><br />CPAC LORRAINE - CHAMPAGNE ARDENNE<br />Parc Saint Jacques 2 - Bât. Océanis 1 <br />35, rue Haroun Tazieff<br />54320 MAXEVILLE</span><br /><br /><strong>Permanence sur rendez-vous</strong><br /><span style=\"color: #000000;\">06 88 88 10 41 ou 03 83 44 76 18 <br /><a href=\"http://www.agentcom-lorraine.com\" target=\"_blank\" rel=\"noopener\">Visitez notre site internet</a><br /><br />- Non adhérents (avec participation payante) : Statut et Etude du projet avant démarrage d\'activité<br />- Adhérents : Tous conseils selon demandes</span><br /><br /><br /><br /> </p>','03 83 44 76 18 - 06 88 88 10 41','fnacgrandest@orange.fr','http://www.agentcom-lorraine.com','Parc Saint Jacques 2 - Bât Océanis 1B - 35 rue Haroun Tazieff','','54320','Maxéville','Loredana CORAVU','https://www.agentcommercial.fr/usr/documents/uploads/2023-03/22/img_3607.jpg','<p style=\"text-align: justify;\">Bonjour,&nbsp;</p>\r\n<p style=\"text-align: justify;\">Nous vous invitons &agrave; vous rapprocher de votre Chambre Professionnelle des Agents Commerciaux Lorraine-Champagne-Ardenne afin de r&eacute;gler le montant de votre adh&eacute;sion pour l\'ann&eacute;e en cours.&nbsp;</p>\r\n<p style=\"text-align: justify;\">Vous pouvez nous joidre au 06.88.88.10.41 ou par mail fnacgrandest@orange.fr</p>\r\n<p style=\"text-align: justify;\">Cordialement</p>\r\n<p>&nbsp;</p>\r\n<p>&nbsp;</p>','Lorraine Champagne Ardennes',6,'2024-04-30 07:47:04','2024-04-30 07:47:04'),(12,'Chambre Professionnelle des Agents Commerciaux du Nord de la France','https://www.agentcommercial.fr/usr/documents/images/chambres/lieu-lille.jpg','<p>Vous &ecirc;tes jeune et vous avez envie de vous lancer dans l&rsquo;entrepreunariat ?<br />Vous avez une belle exp&eacute;rience, et vous souhaitez vous appuyer dessus pour cr&eacute;er une activit&eacute; ind&eacute;pendante&nbsp;?<br />Vous &ecirc;tes agent commercial, et vous souffrez de la solitude, de l&rsquo;isolement&nbsp;?<br />Nous vous invitons &agrave; vous joindre &agrave; une r&eacute;union d&rsquo;information, le premier lundi apr&egrave;s-midi de chaque mois dans les superbes locaux de la CCI GRAND LILLE. Vous serez re&ccedil;us par des agents commerciaux exp&eacute;riment&eacute;s et b&eacute;n&eacute;voles, qui prendront le temps de vous expliquer comment bien d&eacute;marrer, et quels b&eacute;n&eacute;fices tirer de votre adh&eacute;sion si vous exercez depuis plusieurs ann&eacute;es. Vous pourrez rapidement int&eacute;grer le groupe convivial des adh&eacute;rents.<br />Des rendez-vous individuels sont propos&eacute;s aux nouveaux membres.<br />&nbsp;<br />Le r&ocirc;le de notre chambre, c&rsquo;est d&rsquo;&ecirc;tre pr&egrave;s de vous, de vous informer, de vous accompagner, de favoriser les &eacute;changes et de promouvoir localement la profession et cr&eacute;er des opportunit&eacute;s.<br />La Chambre est adh&eacute;rente de la FNAC, F&eacute;d&eacute;ration Nationale des Agents Commerciaux, qui n&eacute;gocie et d&eacute;fend la profession vis-&agrave;-vis des autorit&eacute;s nationales et internationales via l&rsquo;IUCAB. La carte professionnelle FNAC nous apporte toute une s&eacute;rie d&rsquo;avantages pratiques. Notre espace personnel sur le site vient compl&eacute;ter l&rsquo;offre, avec une assistance commerciale, juridique, pratique et une offre de formation pertinente gratuite par e-learning. Une &eacute;quipe de juristes sp&eacute;cialis&eacute;s conseille et d&eacute;fend les adh&eacute;rents en cas de litige. L&rsquo;AAAC propose ses services comptables et fiscaux.<br />&nbsp;<br />La dynamique du bureau assure la r&eacute;ussite de nos diff&eacute;rentes manifestations.<br />Nous r&eacute;alisons des d&icirc;ners-d&eacute;bats avec des intervenants de choix, sur des th&egrave;mes en rapport avec notre m&eacute;tier d&rsquo;agent commercial. Ce sont des moments d&rsquo;&eacute;changes conviviaux, qui peuvent apporter des opportunit&eacute;s de d&eacute;veloppement. Y sont pr&eacute;sents les &laquo;&nbsp;Anciens&nbsp;&raquo;, toujours joyeux, g&eacute;n&eacute;reux et bienveillants. De vrais bons moments.<br />&nbsp;<br />Alors, n&rsquo;h&eacute;sitez plus&hellip; Venez nous rejoindre&nbsp;!<br />&nbsp;<br />Car &laquo; L&rsquo;union fait la force &raquo; et &laquo; Ind&eacute;pendance ne veut pas dire isolement &raquo;</p>','<p><span style=\"color: #000000;\"><strong><u>Adresse</u> :</strong></span><br />Chambre Professionnelle des Agents Commerciaux du Nord de la France<br /><span style=\"color: #000000;\">B.P 80034<br />59005 LILLE Cedex</span><br /><br /><strong>Permanence sur rendez-vous</strong><br />06 22 84 05 93<br />&nbsp;</p>','06 09 61 76 38','info@cpacnorddefrance.fr','','B.P 80034','','59800','Lille','Véronique Bonassi','https://www.agentcommercial.fr/usr/documents/images/presidents/veronique.jpg',NULL,'Nord',7,'2024-04-30 07:47:04','2024-04-30 07:47:04'),(13,'Chambre Professionnelle des Agents Commerciaux de Normandie','https://www.agentcommercial.fr/usr/documents/uploads/2021-07/15/.jpg','<p>Fa&icirc;tes votre m&eacute;tier sereinement... la Chambre veille sur vos int&eacute;r&ecirc;ts</p>\r\n<p><strong>La Chambre des Agents est compos&eacute;e d\'agents commerciaux en activit&eacute; ou en retraite.</strong></p>\r\n<ul>\r\n<li>Nous apportons notre exp&eacute;rience et notre soutien, &eacute;vitant ainsi votre isolement.</li>\r\n<li>Nous mettons &agrave; votre disposition un contrat type.</li>\r\n<li>Nous organisons des d&icirc;ners rencontres, v&eacute;ritables moments d\'&eacute;changes et sources d\'informations pour tous.</li>\r\n</ul>\r\n<p>Des Informations d\'Ordre Juridique</p>\r\n<ul>\r\n<li>Un avocat sp&eacute;cialis&eacute; dans la profession analyse chacun de vos contrats.</li>\r\n<li>Lors d\'un litige, consultation gratuite avec cet avocat.</li>\r\n<li>Un service juridique &agrave; votre disposition.</li>\r\n</ul>\r\n<p>Des Informations d\'Ordre Administratif et Comptable</p>\r\n<ul>\r\n<li>Mise en relation avec un organisme agr&eacute;e sp&eacute;cial agents commerciaux (qui pr&eacute;sente des avantages fiscaux et des r&eacute;ductions d\'imp&ocirc;ts sur le revenu).</li>\r\n<li>Possibilit&eacute; d\'enregistrer votre comptabilit&eacute; &agrave; des prix tr&egrave;s int&eacute;ressants.</li>\r\n<li>Information des nouvelles r&egrave;gles ou &eacute;volution obligatoire(t&eacute;l&eacute;d&eacute;claration de la TVA).​</li>\r\n</ul>\r\n<p><strong>​Une assurance pr&eacute;voyance dans le cadre de l\'activit&eacute; comprise dans l\'adh&eacute;sion.</strong></p>\r\n<p><strong>OFFRE DE BIENVENUE</strong><br />Nous vous proposons l\'analyse gratuite d\'un de vos contrat par un avocat sp&eacute;cialis&eacute; dans notre profession ainsi que <strong>l\'adh&eacute;sion &agrave; 1 euro par jour</strong> pour<br />votre premi&egrave;re ann&eacute;e d\'adh&eacute;rent.<br />&nbsp;<br />Bien confraternellement.</p>','<p>&nbsp;</p>\r\n<p>&nbsp;</p>\r\n<p><span style=\"color: #000000;\"><strong>Adresse :</strong><br />CPACN NORMANDIE<br />C/o CCI ROUEN M&eacute;tropole<br />4 Passage de la Luciline<br />B&acirc;timent Vauban<br />76007 ROUEN CEDEX 1</span><br /><br /><strong>Permanence sur rendez-vous</strong><br /><span style=\"color: #000000;\">02 35 98 70 46</span>&nbsp;</p>','02 35 98 70 46 ','cpacn@orange.fr','https://www.agentcommercial.fr/chambres-regionales/chambre-professionnelle-des-agents-commerciaux-de-normandie-8/','C/° C.C.I. Rouen Métropole - 4 Passage de la Luciline - Bâtiment Vauban - CS 40641','','76007','Rouen Cedex 1','Jean Francois JUHEL','https://www.agentcommercial.fr/usr/documents/uploads/2023-05/30/jf-juhel_1.jpg','<p>Vous souhaitez nous rejoindre?</p>\r\n<p>N\'hesitez pas a nous contacter</p>\r\n<p><strong>CPACN&nbsp;&nbsp;</strong></p>\r\n<p><strong>C</strong>hambre <strong>P</strong>rofessionnelle Des <strong>A</strong>gents <strong>C</strong>ommerciaux De <strong>N</strong>ormandie</p>\r\n<p>Tel: 02 35 98 70 46&nbsp; &nbsp; &nbsp; &nbsp; &nbsp; &nbsp; &nbsp; &nbsp; Courriel:&nbsp; cpacn@orange@fr</p>\r\n<p>&nbsp;</p>','Normandie',8,'2024-04-30 07:47:04','2024-04-30 07:47:04'),(14,'F.N.A.C RÉGION SUD','https://www.agentcommercial.fr/usr/documents/uploads/2021-05/05/dscf3133_1.jpg','<p style=\"text-align: justify;\"><span style=\"font-family: Segoe UI, sans-serif;\"><span style=\"font-size: 18px;\">Bienvenue sur la page FNAC REGION SUD !</span></span></p>\r\n<p style=\"text-align: justify;\"><span style=\"font-family: Segoe UI, sans-serif;\"><span style=\"font-size: 18px;\">Notre chambre syndicale r&eacute;gionale du Sud repr&eacute;sente la plus r&eacute;cente entit&eacute; au sein de la F&eacute;d&eacute;ration Nationale des Agents Commerciaux de France.</span></span></p>\r\n<p style=\"text-align: justify;\"><span style=\"font-family: Segoe UI, sans-serif;\"><span style=\"font-size: 18px;\">Notre groupe, constitu&eacute; de coll&egrave;gues agents commerciaux, est anim&eacute; par des b&eacute;n&eacute;voles en activit&eacute; ou m&ecirc;me &agrave; la retraite, investis &agrave; consacrer une part de leur temps et de leurs comp&eacute;tences pour informer, aider et promouvoir notre noble m&eacute;tier d\'agent commercial.</span></span></p>\r\n<p style=\"text-align: justify;\"><span style=\"font-family: Segoe UI, sans-serif;\"><span style=\"font-size: 18px;\">Dans un monde en constante &eacute;volution, la force de l\'Agent Commercial r&eacute;side dans son adaptabilit&eacute;. Nous nous effor&ccedil;ons d\'informer un large public sur notre profession, que ce soit une personne envisageant de devenir agent commercial apr&egrave;s une carri&egrave;re d&eacute;j&agrave; bien &eacute;tablie, ou un chef d\'entreprise qui ne dispose ni du temps ni des ressources n&eacute;cessaires pour d&eacute;velopper sa propre force de vente et augmenter son chiffre d\'affaires.</span></span></p>\r\n<p style=\"text-align: justify;\"><span style=\"font-family: Segoe UI, sans-serif;\"><span style=\"font-size: 18px;\">Ne restez plus isol&eacute;(e), sans conseil juridique et sans r&eacute;seau, tout en restant inform&eacute;(e) sur les &eacute;volutions de votre profession. Nous sommes l&agrave; pour vous accompagner tout au long de votre parcours.</span></span></p>\r\n<p style=\"text-align: justify;\"><span style=\"font-family: Segoe UI, sans-serif;\"><span style=\"font-size: 18px;\">N\'h&eacute;sitez pas &agrave; nous rejoindre ! Votre bureau est dirig&eacute; par des coll&egrave;gues agents commerciaux engag&eacute;s, anim&eacute;s par l\'altruisme et la soif de connaissance au sein de la chambre r&eacute;gionale Sud France.</span></span></p>\r\n<p style=\"text-align: justify;\"><span style=\"font-family: Segoe UI, sans-serif;\"><span style=\"font-size: 18px;\">A bient&ocirc;t !</span></span></p>\r\n<p style=\"text-align: justify;\"><span style=\"font-family: Segoe UI, sans-serif;\"><span style=\"font-size: 18px;\">Pascal SCHMITT</span></span></p>\r\n<p style=\"text-align: justify;\"><span style=\"font-family: Segoe UI, sans-serif;\"><span style=\"font-size: 18px;\">Agent Commercial (en activit&eacute;) et </span></span><span style=\"font-family: Segoe UI, sans-serif;\"><span style=\"font-size: 18px;\">Pr&eacute;sident de la chambre r&eacute;gionale de la FNAC r&eacute;gion sud France &agrave; votre disposition pour toute question.</span></span></p>','<p>l</p>','07 66 79 18 69 OU 06 08 18 14 79','fnac.regionsud@gmail.com','https://www.agentcommercial.fr/','217, RUE DE ST GILLES','','30600','VAUVERT','Pascal SCHMITT','https://www.agentcommercial.fr/usr/documents/uploads/2023-08/05/photo-1_1.jpg','<p>Pour tout renseignement merci de nous contacter&nbsp; :</p>\r\n<p>Mail: fnac.regionsud@gmail.com</p>\r\n<p>T&eacute;l. : +33766791869</p>','Région Sud',9,'2024-04-30 07:47:04','2024-04-30 07:47:04'),(15,'Chambre Professionnelle des Agents Commerciaux de Paris - Île de France','https://www.agentcommercial.fr/usr/documents/uploads/2024-01/31/design-sans-titre-7.png','<p>&nbsp;</p>\r\n<p>La&nbsp;<strong>CPFAC</strong>&nbsp;(Chambre Professionnelle Francilienne des Agents Commerciaux) couvre les d&eacute;partements d&rsquo;Ile-de-France ainsi que l&rsquo;Yonne.&nbsp;</p>\r\n<p><strong>Notre chambre est essentiellement compos&eacute;e de b&eacute;n&eacute;voles</strong>, des Agents Commerciaux en activit&eacute; qui font b&eacute;n&eacute;ficier les autres d\'un peu de leur temps et de leur comp&eacute;tence afin d\'informer, aider et promouvoir notre profession.</p>\r\n<p>Notre ambition est d\'informer le plus grand nombre sur notre profession : que ce soit la personne qui, dans le cadre d\'un projet de vie, d&eacute;cide de devenir Agent Commercial apr&egrave;s une carri&egrave;re d&eacute;j&agrave; bien remplie, ou bien encore le chef d\'entreprise qui n\'a ni le temps ni les moyens mat&eacute;riels ou humains de d&eacute;velopper sa propre force de vente pour augmenter son chiffre d\'affaires. Pour commencer du bon pied, la <strong>R&eacute;union d&rsquo;information</strong>, d&eacute;di&eacute;e au d&eacute;marrage d&rsquo;activit&eacute;, l\'&nbsp;<strong>Adh&eacute;rencontre</strong> (r&eacute;unions informelles qui permettent l&rsquo;&eacute;change entre Adh&eacute;rents et non adh&eacute;rents, Agents Commerciaux en activit&eacute; ou sur le point de le devenir).</p>\r\n<p>Tout ce capital, h&eacute;rit&eacute; de nos pr&eacute;d&eacute;cesseurs et sans cesse enrichi et actualis&eacute;, nous permet d\'offrir &agrave; nos adh&eacute;rents tout un panel de services que vous pouvez d&eacute;couvrir sur notre site internet, <a href=\"http://www.cpfac.com/\">www.cpfac.com</a>, ou en nous contactant directement.<br />&nbsp;<br /><em>Nous sommes l&agrave; pour vous informer et vous accompagner tout au long de votre activit&eacute;.<br />N&rsquo;h&eacute;sitez pas, rejoignez-nous&nbsp;!</em></p>\r\n<p>Monique FERRAT</p>\r\n<p>Pr&eacute;sidente</p>','<p>&nbsp;</p>\r\n<p>&nbsp;</p>\r\n<p><span style=\"color: #000000;\"><strong><u>Domiciliation</u> :</strong><br />CPFAC<br />15 rue des Halles<br />75001 Paris</span><br /><em><strong>(Attention : pas de rdv physique &agrave; cette adresse</strong></em></p>\r\n<p>&nbsp;</p>\r\n<p>Pour nous joindre merci de nous adresser un mail :</p>\r\n<p>info@cpfac.com</p>\r\n<p><br /><span style=\"color: #843fa1;\"><strong>Pour adh&eacute;rer &agrave; la CPFAC, </strong></span><a title=\"Bulletin d\'adh&eacute;sion\" href=\"https://cpfac.com/bulletin-dadhesion/\" target=\"_blank\" rel=\"noopener\"><span style=\"color: #34495e;\"><strong><span style=\"color: #b96ad9;\"><span style=\"color: #843fa1;\">cliquez ici</span></span></strong></span></a><br />&nbsp;</p>','07 80 55 51 98','info@cpfac.com','https://www.cpfac.com','Domiciliation : 15 rue des Halles','','75001','Paris','Monique FERRAT','https://www.agentcommercial.fr/usr/documents/uploads/2021-12/03/win_20211022_08_38_09_pro-2.jpg','<p>Bonjour,</p>\r\n<p>Afin de nous rejoindre (ou de renouveler votre adh&eacute;sion) il vous suffit <a title=\"Renouvellement adh&eacute;sion\" href=\"https://cpfac.com/bulletin-dadhesion/?utm_source=sitefede&amp;utm_medium=adh&amp;utm_campaign=renouv_adh\" target=\"_blank\" rel=\"noopener\">de cliquer ici </a>et de remplir le bulletin d\'adh&eacute;sion.</p>\r\n<p>Vous pouvez choisir de r&eacute;gler votre cotisation de 474&euro; TTC (395&euro; HT pour une adh&eacute;sion de date &agrave; date) :<br />&rarr; en une fois par carte bancaire (module de paiement sous le bulletin d\'adh&eacute;sion)<br />&rarr; en une fois par virement (<a title=\"RIB CPFAC\" href=\"https://wordpress.cpfac.org/wp-content/uploads/2019/09/2019-CPFAC-RIB.pdf\" target=\"_blank\" rel=\"noopener\">vous trouverez notre RIB ici</a>)<br />&rarr; en une, deux ou trois mensualit&eacute;s par ch&egrave;que(s) &agrave; l\'ordre de la CPFAC (merci alors de nous retourner l&rsquo;ensemble de vos ch&egrave;ques, dat&eacute;s du jour de la signature, avec la date d\'encaissement inscrite au dos).</p>\r\n<p><strong>Attention&nbsp;</strong>: Conform&eacute;ment &agrave; <a title=\"CPFAC - Conditions G&eacute;n&eacute;rales de Vente\" href=\"https://cpfac.com/conditions-generales-de-vente/\" target=\"_blank\" rel=\"noopener\">nos CGV</a>, si vous ne renouvelez pas votre adh&eacute;sion dans les temps, la CPFAC se r&eacute;serve le droit de vous demander un compl&eacute;ment de cotisation de 225&euro;HT (270&euro;TTC) pour acc&eacute;der sans d&eacute;lais &agrave; l&rsquo;int&eacute;gralit&eacute; du service juridique et ce, jusqu&rsquo;&agrave; la fin du 6&egrave;me mois d&rsquo;adh&eacute;sion.</p>\r\n<p>Pour tout compl&eacute;ment d\'information, n\'h&eacute;sitez pas nous contacter :<br />07 80 55 51 98 | info@cpfac.com</p>','Paris - Île de France',10,'2024-04-30 07:47:04','2024-04-30 07:47:04'),(16,'F.N.A.C - R.A.B   Chambre Professionnelle des Agents Commerciaux de Rhône-Alpes Bourgogne ','https://www.agentcommercial.fr/usr/documents/uploads/2022-03/16/sea-nature-outdoor-person-mountain-cloud-17401-pxhere.com.jpg','<p class=\"MsoNormal\">&nbsp;</p>\r\n<p class=\"MsoNormal\" style=\"margin-left: -9.0pt; text-align: center;\" align=\"center\"><em><span style=\"font-size: 14.0pt; line-height: 107%; color: #4472c4; mso-themecolor: accent5;\">ADHERER , C\'EST PARTAGER LES M&Ecirc;ME VALEURS &hellip; RENOUVELER SON ADHESION &hellip;C\'EST LES DEFENDRE DE FACON INDIVIDUELLES ET COLLECTIVES ..</span></em></p>\r\n<p class=\"MsoNormal\">&nbsp;<span style=\"font-size: 14.0pt; line-height: 107%;\">Pour accroitre sa repr&eacute;sentativit&eacute;, et donc &ecirc;tre plus forte au sein de sa f&eacute;d&eacute;ration, la chambre professionnelle des agents commerciaux, invite tous les agents en exercices &agrave; la rejoindre. </span></p>\r\n<p class=\"MsoNormal\"><span style=\"font-size: 14.0pt; line-height: 107%;\">Contactez-nous sur <a href=\"mailto:cpara@gmail.com\">cpara@gmail.com</a> , pour en savoir plus. </span></p>\r\n<p class=\"MsoNormal\"><span style=\"font-size: 14.0pt; line-height: 107%;\">N&rsquo;oubliez pas notre slogan&nbsp;: &laquo; par les agents Co. pour les agents co &laquo;, car en ce moment, il faut se serrer les coudes pour tenir &laquo; la baraque &laquo; face aux d&eacute;fis qui se profilent&nbsp;!!</span></p>\r\n<p class=\"MsoNormal\"><strong><span style=\"color: #0070c0;\">&nbsp;</span></strong>Nous sommes bien chez les agents commerciaux,</p>\r\n<p class=\"MsoNormal\">Nous sommes les agents commerciaux</p>\r\n<p class=\"MsoNormal\">Nous sommes bien &agrave; la f&eacute;d&eacute;ration,</p>\r\n<p class=\"MsoNormal\">Nous sommes <strong>LA</strong> f&eacute;d&eacute;ration</p>\r\n<p class=\"MsoNormal\" style=\"margin-left: -9.0pt; text-align: center;\" align=\"center\"><span style=\"font-size: 14.0pt; line-height: 107%; color: #4472c4; mso-themecolor: accent5;\"> </span></p>\r\n<p class=\"MsoNormal\">Rejoignez nous ,vous y serez &laquo;&nbsp; chez vous &laquo; !!</p>\r\n<p class=\"MsoNormal\">&nbsp;</p>\r\n<div style=\"color: #222222; font-family: Arial, Helvetica, sans-serif; font-size: small; background-color: #ffffff;\">pr&eacute;sident,&nbsp;</div>\r\n<div style=\"color: #222222; font-family: Arial, Helvetica, sans-serif; font-size: small; background-color: #ffffff;\">Philippe TUFFERY</div>','<pre>&nbsp;</pre>\r\n<p><span style=\"color: #000000;\"><strong><u>Adresse</u>&nbsp; postale :</strong><br />FNAC RHONE ALPES BOURGOGNE<br /></span></p>\r\n<p>460 ROUTE DE TOULAUD&nbsp;</p>\r\n<p>LA JUSTICE</p>\r\n<p>07240 VERNOUX EN VIVARAIS&nbsp;</p>\r\n<p><a href=\"mailto:cpacrab@gmail.com%20%3c%3c%3c%3c%3c%3c%3c\">cpacra@gmail.com</a></p>\r\n<p><strong>Permanence sur rendez-vous</strong></p>\r\n<p>Monsieur BOIRON 06 85 73 59 03</p>\r\n<p>&nbsp;</p>\r\n<h2><strong>Membres du bureaux :</strong></h2>\r\n<p><strong>Philippe TUFFERY</strong>&nbsp; 06 08 95 89 17 president</p>\r\n<p><strong>Isabel CAMPANON</strong> 06 23 22 81 84 secretaire generale&nbsp;</p>\r\n<p><strong>&nbsp;Christophe BACH</strong>&nbsp; 06 23 54 41 15 tresorier&nbsp;</p>\r\n<p><strong>Nicolas DERMAUX</strong> ; 06 07 71 83 47 en charge des renouvellements d\'adhesion&nbsp;</p>\r\n<p><strong>Claude GIORGIO</strong>&nbsp; 06 60 46 99 18 d&eacute;legu&eacute;&nbsp; UNAPL et U2P metropole lyonnaise et 69</p>\r\n<p>&nbsp;I<strong>sabel CAMPANON</strong> 06 23 22 81 84 d&eacute;l&eacute;gu&eacute; UNAPL et U2P savoies 73&nbsp;</p>\r\n<p><strong>Michel BOIRON</strong> 06 85 73 59 03&nbsp; accueil des porteurs de projets et des primo- adherents</p>\r\n<p><strong>Jean louis&nbsp; REVAUD </strong>; r&eacute;ferent juridique</p>\r\n<p>&nbsp;</p>','  06 85 73 59 03 ','cpacra@gmail.com','','460 ROUTE DE TOULAUD','LA JUSTICE','07240','VERNOUX EN VIVARAIS','Philippe TUFFERY','https://www.agentcommercial.fr/usr/documents/uploads/2024-02/01/philippe-tuffery.png',NULL,'Rhône-Alpes Bourgogne',11,'2024-04-30 07:47:04','2024-04-30 07:47:04'),(17,'Chambre Professionnelle des Agents Commerciaux du Sud Ouest','https://www.agentcommercial.fr/usr/documents/images/chambres/lieu-sud-ouest.jpg','<p><strong>PROFESSIONNALISME ET CONVIVIALITE :</strong><br />L’ensemble de l’équipe que je représente a pour mission d’animer la FNAC-REGION SUD-OUEST avec deux axes prioritaires, comme suit :<br /> <br /><strong>Le Professionnalisme : </strong><br />En accompagnant les agents commerciaux dans l’exercice quotidien de leur fonction et en soutenant les créateurs dans leurs montages de projets<br /> <br /><strong>La Convivialité :</strong><br />En créant un authentique réseau de professionnels, en facilitant les échanges entre consœurs et confrères et en évitant l’isolement propre à notre profession.<br /> <br /><strong>NOS SERVICES :</strong></p>\r\n<ul>\r\n<li>Le suivi quotidien et le conseil juridique.</li>\r\n<li>Le soutien comptable fiscal et social.</li>\r\n<li>Les rendez-vous individuels de suivi comptable,</li>\r\n<li>Les actions de formation et le montage des dossiers de prise en charge auprès du FIF-PL.</li>\r\n<li>L’événementiel qui favorise les rencontres entre Agents Commerciaux et Chefs d’Entreprise : (FORUM, BoursOcarteS, les adhérencontres…).</li>\r\n<li>Les offres de cartes, françaises et étrangères.</li>\r\n<li>L’ensemble des prestations fédérales assurées à nos membres : (Revue de l’agent commercial, la carte professionnelle ouvrant droit aux offres privilégiées de partenariat, le contrat groupe « Protection Juridique », l’assurance Invalidité-Décès.</li>\r\n</ul>','<p><span style=\"color: #000000;\"><strong>Accueil téléphonique permanent :</strong> <br /></span></p>\r\n<p>Tel: 06 34 25 62 25</p>\r\n<p><strong>Accueil physique :</strong> <br />Exclusivement sur rendez-vous.</p>\r\n<p><span style=\"color: #000000;\"><strong>FNAC SUD-OUEST</strong><br />B.P. N° 128<br />33024 BORDEAUX CEDEX</span></p>\r\n<p><strong>Email: <a href=\"mailto:acx.sudouest@orange.fr\">acx.sudouest@orange.fr</a></strong></p>','06 34 25 62 25','acx.sudouest@orange.fr','','B.P N°128','','33024','Bordeaux','Sabri BERTUCAT','https://www.agentcommercial.fr/usr/documents/images/presidents/sabri-bertucat.jpg',NULL,'Sud-Ouest',12,'2024-04-30 07:47:04','2024-04-30 07:47:04'),(18,'Chambre Professionnelle des Agents Commerciaux de l\'Ile de La Réunion','https://www.agentcommercial.fr/usr/documents/images/chambres/lieu-ile-de-la-reunion.jpg','','<span style=\"color:#000000\"><strong>Permanence sur rendez-vous</strong></span><br />\r\n&nbsp;','-','sebastien.courteille@asalou.com','','-',NULL,'97400','Saint Denis',' -',NULL,NULL,NULL,13,'2024-04-30 07:47:04','2024-04-30 07:47:04'),(19,'Chambre test',NULL,'','','0213456789','cedric@gradual.fr','','','','','','Cédric',NULL,NULL,'Test',14,'2024-04-30 07:47:04','2024-04-30 07:47:04'),(20,'(nouveau)',NULL,NULL,NULL,NULL,NULL,NULL,NULL,NULL,NULL,NULL,NULL,NULL,NULL,NULL,15,'2024-04-30 07:47:04','2024-04-30 07:47:04');

--
-- Table structure for table `stripe_taxe_rate`
--

CREATE TABLE `stripe_taxe_rate` (
  `id` int NOT NULL AUTO_INCREMENT,
  `name` varchar(255) COLLATE utf8mb3_unicode_ci NOT NULL,
  `description` longtext COLLATE utf8mb3_unicode_ci,
  `percentage` int NOT NULL,
  `stripe_id` varchar(255) COLLATE utf8mb3_unicode_ci DEFAULT NULL,
  `inclusive` tinyint(1) NOT NULL DEFAULT '0',
  PRIMARY KEY (`id`)
) ENGINE=InnoDB AUTO_INCREMENT=2 DEFAULT CHARSET=utf8mb3 COLLATE=utf8mb3_unicode_ci;

--
-- Dumping data for table `stripe_taxe_rate`
--

INSERT INTO `stripe_taxe_rate` VALUES (1,'TVA 20%',NULL,20,'txr_1QD29EHaj0FV1sHH9bJ5JkSa',0);

--
-- Table structure for table `view`
--

CREATE TABLE `view` (
  `id` int NOT NULL AUTO_INCREMENT,
  `advert_id` int NOT NULL,
  `created_at` datetime NOT NULL,
  `updated_at` datetime NOT NULL,
  PRIMARY KEY (`id`),
  KEY `IDX_FEFDAB8ED07ECCB6` (`advert_id`),
  CONSTRAINT `FK_FEFDAB8ED07ECCB6` FOREIGN KEY (`advert_id`) REFERENCES `advert` (`id`)
) ENGINE=InnoDB AUTO_INCREMENT=379 DEFAULT CHARSET=utf8mb3 COLLATE=utf8mb3_unicode_ci;

--
-- Dumping data for table `view`
--

INSERT INTO `view` VALUES (14,95,'2024-09-24 16:06:56','2024-09-24 16:06:56'),(17,95,'2024-10-10 13:01:28','2024-10-10 13:01:28'),(18,113,'2024-10-21 12:45:27','2024-10-21 12:45:27'),(19,113,'2024-10-22 09:52:45','2024-10-22 09:52:45'),(20,122,'2024-10-23 15:23:29','2024-10-23 15:23:29'),(21,167,'2024-10-24 17:09:44','2024-10-24 17:09:44'),(22,167,'2024-10-25 14:05:44','2024-10-25 14:05:44'),(23,167,'2024-10-29 10:07:19','2024-10-29 10:07:19'),(24,127,'2024-10-29 12:07:33','2024-10-29 12:07:33'),(25,126,'2024-10-29 12:07:38','2024-10-29 12:07:38'),(26,122,'2024-10-29 12:07:48','2024-10-29 12:07:48'),(27,119,'2024-10-29 12:08:23','2024-10-29 12:08:23'),(28,116,'2024-10-29 12:08:32','2024-10-29 12:08:32'),(29,110,'2024-10-29 12:08:45','2024-10-29 12:08:45'),(30,167,'2024-10-29 12:08:57','2024-10-29 12:08:57'),(31,127,'2024-10-29 12:09:13','2024-10-29 12:09:13'),(32,167,'2024-10-29 12:09:50','2024-10-29 12:09:50'),(33,108,'2024-10-29 17:42:40','2024-10-29 17:42:40'),(34,110,'2024-10-29 17:42:49','2024-10-29 17:42:49'),(35,113,'2024-11-02 11:32:17','2024-11-02 11:32:17'),(36,116,'2024-11-04 10:39:40','2024-11-04 10:39:40'),(37,180,'2024-11-04 17:30:47','2024-11-04 17:30:47'),(38,178,'2024-11-05 07:10:46','2024-11-05 07:10:46'),(39,108,'2024-11-05 09:30:34','2024-11-05 09:30:34'),(40,126,'2024-11-05 09:30:46','2024-11-05 09:30:46'),(41,176,'2024-11-05 09:30:56','2024-11-05 09:30:56'),(42,176,'2024-11-05 09:31:01','2024-11-05 09:31:01'),(43,108,'2024-11-05 09:31:12','2024-11-05 09:31:12'),(44,180,'2024-11-05 09:35:18','2024-11-05 09:35:18'),(45,110,'2024-11-05 11:19:17','2024-11-05 11:19:17'),(46,118,'2024-11-06 10:08:11','2024-11-06 10:08:11'),(47,182,'2024-11-06 10:08:57','2024-11-06 10:08:57'),(48,182,'2024-11-06 11:27:49','2024-11-06 11:27:49'),(49,179,'2024-11-06 11:27:53','2024-11-06 11:27:53'),(50,180,'2024-11-06 14:52:45','2024-11-06 14:52:45'),(51,126,'2024-11-06 15:00:57','2024-11-06 15:00:57'),(52,126,'2024-11-06 15:01:31','2024-11-06 15:01:31'),(53,180,'2024-11-06 18:52:55','2024-11-06 18:52:55'),(54,180,'2024-11-06 18:53:51','2024-11-06 18:53:51'),(55,182,'2024-11-09 09:04:46','2024-11-09 09:04:46'),(56,180,'2024-11-09 09:06:05','2024-11-09 09:06:05'),(57,178,'2024-11-09 09:08:25','2024-11-09 09:08:25'),(58,184,'2024-11-12 14:56:09','2024-11-12 14:56:09'),(59,184,'2024-11-12 15:20:55','2024-11-12 15:20:55'),(60,176,'2024-11-13 18:34:53','2024-11-13 18:34:53'),(61,117,'2024-11-13 18:35:34','2024-11-13 18:35:34'),(62,113,'2024-11-15 07:16:04','2024-11-15 07:16:04'),(63,189,'2024-11-15 12:00:11','2024-11-15 12:00:11'),(64,189,'2024-11-15 12:00:15','2024-11-15 12:00:15'),(65,189,'2024-11-16 11:22:54','2024-11-16 11:22:54'),(66,113,'2024-11-16 11:23:22','2024-11-16 11:23:22'),(67,112,'2024-11-16 11:23:47','2024-11-16 11:23:47'),(68,117,'2024-11-16 11:24:42','2024-11-16 11:24:42'),(69,119,'2024-11-16 11:25:02','2024-11-16 11:25:02'),(70,119,'2024-11-16 11:26:21','2024-11-16 11:26:21'),(71,180,'2024-11-16 11:28:01','2024-11-16 11:28:01'),(72,113,'2024-11-17 15:02:24','2024-11-17 15:02:24'),(73,188,'2024-11-17 19:54:05','2024-11-17 19:54:05'),(74,115,'2024-11-17 19:54:54','2024-11-17 19:54:54'),(75,119,'2024-11-17 19:55:37','2024-11-17 19:55:37'),(76,119,'2024-11-18 13:49:58','2024-11-18 13:49:58'),(77,167,'2024-11-18 14:01:25','2024-11-18 14:01:25'),(78,180,'2024-11-18 14:01:59','2024-11-18 14:01:59'),(79,119,'2024-11-18 14:03:25','2024-11-18 14:03:25'),(80,187,'2024-11-19 10:37:37','2024-11-19 10:37:37'),(81,113,'2024-11-19 10:43:26','2024-11-19 10:43:26'),(82,110,'2024-11-19 10:44:25','2024-11-19 10:44:25'),(83,111,'2024-11-19 10:45:15','2024-11-19 10:45:15'),(84,115,'2024-11-19 10:45:45','2024-11-19 10:45:45'),(85,177,'2024-11-19 10:46:21','2024-11-19 10:46:21'),(86,184,'2024-11-19 10:50:19','2024-11-19 10:50:19'),(87,186,'2024-11-19 10:51:31','2024-11-19 10:51:31'),(88,183,'2024-11-19 10:52:17','2024-11-19 10:52:17'),(89,190,'2024-11-19 16:44:05','2024-11-19 16:44:05'),(90,187,'2024-11-20 20:14:16','2024-11-20 20:14:16'),(91,186,'2024-11-20 20:15:03','2024-11-20 20:15:03'),(92,188,'2024-11-21 15:57:47','2024-11-21 15:57:47'),(93,117,'2024-11-26 10:31:34','2024-11-26 10:31:34'),(94,167,'2024-11-26 10:42:51','2024-11-26 10:42:51'),(95,176,'2024-11-26 10:43:24','2024-11-26 10:43:24'),(96,178,'2024-11-26 10:45:37','2024-11-26 10:45:37'),(97,179,'2024-11-26 11:18:53','2024-11-26 11:18:53'),(98,119,'2024-11-26 15:11:45','2024-11-26 15:11:45'),(99,113,'2024-11-26 15:12:07','2024-11-26 15:12:07'),(100,199,'2024-11-26 17:11:56','2024-11-26 17:11:56'),(101,183,'2024-11-27 17:43:50','2024-11-27 17:43:50'),(102,187,'2024-11-29 10:09:29','2024-11-29 10:09:29'),(103,112,'2024-11-29 11:57:53','2024-11-29 11:57:53'),(104,200,'2024-11-29 12:00:41','2024-11-29 12:00:41'),(105,187,'2024-11-29 14:07:35','2024-11-29 14:07:35'),(106,196,'2024-11-29 17:11:04','2024-11-29 17:11:04'),(107,179,'2024-11-29 17:12:53','2024-11-29 17:12:53'),(108,113,'2024-11-29 17:14:09','2024-11-29 17:14:09'),(109,111,'2024-11-29 17:14:47','2024-11-29 17:14:47'),(110,126,'2024-11-29 17:37:27','2024-11-29 17:37:27'),(111,177,'2024-11-29 17:41:15','2024-11-29 17:41:15'),(112,183,'2024-11-29 17:47:10','2024-11-29 17:47:10'),(113,202,'2024-11-29 21:08:34','2024-11-29 21:08:34'),(114,122,'2024-11-30 07:50:05','2024-11-30 07:50:05'),(115,119,'2024-11-30 07:50:46','2024-11-30 07:50:46'),(116,180,'2024-11-30 07:51:15','2024-11-30 07:51:15'),(117,186,'2024-11-30 07:52:16','2024-11-30 07:52:16'),(118,183,'2024-12-01 19:13:46','2024-12-01 19:13:46'),(119,115,'2024-12-01 19:17:00','2024-12-01 19:17:00'),(120,180,'2024-12-01 19:18:25','2024-12-01 19:18:25'),(121,204,'2024-12-02 14:26:36','2024-12-02 14:26:36'),(122,112,'2024-12-02 16:22:27','2024-12-02 16:22:27'),(123,196,'2024-12-02 16:24:52','2024-12-02 16:24:52'),(124,122,'2024-12-02 16:27:51','2024-12-02 16:27:51'),(125,204,'2024-12-02 17:10:39','2024-12-02 17:10:39'),(126,204,'2024-12-03 10:36:13','2024-12-03 10:36:13'),(127,113,'2024-12-03 21:52:51','2024-12-03 21:52:51'),(128,110,'2024-12-04 16:06:51','2024-12-04 16:06:51'),(129,205,'2024-12-05 14:55:05','2024-12-05 14:55:05'),(130,206,'2024-12-05 18:19:30','2024-12-05 18:19:30'),(131,180,'2024-12-08 11:37:08','2024-12-08 11:37:08'),(132,204,'2024-12-09 16:36:49','2024-12-09 16:36:49'),(133,110,'2024-12-09 16:37:12','2024-12-09 16:37:12'),(134,204,'2024-12-09 20:58:14','2024-12-09 20:58:14'),(135,199,'2024-12-10 17:02:09','2024-12-10 17:02:09'),(136,199,'2024-12-10 17:04:19','2024-12-10 17:04:19'),(137,207,'2024-12-10 18:33:02','2024-12-10 18:33:02'),(138,207,'2024-12-11 16:15:22','2024-12-11 16:15:22'),(139,207,'2024-12-11 16:17:06','2024-12-11 16:17:06'),(140,207,'2024-12-11 16:17:38','2024-12-11 16:17:38'),(141,205,'2024-12-13 02:35:33','2024-12-13 02:35:33'),(142,113,'2024-12-13 02:36:54','2024-12-13 02:36:54'),(143,204,'2024-12-16 08:45:45','2024-12-16 08:45:45'),(144,206,'2024-12-16 15:33:21','2024-12-16 15:33:21'),(145,204,'2024-12-16 15:34:02','2024-12-16 15:34:02'),(146,206,'2024-12-16 15:35:02','2024-12-16 15:35:02'),(147,207,'2024-12-16 20:44:19','2024-12-16 20:44:19'),(148,212,'2024-12-18 12:54:34','2024-12-18 12:54:34'),(149,212,'2024-12-18 18:24:55','2024-12-18 18:24:55'),(150,212,'2024-12-18 18:25:52','2024-12-18 18:25:52'),(151,212,'2024-12-18 18:26:01','2024-12-18 18:26:01'),(152,212,'2024-12-20 11:40:00','2024-12-20 11:40:00'),(153,212,'2024-12-20 11:48:40','2024-12-20 11:48:40'),(154,212,'2024-12-20 11:50:25','2024-12-20 11:50:25'),(155,212,'2024-12-23 10:33:56','2024-12-23 10:33:56'),(156,206,'2024-12-23 10:34:11','2024-12-23 10:34:11'),(157,113,'2024-12-23 10:35:14','2024-12-23 10:35:14'),(158,206,'2024-12-23 10:35:45','2024-12-23 10:35:45'),(159,205,'2024-12-23 10:36:10','2024-12-23 10:36:10'),(160,202,'2024-12-23 10:36:24','2024-12-23 10:36:24'),(161,196,'2024-12-23 10:36:45','2024-12-23 10:36:45'),(162,111,'2024-12-23 10:37:37','2024-12-23 10:37:37'),(163,110,'2024-12-23 10:37:54','2024-12-23 10:37:54'),(164,212,'2024-12-23 10:58:25','2024-12-23 10:58:25'),(165,205,'2024-12-27 13:22:21','2024-12-27 13:22:21'),(166,126,'2024-12-27 13:25:28','2024-12-27 13:25:28'),(167,176,'2024-12-27 15:22:20','2024-12-27 15:22:20'),(168,177,'2024-12-27 15:22:48','2024-12-27 15:22:48'),(169,207,'2024-12-29 17:15:12','2024-12-29 17:15:12'),(170,207,'2024-12-29 17:17:03','2024-12-29 17:17:03'),(171,212,'2024-12-29 17:17:57','2024-12-29 17:17:57'),(172,199,'2024-12-29 17:22:40','2024-12-29 17:22:40'),(173,113,'2024-12-29 17:24:15','2024-12-29 17:24:15'),(174,212,'2025-01-06 06:57:40','2025-01-06 06:57:40'),(175,207,'2025-01-06 10:36:10','2025-01-06 10:36:10'),(176,212,'2025-01-06 10:36:26','2025-01-06 10:36:26'),(177,212,'2025-01-06 14:52:51','2025-01-06 14:52:51'),(178,214,'2025-01-07 09:23:07','2025-01-07 09:23:07'),(179,212,'2025-01-07 09:24:04','2025-01-07 09:24:04'),(180,184,'2025-01-07 10:14:37','2025-01-07 10:14:37'),(181,212,'2025-01-07 10:15:54','2025-01-07 10:15:54'),(182,167,'2025-01-07 10:21:50','2025-01-07 10:21:50'),(183,115,'2025-01-07 10:23:36','2025-01-07 10:23:36'),(184,113,'2025-01-07 10:24:09','2025-01-07 10:24:09'),(185,215,'2025-01-07 10:53:57','2025-01-07 10:53:57'),(186,212,'2025-01-07 10:54:53','2025-01-07 10:54:53'),(187,215,'2025-01-07 11:57:49','2025-01-07 11:57:49'),(188,212,'2025-01-07 11:58:37','2025-01-07 11:58:37'),(189,215,'2025-01-07 12:14:53','2025-01-07 12:14:53'),(190,214,'2025-01-07 14:03:30','2025-01-07 14:03:30'),(191,126,'2025-01-07 16:35:01','2025-01-07 16:35:01'),(192,199,'2025-01-07 16:36:07','2025-01-07 16:36:07'),(193,188,'2025-01-07 16:36:49','2025-01-07 16:36:49'),(194,216,'2025-01-09 08:52:54','2025-01-09 08:52:54'),(195,216,'2025-01-13 13:41:34','2025-01-13 13:41:34'),(196,199,'2025-01-13 13:43:13','2025-01-13 13:43:13'),(197,113,'2025-01-13 13:45:44','2025-01-13 13:45:44'),(198,188,'2025-01-13 13:47:13','2025-01-13 13:47:13'),(199,216,'2025-01-14 10:12:24','2025-01-14 10:12:24'),(200,185,'2025-01-14 16:34:32','2025-01-14 16:34:32'),(201,216,'2025-01-17 13:55:51','2025-01-17 13:55:51'),(202,215,'2025-01-19 12:21:59','2025-01-19 12:21:59'),(203,216,'2025-01-20 11:59:16','2025-01-20 11:59:16'),(204,214,'2025-01-20 12:52:44','2025-01-20 12:52:44'),(205,216,'2025-01-20 12:53:18','2025-01-20 12:53:18'),(206,215,'2025-01-20 12:55:40','2025-01-20 12:55:40'),(207,214,'2025-01-20 12:57:06','2025-01-20 12:57:06'),(208,214,'2025-01-20 12:58:08','2025-01-20 12:58:08'),(209,214,'2025-01-20 12:58:28','2025-01-20 12:58:28'),(210,214,'2025-01-20 12:58:50','2025-01-20 12:58:50'),(211,216,'2025-01-20 12:59:18','2025-01-20 12:59:18'),(212,214,'2025-01-20 13:02:33','2025-01-20 13:02:33'),(213,112,'2025-01-20 13:03:07','2025-01-20 13:03:07'),(214,216,'2025-01-20 13:03:32','2025-01-20 13:03:32'),(215,115,'2025-01-20 13:03:45','2025-01-20 13:03:45'),(216,216,'2025-01-21 14:07:52','2025-01-21 14:07:52'),(217,215,'2025-01-21 14:08:19','2025-01-21 14:08:19'),(218,214,'2025-01-21 14:09:03','2025-01-21 14:09:03'),(219,216,'2025-01-23 11:01:52','2025-01-23 11:01:52'),(220,113,'2025-01-23 14:54:07','2025-01-23 14:54:07'),(221,202,'2025-01-24 13:49:26','2025-01-24 13:49:26'),(222,186,'2025-01-24 15:53:26','2025-01-24 15:53:26'),(223,220,'2025-01-24 15:57:43','2025-01-24 15:57:43'),(224,113,'2025-01-24 16:06:50','2025-01-24 16:06:50'),(225,221,'2025-01-28 10:38:28','2025-01-28 10:38:28'),(226,216,'2025-01-28 10:39:08','2025-01-28 10:39:08'),(227,221,'2025-01-28 12:57:05','2025-01-28 12:57:05'),(228,220,'2025-01-28 12:57:10','2025-01-28 12:57:10'),(229,216,'2025-01-28 12:57:30','2025-01-28 12:57:30'),(230,186,'2025-01-28 12:58:25','2025-01-28 12:58:25'),(231,185,'2025-01-28 12:58:28','2025-01-28 12:58:28'),(232,216,'2025-01-28 13:00:52','2025-01-28 13:00:52'),(233,212,'2025-01-28 16:10:33','2025-01-28 16:10:33'),(234,218,'2025-01-28 16:22:07','2025-01-28 16:22:07'),(235,222,'2025-01-29 14:38:20','2025-01-29 14:38:20'),(236,222,'2025-01-30 17:32:56','2025-01-30 17:32:56'),(237,184,'2025-02-03 20:37:26','2025-02-03 20:37:26'),(238,220,'2025-02-03 20:38:18','2025-02-03 20:38:18'),(239,214,'2025-02-06 09:35:45','2025-02-06 09:35:45'),(240,200,'2025-02-06 09:36:30','2025-02-06 09:36:30'),(241,220,'2025-02-06 23:54:21','2025-02-06 23:54:21'),(242,222,'2025-02-07 00:00:36','2025-02-07 00:00:36'),(243,216,'2025-02-07 00:01:25','2025-02-07 00:01:25'),(244,216,'2025-02-07 00:05:55','2025-02-07 00:05:55'),(245,202,'2025-02-07 14:05:39','2025-02-07 14:05:39'),(246,222,'2025-02-08 09:40:10','2025-02-08 09:40:10'),(247,222,'2025-02-08 11:41:53','2025-02-08 11:41:53'),(248,220,'2025-02-09 09:09:58','2025-02-09 09:09:58'),(249,215,'2025-02-09 09:10:37','2025-02-09 09:10:37'),(250,222,'2025-02-09 09:11:50','2025-02-09 09:11:50'),(251,200,'2025-02-09 09:13:04','2025-02-09 09:13:04'),(252,212,'2025-02-09 09:13:31','2025-02-09 09:13:31'),(253,206,'2025-02-09 09:14:05','2025-02-09 09:14:05'),(254,222,'2025-02-10 16:00:56','2025-02-10 16:00:56'),(255,221,'2025-02-10 16:01:24','2025-02-10 16:01:24'),(256,220,'2025-02-10 16:01:35','2025-02-10 16:01:35'),(257,215,'2025-02-11 00:54:21','2025-02-11 00:54:21'),(258,212,'2025-02-11 00:55:44','2025-02-11 00:55:44'),(259,188,'2025-02-11 00:56:49','2025-02-11 00:56:49'),(260,188,'2025-02-11 00:58:13','2025-02-11 00:58:13'),(261,218,'2025-02-12 10:12:51','2025-02-12 10:12:51'),(262,185,'2025-02-12 10:13:52','2025-02-12 10:13:52'),(263,227,'2025-02-19 14:57:28','2025-02-19 14:57:28'),(264,226,'2025-02-19 14:57:30','2025-02-19 14:57:30'),(265,215,'2025-02-19 14:58:59','2025-02-19 14:58:59'),(266,227,'2025-02-19 14:59:14','2025-02-19 14:59:14'),(267,221,'2025-02-19 15:09:20','2025-02-19 15:09:20'),(268,226,'2025-02-19 15:20:40','2025-02-19 15:20:40'),(269,227,'2025-02-19 15:21:24','2025-02-19 15:21:24'),(270,222,'2025-02-20 07:36:39','2025-02-20 07:36:39'),(271,227,'2025-02-24 11:55:12','2025-02-24 11:55:12'),(272,227,'2025-02-24 11:56:15','2025-02-24 11:56:15'),(273,222,'2025-02-24 11:56:24','2025-02-24 11:56:24'),(274,215,'2025-02-24 11:56:37','2025-02-24 11:56:37'),(275,227,'2025-02-24 11:59:30','2025-02-24 11:59:30'),(276,206,'2025-02-24 15:16:31','2025-02-24 15:16:31'),(277,227,'2025-02-25 11:43:50','2025-02-25 11:43:50'),(278,226,'2025-02-25 11:43:57','2025-02-25 11:43:57'),(279,229,'2025-02-26 11:23:53','2025-02-26 11:23:53'),(280,230,'2025-02-26 11:24:12','2025-02-26 11:24:12'),(281,230,'2025-02-27 09:31:32','2025-02-27 09:31:32'),(282,233,'2025-02-27 09:32:29','2025-02-27 09:32:29'),(283,229,'2025-02-27 09:32:54','2025-02-27 09:32:54'),(284,233,'2025-02-27 13:18:27','2025-02-27 13:18:27'),(285,229,'2025-02-27 13:20:13','2025-02-27 13:20:13'),(286,221,'2025-02-27 13:22:34','2025-02-27 13:22:34'),(287,215,'2025-02-27 13:23:32','2025-02-27 13:23:32'),(288,212,'2025-02-27 13:26:40','2025-02-27 13:26:40'),(289,202,'2025-02-27 13:28:48','2025-02-27 13:28:48'),(290,230,'2025-02-27 13:30:04','2025-02-27 13:30:04'),(291,233,'2025-02-27 13:31:26','2025-02-27 13:31:26'),(292,230,'2025-02-27 17:09:55','2025-02-27 17:09:55'),(293,233,'2025-02-27 17:10:08','2025-02-27 17:10:08'),(294,229,'2025-02-27 17:10:32','2025-02-27 17:10:32'),(295,230,'2025-02-27 17:19:04','2025-02-27 17:19:04'),(296,222,'2025-02-27 17:20:42','2025-02-27 17:20:42'),(297,221,'2025-02-27 18:58:00','2025-02-27 18:58:00'),(298,229,'2025-02-28 08:29:18','2025-02-28 08:29:18'),(299,226,'2025-02-28 08:31:18','2025-02-28 08:31:18'),(300,230,'2025-02-28 09:04:17','2025-02-28 09:04:17'),(301,222,'2025-02-28 09:05:22','2025-02-28 09:05:22'),(302,233,'2025-02-28 10:17:31','2025-02-28 10:17:31'),(303,230,'2025-02-28 10:17:42','2025-02-28 10:17:42'),(304,233,'2025-03-01 12:17:09','2025-03-01 12:17:09'),(305,229,'2025-03-01 12:17:57','2025-03-01 12:17:57'),(306,230,'2025-03-01 19:12:14','2025-03-01 19:12:14'),(307,206,'2025-03-02 00:30:53','2025-03-02 00:30:53'),(308,230,'2025-03-02 00:31:23','2025-03-02 00:31:23'),(309,230,'2025-03-03 08:28:21','2025-03-03 08:28:21'),(310,233,'2025-03-03 11:32:11','2025-03-03 11:32:11'),(311,233,'2025-03-03 14:14:42','2025-03-03 14:14:42'),(312,230,'2025-03-03 14:14:59','2025-03-03 14:14:59'),(313,233,'2025-03-03 16:00:33','2025-03-03 16:00:33'),(314,230,'2025-03-03 16:01:31','2025-03-03 16:01:31'),(315,212,'2025-03-03 16:02:10','2025-03-03 16:02:10'),(316,229,'2025-03-03 18:11:15','2025-03-03 18:11:15'),(317,233,'2025-03-03 18:24:52','2025-03-03 18:24:52'),(318,233,'2025-03-03 18:25:07','2025-03-03 18:25:07'),(319,226,'2025-03-03 18:25:25','2025-03-03 18:25:25'),(320,226,'2025-03-03 18:38:38','2025-03-03 18:38:38'),(321,226,'2025-03-03 18:39:35','2025-03-03 18:39:35'),(322,226,'2025-03-03 18:39:44','2025-03-03 18:39:44'),(323,226,'2025-03-03 18:39:51','2025-03-03 18:39:51'),(324,226,'2025-03-03 18:40:40','2025-03-03 18:40:40'),(325,233,'2025-03-04 12:35:55','2025-03-04 12:35:55'),(326,233,'2025-03-05 07:06:56','2025-03-05 07:06:56'),(327,230,'2025-03-05 22:26:16','2025-03-05 22:26:16'),(328,233,'2025-03-05 22:26:48','2025-03-05 22:26:48'),(329,230,'2025-03-06 10:58:12','2025-03-06 10:58:12'),(330,233,'2025-03-06 17:02:49','2025-03-06 17:02:49'),(331,218,'2025-03-06 17:03:57','2025-03-06 17:03:57'),(332,212,'2025-03-06 18:11:58','2025-03-06 18:11:58'),(333,232,'2025-03-06 18:50:48','2025-03-06 18:50:48'),(334,234,'2025-03-06 18:51:25','2025-03-06 18:51:25'),(335,230,'2025-03-07 15:30:37','2025-03-07 15:30:37'),(336,234,'2025-03-09 17:14:20','2025-03-09 17:14:20'),(337,232,'2025-03-09 17:15:02','2025-03-09 17:15:02'),(338,232,'2025-03-10 10:58:16','2025-03-10 10:58:16'),(339,232,'2025-03-10 12:04:54','2025-03-10 12:04:54'),(340,232,'2025-03-10 12:05:29','2025-03-10 12:05:29'),(341,230,'2025-03-10 17:23:45','2025-03-10 17:23:45'),(342,230,'2025-03-10 18:10:52','2025-03-10 18:10:52'),(343,232,'2025-03-10 18:13:39','2025-03-10 18:13:39'),(344,230,'2025-03-10 18:31:54','2025-03-10 18:31:54'),(345,212,'2025-03-11 16:32:06','2025-03-11 16:32:06'),(346,232,'2025-03-12 15:07:21','2025-03-12 15:07:21'),(347,215,'2025-03-12 15:11:05','2025-03-12 15:11:05'),(348,215,'2025-03-12 15:12:11','2025-03-12 15:12:11'),(349,232,'2025-03-12 15:17:46','2025-03-12 15:17:46'),(350,215,'2025-03-12 15:24:33','2025-03-12 15:24:33'),(351,215,'2025-03-12 15:27:08','2025-03-12 15:27:08'),(352,232,'2025-03-12 17:05:47','2025-03-12 17:05:47'),(353,230,'2025-03-13 14:44:41','2025-03-13 14:44:41'),(354,234,'2025-03-14 08:49:52','2025-03-14 08:49:52'),(355,234,'2025-03-14 08:50:30','2025-03-14 08:50:30'),(356,233,'2025-03-14 08:50:47','2025-03-14 08:50:47'),(357,232,'2025-03-14 08:52:33','2025-03-14 08:52:33'),(358,212,'2025-03-14 08:53:09','2025-03-14 08:53:09'),(359,212,'2025-03-14 08:53:29','2025-03-14 08:53:29'),(360,212,'2025-03-14 08:53:43','2025-03-14 08:53:43'),(361,212,'2025-03-14 08:53:49','2025-03-14 08:53:49'),(362,212,'2025-03-14 08:53:57','2025-03-14 08:53:57'),(363,232,'2025-03-14 09:05:03','2025-03-14 09:05:03'),(364,234,'2025-03-14 09:05:27','2025-03-14 09:05:27'),(365,230,'2025-03-14 09:05:47','2025-03-14 09:05:47'),(366,218,'2025-03-14 09:21:10','2025-03-14 09:21:10'),(367,232,'2025-03-14 09:21:51','2025-03-14 09:21:51'),(368,167,'2025-03-14 09:23:54','2025-03-14 09:23:54'),(369,230,'2025-03-14 16:16:20','2025-03-14 16:16:20'),(370,232,'2025-03-15 12:00:54','2025-03-15 12:00:54'),(371,206,'2025-03-17 14:43:19','2025-03-17 14:43:19'),(372,206,'2025-03-17 14:43:49','2025-03-17 14:43:49'),(373,232,'2025-03-17 15:11:29','2025-03-17 15:11:29'),(374,232,'2025-03-17 21:50:58','2025-03-17 21:50:58'),(375,233,'2025-03-17 21:51:17','2025-03-17 21:51:17'),(376,232,'2025-03-17 22:06:14','2025-03-17 22:06:14'),(377,232,'2025-03-17 23:33:02','2025-03-17 23:33:02'),(378,232,'2025-03-18 15:28:19','2025-03-18 15:28:19');


