-- Table structure for table `membership`
--

CREATE TABLE `membership` (
  `id` int NOT NULL AUTO_INCREMENT,
  `owner_id` int NOT NULL,
  `state` enum('expired','pending','active','cancelled') COLLATE utf8mb3_unicode_ci DEFAULT NULL,
  `activated_at` datetime DEFAULT NULL,
  `renewal_email_sent` tinyint(1) DEFAULT NULL,
  `created_at` datetime NOT NULL,
  `updated_at` datetime NOT NULL,
  PRIMARY KEY (`id`),
  KEY `IDX_86FFD2857E3C61F9` (`owner_id`),
  CONSTRAINT `FK_86FFD2857E3C61F9` FOREIGN KEY (`owner_id`) REFERENCES `commercial` (`id`)
) ENGINE=InnoDB AUTO_INCREMENT=5 DEFAULT CHARSET=utf8mb3 COLLATE=utf8mb3_unicode_ci;

--
-- Dumping data for table `membership`
--

INSERT INTO `membership` VALUES (1,5116,'active','2025-02-28 15:30:09',NULL,'2025-02-28 15:30:09','2025-02-28 15:30:09'),(2,5116,'active','2025-02-28 15:30:09',NULL,'2025-03-04 10:23:40','2025-03-04 10:23:40'),(3,3640,'active','2025-03-18 18:36:22',NULL,'2025-03-18 18:36:23','2025-03-18 18:36:23'),(4,5133,'active','2025-03-19 17:54:41',NULL,'2025-03-19 17:54:41','2025-03-19 17:54:41');

--
-- Table structure for table `messenger_messages`
--

CREATE TABLE `messenger_messages` (
  `id` bigint NOT NULL AUTO_INCREMENT,
  `body` longtext COLLATE utf8mb3_unicode_ci NOT NULL,
  `headers` longtext COLLATE utf8mb3_unicode_ci NOT NULL,
  `queue_name` varchar(190) COLLATE utf8mb3_unicode_ci NOT NULL,
  `created_at` datetime NOT NULL COMMENT '(DC2Type:datetime_immutable)',
  `available_at` datetime NOT NULL COMMENT '(DC2Type:datetime_immutable)',
  `delivered_at` datetime DEFAULT NULL COMMENT '(DC2Type:datetime_immutable)',
  PRIMARY KEY (`id`),
  KEY `IDX_75EA56E0FB7336F0` (`queue_name`),
  KEY `IDX_75EA56E0E3BD61CE` (`available_at`),
  KEY `IDX_75EA56E016BA31DB` (`delivered_at`)
) ENGINE=InnoDB AUTO_INCREMENT=1044 DEFAULT CHARSET=utf8mb3 COLLATE=utf8mb3_unicode_ci;

--
-- Dumping data for table `messenger_messages`
--


--
-- Table structure for table `offer`
--

CREATE TABLE `offer` (
  `id` int NOT NULL AUTO_INCREMENT,
  `name` varchar(255) COLLATE utf8mb3_unicode_ci NOT NULL,
  `price` double NOT NULL,
  `broadcast_duration` double DEFAULT NULL,
  `description` longtext COLLATE utf8mb3_unicode_ci,
  `advert_quantity` int NOT NULL,
  `review` tinyint(1) DEFAULT NULL,
  `created_at` datetime NOT NULL,
  `updated_at` datetime NOT NULL,
  `type` varchar(255) COLLATE utf8mb3_unicode_ci NOT NULL,
  `ttc_price` double DEFAULT NULL,
  PRIMARY KEY (`id`)
) ENGINE=InnoDB AUTO_INCREMENT=7 DEFAULT CHARSET=utf8mb3 COLLATE=utf8mb3_unicode_ci;

--
-- Dumping data for table `offer`
--

INSERT INTO `offer` VALUES (1,'3 X 1 mois + Revue',395,1,NULL,3,1,'2024-05-17 14:26:52','2024-10-23 12:50:36','creditoffer',0),(2,'3 mois + Revue',395,3,NULL,1,1,'2024-05-17 14:26:52','2024-10-23 12:50:36','creditoffer',0),(3,'Pack 10 annonces',500,3,'Diffusion site pour 3 mois, Logo + 1 secteur d’activité',10,0,'2024-05-17 14:26:52','2024-10-09 20:46:13','packageoffer',600),(4,'Pack 15 annonces',750,3,'Diffusion site pour 3 mois, Logo + 2 secteur d’activité, Image personnalisée',15,0,'2024-05-17 14:26:52','2024-10-09 20:46:13','packageoffer',900),(5,'Pack 10 annonces + Revue',600,3,'Diffusion site + revue pour 3 mois, Logo + 1 secteur d’activité',10,1,'2024-06-03 19:12:05','2024-10-09 20:46:13','packageoffer',720),(6,'Pack 15 annonces + Revue',900,3,'Diffusion site + revue pour 3 mois, Logo + 2 secteur d’activité, Image personnalisée',15,1,'2024-06-03 19:12:05','2024-10-09 20:46:13','packageoffer',1080);

--
-- Table structure for table `order`
--

CREATE TABLE `order` (
  `id` int NOT NULL AUTO_INCREMENT,
  `customer_id` int NOT NULL,
  `advert_broadcast_id` int DEFAULT NULL,
  `offer_id` int DEFAULT NULL,
  `reference` varchar(255) COLLATE utf8mb3_unicode_ci NOT NULL,
  `amount` double NOT NULL,
  `payment_mode` enum('cb','bank_transfer','credit') COLLATE utf8mb3_unicode_ci NOT NULL,
  `state` enum('pending','paid','failed','validated','processing','refunded','cancelled','declined') COLLATE utf8mb3_unicode_ci NOT NULL,
  `checkout_url` longtext COLLATE utf8mb3_unicode_ci,
  `checkout_id` varchar(255) COLLATE utf8mb3_unicode_ci DEFAULT NULL,
  `created_at` datetime NOT NULL,
  `updated_at` datetime NOT NULL,
  `type` varchar(255) COLLATE utf8mb3_unicode_ci NOT NULL,
  `tva` double DEFAULT NULL,
  `commercial_credit_usable_offer_id` int DEFAULT NULL,
  `chamber_package_usable_offer_id` int DEFAULT NULL,
  `embassy_package_usable_offer_id` int DEFAULT NULL,
  `stripe_id` varchar(255) COLLATE utf8mb3_unicode_ci DEFAULT NULL,
  `stripe_payment_intent_id` varchar(255) COLLATE utf8mb3_unicode_ci DEFAULT NULL,
  `verifone_transaction_id` varchar(255) COLLATE utf8mb3_unicode_ci DEFAULT NULL,
  `contract_id` int DEFAULT NULL,
  `usable_gift_id` int DEFAULT NULL,
  `paid_at` datetime DEFAULT NULL,
  PRIMARY KEY (`id`),
  UNIQUE KEY `UNIQ_F5299398AEA34913` (`reference`),
  KEY `IDX_F52993989395C3F3` (`customer_id`),
  KEY `IDX_F52993989ED5161F` (`advert_broadcast_id`),
  KEY `IDX_F529939853C674EE` (`offer_id`),
  KEY `IDX_F5299398CB88C8AC` (`commercial_credit_usable_offer_id`),
  KEY `IDX_F529939872C54F59` (`chamber_package_usable_offer_id`),
  KEY `IDX_F52993988B94365E` (`embassy_package_usable_offer_id`),
  KEY `IDX_F52993982576E0FD` (`contract_id`),
  KEY `IDX_F529939858EAFFB9` (`usable_gift_id`),
  CONSTRAINT `FK_F52993982576E0FD` FOREIGN KEY (`contract_id`) REFERENCES `contract` (`id`),
  CONSTRAINT `FK_F529939853C674EE` FOREIGN KEY (`offer_id`) REFERENCES `offer` (`id`),
  CONSTRAINT `FK_F529939858EAFFB9` FOREIGN KEY (`usable_gift_id`) REFERENCES `advert_gift` (`id`),
  CONSTRAINT `FK_F529939872C54F59` FOREIGN KEY (`chamber_package_usable_offer_id`) REFERENCES `chamber_package` (`id`),
  CONSTRAINT `FK_F52993988B94365E` FOREIGN KEY (`embassy_package_usable_offer_id`) REFERENCES `embassy_package` (`id`),
  CONSTRAINT `FK_F52993989395C3F3` FOREIGN KEY (`customer_id`) REFERENCES `customer` (`id`),
  CONSTRAINT `FK_F52993989ED5161F` FOREIGN KEY (`advert_broadcast_id`) REFERENCES `advert_broadcast` (`id`),
  CONSTRAINT `FK_F5299398CB88C8AC` FOREIGN KEY (`commercial_credit_usable_offer_id`) REFERENCES `commercial_credit` (`id`)
) ENGINE=InnoDB AUTO_INCREMENT=387 DEFAULT CHARSET=utf8mb3 COLLATE=utf8mb3_unicode_ci;

--
-- Dumping data for table `order`
--

INSERT INTO `order` VALUES (6,4410,NULL,1,'OFCB000001',394,'cb','paid','https://cst.checkout.vficloud.net/v2/checkout/fd3f6376-9a6c-4795-8f69-ec6f2634f12f/view',NULL,'2024-05-17 14:27:26','2024-06-17 09:30:47','offerorder',0,NULL,NULL,NULL,NULL,NULL,NULL,NULL,NULL,NULL),(25,3,NULL,2,'OFCB000003',395,'cb','paid','https://cst.checkout.vficloud.net/v2/checkout/fd3f6376-9a6c-4795-8f69-ec6f2634f12f/view',NULL,'2024-06-11 08:15:40','2024-06-17 09:30:47','offerorder',0,NULL,NULL,NULL,NULL,NULL,NULL,NULL,NULL,NULL),(34,4438,NULL,1,'OFBT000005',395,'bank_transfer','paid',NULL,NULL,'2024-07-01 16:55:06','2024-07-01 16:55:06','offerorder',20,NULL,NULL,NULL,NULL,NULL,NULL,NULL,NULL,NULL),(35,4439,NULL,1,'OFCB000004',395,'cb','paid','https://cst.checkout.vficloud.net/v2/checkout/fd3f6376-9a6c-4795-8f69-ec6f2634f12f/view',NULL,'2024-07-01 17:10:16','2024-07-01 17:10:16','offerorder',20,NULL,NULL,NULL,NULL,NULL,NULL,NULL,NULL,NULL),(36,4440,NULL,1,'OFCB000005',395,'cb','paid','https://cst.checkout.vficloud.net/v2/checkout/fd3f6376-9a6c-4795-8f69-ec6f2634f12f/view',NULL,'2024-07-02 10:38:15','2024-07-02 10:38:15','offerorder',20,NULL,NULL,NULL,NULL,NULL,NULL,NULL,NULL,NULL),(37,4441,NULL,1,'OFCB000006',395,'cb','paid','https://cst.checkout.vficloud.net/v2/checkout/fd3f6376-9a6c-4795-8f69-ec6f2634f12f/view',NULL,'2024-07-02 10:56:22','2024-07-02 10:56:22','offerorder',20,NULL,NULL,NULL,NULL,NULL,NULL,NULL,NULL,NULL),(41,3,NULL,2,'OFCB000007',395,'cb','paid','https://checkout.stripe.com/c/pay/cs_test_a1dVmmV5pHvlb9dO0Dj8yzM3Ih1JyChATmGCb2EjmoNHuFUzwgLnrXOpGU#fidkdWxOYHwnPyd1blpxYHZxWjA0VWkwQ1BOM2twaHZIMHV8ckNhQmxwSm9KZjdqTnVfSFA9RFRLQ3U2SU9yPXNHPTBEU0ZhM2NCPExBcmlkMlRsVzBWMn1takJ%2FNkBmUm0zTFF1ckxtVGRDNTV1QHBWV1dNaycpJ2N3amhWYHdzYHcnP3F3cGApJ2lkfGpwcVF8dWAnPyd2bGtiaWBabHFgaCcpJ2BrZGdpYFVpZGZgbWppYWB3dic%2FcXdwYHgl',NULL,'2024-08-08 17:51:12','2024-08-08 17:51:48','offerorder',0,NULL,NULL,NULL,'cs_test_a1dVmmV5pHvlb9dO0Dj8yzM3Ih1JyChATmGCb2EjmoNHuFUzwgLnrXOpGU','pi_3PlaV4K6numsM5py14BfTHPG',NULL,NULL,NULL,NULL),(42,3,NULL,2,'OFCB000008',395,'cb','paid','https://checkout.stripe.com/c/pay/cs_test_a1rydYHnWKZ6pGBLvO3zVqGVExtFZDqfjCvYTbAigFMrPWJb4xxzoSfzb2#fidkdWxOYHwnPyd1blpxYHZxWjA0VW10cENNZG81Q1M0dk1NVk9LcmdWZ11BczFjX39cQlJhU21iUF9HdD18d3JPaF9WdEB0SXxnQXVubXJyR0dBSlJGUj1fR0JtQHRIUD1CNnRjPXMybGw9NTVKdTZSbERAQScpJ2N3amhWYHdzYHcnP3F3cGApJ2lkfGpwcVF8dWAnPyd2bGtiaWBabHFgaCcpJ2BrZGdpYFVpZGZgbWppYWB3dic%2FcXdwYHgl',NULL,'2024-08-08 18:06:03','2024-08-08 18:06:46','offerorder',0,NULL,NULL,NULL,'cs_test_a1rydYHnWKZ6pGBLvO3zVqGVExtFZDqfjCvYTbAigFMrPWJb4xxzoSfzb2','pi_3PlajXHaj0FV1sHH1W0vWVOW',NULL,NULL,NULL,NULL),(48,4451,NULL,1,'OFCB000009',395,'cb','validated','https://checkout.stripe.com/c/pay/cs_test_a1dIYSXTyfzuqGkmr096Bc8FkAWFgjh5hBB5rmXApPnoF3FKbq7Gc5DGl1#fidkdWxOYHwnPyd1blpxYHZxWjA0VW10cENNZG81Q1M0dk1NVk9LcmdWZ11BczFjX39cQlJhU21iUF9HdD18d3JPaF9WdEB0SXxnQXVubXJyR0dBSlJGUj1fR0JtQHRIUD1CNnRjPXMybGw9NTVKdTZSbERAQScpJ2N3amhWYHdzYHcnP3F3cGApJ2lkfGpwcVF8dWAnPyd2bGtiaWBabHFgaCcpJ2BrZGdpYFVpZGZgbWppYWB3dic%2FcXdwYHgl',NULL,'2024-08-13 14:32:49','2024-08-13 15:17:32','offerorder',20,NULL,NULL,NULL,'cs_test_a1dIYSXTyfzuqGkmr096Bc8FkAWFgjh5hBB5rmXApPnoF3FKbq7Gc5DGl1',NULL,NULL,NULL,NULL,NULL),(49,4451,NULL,1,'OFCB000010',395,'cb','validated','https://checkout.stripe.com/c/pay/cs_test_a1jOSasF63zt39YIQGM6gLUl7rGYZILgBxV4Sznps8PxlrNVbFkgdqCPX4#fidkdWxOYHwnPyd1blpxYHZxWjA0VW10cENNZG81Q1M0dk1NVk9LcmdWZ11BczFjX39cQlJhU21iUF9HdD18d3JPaF9WdEB0SXxnQXVubXJyR0dBSlJGUj1fR0JtQHRIUD1CNnRjPXMybGw9NTVKdTZSbERAQScpJ2N3amhWYHdzYHcnP3F3cGApJ2lkfGpwcVF8dWAnPyd2bGtiaWBabHFgaCcpJ2BrZGdpYFVpZGZgbWppYWB3dic%2FcXdwYHgl',NULL,'2024-08-13 14:43:58','2024-08-13 15:17:24','offerorder',20,NULL,NULL,NULL,'cs_test_a1jOSasF63zt39YIQGM6gLUl7rGYZILgBxV4Sznps8PxlrNVbFkgdqCPX4',NULL,NULL,NULL,NULL,NULL),(50,4451,NULL,1,'OFBT000007',395,'bank_transfer','validated',NULL,NULL,'2024-08-13 15:06:55','2024-08-13 15:15:27','offerorder',20,NULL,NULL,NULL,NULL,NULL,NULL,NULL,NULL,NULL),(55,4455,NULL,1,'OFBT000008',395,'bank_transfer','pending',NULL,NULL,'2024-08-20 13:24:04','2024-08-20 13:24:04','offerorder',20,NULL,NULL,NULL,NULL,NULL,NULL,NULL,NULL,NULL),(56,4455,NULL,2,'OFCB000012',395,'cb','pending','https://checkout.stripe.com/c/pay/cs_test_a1JzxlvGFGOg9XKP7PzoOLKUvAs3nsOuCgPnctUiu1HJTPQd9w2xBzxDJz#fidkdWxOYHwnPyd1blpxYHZxWjA0VW10cENNZG81Q1M0dk1NVk9LcmdWZ11BczFjX39cQlJhU21iUF9HdD18d3JPaF9WdEB0SXxnQXVubXJyR0dBSlJGUj1fR0JtQHRIUD1CNnRjPXMybGw9NTVKdTZSbERAQScpJ2N3amhWYHdzYHcnP3F3cGApJ2lkfGpwcVF8dWAnPyd2bGtiaWBabHFgaCcpJ2BrZGdpYFVpZGZgbWppYWB3dic%2FcXdwYHgl',NULL,'2024-08-20 13:24:34','2024-08-20 13:24:35','offerorder',20,NULL,NULL,NULL,'cs_test_a1JzxlvGFGOg9XKP7PzoOLKUvAs3nsOuCgPnctUiu1HJTPQd9w2xBzxDJz',NULL,NULL,NULL,NULL,NULL),(57,4455,NULL,2,'OFBT000009',395,'bank_transfer','pending',NULL,NULL,'2024-08-20 13:26:39','2024-08-20 13:26:39','offerorder',20,NULL,NULL,NULL,NULL,NULL,NULL,NULL,NULL,NULL),(59,4418,NULL,NULL,'CT000001',41.67,'bank_transfer','pending','https://preprod-tpeweb.paybox.com/cgi/MYchoix_pagepaiement.cgi?PBX_SITE=5016323&PBX_RANG=01&PBX_IDENTIFIANT=722066132&PBX_TOTAL=4167&PBX_DEVISE=978&PBX_CMD=CT000001&PBX_PORTEUR=romanegautierdeluze@gmail.com&PBX_RETOUR=id:S;amount:M;reference:R;appel:T;autorization:A;error:E;signature:K&PBX_HASH=SHA512&PBX_RUF1=POST&PBX_EFFECTUE=https://fnac-ep.underconstruction.ovh/company/tool&PBX_REFUSE=https://fnac-ep.underconstruction.ovh/payment/failed&PBX_ANNULE=https://fnac-ep.underconstruction.ovh/payment/canceled&PBX_ATTENTE=https://fnac-ep.underconstruction.ovh/registration/pending&PBX_REPONDRE_A=https://fnac-ep.underconstruction.ovh/verifone/webhooks&PBX_TIME=2024-08-22&PBX_HMAC=6338EAE8E5220D96DA1BF233EE45D961F64C4A89CB2AF564F125E482D12061026AAC146E669353C6B75DC1918ECBB89C705A683C7D15DA98A58A30A623B2C0F3',NULL,'2024-08-22 13:04:44','2024-08-22 13:04:44','contractorder',0,NULL,NULL,NULL,NULL,NULL,NULL,1,NULL,NULL),(60,4418,NULL,NULL,'CT000002',41.67,'bank_transfer','pending','https://preprod-tpeweb.paybox.com/cgi/MYchoix_pagepaiement.cgi?PBX_SITE=5016323&PBX_RANG=01&PBX_IDENTIFIANT=722066132&PBX_TOTAL=4167&PBX_DEVISE=978&PBX_CMD=CT000002&PBX_PORTEUR=romanegautierdeluze@gmail.com&PBX_RETOUR=id:S;amount:M;reference:R;appel:T;autorization:A;error:E;signature:K&PBX_HASH=SHA512&PBX_RUF1=POST&PBX_EFFECTUE=https://fnac-ep.underconstruction.ovh/company/tool&PBX_REFUSE=https://fnac-ep.underconstruction.ovh/payment/failed&PBX_ANNULE=https://fnac-ep.underconstruction.ovh/payment/canceled&PBX_ATTENTE=https://fnac-ep.underconstruction.ovh/registration/pending&PBX_REPONDRE_A=https://fnac-ep.underconstruction.ovh/verifone/webhooks&PBX_TIME=2024-08-22&PBX_HMAC=D6705AB17D2DB129CC53E041DE17608EEED6A75B04A67C71032809171B2104321FC0154DC5281ADE99E465DF96D3D037DC98EED73A823D63ADDD61C66B7DB7BD',NULL,'2024-08-22 13:05:28','2024-08-22 13:05:28','contractorder',0,NULL,NULL,NULL,NULL,NULL,NULL,1,NULL,NULL),(63,4,NULL,NULL,'CT000003',41.67,'bank_transfer','pending','https://preprod-tpeweb.paybox.com/cgi/MYchoix_pagepaiement.cgi?PBX_SITE=5016323&PBX_RANG=01&PBX_IDENTIFIANT=722066132&PBX_TOTAL=4167&PBX_DEVISE=978&PBX_CMD=CT000003&PBX_PORTEUR=embassy@fnac.fr&PBX_RETOUR=id:S;amount:M;reference:R;appel:T;autorization:A;error:E;signature:K&PBX_HASH=SHA512&PBX_RUF1=POST&PBX_EFFECTUE=https://fnac-ep.underconstruction.ovh/company/tool&PBX_REFUSE=https://fnac-ep.underconstruction.ovh/payment/failed&PBX_ANNULE=https://fnac-ep.underconstruction.ovh/payment/canceled&PBX_ATTENTE=https://fnac-ep.underconstruction.ovh/registration/pending&PBX_REPONDRE_A=https://fnac-ep.underconstruction.ovh/verifone/webhooks&PBX_TIME=2024-08-22&PBX_HMAC=C8FFE92DE80F40867E9E4625AB2A761AF3AE31F67127828E2018C00ED72B2E1DCA3C4F72075AA3BE36F8133575C7BE339811C5E86C1218AF698EFFBF36DEB6AE',NULL,'2024-08-22 15:00:59','2024-08-22 15:00:59','contractorder',0,NULL,NULL,NULL,NULL,NULL,NULL,7,NULL,NULL),(64,4,NULL,NULL,'CT000004',41.67,'bank_transfer','pending','https://preprod-tpeweb.paybox.com/cgi/MYchoix_pagepaiement.cgi?PBX_SITE=5016323&PBX_RANG=01&PBX_IDENTIFIANT=722066132&PBX_TOTAL=4167&PBX_DEVISE=978&PBX_CMD=CT000004&PBX_PORTEUR=embassy@fnac.fr&PBX_RETOUR=id:S;amount:M;reference:R;appel:T;autorization:A;error:E;signature:K&PBX_HASH=SHA512&PBX_RUF1=POST&PBX_EFFECTUE=https://fnac-ep.underconstruction.ovh/company/tool&PBX_REFUSE=https://fnac-ep.underconstruction.ovh/payment/failed&PBX_ANNULE=https://fnac-ep.underconstruction.ovh/payment/canceled&PBX_ATTENTE=https://fnac-ep.underconstruction.ovh/registration/pending&PBX_REPONDRE_A=https://fnac-ep.underconstruction.ovh/verifone/webhooks&PBX_TIME=2024-08-22&PBX_HMAC=37636367413181F2B81D5DFCBC0B5294959526BF8A6D3115472222FAD56F8AEFDDE2CFA74A3BDCBD17C944A2F5108218603C0EDFBE6C6BE22A6291E5AFE0736F',NULL,'2024-08-22 15:03:25','2024-08-22 15:03:25','contractorder',0,NULL,NULL,NULL,NULL,NULL,NULL,7,NULL,NULL),(65,4,NULL,NULL,'CT000005',41.67,'bank_transfer','pending','https://preprod-tpeweb.paybox.com/cgi/MYchoix_pagepaiement.cgi?PBX_SITE=5016323&PBX_RANG=01&PBX_IDENTIFIANT=722066132&PBX_TOTAL=4167&PBX_DEVISE=978&PBX_CMD=CT000005&PBX_PORTEUR=embassy@fnac.fr&PBX_RETOUR=id:S;amount:M;reference:R;appel:T;autorization:A;error:E;signature:K&PBX_HASH=SHA512&PBX_RUF1=POST&PBX_EFFECTUE=https://fnac-ep.underconstruction.ovh/company/tool&PBX_REFUSE=https://fnac-ep.underconstruction.ovh/payment/failed&PBX_ANNULE=https://fnac-ep.underconstruction.ovh/payment/canceled&PBX_ATTENTE=https://fnac-ep.underconstruction.ovh/registration/pending&PBX_REPONDRE_A=https://fnac-ep.underconstruction.ovh/verifone/webhooks&PBX_TIME=2024-08-22&PBX_HMAC=CF9F733D45E0694257D897A51F9DF9EBE67968F3C11FD2A30F2F90AC05E56C8D7B19D50235D950E56034008DEA526901E1771BD346B9E51448B28B49D6B4986C',NULL,'2024-08-22 15:20:56','2024-08-22 15:20:56','contractorder',0,NULL,NULL,NULL,NULL,NULL,NULL,4,NULL,NULL),(66,4,NULL,NULL,'CT000006',41.67,'bank_transfer','pending','https://preprod-tpeweb.paybox.com/cgi/MYchoix_pagepaiement.cgi?PBX_SITE=5016323&PBX_RANG=01&PBX_IDENTIFIANT=722066132&PBX_TOTAL=4167&PBX_DEVISE=978&PBX_CMD=CT000006&PBX_PORTEUR=embassy@fnac.fr&PBX_RETOUR=id:S;amount:M;reference:R;appel:T;autorization:A;error:E;signature:K&PBX_HASH=SHA512&PBX_RUF1=POST&PBX_EFFECTUE=https://fnac-ep.underconstruction.ovh/company/tool&PBX_REFUSE=https://fnac-ep.underconstruction.ovh/payment/failed&PBX_ANNULE=https://fnac-ep.underconstruction.ovh/payment/canceled&PBX_ATTENTE=https://fnac-ep.underconstruction.ovh/registration/pending&PBX_REPONDRE_A=https://fnac-ep.underconstruction.ovh/verifone/webhooks&PBX_TIME=2024-08-22&PBX_HMAC=6D2FB7130EFF865FB60205C01E17E2C92F55F6A3DACD46D6A6667AD091D8FEDBEAF5D91FAA045796E7C2F3A7CADB5EBBF9CA0DD8F9B1F1690ACB9C9A6DAE3E17',NULL,'2024-08-22 15:21:11','2024-08-22 15:21:11','contractorder',0,NULL,NULL,NULL,NULL,NULL,NULL,9,NULL,NULL),(67,4418,NULL,NULL,'CT000007',41.67,'bank_transfer','pending','https://preprod-tpeweb.paybox.com/cgi/MYchoix_pagepaiement.cgi?PBX_SITE=5016323&PBX_RANG=01&PBX_IDENTIFIANT=722066132&PBX_TOTAL=4167&PBX_DEVISE=978&PBX_CMD=CT000007&PBX_PORTEUR=romanegautierdeluze@gmail.com&PBX_RETOUR=id:S;amount:M;reference:R;appel:T;autorization:A;error:E;signature:K&PBX_HASH=SHA512&PBX_RUF1=POST&PBX_EFFECTUE=https://fnac-ep.underconstruction.ovh/company/tool&PBX_REFUSE=https://fnac-ep.underconstruction.ovh/payment/failed&PBX_ANNULE=https://fnac-ep.underconstruction.ovh/payment/canceled&PBX_ATTENTE=https://fnac-ep.underconstruction.ovh/registration/pending&PBX_REPONDRE_A=https://fnac-ep.underconstruction.ovh/verifone/webhooks&PBX_TIME=2024-08-23&PBX_HMAC=02D71118CCC7577944D5C44B00396D53C3C182F6A07845134C48C2BF1092BAFD9A8815AFF40324821966C81C65469A01F339A15C5BAEC13F3ED33A413C2CD89B',NULL,'2024-08-23 08:00:23','2024-08-23 08:00:23','contractorder',0,NULL,NULL,NULL,NULL,NULL,NULL,7,NULL,NULL),(68,4418,NULL,NULL,'CT000008',41.67,'bank_transfer','pending','https://preprod-tpeweb.paybox.com/cgi/MYchoix_pagepaiement.cgi?PBX_SITE=5016323&PBX_RANG=01&PBX_IDENTIFIANT=722066132&PBX_TOTAL=4167&PBX_DEVISE=978&PBX_CMD=CT000008&PBX_PORTEUR=romanegautierdeluze@gmail.com&PBX_RETOUR=id:S;amount:M;reference:R;appel:T;autorization:A;error:E;signature:K&PBX_HASH=SHA512&PBX_RUF1=POST&PBX_EFFECTUE=https://fnac-ep.underconstruction.ovh/company/tool&PBX_REFUSE=https://fnac-ep.underconstruction.ovh/payment/failed&PBX_ANNULE=https://fnac-ep.underconstruction.ovh/payment/canceled&PBX_ATTENTE=https://fnac-ep.underconstruction.ovh/registration/pending&PBX_REPONDRE_A=https://fnac-ep.underconstruction.ovh/verifone/webhooks&PBX_TIME=2024-08-23&PBX_HMAC=AE86F83C40C1666DDAA91DB25F15F6644C2A8BB70C9FD86D3899EA034A8382BF15FFE8AA4819B8210B231360C53B985A495997DB2551F2294362BD6337789C83',NULL,'2024-08-23 08:01:30','2024-08-23 08:01:30','contractorder',0,NULL,NULL,NULL,NULL,NULL,NULL,7,NULL,NULL),(74,4465,NULL,3,'OFCB000014',500,'cb','pending','https://preprod-tpeweb.paybox.com/cgi/MYchoix_pagepaiement.cgi?PBX_SITE=5016323&PBX_RANG=01&PBX_IDENTIFIANT=722066132&PBX_TOTAL=60000&PBX_DEVISE=978&PBX_CMD=PREPROD-OFCB000014&PBX_PORTEUR=justine.ghesquiere@hotmail.fr&PBX_RETOUR=id:S;amount:M;reference:R;appel:T;autorization:A;error:E;signature:K&PBX_HASH=SHA512&PBX_RUF1=POST&PBX_EFFECTUE=https://fnac-ep.underconstruction.ovh/registration/success&PBX_REFUSE=https://fnac-ep.underconstruction.ovh/payment/failed&PBX_ANNULE=https://fnac-ep.underconstruction.ovh/payment/canceled&PBX_ATTENTE=https://fnac-ep.underconstruction.ovh/registration/pending&PBX_REPONDRE_A=https://fnac-ep.underconstruction.ovh/verifone/webhooks&PBX_TIME=2024-09-11&PBX_HMAC=D6E90A00727C32CE150926D57EC8345F6DC34B2D7A11924C73F09882636909F8AE3D2A4B1863E606BF60377E2583517EFCE31AC052980B3356D13EB6585EA3A6',NULL,'2024-09-11 12:27:44','2024-09-11 12:27:45','offerorder',20,NULL,NULL,NULL,NULL,NULL,NULL,NULL,NULL,NULL),(76,4465,NULL,3,'OFBT000010',500,'bank_transfer','pending',NULL,NULL,'2024-09-11 12:35:13','2024-09-11 12:35:13','offerorder',20,NULL,NULL,NULL,NULL,NULL,NULL,NULL,NULL,NULL),(77,4465,NULL,3,'OFBT000011',500,'bank_transfer','pending',NULL,NULL,'2024-09-11 12:41:31','2024-09-11 12:41:31','offerorder',20,NULL,NULL,NULL,NULL,NULL,NULL,NULL,NULL,NULL),(78,4465,NULL,4,'OFBT000012',750,'bank_transfer','processing',NULL,NULL,'2024-09-11 12:43:56','2024-09-11 12:45:51','offerorder',20,NULL,NULL,NULL,NULL,NULL,NULL,NULL,NULL,NULL),(82,4465,NULL,NULL,'CT000009',41.67,'cb','pending','https://preprod-tpeweb.paybox.com/cgi/MYchoix_pagepaiement.cgi?PBX_SITE=5016323&PBX_RANG=01&PBX_IDENTIFIANT=722066132&PBX_TOTAL=4167&PBX_DEVISE=978&PBX_CMD=PREPROD-CT000009&PBX_PORTEUR=justine.ghesquiere@hotmail.fr&PBX_RETOUR=id:S;amount:M;reference:R;appel:T;autorization:A;error:E;signature:K&PBX_HASH=SHA512&PBX_RUF1=POST&PBX_EFFECTUE=https://fnac-ep.underconstruction.ovh/company/tool&PBX_REFUSE=https://fnac-ep.underconstruction.ovh/payment/failed&PBX_ANNULE=https://fnac-ep.underconstruction.ovh/payment/canceled&PBX_ATTENTE=https://fnac-ep.underconstruction.ovh/registration/pending&PBX_REPONDRE_A=https://fnac-ep.underconstruction.ovh/verifone/webhooks&PBX_TIME=2024-09-11&PBX_HMAC=DFA59A7C38865D24C3E65AF1BA62958394E4054DDD3F89188AF034D6E0F96B64FDA2627E1F1194D456BAEA70571A9135CB505E1C6891C11B8E933584A5B65F0E',NULL,'2024-09-11 13:09:28','2024-09-11 13:09:28','contractorder',0,NULL,NULL,NULL,NULL,NULL,NULL,1,NULL,NULL),(83,4465,NULL,NULL,'CT000010',41.67,'cb','pending','https://preprod-tpeweb.paybox.com/cgi/MYchoix_pagepaiement.cgi?PBX_SITE=5016323&PBX_RANG=01&PBX_IDENTIFIANT=722066132&PBX_TOTAL=4167&PBX_DEVISE=978&PBX_CMD=PREPROD-CT000010&PBX_PORTEUR=justine.ghesquiere@hotmail.fr&PBX_RETOUR=id:S;amount:M;reference:R;appel:T;autorization:A;error:E;signature:K&PBX_HASH=SHA512&PBX_RUF1=POST&PBX_EFFECTUE=https://fnac-ep.underconstruction.ovh/company/tool&PBX_REFUSE=https://fnac-ep.underconstruction.ovh/payment/failed&PBX_ANNULE=https://fnac-ep.underconstruction.ovh/payment/canceled&PBX_ATTENTE=https://fnac-ep.underconstruction.ovh/registration/pending&PBX_REPONDRE_A=https://fnac-ep.underconstruction.ovh/verifone/webhooks&PBX_TIME=2024-09-11&PBX_HMAC=ECC2398D598E7CCDC395D4AFB158BF7056FE53240712BEE0078CDC98110184B767661CEFC4221ABEBF7D8F35CA289CE8BEE795CA4EB033EDEE893B60E660F2B7',NULL,'2024-09-11 13:51:42','2024-09-11 13:51:42','contractorder',0,NULL,NULL,NULL,NULL,NULL,NULL,1,NULL,NULL),(84,4465,NULL,3,'OFCB000016',500,'cb','pending','https://preprod-tpeweb.paybox.com/cgi/MYchoix_pagepaiement.cgi?PBX_SITE=5016323&PBX_RANG=01&PBX_IDENTIFIANT=722066132&PBX_TOTAL=60000&PBX_DEVISE=978&PBX_CMD=PREPROD-OFCB000016&PBX_PORTEUR=justine.ghesquiere@hotmail.fr&PBX_RETOUR=id:S;amount:M;reference:R;appel:T;autorization:A;error:E;signature:K&PBX_HASH=SHA512&PBX_RUF1=POST&PBX_EFFECTUE=https://fnac-ep.underconstruction.ovh/registration/success&PBX_REFUSE=https://fnac-ep.underconstruction.ovh/payment/failed&PBX_ANNULE=https://fnac-ep.underconstruction.ovh/payment/canceled&PBX_ATTENTE=https://fnac-ep.underconstruction.ovh/registration/pending&PBX_REPONDRE_A=https://fnac-ep.underconstruction.ovh/verifone/webhooks&PBX_TIME=2024-09-11&PBX_HMAC=777597AE86B1F306FC83E132A536849DB37FD1C00B44393E3490737FF56D739B36BC435B0675331A581E5D89CEC5CC23C068D22672E61E380142E8F38E0305AF',NULL,'2024-09-11 15:26:22','2024-09-11 15:26:22','offerorder',20,NULL,NULL,NULL,NULL,NULL,NULL,NULL,NULL,NULL),(85,4465,NULL,3,'OFCB000017',500,'cb','pending','https://preprod-tpeweb.paybox.com/cgi/MYchoix_pagepaiement.cgi?PBX_SITE=5016323&PBX_RANG=01&PBX_IDENTIFIANT=722066132&PBX_TOTAL=60000&PBX_DEVISE=978&PBX_CMD=PREPROD-OFCB000017&PBX_PORTEUR=justine.ghesquiere@hotmail.fr&PBX_RETOUR=id:S;amount:M;reference:R;appel:T;autorization:A;error:E;signature:K&PBX_HASH=SHA512&PBX_RUF1=POST&PBX_EFFECTUE=https://fnac-ep.underconstruction.ovh/registration/success&PBX_REFUSE=https://fnac-ep.underconstruction.ovh/payment/failed&PBX_ANNULE=https://fnac-ep.underconstruction.ovh/payment/canceled&PBX_ATTENTE=https://fnac-ep.underconstruction.ovh/registration/pending&PBX_REPONDRE_A=https://fnac-ep.underconstruction.ovh/verifone/webhooks&PBX_TIME=2024-09-11&PBX_HMAC=D984B3CD45B0935C53DF184D13305B36E2233147BE42FB8D1F38834F6C8779ED7967D19319256C31F66F3ED8C196F46E49CF2D4DC44A7C153023F25292DFF668',NULL,'2024-09-11 15:27:33','2024-09-11 15:27:33','offerorder',20,NULL,NULL,NULL,NULL,NULL,NULL,NULL,NULL,NULL),(87,4465,NULL,3,'OFCB000018',500,'cb','pending','https://preprod-tpeweb.paybox.com/cgi/MYchoix_pagepaiement.cgi?PBX_SITE=5016323&PBX_RANG=01&PBX_IDENTIFIANT=722066132&PBX_TOTAL=60000&PBX_DEVISE=978&PBX_CMD=PREPROD-OFCB000018&PBX_PORTEUR=justine.ghesquiere@hotmail.fr&PBX_RETOUR=id:S;amount:M;reference:R;appel:T;autorization:A;error:E;signature:K&PBX_HASH=SHA512&PBX_RUF1=POST&PBX_EFFECTUE=https://fnac-ep.underconstruction.ovh/registration/success&PBX_REFUSE=https://fnac-ep.underconstruction.ovh/payment/failed&PBX_ANNULE=https://fnac-ep.underconstruction.ovh/payment/canceled&PBX_ATTENTE=https://fnac-ep.underconstruction.ovh/registration/pending&PBX_REPONDRE_A=https://fnac-ep.underconstruction.ovh/verifone/webhooks&PBX_TIME=2024-09-11&PBX_HMAC=75041A8D5A19C0DD644523ED439FF4690A17FBFE9DDA225F81E26994B49120BFB625EFF67911903E682FFE7EF4DF6A0DEF3788EC8EC341632ED30B5B5821D3E9',NULL,'2024-09-11 16:10:22','2024-09-11 16:10:22','offerorder',20,NULL,NULL,NULL,NULL,NULL,NULL,NULL,NULL,NULL),(88,4465,NULL,NULL,'CT000011',41.67,'cb','pending','https://preprod-tpeweb.paybox.com/cgi/MYchoix_pagepaiement.cgi?PBX_SITE=5016323&PBX_RANG=01&PBX_IDENTIFIANT=722066132&PBX_TOTAL=4167&PBX_DEVISE=978&PBX_CMD=PREPROD-CT000011&PBX_PORTEUR=justine.ghesquiere@hotmail.fr&PBX_RETOUR=id:S;amount:M;reference:R;appel:T;autorization:A;error:E;signature:K&PBX_HASH=SHA512&PBX_RUF1=POST&PBX_EFFECTUE=https://fnac-ep.underconstruction.ovh/company/tool&PBX_REFUSE=https://fnac-ep.underconstruction.ovh/payment/failed&PBX_ANNULE=https://fnac-ep.underconstruction.ovh/payment/canceled&PBX_ATTENTE=https://fnac-ep.underconstruction.ovh/registration/pending&PBX_REPONDRE_A=https://fnac-ep.underconstruction.ovh/verifone/webhooks&PBX_TIME=2024-09-11&PBX_HMAC=BCD5E9531D9B865ABD9DC4A8F2D4A0E9D3908EF6187584176E865FB5731A18BDCD7F360D6301B74D38D1C94A3FB7983CFA645C7B4194BA07F44AF0A96D9E52AE',NULL,'2024-09-11 16:13:40','2024-09-11 16:13:40','contractorder',0,NULL,NULL,NULL,NULL,NULL,NULL,1,NULL,NULL),(90,4465,NULL,NULL,'CT000012',41.67,'cb','pending','https://preprod-tpeweb.paybox.com/cgi/MYchoix_pagepaiement.cgi?PBX_SITE=5016323&PBX_RANG=01&PBX_IDENTIFIANT=722066132&PBX_TOTAL=4167&PBX_DEVISE=978&PBX_CMD=PREPROD-CT000012&PBX_PORTEUR=justine.ghesquiere@hotmail.fr&PBX_RETOUR=id:S;amount:M;reference:R;appel:T;autorization:A;error:E;signature:K&PBX_HASH=SHA512&PBX_RUF1=POST&PBX_EFFECTUE=https://fnac-ep.underconstruction.ovh/company/tool&PBX_REFUSE=https://fnac-ep.underconstruction.ovh/payment/failed&PBX_ANNULE=https://fnac-ep.underconstruction.ovh/payment/canceled&PBX_ATTENTE=https://fnac-ep.underconstruction.ovh/registration/pending&PBX_REPONDRE_A=https://fnac-ep.underconstruction.ovh/verifone/webhooks&PBX_TIME=2024-09-11&PBX_HMAC=12878E9201017FBEC0D5C4A795B2869371007255970D4A34CC4F87DBDE86EB014146AB03B35DE262E1FF8F2B5B7D3C174B474A8722527AE23C754FA0CCE72C0F',NULL,'2024-09-11 16:18:22','2024-09-11 16:18:22','contractorder',0,NULL,NULL,NULL,NULL,NULL,NULL,1,NULL,NULL),(91,4468,NULL,1,'OFCB000019',395,'cb','refunded','https://checkout.stripe.com/c/pay/cs_test_a1S1hjwFEqOYCSHCXn6XcCUaq0ZNPXRn7uJ5G019AMh38L6YIT0cWeAwOg#fidkdWxOYHwnPyd1blpxYHZxWjA0VW10cENNZG81Q1M0dk1NVk9LcmdWZ11BczFjX39cQlJhU21iUF9HdD18d3JPaF9WdEB0SXxnQXVubXJyR0dBSlJGUj1fR0JtQHRIUD1CNnRjPXMybGw9NTVKdTZSbERAQScpJ2N3amhWYHdzYHcnP3F3cGApJ2lkfGpwcVF8dWAnPyd2bGtiaWBabHFgaCcpJ2BrZGdpYFVpZGZgbWppYWB3dic%2FcXdwYHgl',NULL,'2024-09-12 11:59:43','2024-09-12 12:03:29','offerorder',20,NULL,NULL,NULL,'cs_test_a1S1hjwFEqOYCSHCXn6XcCUaq0ZNPXRn7uJ5G019AMh38L6YIT0cWeAwOg',NULL,NULL,NULL,NULL,NULL),(96,4472,NULL,1,'OFBT000039',395,'bank_transfer','pending',NULL,NULL,'2024-09-12 12:40:45','2024-12-23 17:59:25','offerorder',20,NULL,NULL,NULL,NULL,NULL,NULL,NULL,NULL,NULL),(98,4465,NULL,3,'OFCB000060',500,'cb','pending','https://preprod-tpeweb.paybox.com/cgi/MYchoix_pagepaiement.cgi?PBX_SITE=5016323&PBX_RANG=01&PBX_IDENTIFIANT=722066132&PBX_TOTAL=60000&PBX_DEVISE=978&PBX_CMD=PREPROD-OFCB000018&PBX_PORTEUR=justine.ghesquiere@hotmail.fr&PBX_RETOUR=id:S;amount:M;reference:R;appel:T;autorization:A;error:E;signature:K&PBX_HASH=SHA512&PBX_RUF1=POST&PBX_EFFECTUE=https://fnac-ep.underconstruction.ovh/registration/success&PBX_REFUSE=https://fnac-ep.underconstruction.ovh/payment/failed&PBX_ANNULE=https://fnac-ep.underconstruction.ovh/payment/canceled&PBX_ATTENTE=https://fnac-ep.underconstruction.ovh/registration/pending&PBX_REPONDRE_A=https://fnac-ep.underconstruction.ovh/verifone/webhooks&PBX_TIME=2024-09-12&PBX_HMAC=1C63AAC382A07D2B6CECAC5C5E06D201A353E0D6E33BF3F7645B213A2846257EA043670A87C106E63C64F5BA5E762E3BB4B4A77F097B5C744826C7BD8AB671BF',NULL,'2024-09-12 12:45:29','2024-12-23 17:59:25','offerorder',20,NULL,NULL,NULL,NULL,NULL,NULL,NULL,NULL,NULL),(99,4473,NULL,NULL,'CT000013',41.67,'cb','pending','https://preprod-tpeweb.paybox.com/cgi/MYchoix_pagepaiement.cgi?PBX_SITE=5016323&PBX_RANG=01&PBX_IDENTIFIANT=722066132&PBX_TOTAL=4167&PBX_DEVISE=978&PBX_CMD=PREPROD-CT000013&PBX_PORTEUR=Test@test456.fr&PBX_RETOUR=id:S;amount:M;reference:R;appel:T;autorization:A;error:E;signature:K&PBX_HASH=SHA512&PBX_RUF1=POST&PBX_EFFECTUE=https://fnac-ep.underconstruction.ovh/company/tool&PBX_REFUSE=https://fnac-ep.underconstruction.ovh/payment/failed&PBX_ANNULE=https://fnac-ep.underconstruction.ovh/payment/canceled&PBX_ATTENTE=https://fnac-ep.underconstruction.ovh/registration/pending&PBX_REPONDRE_A=https://fnac-ep.underconstruction.ovh/verifone/webhooks&PBX_TIME=2024-09-12&PBX_HMAC=CCA91712DED548C7ECB4EEE102FC8C21EA04EBBD4D16D3A259A5937FD41C94EFE4BCA2145A350FAF37F187BE72A1E9F3AC75D79F3090F7B0AB31B502F1E72303',NULL,'2024-09-12 12:48:51','2024-09-12 12:48:51','contractorder',0,NULL,NULL,NULL,NULL,NULL,NULL,1,NULL,NULL),(100,4465,NULL,4,'OFCB000061',750,'cb','pending','https://preprod-tpeweb.paybox.com/cgi/MYchoix_pagepaiement.cgi?PBX_SITE=5016323&PBX_RANG=01&PBX_IDENTIFIANT=722066132&PBX_TOTAL=90000&PBX_DEVISE=978&PBX_CMD=PREPROD-OFCB000019&PBX_PORTEUR=justine.ghesquiere@hotmail.fr&PBX_RETOUR=id:S;amount:M;reference:R;appel:T;autorization:A;error:E;signature:K&PBX_HASH=SHA512&PBX_RUF1=POST&PBX_EFFECTUE=https://fnac-ep.underconstruction.ovh/registration/success&PBX_REFUSE=https://fnac-ep.underconstruction.ovh/payment/failed&PBX_ANNULE=https://fnac-ep.underconstruction.ovh/payment/canceled&PBX_ATTENTE=https://fnac-ep.underconstruction.ovh/registration/pending&PBX_REPONDRE_A=https://fnac-ep.underconstruction.ovh/verifone/webhooks&PBX_TIME=2024-09-12&PBX_HMAC=13164D33885F26AA70B334B4D2995100C6873D52AF8596F28214D6D74A35CD3CB22AFEFF479E2988D3E76FEE242CBAF9827BB95C1401D860A247E6FFC69A3781',NULL,'2024-09-12 12:49:14','2024-12-23 17:59:25','offerorder',20,NULL,NULL,NULL,NULL,NULL,NULL,NULL,NULL,NULL),(101,4473,NULL,NULL,'CT000014',41.67,'cb','pending','https://preprod-tpeweb.paybox.com/cgi/MYchoix_pagepaiement.cgi?PBX_SITE=5016323&PBX_RANG=01&PBX_IDENTIFIANT=722066132&PBX_TOTAL=4167&PBX_DEVISE=978&PBX_CMD=PREPROD-CT000014&PBX_PORTEUR=Test@test456.fr&PBX_RETOUR=id:S;amount:M;reference:R;appel:T;autorization:A;error:E;signature:K&PBX_HASH=SHA512&PBX_RUF1=POST&PBX_EFFECTUE=https://fnac-ep.underconstruction.ovh/company/tool&PBX_REFUSE=https://fnac-ep.underconstruction.ovh/payment/failed&PBX_ANNULE=https://fnac-ep.underconstruction.ovh/payment/canceled&PBX_ATTENTE=https://fnac-ep.underconstruction.ovh/registration/pending&PBX_REPONDRE_A=https://fnac-ep.underconstruction.ovh/verifone/webhooks&PBX_TIME=2024-09-12&PBX_HMAC=8EC5FF80208863870F244835868C0064B196FCB71822DB0BB981753821C50E860C70FF63CD0434A8AC7AD2F029D6F9E91C323849B5A033C78BFD843636CDC646',NULL,'2024-09-12 12:50:57','2024-09-12 12:50:57','contractorder',0,NULL,NULL,NULL,NULL,NULL,NULL,1,NULL,NULL),(104,4474,NULL,6,'OFCB000020',900,'cb','pending','https://preprod-tpeweb.paybox.com/cgi/MYchoix_pagepaiement.cgi?PBX_SITE=5016323&PBX_RANG=01&PBX_IDENTIFIANT=722066132&PBX_TOTAL=90000&PBX_DEVISE=978&PBX_CMD=PREPROD-OFCB000020&PBX_PORTEUR=test@test7428.com&PBX_RETOUR=id:S;amount:M;reference:R;appel:T;autorization:A;error:E;signature:K&PBX_HASH=SHA512&PBX_RUF1=POST&PBX_EFFECTUE=https://fnac-ep.underconstruction.ovh/registration/success&PBX_REFUSE=https://fnac-ep.underconstruction.ovh/payment/failed&PBX_ANNULE=https://fnac-ep.underconstruction.ovh/payment/canceled&PBX_ATTENTE=https://fnac-ep.underconstruction.ovh/registration/pending&PBX_REPONDRE_A=https://fnac-ep.underconstruction.ovh/verifone/webhooks&PBX_TIME=2024-09-12&PBX_HMAC=F6AD36ACEA3E78577DA4EECDA2EA4E5A959C41B87BE482AF743A70A71997496F57689C7F4FF1806D7988D5A0FF3B03E19D4B2BCF2D12E8EEC4652A4C0706CEC4',NULL,'2024-09-12 12:57:57','2024-09-12 12:57:58','offerorder',0,NULL,NULL,NULL,NULL,NULL,NULL,NULL,NULL,NULL),(106,4475,NULL,6,'OFCB000021',900,'cb','pending','https://preprod-tpeweb.paybox.com/cgi/MYchoix_pagepaiement.cgi?PBX_SITE=5016323&PBX_RANG=01&PBX_IDENTIFIANT=722066132&PBX_TOTAL=108000&PBX_DEVISE=978&PBX_CMD=PREPROD-OFCB000021&PBX_PORTEUR=xelyqawido@mailinator.com&PBX_RETOUR=id:S;amount:M;reference:R;appel:T;autorization:A;error:E;signature:K&PBX_HASH=SHA512&PBX_RUF1=POST&PBX_EFFECTUE=https://fnac-ep.underconstruction.ovh/registration/success&PBX_REFUSE=https://fnac-ep.underconstruction.ovh/payment/failed&PBX_ANNULE=https://fnac-ep.underconstruction.ovh/payment/canceled&PBX_ATTENTE=https://fnac-ep.underconstruction.ovh/registration/pending&PBX_REPONDRE_A=https://fnac-ep.underconstruction.ovh/verifone/webhooks&PBX_TIME=2024-09-13&PBX_HMAC=3841E1E54FEF699AA012F2B31C30CAD3F425A973714E30F8E9B62B425173034B850D38519FA6CEFC86D19197A5B6B739BCECA5F4C6AD0A923795F8A223061E86',NULL,'2024-09-13 16:27:06','2024-09-13 16:27:07','offerorder',20,NULL,NULL,NULL,NULL,NULL,NULL,NULL,NULL,NULL),(107,4475,NULL,5,'OFCB000022',600,'cb','pending','https://preprod-tpeweb.paybox.com/cgi/MYchoix_pagepaiement.cgi?PBX_SITE=5016323&PBX_RANG=01&PBX_IDENTIFIANT=722066132&PBX_TOTAL=72000&PBX_DEVISE=978&PBX_CMD=PREPROD-OFCB000022&PBX_PORTEUR=xelyqawido@mailinator.com&PBX_RETOUR=id:S;amount:M;reference:R;appel:T;autorization:A;error:E;signature:K&PBX_HASH=SHA512&PBX_RUF1=POST&PBX_EFFECTUE=https://fnac-ep.underconstruction.ovh/payment/success&PBX_REFUSE=https://fnac-ep.underconstruction.ovh/payment/failed&PBX_ANNULE=https://fnac-ep.underconstruction.ovh/payment/canceled&PBX_ATTENTE=https://fnac-ep.underconstruction.ovh/registration/pending&PBX_REPONDRE_A=https://fnac-ep.underconstruction.ovh/verifone/webhooks&PBX_TIME=2024-09-13&PBX_HMAC=B1106A8F08F7AE5AD058114424377932BEE7BB6CB31DDB8E1E8A1FA552270C453846E5937702AFD59FD1C8376C0D1786EDA40A0DDF5C92A11F391EC1A6AF498C',NULL,'2024-09-13 16:56:02','2024-09-13 16:56:03','offerorder',20,NULL,NULL,NULL,NULL,NULL,NULL,NULL,NULL,NULL),(108,4475,NULL,4,'OFCB000023',750,'cb','pending','https://preprod-tpeweb.paybox.com/cgi/MYchoix_pagepaiement.cgi?PBX_SITE=5016323&PBX_RANG=01&PBX_IDENTIFIANT=722066132&PBX_TOTAL=90000&PBX_DEVISE=978&PBX_CMD=PREPROD-OFCB000023&PBX_PORTEUR=xelyqawido@mailinator.com&PBX_RETOUR=id:S;amount:M;reference:R;appel:T;autorization:A;error:E;signature:K&PBX_HASH=SHA512&PBX_RUF1=POST&PBX_EFFECTUE=https://fnac-ep.underconstruction.ovh/payment/success&PBX_REFUSE=https://fnac-ep.underconstruction.ovh/payment/failed&PBX_ANNULE=https://fnac-ep.underconstruction.ovh/payment/canceled&PBX_ATTENTE=https://fnac-ep.underconstruction.ovh/registration/pending&PBX_REPONDRE_A=https://fnac-ep.underconstruction.ovh/verifone/webhooks&PBX_TIME=2024-09-13&PBX_HMAC=640350AF463DFAC4DB98A0F09501D656C7113A23929A53F2F80D7F0CE58CD289851EAB59968B398F585B97CD3185D05C841D8EDDAC9DED36803CFA03E2281481',NULL,'2024-09-13 17:42:03','2024-09-13 17:42:03','offerorder',20,NULL,NULL,NULL,NULL,NULL,NULL,NULL,NULL,NULL),(109,4475,NULL,4,'OFCB000024',750,'cb','pending','https://preprod-tpeweb.paybox.com/cgi/MYchoix_pagepaiement.cgi?PBX_SITE=5016323&PBX_RANG=01&PBX_IDENTIFIANT=722066132&PBX_TOTAL=90000&PBX_DEVISE=978&PBX_CMD=PREPROD-OFCB000024&PBX_PORTEUR=xelyqawido@mailinator.com&PBX_RETOUR=id:S;amount:M;reference:R;appel:T;autorization:A;error:E;signature:K&PBX_HASH=SHA512&PBX_RUF1=POST&PBX_EFFECTUE=https://fnac-ep.underconstruction.ovh/payment/success&PBX_REFUSE=https://fnac-ep.underconstruction.ovh/payment/failed&PBX_ANNULE=https://fnac-ep.underconstruction.ovh/payment/canceled&PBX_ATTENTE=https://fnac-ep.underconstruction.ovh/registration/pending&PBX_REPONDRE_A=https://fnac-ep.underconstruction.ovh/verifone/webhooks&PBX_TIME=2024-09-13&PBX_HMAC=9A57E4866BB771EFC3A25ACF9025F3B34A174261363F05BD018419D5C4BDF8C4D4669D32E1555D61E96566C686CC4EAC7FB16C8EFF5C082517CC1F1E617F95B1',NULL,'2024-09-13 17:48:33','2024-09-13 17:48:33','offerorder',20,NULL,NULL,NULL,NULL,NULL,NULL,NULL,NULL,NULL),(110,4475,NULL,3,'OFCB000025',500,'cb','pending','https://preprod-tpeweb.paybox.com/cgi/MYchoix_pagepaiement.cgi?PBX_SITE=5016323&PBX_RANG=01&PBX_IDENTIFIANT=722066132&PBX_TOTAL=60000&PBX_DEVISE=978&PBX_CMD=PREPROD-OFCB000025&PBX_PORTEUR=xelyqawido@mailinator.com&PBX_RETOUR=id:S;amount:M;reference:R;appel:T;autorization:A;error:E;signature:K&PBX_HASH=SHA512&PBX_RUF1=POST&PBX_EFFECTUE=https://fnac-ep.underconstruction.ovh/payment/success&PBX_REFUSE=https://fnac-ep.underconstruction.ovh/payment/failed&PBX_ANNULE=https://fnac-ep.underconstruction.ovh/payment/canceled&PBX_ATTENTE=https://fnac-ep.underconstruction.ovh/registration/pending&PBX_REPONDRE_A=https://fnac-ep.underconstruction.ovh/verifone/webhooks&PBX_TIME=2024-09-13&PBX_HMAC=4872EC6344710E639F386A3BF01A365637A429F922AAB1118D26B262D0C564B0AD13746CB12DBBF018DDB0238FDDEA6F244F9589047E19C71FD5D6137AC59B27',NULL,'2024-09-13 18:05:35','2024-09-13 18:05:35','offerorder',20,NULL,NULL,NULL,NULL,NULL,NULL,NULL,NULL,NULL),(111,4475,NULL,4,'OFCB000026',750,'cb','pending','https://preprod-tpeweb.paybox.com/cgi/MYchoix_pagepaiement.cgi?PBX_SITE=5016323&PBX_RANG=01&PBX_IDENTIFIANT=722066132&PBX_TOTAL=90000&PBX_DEVISE=978&PBX_CMD=PREPROD-OFCB000026&PBX_PORTEUR=xelyqawido@mailinator.com&PBX_RETOUR=id:S;amount:M;reference:R;appel:T;autorization:A;error:E;signature:K&PBX_HASH=SHA512&PBX_RUF1=POST&PBX_EFFECTUE=https://fnac-ep.underconstruction.ovh/payment/success&PBX_REFUSE=https://fnac-ep.underconstruction.ovh/payment/failed&PBX_ANNULE=https://fnac-ep.underconstruction.ovh/payment/canceled&PBX_ATTENTE=https://fnac-ep.underconstruction.ovh/registration/pending&PBX_REPONDRE_A=https://fnac-ep.underconstruction.ovh/verifone/webhooks&PBX_TIME=2024-09-13&PBX_HMAC=BF471BBFC5A88AA85B5DBE8D58B6E73218E9C3309C1B635CA6004D5D64EF7C5A549980423E7E1AC89AE030068D14E600404306FA5A4ECFF7F70B6B69C82C9FC2',NULL,'2024-09-13 18:08:35','2024-09-13 18:08:35','offerorder',20,NULL,NULL,NULL,NULL,NULL,NULL,NULL,NULL,NULL),(112,4475,NULL,3,'OFCB000027',500,'cb','validated','https://preprod-tpeweb.paybox.com/cgi/MYchoix_pagepaiement.cgi?PBX_SITE=5016323&PBX_RANG=01&PBX_IDENTIFIANT=722066132&PBX_TOTAL=60000&PBX_DEVISE=978&PBX_CMD=PREPROD-OFCB000027&PBX_PORTEUR=xelyqawido@mailinator.com&PBX_RETOUR=id:S;amount:M;reference:R;appel:T;autorization:A;error:E;signature:K&PBX_HASH=SHA512&PBX_RUF1=POST&PBX_EFFECTUE=https://fnac-ep.underconstruction.ovh/payment/success&PBX_REFUSE=https://fnac-ep.underconstruction.ovh/payment/failed&PBX_ANNULE=https://fnac-ep.underconstruction.ovh/payment/canceled&PBX_ATTENTE=https://fnac-ep.underconstruction.ovh/registration/pending&PBX_REPONDRE_A=https://fnac-ep.underconstruction.ovh/verifone/webhooks&PBX_TIME=2024-09-13&PBX_HMAC=6228EC725F3F432CF97C2BCCF0BEAAF5777D9421F9F53647C4B44F15028484ED9E925F4D73D11473ABDBBCFE0AA13D78C383BB164CFC94B5FEE480A86230AA06',NULL,'2024-09-13 18:18:55','2024-09-14 06:16:04','offerorder',20,NULL,NULL,NULL,NULL,NULL,NULL,NULL,NULL,NULL),(113,4475,NULL,3,'OFCB000028',500,'cb','pending','https://preprod-tpeweb.paybox.com/cgi/MYchoix_pagepaiement.cgi?PBX_SITE=5016323&PBX_RANG=01&PBX_IDENTIFIANT=722066132&PBX_TOTAL=60000&PBX_DEVISE=978&PBX_CMD=PREPROD-OFCB000028&PBX_PORTEUR=xelyqawido@mailinator.com&PBX_RETOUR=id:S;amount:M;reference:R;appel:T;autorization:A;error:E;signature:K&PBX_HASH=SHA512&PBX_RUF1=POST&PBX_EFFECTUE=https://fnac-ep.underconstruction.ovh/payment/success&PBX_REFUSE=https://fnac-ep.underconstruction.ovh/payment/failed&PBX_ANNULE=https://fnac-ep.underconstruction.ovh/payment/canceled&PBX_ATTENTE=https://fnac-ep.underconstruction.ovh/registration/pending&PBX_REPONDRE_A=https://fnac-ep.underconstruction.ovh/verifone/webhooks&PBX_TIME=2024-09-13&PBX_HMAC=36FE28C8548B74FF2109DAFD3796A7282B08FEFDCA381D96B4E9E3C971CF1851265C63EF0C1D6BE4C4F6C5299388AB33B2A714F7D48D5CA87706A342A3BE053D',NULL,'2024-09-13 18:27:50','2024-09-13 18:27:50','offerorder',20,NULL,NULL,NULL,NULL,NULL,NULL,NULL,NULL,NULL),(114,4475,NULL,4,'OFCB000029',750,'cb','paid','https://preprod-tpeweb.paybox.com/cgi/MYchoix_pagepaiement.cgi?PBX_SITE=5016323&PBX_RANG=01&PBX_IDENTIFIANT=722066132&PBX_TOTAL=90000&PBX_DEVISE=978&PBX_CMD=PREPROD-OFCB000029&PBX_PORTEUR=xelyqawido@mailinator.com&PBX_RETOUR=id:S;amount:M;reference:R;appel:T;autorization:A;error:E;signature:K&PBX_HASH=SHA512&PBX_RUF1=POST&PBX_EFFECTUE=https://fnac-ep.underconstruction.ovh/payment/success&PBX_REFUSE=https://fnac-ep.underconstruction.ovh/payment/failed&PBX_ANNULE=https://fnac-ep.underconstruction.ovh/payment/canceled&PBX_ATTENTE=https://fnac-ep.underconstruction.ovh/registration/pending&PBX_REPONDRE_A=https://fnac-ep.underconstruction.ovh/verifone/webhooks&PBX_TIME=2024-09-13&PBX_HMAC=2B4BF427D980630D463602D45D9C1608EB5F6EF91170484D65093DA7D87A7E9CE365A90C03320CFAC13A09A0B47B261465D4D5395EB2B1091DB18801FCBB60B0',NULL,'2024-09-13 18:33:06','2024-09-13 18:33:24','offerorder',20,NULL,NULL,NULL,NULL,NULL,'38172812',NULL,NULL,NULL),(115,4475,NULL,NULL,'CT000015',41.67,'cb','paid','https://preprod-tpeweb.paybox.com/cgi/MYchoix_pagepaiement.cgi?PBX_SITE=5016323&PBX_RANG=01&PBX_IDENTIFIANT=722066132&PBX_TOTAL=4167&PBX_DEVISE=978&PBX_CMD=PREPROD-CT000015&PBX_PORTEUR=xelyqawido@mailinator.com&PBX_RETOUR=id:S;amount:M;reference:R;appel:T;autorization:A;error:E;signature:K&PBX_HASH=SHA512&PBX_RUF1=POST&PBX_EFFECTUE=https://fnac-ep.underconstruction.ovh/payment/success&PBX_REFUSE=https://fnac-ep.underconstruction.ovh/payment/failed&PBX_ANNULE=https://fnac-ep.underconstruction.ovh/payment/canceled&PBX_ATTENTE=https://fnac-ep.underconstruction.ovh/registration/pending&PBX_REPONDRE_A=https://fnac-ep.underconstruction.ovh/verifone/webhooks&PBX_TIME=2024-09-13&PBX_HMAC=38D3257D6264A71B673A164CF20A4BC84C978189A5BFA9A68D852D6628113DE2303C91AFAE260BC8364BF2B542505DAE763202B1EBE32200085D360B9B8981DE',NULL,'2024-09-13 18:34:45','2024-09-13 18:34:59','contractorder',0,NULL,NULL,NULL,NULL,NULL,'38172818',4,NULL,NULL),(116,4475,NULL,NULL,'CT000016',41.67,'cb','paid','https://preprod-tpeweb.paybox.com/cgi/MYchoix_pagepaiement.cgi?PBX_SITE=5016323&PBX_RANG=01&PBX_IDENTIFIANT=722066132&PBX_TOTAL=4167&PBX_DEVISE=978&PBX_CMD=PREPROD-CT000016&PBX_PORTEUR=xelyqawido@mailinator.com&PBX_RETOUR=id:S;amount:M;reference:R;appel:T;autorization:A;error:E;signature:K&PBX_HASH=SHA512&PBX_RUF1=POST&PBX_EFFECTUE=https://fnac-ep.underconstruction.ovh/payment/success&PBX_REFUSE=https://fnac-ep.underconstruction.ovh/payment/failed&PBX_ANNULE=https://fnac-ep.underconstruction.ovh/payment/canceled&PBX_ATTENTE=https://fnac-ep.underconstruction.ovh/registration/pending&PBX_REPONDRE_A=https://fnac-ep.underconstruction.ovh/verifone/webhooks&PBX_TIME=2024-09-14&PBX_HMAC=6531B8C6EEC78ED92B53F9AA482658A29CD7E7484CF89BDF2A77CED363D351B28AE1DE39AF20BF0548B6F7665CE991C5C5168F6BC9B5E047924AB422E881E51F',NULL,'2024-09-14 06:16:47','2024-09-14 06:17:13','contractorder',0,NULL,NULL,NULL,NULL,NULL,'38173123',6,NULL,NULL),(119,4474,NULL,NULL,'CT000017',41.67,'cb','paid','https://preprod-tpeweb.paybox.com/cgi/MYchoix_pagepaiement.cgi?PBX_SITE=5016323&PBX_RANG=01&PBX_IDENTIFIANT=722066132&PBX_TOTAL=4167&PBX_DEVISE=978&PBX_CMD=PREPROD-CT000017&PBX_PORTEUR=test@test7428.com&PBX_RETOUR=id:S;amount:M;reference:R;appel:T;autorization:A;error:E;signature:K&PBX_HASH=SHA512&PBX_RUF1=POST&PBX_EFFECTUE=https://fnac-ep.underconstruction.ovh/payment/success&PBX_REFUSE=https://fnac-ep.underconstruction.ovh/payment/failed&PBX_ANNULE=https://fnac-ep.underconstruction.ovh/payment/canceled&PBX_ATTENTE=https://fnac-ep.underconstruction.ovh/registration/pending&PBX_REPONDRE_A=https://fnac-ep.underconstruction.ovh/verifone/webhooks&PBX_TIME=2024-09-16&PBX_HMAC=D573CDE9772C1C20A16B7D86B7595CDD711B5C89EA45769100A95D47C9013D3D4C6C2AD13540339029E714E2034BE5BC8060C25FC992E1DCFF854EDE7968578E',NULL,'2024-09-16 08:48:24','2024-09-16 08:50:13','contractorder',0,NULL,NULL,NULL,NULL,NULL,'38173806',5,NULL,NULL),(125,4474,NULL,3,'OFCB000032',500,'cb','pending','https://preprod-tpeweb.paybox.com/cgi/MYchoix_pagepaiement.cgi?PBX_SITE=5016323&PBX_RANG=01&PBX_IDENTIFIANT=722066132&PBX_TOTAL=50000&PBX_DEVISE=978&PBX_CMD=PREPROD-OFCB000032&PBX_PORTEUR=test@test7428.com&PBX_RETOUR=id:S;amount:M;reference:R;appel:T;autorization:A;error:E;signature:K&PBX_HASH=SHA512&PBX_RUF1=POST&PBX_EFFECTUE=https://fnac-ep.underconstruction.ovh/payment/success&PBX_REFUSE=https://fnac-ep.underconstruction.ovh/payment/failed&PBX_ANNULE=https://fnac-ep.underconstruction.ovh/payment/canceled&PBX_ATTENTE=https://fnac-ep.underconstruction.ovh/registration/pending&PBX_REPONDRE_A=https://fnac-ep.underconstruction.ovh/verifone/webhooks&PBX_TIME=2024-09-16&PBX_HMAC=2BF920E6ED88739A0F64DBF70891594417638F303E8473B62208C75A67D6062C0136533C7B7F7E9981F935A4291F2BFEEBD886EE25044BCB0ED9CC6DF281AEBF',NULL,'2024-09-16 12:09:25','2024-09-16 12:09:25','offerorder',0,NULL,NULL,NULL,NULL,NULL,NULL,NULL,NULL,NULL),(126,4474,NULL,3,'OFCB000033',500,'cb','paid','https://preprod-tpeweb.paybox.com/cgi/MYchoix_pagepaiement.cgi?PBX_SITE=5016323&PBX_RANG=01&PBX_IDENTIFIANT=722066132&PBX_TOTAL=50000&PBX_DEVISE=978&PBX_CMD=PREPROD-OFCB000033&PBX_PORTEUR=test@test7428.com&PBX_RETOUR=id:S;amount:M;reference:R;appel:T;autorization:A;error:E;signature:K&PBX_HASH=SHA512&PBX_RUF1=POST&PBX_EFFECTUE=https://fnac-ep.underconstruction.ovh/payment/success&PBX_REFUSE=https://fnac-ep.underconstruction.ovh/payment/failed&PBX_ANNULE=https://fnac-ep.underconstruction.ovh/payment/canceled&PBX_ATTENTE=https://fnac-ep.underconstruction.ovh/registration/pending&PBX_REPONDRE_A=https://fnac-ep.underconstruction.ovh/verifone/webhooks&PBX_TIME=2024-09-16&PBX_HMAC=41B321F2855A4494F31B64BDEC18E2B8B73ED898E152401E0E70A90D5CFFD9659114CC48B393C4DD952E8FA388AB3F4D225ED29798352F081CB3D693AEC70517',NULL,'2024-09-16 12:10:27','2024-09-16 12:12:26','offerorder',0,NULL,NULL,NULL,NULL,NULL,'38174113',NULL,NULL,NULL),(128,4474,NULL,3,'OFBT000040',500,'bank_transfer','pending',NULL,NULL,'2024-09-16 12:15:34','2024-12-23 17:59:25','offerorder',0,NULL,NULL,NULL,NULL,NULL,NULL,NULL,NULL,NULL),(130,4477,NULL,2,'OFCB000034',395,'cb','paid','https://checkout.stripe.com/c/pay/cs_test_a1gVZrq6NcuhLMDEmEFV3hNg9NghVGamRfuFYt4tHU6CAtXa5heqk93xVE#fidkdWxOYHwnPyd1blpxYHZxWjA0VW10cENNZG81Q1M0dk1NVk9LcmdWZ11BczFjX39cQlJhU21iUF9HdD18d3JPaF9WdEB0SXxnQXVubXJyR0dBSlJGUj1fR0JtQHRIUD1CNnRjPXMybGw9NTVKdTZSbERAQScpJ2N3amhWYHdzYHcnP3F3cGApJ2lkfGpwcVF8dWAnPyd2bGtiaWBabHFgaCcpJ2BrZGdpYFVpZGZgbWppYWB3dic%2FcXdwYHgl',NULL,'2024-09-16 12:24:49','2024-09-16 13:26:21','offerorder',20,NULL,NULL,NULL,'cs_test_a1gVZrq6NcuhLMDEmEFV3hNg9NghVGamRfuFYt4tHU6CAtXa5heqk93xVE','pi_3PzdzvHaj0FV1sHH0KtppTFD',NULL,NULL,NULL,NULL),(133,4474,NULL,3,'OFCB000035',500,'cb','pending','https://preprod-tpeweb.paybox.com/cgi/MYchoix_pagepaiement.cgi?PBX_SITE=5016323&PBX_RANG=01&PBX_IDENTIFIANT=722066132&PBX_TOTAL=50000&PBX_DEVISE=978&PBX_CMD=PREPROD-OFCB000035&PBX_PORTEUR=test@test7428.com&PBX_RETOUR=id:S;amount:M;reference:R;appel:T;autorization:A;error:E;signature:K&PBX_HASH=SHA512&PBX_RUF1=POST&PBX_EFFECTUE=https://fnac-ep.underconstruction.ovh/payment/success&PBX_REFUSE=https://fnac-ep.underconstruction.ovh/payment/failed&PBX_ANNULE=https://fnac-ep.underconstruction.ovh/payment/canceled&PBX_ATTENTE=https://fnac-ep.underconstruction.ovh/registration/pending&PBX_REPONDRE_A=https://fnac-ep.underconstruction.ovh/verifone/webhooks&PBX_TIME=2024-09-16&PBX_HMAC=C8EA83040D98C947A368CD8BE3D92999FD8D6A4F500069360CD821AF0062B26DC6BA4499AB639E7E704C64E9E27350FE01BD4C63AFAFBD3D181EEE8534167CFA',NULL,'2024-09-16 13:43:16','2024-09-16 13:43:16','offerorder',0,NULL,NULL,NULL,NULL,NULL,NULL,NULL,NULL,NULL),(134,4474,NULL,6,'OFCB000036',900,'cb','pending','https://preprod-tpeweb.paybox.com/cgi/MYchoix_pagepaiement.cgi?PBX_SITE=5016323&PBX_RANG=01&PBX_IDENTIFIANT=722066132&PBX_TOTAL=90000&PBX_DEVISE=978&PBX_CMD=PREPROD-OFCB000036&PBX_PORTEUR=test@test7428.com&PBX_RETOUR=id:S;amount:M;reference:R;appel:T;autorization:A;error:E;signature:K&PBX_HASH=SHA512&PBX_RUF1=POST&PBX_EFFECTUE=https://fnac-ep.underconstruction.ovh/payment/success&PBX_REFUSE=https://fnac-ep.underconstruction.ovh/payment/failed&PBX_ANNULE=https://fnac-ep.underconstruction.ovh/payment/canceled&PBX_ATTENTE=https://fnac-ep.underconstruction.ovh/registration/pending&PBX_REPONDRE_A=https://fnac-ep.underconstruction.ovh/verifone/webhooks&PBX_TIME=2024-09-16&PBX_HMAC=4A66ED2E450F557D4F8398D89594697B83C2E24097578D8BC19B3B5621FB363F09B95161AB88B97D035D2834702E49B3760AE81A56EBE13A43B7CA21588045A6',NULL,'2024-09-16 13:43:50','2024-09-16 13:43:50','offerorder',0,NULL,NULL,NULL,NULL,NULL,NULL,NULL,NULL,NULL),(138,4485,NULL,1,'OFCB000038',395,'cb','failed','https://checkout.stripe.com/c/pay/cs_test_a1psEfvu8dpgSpPeXBPJSkuKywVzPtjtZjmu9WmxQzuSY7tBAgTmnQpJxC#fidkdWxOYHwnPyd1blpxYHZxWjA0VW10cENNZG81Q1M0dk1NVk9LcmdWZ11BczFjX39cQlJhU21iUF9HdD18d3JPaF9WdEB0SXxnQXVubXJyR0dBSlJGUj1fR0JtQHRIUD1CNnRjPXMybGw9NTVKdTZSbERAQScpJ2N3amhWYHdzYHcnP3F3cGApJ2lkfGpwcVF8dWAnPyd2bGtiaWBabHFgaCcpJ2BrZGdpYFVpZGZgbWppYWB3dic%2FcXdwYHgl',NULL,'2024-09-17 10:33:24','2024-09-19 12:58:25','offerorder',20,NULL,NULL,NULL,'cs_test_a1psEfvu8dpgSpPeXBPJSkuKywVzPtjtZjmu9WmxQzuSY7tBAgTmnQpJxC','pi_3PzylIHaj0FV1sHH0rHoBTqK',NULL,NULL,NULL,NULL),(143,4490,NULL,5,'OFCB000037',600,'cb','pending','https://preprod-tpeweb.paybox.com/cgi/MYchoix_pagepaiement.cgi?PBX_SITE=5016323&PBX_RANG=01&PBX_IDENTIFIANT=722066132&PBX_TOTAL=72000&PBX_DEVISE=978&PBX_CMD=PREPROD-OFCB000037&PBX_PORTEUR=Testambassade190924@gmail.com&PBX_RETOUR=id:S;amount:M;reference:R;appel:T;autorization:A;error:E;signature:K&PBX_HASH=SHA512&PBX_RUF1=POST&PBX_EFFECTUE=https://fnac-ep.underconstruction.ovh/payment/success&PBX_REFUSE=https://fnac-ep.underconstruction.ovh/payment/failed&PBX_ANNULE=https://fnac-ep.underconstruction.ovh/payment/canceled&PBX_ATTENTE=https://fnac-ep.underconstruction.ovh/registration/pending&PBX_REPONDRE_A=https://fnac-ep.underconstruction.ovh/verifone/webhooks&PBX_TIME=2024-09-19&PBX_HMAC=D06FF706D499F456E55AE0F02849B3BEE83288A5D05BDB3E60258A342FA11D94D59A683368F2FC4759A00D153E84B11204B4E2EF654CEB1CB2DC76748BEEA385',NULL,'2024-09-19 12:56:22','2024-09-19 12:56:23','offerorder',20,NULL,NULL,NULL,NULL,NULL,NULL,NULL,NULL,NULL),(144,4490,NULL,5,'OFCB000062',600,'cb','pending','https://preprod-tpeweb.paybox.com/cgi/MYchoix_pagepaiement.cgi?PBX_SITE=5016323&PBX_RANG=01&PBX_IDENTIFIANT=722066132&PBX_TOTAL=72000&PBX_DEVISE=978&PBX_CMD=PREPROD-OFCB000038&PBX_PORTEUR=Testambassade190924@gmail.com&PBX_RETOUR=id:S;amount:M;reference:R;appel:T;autorization:A;error:E;signature:K&PBX_HASH=SHA512&PBX_RUF1=POST&PBX_EFFECTUE=https://fnac-ep.underconstruction.ovh/payment/success&PBX_REFUSE=https://fnac-ep.underconstruction.ovh/payment/failed&PBX_ANNULE=https://fnac-ep.underconstruction.ovh/payment/canceled&PBX_ATTENTE=https://fnac-ep.underconstruction.ovh/registration/pending&PBX_REPONDRE_A=https://fnac-ep.underconstruction.ovh/verifone/webhooks&PBX_TIME=2024-09-19&PBX_HMAC=FC1B067CA2064051BF8B2579058E1693B2466141F74618FD6BE62A877677327EB42FA27095FA3F1277F3306167C26DB8187AAEDAD0947492EA9D6529F7A42FDB',NULL,'2024-09-19 12:56:57','2024-12-23 17:59:25','offerorder',20,NULL,NULL,NULL,NULL,NULL,NULL,NULL,NULL,NULL),(145,4490,NULL,4,'OFBT000041',750,'bank_transfer','paid',NULL,NULL,'2024-09-19 13:00:27','2024-12-23 17:59:25','offerorder',20,NULL,NULL,NULL,NULL,NULL,NULL,NULL,NULL,NULL),(152,4499,NULL,1,'OFCB000041',395,'cb','refunded','https://checkout.stripe.com/c/pay/cs_test_a1duiNvnv8OKK0emdJjKkPFA1tKOBz0jvrqBuz0vVbPUrVpjDYmWqCrbLl#fidkdWxOYHwnPyd1blpxYHZxWjA0VW10cENNZG81Q1M0dk1NVk9LcmdWZ11BczFjX39cQlJhU21iUF9HdD18d3JPaF9WdEB0SXxnQXVubXJyR0dBSlJGUj1fR0JtQHRIUD1CNnRjPXMybGw9NTVKdTZSbERAQScpJ2N3amhWYHdzYHcnP3F3cGApJ2lkfGpwcVF8dWAnPyd2bGtiaWBabHFgaCcpJ2BrZGdpYFVpZGZgbWppYWB3dic%2FcXdwYHgl',NULL,'2024-09-23 17:46:47','2024-10-12 17:29:58','offerorder',20,NULL,NULL,NULL,'cs_test_a1duiNvnv8OKK0emdJjKkPFA1tKOBz0jvrqBuz0vVbPUrVpjDYmWqCrbLl','pi_3Q2GN8Haj0FV1sHH0GlsAn85',NULL,NULL,NULL,NULL),(153,4499,90,NULL,'ADCTCB000005',45,'cb','refunded','https://preprod-tpeweb.paybox.com/cgi/MYchoix_pagepaiement.cgi?PBX_SITE=5016323&PBX_RANG=01&PBX_IDENTIFIANT=722066132&PBX_TOTAL=5400&PBX_DEVISE=978&PBX_CMD=PREPROD-ADCTCB000005&PBX_PORTEUR=vice-presidente-2@agentcommercial.fr&PBX_RETOUR=id:S;amount:M;reference:R;appel:T;autorization:A;error:E;signature:K&PBX_HASH=SHA512&PBX_RUF1=POST&PBX_EFFECTUE=https://fnac-ep.underconstruction.ovh/advert/create/success&PBX_REFUSE=https://fnac-ep.underconstruction.ovh/payment/failed&PBX_ANNULE=https://fnac-ep.underconstruction.ovh/payment/canceled&PBX_ATTENTE=https://fnac-ep.underconstruction.ovh/registration/pending&PBX_REPONDRE_A=https://fnac-ep.underconstruction.ovh/verifone/webhooks&PBX_TIME=2024-09-23&PBX_HMAC=4D9E74156D377E06628A4FC8A5C75F99406CF5AEC9B318825F8D3C25B023527476B47934F069C40482E2705F1C3E12350BDF523F9E81180F484EF3DDFFCB970F',NULL,'2024-09-23 17:51:01','2024-10-12 17:29:29','advertbroadcastorder',20,29,NULL,NULL,NULL,NULL,'38182165',NULL,NULL,NULL),(156,4500,NULL,2,'OFCB000042',395,'cb','pending','https://checkout.stripe.com/c/pay/cs_test_a1evMng1ZTQojyYCJkuzNVr1KvNNXIf5VI39T7H9ITCRBq65KmiUZfRlld#fidkdWxOYHwnPyd1blpxYHZxWjA0VW10cENNZG81Q1M0dk1NVk9LcmdWZ11BczFjX39cQlJhU21iUF9HdD18d3JPaF9WdEB0SXxnQXVubXJyR0dBSlJGUj1fR0JtQHRIUD1CNnRjPXMybGw9NTVKdTZSbERAQScpJ2N3amhWYHdzYHcnP3F3cGApJ2lkfGpwcVF8dWAnPyd2bGtiaWBabHFgaCcpJ2BrZGdpYFVpZGZgbWppYWB3dic%2FcXdwYHgl',NULL,'2024-09-25 07:41:28','2024-09-25 07:41:29','offerorder',20,NULL,NULL,NULL,'cs_test_a1evMng1ZTQojyYCJkuzNVr1KvNNXIf5VI39T7H9ITCRBq65KmiUZfRlld',NULL,NULL,NULL,NULL,NULL),(162,4509,NULL,6,'OFCB000045',900,'cb','paid','https://preprod-tpeweb.paybox.com/cgi/MYchoix_pagepaiement.cgi?PBX_SITE=5016323&PBX_RANG=01&PBX_IDENTIFIANT=722066132&PBX_TOTAL=90000&PBX_DEVISE=978&PBX_CMD=PREPROD-OFCB000045&PBX_PORTEUR=mf@orange.fr&PBX_RETOUR=id:S;amount:M;reference:R;appel:T;autorization:A;error:E;signature:K&PBX_HASH=SHA512&PBX_RUF1=POST&PBX_EFFECTUE=https://fnac-ep.underconstruction.ovh/payment/success&PBX_REFUSE=https://fnac-ep.underconstruction.ovh/payment/failed&PBX_ANNULE=https://fnac-ep.underconstruction.ovh/payment/canceled&PBX_ATTENTE=https://fnac-ep.underconstruction.ovh/registration/pending&PBX_REPONDRE_A=https://fnac-ep.underconstruction.ovh/verifone/webhooks&PBX_TIME=2024-09-30&PBX_HMAC=A6CD0A3668342E64B2E5E475B6FAEF05692A3105197E71F89915461B609F46A5448BCDCE800B1D8C9E061684B1AACC5EC3C4AF4D668609DDFFBDA7A5A8CF7498',NULL,'2024-09-30 14:25:46','2024-09-30 14:26:43','offerorder',0,NULL,NULL,NULL,NULL,NULL,'38190255',NULL,NULL,NULL),(163,4509,96,NULL,'ADCOBT000022',40,'bank_transfer','pending',NULL,NULL,'2024-09-30 14:35:36','2024-09-30 14:35:36','advertbroadcastorder',0,NULL,NULL,44,NULL,NULL,NULL,NULL,NULL,NULL),(167,4527,NULL,1,'OFBT000042',395,'bank_transfer','paid',NULL,NULL,'2024-10-09 14:22:23','2024-12-23 17:59:25','offerorder',20,NULL,NULL,NULL,NULL,NULL,NULL,NULL,NULL,NULL),(168,4528,NULL,1,'OFBT000013',395,'bank_transfer','pending',NULL,NULL,'2024-10-09 17:08:22','2024-10-09 17:08:22','offerorder',20,NULL,NULL,NULL,NULL,NULL,NULL,NULL,NULL,NULL),(178,4551,NULL,2,'OFBT000014',395,'bank_transfer','pending',NULL,NULL,'2024-10-12 17:03:11','2024-10-12 17:03:11','offerorder',20,NULL,NULL,NULL,NULL,NULL,NULL,NULL,NULL,NULL),(179,4552,NULL,1,'OFCB000051',395,'cb','validated','https://checkout.stripe.com/c/pay/cs_test_a1L39h0cpXlm9ZJIOLF9FJz7GOlJpTFyM2jUCrnHjoC37qSjxhUr5EBU0g#fidkdWxOYHwnPyd1blpxYHZxWjA0VW10cENNZG81Q1M0dk1NVk9LcmdWZ11BczFjX39cQlJhU21iUF9HdD18d3JPaF9WdEB0SXxnQXVubXJyR0dBSlJGUj1fR0JtQHRIUD1CNnRjPXMybGw9NTVKdTZSbERAQScpJ2N3amhWYHdzYHcnP3F3cGApJ2lkfGpwcVF8dWAnPyd2bGtiaWBabHFgaCcpJ2BrZGdpYFVpZGZgbWppYWB3dic%2FcXdwYHgl',NULL,'2024-10-12 17:43:02','2024-10-12 17:45:18','offerorder',20,NULL,NULL,NULL,'cs_test_a1L39h0cpXlm9ZJIOLF9FJz7GOlJpTFyM2jUCrnHjoC37qSjxhUr5EBU0g','pi_3Q99NPHaj0FV1sHH0ySkhdsX',NULL,NULL,NULL,NULL),(183,4555,NULL,1,'OFCB000052',395,'cb','validated','https://checkout.stripe.com/c/pay/cs_test_a1nw5dlAeNc2oDAbZ0UJVjPIvew5oZUpEVkNAvRXW1wuAf08hmYrX685vh#fidkdWxOYHwnPyd1blpxYHZxWjA0VW10cENNZG81Q1M0dk1NVk9LcmdWZ11BczFjX39cQlJhU21iUF9HdD18d3JPaF9WdEB0SXxnQXVubXJyR0dBSlJGUj1fR0JtQHRIUD1CNnRjPXMybGw9NTVKdTZSbERAQScpJ2N3amhWYHdzYHcnP3F3cGApJ2lkfGpwcVF8dWAnPyd2bGtiaWBabHFgaCcpJ2BrZGdpYFVpZGZgbWppYWB3dic%2FcXdwYHgl',NULL,'2024-10-14 10:36:30','2024-10-14 10:38:53','offerorder',20,NULL,NULL,NULL,'cs_test_a1nw5dlAeNc2oDAbZ0UJVjPIvew5oZUpEVkNAvRXW1wuAf08hmYrX685vh','pi_3Q9lfjHaj0FV1sHH1lhOT2Yb',NULL,NULL,NULL,NULL),(185,4559,NULL,1,'OFCB000054',395,'cb','validated','https://checkout.stripe.com/c/pay/cs_test_a1UJJiPFWroIXzPWSAXqYeWrXZrIRirIKaeWewgIsCnqbB34FgoBWj3KYb#fidkdWxOYHwnPyd1blpxYHZxWjA0VW10cENNZG81Q1M0dk1NVk9LcmdWZ11BczFjX39cQlJhU21iUF9HdD18d3JPaF9WdEB0SXxnQXVubXJyR0dBSlJGUj1fR0JtQHRIUD1CNnRjPXMybGw9NTVKdTZSbERAQScpJ2N3amhWYHdzYHcnP3F3cGApJ2lkfGpwcVF8dWAnPyd2bGtiaWBabHFgaCcpJ2BrZGdpYFVpZGZgbWppYWB3dic%2FcXdwYHgl',NULL,'2024-10-14 14:49:11','2024-10-14 14:49:45','offerorder',20,NULL,NULL,NULL,'cs_test_a1UJJiPFWroIXzPWSAXqYeWrXZrIRirIKaeWewgIsCnqbB34FgoBWj3KYb','pi_3Q9padHaj0FV1sHH16oS1zpH',NULL,NULL,NULL,NULL),(186,4,NULL,6,'OFCB000055',900,'cb','paid','https://preprod-tpeweb.paybox.com/cgi/MYchoix_pagepaiement.cgi?PBX_SITE=5016323&PBX_RANG=01&PBX_IDENTIFIANT=722066132&PBX_TOTAL=90000&PBX_DEVISE=978&PBX_CMD=PREPROD-OFCB000055&PBX_PORTEUR=embassy@fnac.fr&PBX_RETOUR=id:S;amount:M;reference:R;appel:T;autorization:A;error:E;signature:K&PBX_HASH=SHA512&PBX_RUF1=POST&PBX_EFFECTUE=https://fnac-ep.underconstruction.ovh/payment/success&PBX_REFUSE=https://fnac-ep.underconstruction.ovh/payment/failed&PBX_ANNULE=https://fnac-ep.underconstruction.ovh/payment/canceled&PBX_ATTENTE=https://fnac-ep.underconstruction.ovh/registration/pending&PBX_REPONDRE_A=https://fnac-ep.underconstruction.ovh/verifone/webhooks&PBX_TIME=2024-10-14&PBX_HMAC=C8706579C0BC068B3FCFCDB824449C55ED13A21E3BB844E11E898BEA782C1A5A4C5EFAFAEB458295D88DA8ADE6DA8FDF95EC38047A430974EDB16A8058123C1D',NULL,'2024-10-14 16:48:58','2024-10-14 16:49:32','offerorder',0,NULL,NULL,NULL,NULL,NULL,'38204093',NULL,NULL,NULL),(188,4,NULL,3,'OFCB000056',500,'cb','paid','https://preprod-tpeweb.paybox.com/cgi/MYchoix_pagepaiement.cgi?PBX_SITE=5016323&PBX_RANG=01&PBX_IDENTIFIANT=722066132&PBX_TOTAL=60000&PBX_DEVISE=978&PBX_CMD=PREPROD-OFCB000056&PBX_PORTEUR=embassy@fnac.fr&PBX_RETOUR=id:S;amount:M;reference:R;appel:T;autorization:A;error:E;signature:K&PBX_HASH=SHA512&PBX_RUF1=POST&PBX_EFFECTUE=https://fnac-ep.underconstruction.ovh/payment/success&PBX_REFUSE=https://fnac-ep.underconstruction.ovh/payment/failed&PBX_ANNULE=https://fnac-ep.underconstruction.ovh/payment/canceled&PBX_ATTENTE=https://fnac-ep.underconstruction.ovh/registration/pending&PBX_REPONDRE_A=https://fnac-ep.underconstruction.ovh/verifone/webhooks&PBX_TIME=2024-10-14&PBX_HMAC=CA8A8432A1BCAF82A1055996832744AE95ED0A571AAF9619F7B89B4A9758ABA57854BB60A817E1B2A81F6BCFDD39365626DBD9C9BC0AA41B0F2CE73E815208A2',NULL,'2024-10-14 16:54:29','2024-10-14 16:54:52','offerorder',20,NULL,NULL,NULL,NULL,NULL,'38204095',NULL,NULL,NULL),(194,4806,NULL,1,'OFBT000043',395,'bank_transfer','pending',NULL,NULL,'2024-10-21 17:49:15','2024-12-23 17:59:25','offerorder',20,NULL,NULL,NULL,NULL,NULL,NULL,NULL,NULL,NULL),(197,4808,NULL,5,'OFBT000015',600,'bank_transfer','paid',NULL,NULL,'2024-10-21 18:20:51','2024-10-21 18:21:29','offerorder',20,NULL,NULL,NULL,NULL,NULL,NULL,NULL,NULL,NULL),(199,4808,NULL,5,'OFCB000044',600,'cb','pending','https://tpeweb.paybox.com/cgi/MYchoix_pagepaiement.cgi?PBX_SITE=5016323&PBX_RANG=01&PBX_IDENTIFIANT=722066132&PBX_TOTAL=72000&PBX_DEVISE=978&PBX_CMD=PROD-OFCB000044&PBX_PORTEUR=test@test4567.fr&PBX_RETOUR=id:S;amount:M;reference:R;appel:T;autorization:A;error:E;signature:K&PBX_HASH=SHA512&PBX_RUF1=POST&PBX_EFFECTUE=https://admin.agentcommercial.fr/payment/success&PBX_REFUSE=https://admin.agentcommercial.fr/payment/failed&PBX_ANNULE=https://admin.agentcommercial.fr/payment/canceled&PBX_ATTENTE=https://admin.agentcommercial.fr/registration/pending&PBX_REPONDRE_A=https://admin.agentcommercial.fr/verifone/webhooks&PBX_TIME=2024-10-21&PBX_HMAC=A1D5424C248D8450C163243BB46B1C9125D19676E3F15AE14348FB7F3F26FA8E89832AA2090852BBBBBA8C943EB2F50BB1D00F96D35CE00DDAD3C0B24B170856',NULL,'2024-10-21 18:59:00','2024-10-21 18:59:00','offerorder',20,NULL,NULL,NULL,NULL,NULL,NULL,NULL,NULL,NULL),(201,4813,NULL,NULL,'CT000018',41.67,'cb','pending','https://tpeweb.paybox.com/cgi/MYchoix_pagepaiement.cgi?PBX_SITE=5016323&PBX_RANG=01&PBX_IDENTIFIANT=722066132&PBX_TOTAL=4167&PBX_DEVISE=978&PBX_CMD=PROD-CT000018&PBX_PORTEUR=mandant1@mandant.fr&PBX_RETOUR=id:S;amount:M;reference:R;appel:T;autorization:A;error:E;signature:K&PBX_HASH=SHA512&PBX_RUF1=POST&PBX_EFFECTUE=https://admin.agentcommercial.fr/payment/success&PBX_REFUSE=https://admin.agentcommercial.fr/payment/failed&PBX_ANNULE=https://admin.agentcommercial.fr/payment/canceled&PBX_ATTENTE=https://admin.agentcommercial.fr/registration/pending&PBX_REPONDRE_A=https://admin.agentcommercial.fr/verifone/webhooks&PBX_TIME=2024-10-22&PBX_HMAC=FD09DCA625CC921ADDF3082BE215A8DCC3179D637A18F8264E6B502821186744902CA7FA1459C3ED0E56D46DC3D2E127F2D37059E6438AEF4C907E25F93712C0',NULL,'2024-10-22 09:14:52','2024-10-22 09:14:52','contractorder',0,NULL,NULL,NULL,NULL,NULL,NULL,1,NULL,NULL),(202,4813,NULL,NULL,'CT000019',41.67,'cb','pending','https://tpeweb.paybox.com/cgi/MYchoix_pagepaiement.cgi?PBX_SITE=5016323&PBX_RANG=01&PBX_IDENTIFIANT=722066132&PBX_TOTAL=4167&PBX_DEVISE=978&PBX_CMD=PROD-CT000019&PBX_PORTEUR=mandant1@mandant.fr&PBX_RETOUR=id:S;amount:M;reference:R;appel:T;autorization:A;error:E;signature:K&PBX_HASH=SHA512&PBX_RUF1=POST&PBX_EFFECTUE=https://admin.agentcommercial.fr/payment/success&PBX_REFUSE=https://admin.agentcommercial.fr/payment/failed&PBX_ANNULE=https://admin.agentcommercial.fr/payment/canceled&PBX_ATTENTE=https://admin.agentcommercial.fr/registration/pending&PBX_REPONDRE_A=https://admin.agentcommercial.fr/verifone/webhooks&PBX_TIME=2024-10-22&PBX_HMAC=7128FC21B831426DE5DA144A26CF0E2CCD96865A73A909D953F1BE04FBAB501F0F70A8A8CFA12916200692DB65E64E46A5C2458DB1B595F81DAB2F505D6B4B92',NULL,'2024-10-22 09:14:58','2024-10-22 09:14:58','contractorder',0,NULL,NULL,NULL,NULL,NULL,NULL,2,NULL,NULL),(203,4814,NULL,1,'OFBT000016',395,'bank_transfer','validated',NULL,NULL,'2024-10-22 09:20:26','2024-10-22 09:21:55','offerorder',20,NULL,NULL,NULL,NULL,NULL,NULL,NULL,NULL,NULL),(206,4815,NULL,2,'OFCB000063',395,'cb','validated',NULL,NULL,'2024-10-22 09:59:15','2024-12-23 17:59:25','offerorder',20,NULL,NULL,NULL,NULL,NULL,NULL,NULL,NULL,NULL),(209,4818,NULL,NULL,'CT000020',41.67,'cb','pending','https://tpeweb.paybox.com/cgi/MYchoix_pagepaiement.cgi?PBX_SITE=5016323&PBX_RANG=01&PBX_IDENTIFIANT=722066132&PBX_TOTAL=4167&PBX_DEVISE=978&PBX_CMD=PROD-CT000020&PBX_PORTEUR=justine.ghesq@gmail.com&PBX_RETOUR=id:S;amount:M;reference:R;appel:T;autorization:A;error:E;signature:K&PBX_HASH=SHA512&PBX_RUF1=POST&PBX_EFFECTUE=https://admin.agentcommercial.fr/payment/success&PBX_REFUSE=https://admin.agentcommercial.fr/payment/failed&PBX_ANNULE=https://admin.agentcommercial.fr/payment/canceled&PBX_ATTENTE=https://admin.agentcommercial.fr/registration/pending&PBX_REPONDRE_A=https://admin.agentcommercial.fr/verifone/webhooks&PBX_TIME=2024-10-22&PBX_HMAC=003370B00A1E62C7369D161AF329BA335A45907F3A1F76499260743C1C79651D1DD59D3C01B154F74F4D73EDC41043901F7A3D83A62DFC095E474C02251F8370',NULL,'2024-10-22 10:43:46','2024-10-22 10:43:46','contractorder',0,NULL,NULL,NULL,NULL,NULL,NULL,1,NULL,NULL),(212,4819,NULL,3,'OFBT000017',500,'bank_transfer','validated',NULL,NULL,'2024-10-22 12:01:55','2024-10-22 12:02:27','offerorder',20,NULL,NULL,NULL,NULL,NULL,NULL,NULL,NULL,NULL),(218,4821,NULL,1,'OFBT000018',395,'bank_transfer','pending',NULL,NULL,'2024-10-22 13:55:51','2024-10-22 13:55:51','offerorder',20,NULL,NULL,NULL,NULL,NULL,NULL,NULL,NULL,NULL),(220,4822,NULL,1,'OFBT000019',395,'bank_transfer','validated',NULL,NULL,'2024-10-22 14:00:05','2024-10-22 14:00:36','offerorder',20,NULL,NULL,NULL,NULL,NULL,NULL,NULL,NULL,NULL),(222,4823,NULL,1,'OFBT000020',395,'bank_transfer','paid',NULL,NULL,'2024-10-22 14:39:15','2024-10-22 15:24:58','offerorder',20,NULL,NULL,NULL,NULL,NULL,NULL,NULL,NULL,NULL),(226,4824,NULL,NULL,'CT000021',41.67,'cb','paid','https://tpeweb.paybox.com/cgi/MYchoix_pagepaiement.cgi?PBX_SITE=5016323&PBX_RANG=01&PBX_IDENTIFIANT=722066132&PBX_TOTAL=4167&PBX_DEVISE=978&PBX_CMD=PROD-CT000021&PBX_PORTEUR=fnac.contact@agentcommercial.fr&PBX_RETOUR=id:S;amount:M;reference:R;appel:T;autorization:A;error:E;signature:K&PBX_HASH=SHA512&PBX_RUF1=POST&PBX_EFFECTUE=https://admin.agentcommercial.fr/payment/success&PBX_REFUSE=https://admin.agentcommercial.fr/payment/failed&PBX_ANNULE=https://admin.agentcommercial.fr/payment/canceled&PBX_ATTENTE=https://admin.agentcommercial.fr/registration/pending&PBX_REPONDRE_A=https://admin.agentcommercial.fr/verifone/webhooks&PBX_TIME=2024-10-22&PBX_HMAC=185DD022DE99F83A9509B9DFDB93A56817A6767761FE5FF580BDE5C853F8BA64C57A721CB3271AEA1861EF32FF5EFE7FFD2A9691B4114A47AD051F236F0D6192',NULL,'2024-10-22 15:42:08','2024-10-22 15:45:09','contractorder',0,NULL,NULL,NULL,NULL,NULL,'300608521',1,NULL,NULL),(227,4825,NULL,3,'OFBT000021',500,'bank_transfer','paid',NULL,NULL,'2024-10-22 17:27:53','2024-10-22 17:29:02','offerorder',20,NULL,NULL,NULL,NULL,NULL,NULL,NULL,NULL,NULL),(229,4826,NULL,4,'OFBT000022',750,'bank_transfer','paid',NULL,NULL,'2024-10-22 17:31:31','2024-10-22 17:31:41','offerorder',20,NULL,NULL,NULL,NULL,NULL,NULL,NULL,NULL,NULL),(231,4827,NULL,5,'OFBT000023',600,'bank_transfer','paid',NULL,NULL,'2024-10-22 17:34:37','2024-10-22 17:34:55','offerorder',20,NULL,NULL,NULL,NULL,NULL,NULL,NULL,NULL,NULL),(233,4828,NULL,6,'OFBT000024',900,'bank_transfer','paid',NULL,NULL,'2024-10-22 17:37:25','2024-10-22 17:37:35','offerorder',20,NULL,NULL,NULL,NULL,NULL,NULL,NULL,NULL,NULL),(235,4830,NULL,6,'OFBT000025',900,'bank_transfer','paid',NULL,NULL,'2024-10-23 12:14:22','2024-10-23 12:15:55','offerorder',20,NULL,NULL,NULL,NULL,NULL,NULL,NULL,NULL,NULL),(238,4831,NULL,1,'OFCB000046',395,'cb','pending',NULL,NULL,'2024-10-23 12:39:36','2024-10-23 12:39:36','offerorder',20,NULL,NULL,NULL,NULL,NULL,NULL,NULL,NULL,NULL),(239,4831,NULL,1,'OFCB000047',395,'cb','pending',NULL,NULL,'2024-10-23 12:39:59','2024-10-23 12:39:59','offerorder',20,NULL,NULL,NULL,NULL,NULL,NULL,NULL,NULL,NULL),(240,4831,NULL,1,'OFCB000048',395,'cb','pending',NULL,NULL,'2024-10-23 12:40:20','2024-10-23 12:40:20','offerorder',20,NULL,NULL,NULL,NULL,NULL,NULL,NULL,NULL,NULL),(241,4832,NULL,2,'OFCB000049',395,'cb','pending',NULL,NULL,'2024-10-23 12:41:57','2024-10-23 12:41:57','offerorder',20,NULL,NULL,NULL,NULL,NULL,NULL,NULL,NULL,NULL),(242,3,NULL,1,'OFCB000050',395,'cb','pending','https://checkout.stripe.com/c/pay/cs_live_a18GoA0ajgrrJL3EyB5F9P4SWrCjb9a1i53Sl7xSViq2RvZAXlAfdkWpIz#fidkdWxOYHwnPyd1blppbHNgWjA0VW10cENNZG81Q1M0dk1NcTxkdGt9bWlKR29RPDxoPG1pVzdwTWpQbEo2dTw9Z0F3SzZVV2EzUm9uUGxSblJMakN0MFZ3S2FESTF8PG9fM1YxU3d1UlNjNTVUQlMzQEA1SicpJ2N3amhWYHdzYHcnP3F3cGApJ2lkfGpwcVF8dWAnPyd2bGtiaWBabHFgaCcpJ2BrZGdpYFVpZGZgbWppYWB3dic%2FcXdwYHgl',NULL,'2024-10-23 12:42:46','2024-10-23 12:42:46','offerorder',0,NULL,NULL,NULL,'cs_live_a18GoA0ajgrrJL3EyB5F9P4SWrCjb9a1i53Sl7xSViq2RvZAXlAfdkWpIz',NULL,NULL,NULL,NULL,NULL),(243,3,NULL,1,'OFCB000064',395,'cb','pending','https://checkout.stripe.com/c/pay/cs_live_a1009p47UT4zDet4WkifrgIopbZFNiu4R079tlgBy2ZLTwJEElCjWXTdBb#fidkdWxOYHwnPyd1blppbHNgWjA0VW10cENNZG81Q1M0dk1NcTxkdGt9bWlKR29RPDxoPG1pVzdwTWpQbEo2dTw9Z0F3SzZVV2EzUm9uUGxSblJMakN0MFZ3S2FESTF8PG9fM1YxU3d1UlNjNTVUQlMzQEA1SicpJ2N3amhWYHdzYHcnP3F3cGApJ2lkfGpwcVF8dWAnPyd2bGtiaWBabHFgaCcpJ2BrZGdpYFVpZGZgbWppYWB3dic%2FcXdwYHgl',NULL,'2024-10-23 12:43:44','2024-12-23 17:59:25','offerorder',0,NULL,NULL,NULL,'cs_live_a1009p47UT4zDet4WkifrgIopbZFNiu4R079tlgBy2ZLTwJEElCjWXTdBb',NULL,NULL,NULL,NULL,NULL),(244,4833,NULL,1,'OFCB000065',395,'cb','pending',NULL,NULL,'2024-10-23 12:46:23','2024-12-23 17:59:25','offerorder',20,NULL,NULL,NULL,NULL,NULL,NULL,NULL,NULL,NULL),(245,3,NULL,1,'OFCB000053',395,'cb','pending',NULL,NULL,'2024-10-23 12:47:00','2024-10-23 12:47:00','offerorder',20,NULL,NULL,NULL,NULL,NULL,NULL,NULL,NULL,NULL),(246,3,NULL,1,'OFCB000066',395,'cb','pending','https://checkout.stripe.com/c/pay/cs_live_a1WG8gjElzs5f6vZTCxtJBspQEJ4HnRkfPic7sl0a4ZhmFYrTUjpCwCtfS#fidkdWxOYHwnPyd1blppbHNgWjA0VW10cENNZG81Q1M0dk1NcTxkdGt9bWlKR29RPDxoPG1pVzdwTWpQbEo2dTw9Z0F3SzZVV2EzUm9uUGxSblJMakN0MFZ3S2FESTF8PG9fM1YxU3d1UlNjNTVUQlMzQEA1SicpJ2N3amhWYHdzYHcnP3F3cGApJ2lkfGpwcVF8dWAnPyd2bGtiaWBabHFgaCcpJ2BrZGdpYFVpZGZgbWppYWB3dic%2FcXdwYHgl',NULL,'2024-10-23 12:52:40','2024-12-23 17:59:25','offerorder',20,NULL,NULL,NULL,'cs_live_a1WG8gjElzs5f6vZTCxtJBspQEJ4HnRkfPic7sl0a4ZhmFYrTUjpCwCtfS',NULL,NULL,NULL,NULL,NULL),(247,4834,NULL,1,'OFCB000067',395,'cb','pending','https://checkout.stripe.com/c/pay/cs_live_a1gTvNR0s1zQDRFjHQwypWt919h4OJxkGkm8ouTxe8OaeYLgJ5UmsWeCJu#fidkdWxOYHwnPyd1blppbHNgWjA0VW10cENNZG81Q1M0dk1NcTxkdGt9bWlKR29RPDxoPG1pVzdwTWpQbEo2dTw9Z0F3SzZVV2EzUm9uUGxSblJMakN0MFZ3S2FESTF8PG9fM1YxU3d1UlNjNTVUQlMzQEA1SicpJ2N3amhWYHdzYHcnP3F3cGApJ2lkfGpwcVF8dWAnPyd2bGtiaWBabHFgaCcpJ2BrZGdpYFVpZGZgbWppYWB3dic%2FcXdwYHgl',NULL,'2024-10-23 13:58:10','2024-12-23 17:59:25','offerorder',20,NULL,NULL,NULL,'cs_live_a1gTvNR0s1zQDRFjHQwypWt919h4OJxkGkm8ouTxe8OaeYLgJ5UmsWeCJu',NULL,NULL,NULL,NULL,NULL),(248,4835,NULL,1,'OFCB000068',395,'cb','pending','https://checkout.stripe.com/c/pay/cs_live_a1EUn0KrAMIjhaskfPbr9R2xfnWHyEm7uImEd1wROQHDcfHZy0cEx9bjLu#fidkdWxOYHwnPyd1blppbHNgWjA0VW10cENNZG81Q1M0dk1NcTxkdGt9bWlKR29RPDxoPG1pVzdwTWpQbEo2dTw9Z0F3SzZVV2EzUm9uUGxSblJMakN0MFZ3S2FESTF8PG9fM1YxU3d1UlNjNTVUQlMzQEA1SicpJ2N3amhWYHdzYHcnP3F3cGApJ2lkfGpwcVF8dWAnPyd2bGtiaWBabHFgaCcpJ2BrZGdpYFVpZGZgbWppYWB3dic%2FcXdwYHgl',NULL,'2024-10-23 14:36:44','2024-12-23 17:59:25','offerorder',20,NULL,NULL,NULL,'cs_live_a1EUn0KrAMIjhaskfPbr9R2xfnWHyEm7uImEd1wROQHDcfHZy0cEx9bjLu',NULL,NULL,NULL,NULL,NULL),(249,4836,NULL,1,'OFCB000057',395,'cb','validated','https://checkout.stripe.com/c/pay/cs_live_a1y5Z7DhUXWrjn6ztxoilfZQ9HNIJ6d5WxMISKXkekCFk7sC1X6GLNRMqT#fidkdWxOYHwnPyd1blppbHNgWjA0VW10cENNZG81Q1M0dk1NcTxkdGt9bWlKR29RPDxoPG1pVzdwTWpQbEo2dTw9Z0F3SzZVV2EzUm9uUGxSblJMakN0MFZ3S2FESTF8PG9fM1YxU3d1UlNjNTVUQlMzQEA1SicpJ2N3amhWYHdzYHcnP3F3cGApJ2lkfGpwcVF8dWAnPyd2bGtiaWBabHFgaCcpJ2BrZGdpYFVpZGZgbWppYWB3dic%2FcXdwYHgl',NULL,'2024-10-23 14:40:32','2024-10-23 14:41:01','offerorder',0,NULL,NULL,NULL,'cs_live_a1y5Z7DhUXWrjn6ztxoilfZQ9HNIJ6d5WxMISKXkekCFk7sC1X6GLNRMqT','pi_3QD3rwHaj0FV1sHH1e6GNvKb',NULL,NULL,NULL,NULL),(251,4837,NULL,1,'OFBT000026',395,'bank_transfer','paid',NULL,NULL,'2024-10-23 14:44:55','2024-10-23 14:45:26','offerorder',20,NULL,NULL,NULL,NULL,NULL,NULL,NULL,NULL,NULL),(253,4838,NULL,1,'OFBT000027',395,'bank_transfer','pending',NULL,NULL,'2024-10-23 18:20:47','2024-10-23 18:20:47','offerorder',20,NULL,NULL,NULL,NULL,NULL,NULL,NULL,NULL,NULL),(256,4841,NULL,1,'OFBT000028',395,'bank_transfer','pending',NULL,NULL,'2024-10-24 09:38:51','2024-10-24 09:38:51','offerorder',20,NULL,NULL,NULL,NULL,NULL,NULL,NULL,NULL,NULL),(257,4688,169,NULL,'ADCOBT000002',460,'bank_transfer','validated',NULL,NULL,'2024-10-24 15:53:41','2024-10-30 15:25:00','advertbroadcastorder',0,NULL,NULL,NULL,NULL,NULL,NULL,NULL,NULL,NULL),(258,4854,NULL,1,'OFBT000029',395,'bank_transfer','validated',NULL,NULL,'2024-10-24 16:52:28','2024-10-24 16:52:50','offerorder',20,NULL,NULL,NULL,NULL,NULL,NULL,NULL,NULL,NULL),(261,4855,NULL,1,'OFBT000030',395,'bank_transfer','pending',NULL,NULL,'2024-10-24 17:45:53','2024-10-24 17:45:53','offerorder',20,NULL,NULL,NULL,NULL,NULL,NULL,NULL,NULL,NULL),(263,4867,NULL,1,'OFBT000031',395,'bank_transfer','pending',NULL,NULL,'2024-10-28 11:57:17','2024-10-28 11:57:17','offerorder',20,NULL,NULL,NULL,NULL,NULL,NULL,NULL,NULL,NULL),(265,4872,NULL,4,'OFBT000032',750,'bank_transfer','validated',NULL,NULL,'2024-10-28 12:42:06','2024-10-28 12:42:30','offerorder',20,NULL,NULL,NULL,NULL,NULL,NULL,NULL,NULL,NULL),(268,4874,NULL,4,'OFBT000033',750,'bank_transfer','validated',NULL,NULL,'2024-10-28 17:50:22','2024-10-28 17:51:55','offerorder',20,NULL,NULL,NULL,NULL,NULL,NULL,NULL,NULL,NULL),(270,4875,NULL,1,'OFBT000034',395,'bank_transfer','declined',NULL,NULL,'2024-10-28 18:08:03','2024-10-28 19:07:50','offerorder',20,NULL,NULL,NULL,NULL,NULL,NULL,NULL,NULL,NULL),(271,4876,NULL,1,'OFBT000035',395,'bank_transfer','pending',NULL,NULL,'2024-10-28 19:03:48','2024-10-28 19:03:48','offerorder',0,NULL,NULL,NULL,NULL,NULL,NULL,NULL,NULL,NULL),(273,4877,NULL,2,'OFCB000058',395,'cb','pending','https://checkout.stripe.com/c/pay/cs_live_a1Ahz2BJcKQ74Nk7FTBotkIbhFNZJqRcdYnyIAHCW3HZCJrHdtOgFXjnVX#fidkdWxOYHwnPyd1blppbHNgWjA0VW10cENNZG81Q1M0dk1NcTxkdGt9bWlKR29RPDxoPG1pVzdwTWpQbEo2dTw9Z0F3SzZVV2EzUm9uUGxSblJMakN0MFZ3S2FESTF8PG9fM1YxU3d1UlNjNTVUQlMzQEA1SicpJ2N3amhWYHdzYHcnP3F3cGApJ2lkfGpwcVF8dWAnPyd2bGtiaWBabHFgaCcpJ2BrZGdpYFVpZGZgbWppYWB3dic%2FcXdwYHgl',NULL,'2024-10-29 17:25:45','2024-10-29 17:25:46','offerorder',20,NULL,NULL,NULL,'cs_live_a1Ahz2BJcKQ74Nk7FTBotkIbhFNZJqRcdYnyIAHCW3HZCJrHdtOgFXjnVX',NULL,NULL,NULL,NULL,NULL),(274,4877,NULL,2,'OFBT000036',395,'bank_transfer','paid',NULL,NULL,'2024-10-29 17:27:21','2024-11-04 17:27:12','offerorder',20,NULL,NULL,NULL,NULL,NULL,NULL,NULL,NULL,NULL),(275,1782,179,NULL,'ADCOBT000003',390,'bank_transfer','pending',NULL,NULL,'2024-10-30 12:02:17','2024-10-30 12:02:17','advertbroadcastorder',20,NULL,NULL,NULL,NULL,NULL,NULL,NULL,NULL,NULL),(276,1782,NULL,4,'OFBT000037',750,'bank_transfer','paid',NULL,NULL,'2024-10-30 12:12:09','2024-10-30 12:14:52','offerorder',20,NULL,NULL,NULL,NULL,NULL,NULL,NULL,NULL,NULL),(277,1782,178,NULL,'ADCO000004',0,'credit','paid',NULL,NULL,'2024-10-30 12:28:10','2024-10-30 12:28:10','advertbroadcastorder',20,NULL,NULL,57,NULL,NULL,NULL,NULL,NULL,NULL),(278,4881,180,NULL,'ADCOCB000001',190,'cb','paid','https://tpeweb.paybox.com/cgi/MYchoix_pagepaiement.cgi?PBX_SITE=5016323&PBX_RANG=01&PBX_IDENTIFIANT=722066132&PBX_TOTAL=22800&PBX_DEVISE=978&PBX_CMD=PROD-ADCOCB000001&PBX_PORTEUR=jean.lucchini@lacfc.fr&PBX_RETOUR=id:S;amount:M;reference:R;appel:T;autorization:A;error:E;signature:K&PBX_HASH=SHA512&PBX_RUF1=POST&PBX_EFFECTUE=https://admin.agentcommercial.fr/advert/create/success&PBX_REFUSE=https://admin.agentcommercial.fr/payment/failed&PBX_ANNULE=https://admin.agentcommercial.fr/payment/canceled&PBX_ATTENTE=https://admin.agentcommercial.fr/registration/pending&PBX_REPONDRE_A=https://admin.agentcommercial.fr/verifone/webhooks&PBX_TIME=2024-10-30&PBX_HMAC=44F1E150E2971A5F0EC8B9EEC4015806F78B0E79B4E0D0F94AFE249DAC2B0D153358A578E2BAA2C4D0E1688D296415EF6F7D5C401F36BC82B8CCA9A151A678CE',NULL,'2024-10-30 17:16:12','2024-10-30 17:17:16','advertbroadcastorder',20,NULL,NULL,NULL,NULL,NULL,'166589137',NULL,NULL,NULL),(279,4883,NULL,NULL,'CT000022',41.67,'cb','pending','https://tpeweb.paybox.com/cgi/MYchoix_pagepaiement.cgi?PBX_SITE=5016323&PBX_RANG=01&PBX_IDENTIFIANT=722066132&PBX_TOTAL=4167&PBX_DEVISE=978&PBX_CMD=PROD-CT000022&PBX_PORTEUR=sammkaps@gmail.com&PBX_RETOUR=id:S;amount:M;reference:R;appel:T;autorization:A;error:E;signature:K&PBX_HASH=SHA512&PBX_RUF1=POST&PBX_EFFECTUE=https://admin.agentcommercial.fr/payment/success&PBX_REFUSE=https://admin.agentcommercial.fr/payment/failed&PBX_ANNULE=https://admin.agentcommercial.fr/payment/canceled&PBX_ATTENTE=https://admin.agentcommercial.fr/registration/pending&PBX_REPONDRE_A=https://admin.agentcommercial.fr/verifone/webhooks&PBX_TIME=2024-10-30&PBX_HMAC=1BC98C4BD34B8062C0FB4E55BF0CD1F397F3E78CE422A6A4901E6678DB207F55B614691953E9D38CBC89EB46A765AD34DE0CFDD2BDB800A35F4DC04EB29CAE9A',NULL,'2024-10-30 22:57:24','2024-10-30 22:57:24','contractorder',0,NULL,NULL,NULL,NULL,NULL,NULL,10,NULL,NULL),(280,4883,NULL,NULL,'CT000023',41.67,'cb','pending','https://tpeweb.paybox.com/cgi/MYchoix_pagepaiement.cgi?PBX_SITE=5016323&PBX_RANG=01&PBX_IDENTIFIANT=722066132&PBX_TOTAL=4167&PBX_DEVISE=978&PBX_CMD=PROD-CT000023&PBX_PORTEUR=sammkaps@gmail.com&PBX_RETOUR=id:S;amount:M;reference:R;appel:T;autorization:A;error:E;signature:K&PBX_HASH=SHA512&PBX_RUF1=POST&PBX_EFFECTUE=https://admin.agentcommercial.fr/payment/success&PBX_REFUSE=https://admin.agentcommercial.fr/payment/failed&PBX_ANNULE=https://admin.agentcommercial.fr/payment/canceled&PBX_ATTENTE=https://admin.agentcommercial.fr/registration/pending&PBX_REPONDRE_A=https://admin.agentcommercial.fr/verifone/webhooks&PBX_TIME=2024-10-30&PBX_HMAC=D3A9BBB92AC0407A83D4E20B23FE4683486D47AFB392833930CA5BE3D0B52724951EA273BE784C50164F4AD068334B3B9357310315382715AE46B4AE5CEFFDBE',NULL,'2024-10-30 22:57:37','2024-10-30 22:57:37','contractorder',0,NULL,NULL,NULL,NULL,NULL,NULL,3,NULL,NULL),(281,1793,NULL,NULL,'CT000024',41.67,'cb','pending','https://tpeweb.paybox.com/cgi/MYchoix_pagepaiement.cgi?PBX_SITE=5016323&PBX_RANG=01&PBX_IDENTIFIANT=722066132&PBX_TOTAL=4167&PBX_DEVISE=978&PBX_CMD=PROD-CT000024&PBX_PORTEUR=fnac.regionsud@gmail.com&PBX_RETOUR=id:S;amount:M;reference:R;appel:T;autorization:A;error:E;signature:K&PBX_HASH=SHA512&PBX_RUF1=POST&PBX_EFFECTUE=https://admin.agentcommercial.fr/payment/success&PBX_REFUSE=https://admin.agentcommercial.fr/payment/failed&PBX_ANNULE=https://admin.agentcommercial.fr/payment/canceled&PBX_ATTENTE=https://admin.agentcommercial.fr/registration/pending&PBX_REPONDRE_A=https://admin.agentcommercial.fr/verifone/webhooks&PBX_TIME=2024-10-31&PBX_HMAC=CAFD21931E18A3D867D0A00C2AB6AAD05367A629C93D36336256C5D01CB70DA5E8B910BD508BF2DFDC44ED6C3F106F91C6F5A08F0CFD921FB88E61F7285AD0FD',NULL,'2024-10-31 16:10:40','2024-10-31 16:10:40','contractorder',0,NULL,NULL,NULL,NULL,NULL,NULL,10,NULL,NULL),(282,1784,NULL,NULL,'CT000025',41.67,'cb','pending','https://tpeweb.paybox.com/cgi/MYchoix_pagepaiement.cgi?PBX_SITE=5016323&PBX_RANG=01&PBX_IDENTIFIANT=722066132&PBX_TOTAL=4167&PBX_DEVISE=978&PBX_CMD=PROD-CT000025&PBX_PORTEUR=fnacgrandest@orange.fr&PBX_RETOUR=id:S;amount:M;reference:R;appel:T;autorization:A;error:E;signature:K&PBX_HASH=SHA512&PBX_RUF1=POST&PBX_EFFECTUE=https://admin.agentcommercial.fr/payment/success&PBX_REFUSE=https://admin.agentcommercial.fr/payment/failed&PBX_ANNULE=https://admin.agentcommercial.fr/payment/canceled&PBX_ATTENTE=https://admin.agentcommercial.fr/registration/pending&PBX_REPONDRE_A=https://admin.agentcommercial.fr/verifone/webhooks&PBX_TIME=2024-11-03&PBX_HMAC=2998F89AB005186EFAAF6C46F414146400321C5C72E3E7BDE5E72495D60E9C994BFC12196720D6981AA70980A563B50104A0FD7C8E329B3E7DC1E49C87490765',NULL,'2024-11-03 14:53:04','2024-11-03 14:53:04','contractorder',0,NULL,NULL,NULL,NULL,NULL,NULL,7,NULL,NULL),(283,73,181,NULL,'ADCO000006',0,'credit','paid',NULL,NULL,'2024-11-04 10:29:49','2024-11-04 10:29:49','advertbroadcastorder',0,NULL,NULL,NULL,NULL,NULL,NULL,NULL,1471,NULL),(284,4198,182,NULL,'ADCOBT000004',370,'bank_transfer','paid',NULL,NULL,'2024-11-04 17:23:43','2024-11-12 17:45:59','advertbroadcastorder',20,NULL,NULL,NULL,NULL,NULL,NULL,NULL,NULL,NULL),(286,1782,184,NULL,'ADCO000008',0,'credit','paid',NULL,NULL,'2024-11-05 14:34:34','2024-11-05 14:34:34','advertbroadcastorder',20,NULL,NULL,57,NULL,NULL,NULL,NULL,NULL,NULL),(287,4899,NULL,2,'OFCB000059',395,'cb','cancelled','https://checkout.stripe.com/c/pay/cs_live_a1q3Ho91loKTUNgFHjmPG09zhfeW95DawWN32IA1MKDD1AHepaVFUFOe79#fidkdWxOYHwnPyd1blppbHNgWjA0VW10cENNZG81Q1M0dk1NcTxkdGt9bWlKR29RPDxoPG1pVzdwTWpQbEo2dTw9Z0F3SzZVV2EzUm9uUGxSblJMakN0MFZ3S2FESTF8PG9fM1YxU3d1UlNjNTVUQlMzQEA1SicpJ2N3amhWYHdzYHcnP3F3cGApJ2lkfGpwcVF8dWAnPyd2bGtiaWBabHFgaCcpJ2BrZGdpYFVpZGZgbWppYWB3dic%2FcXdwYHgl',NULL,'2024-11-06 09:59:22','2024-11-07 10:57:55','offerorder',20,NULL,NULL,NULL,'cs_live_a1q3Ho91loKTUNgFHjmPG09zhfeW95DawWN32IA1MKDD1AHepaVFUFOe79',NULL,NULL,NULL,NULL,NULL),(288,4902,NULL,NULL,'CT000026',41.67,'cb','pending','https://tpeweb.paybox.com/cgi/MYchoix_pagepaiement.cgi?PBX_SITE=5016323&PBX_RANG=01&PBX_IDENTIFIANT=722066132&PBX_TOTAL=4167&PBX_DEVISE=978&PBX_CMD=PROD-CT000026&PBX_PORTEUR=contact@mariemoisan.com&PBX_RETOUR=id:S;amount:M;reference:R;appel:T;autorization:A;error:E;signature:K&PBX_HASH=SHA512&PBX_RUF1=POST&PBX_EFFECTUE=https://admin.agentcommercial.fr/payment/success&PBX_REFUSE=https://admin.agentcommercial.fr/payment/failed&PBX_ANNULE=https://admin.agentcommercial.fr/payment/canceled&PBX_ATTENTE=https://admin.agentcommercial.fr/registration/pending&PBX_REPONDRE_A=https://admin.agentcommercial.fr/verifone/webhooks&PBX_TIME=2024-11-07&PBX_HMAC=9D64AA3FD9C6D2891E9B93DE1B895E339B658E4DDA4EE721A8B52EA6E47CD2F192B648D84CB22ACB3A174E6A5034221D8FFC12B0CDFBEF879EAA5257D1FFF04B',NULL,'2024-11-07 09:26:29','2024-11-07 09:26:29','contractorder',0,NULL,NULL,NULL,NULL,NULL,NULL,10,NULL,NULL),(289,4903,185,NULL,'ADCOBT000005',290,'bank_transfer','paid',NULL,NULL,'2024-11-07 11:27:26','2024-11-07 11:28:26','advertbroadcastorder',20,NULL,NULL,NULL,NULL,NULL,NULL,NULL,NULL,NULL),(290,4911,NULL,NULL,'CT000027',41.67,'cb','pending','https://tpeweb.paybox.com/cgi/MYchoix_pagepaiement.cgi?PBX_SITE=5016323&PBX_RANG=01&PBX_IDENTIFIANT=722066132&PBX_TOTAL=4167&PBX_DEVISE=978&PBX_CMD=PROD-CT000027&PBX_PORTEUR=rafael.gerona@lapesa.es&PBX_RETOUR=id:S;amount:M;reference:R;appel:T;autorization:A;error:E;signature:K&PBX_HASH=SHA512&PBX_RUF1=POST&PBX_EFFECTUE=https://admin.agentcommercial.fr/payment/success&PBX_REFUSE=https://admin.agentcommercial.fr/payment/failed&PBX_ANNULE=https://admin.agentcommercial.fr/payment/canceled&PBX_ATTENTE=https://admin.agentcommercial.fr/registration/pending&PBX_REPONDRE_A=https://admin.agentcommercial.fr/verifone/webhooks&PBX_TIME=2024-11-12&PBX_HMAC=DA84D15662C7CE72DEA51FEFC1FA389E100E1DA75416CF6F4B9E2D8280DA8FF2289F8BBF62B833232596C1BBEAF2B89715A60D91B14C0CAD42395FB80B923BBA',NULL,'2024-11-12 09:26:47','2024-11-12 09:26:47','contractorder',0,NULL,NULL,NULL,NULL,NULL,NULL,8,NULL,NULL),(291,1782,187,NULL,'ADCO000010',0,'credit','paid',NULL,NULL,'2024-11-12 11:55:33','2024-11-12 11:55:33','advertbroadcastorder',20,NULL,NULL,57,NULL,NULL,NULL,NULL,NULL,NULL),(292,1782,188,NULL,'ADCO000011',0,'credit','paid',NULL,NULL,'2024-11-12 16:40:49','2024-11-12 16:40:49','advertbroadcastorder',20,NULL,NULL,57,NULL,NULL,NULL,NULL,NULL,NULL),(293,4914,NULL,NULL,'CT000028',41.67,'cb','pending','https://tpeweb.paybox.com/cgi/MYchoix_pagepaiement.cgi?PBX_SITE=5016323&PBX_RANG=01&PBX_IDENTIFIANT=722066132&PBX_TOTAL=4167&PBX_DEVISE=978&PBX_CMD=PROD-CT000028&PBX_PORTEUR=lelabodulub@gmail.com&PBX_RETOUR=id:S;amount:M;reference:R;appel:T;autorization:A;error:E;signature:K&PBX_HASH=SHA512&PBX_RUF1=POST&PBX_EFFECTUE=https://admin.agentcommercial.fr/payment/success&PBX_REFUSE=https://admin.agentcommercial.fr/payment/failed&PBX_ANNULE=https://admin.agentcommercial.fr/payment/canceled&PBX_ATTENTE=https://admin.agentcommercial.fr/registration/pending&PBX_REPONDRE_A=https://admin.agentcommercial.fr/verifone/webhooks&PBX_TIME=2024-11-13&PBX_HMAC=DA9B45EBE7ED035C51982180D554DEC52708F8C07FE1EC317E325E7ACFE687DABD9A326BBE443C013AE4459BC4498F12A5FBE317117E7EBF98E2B3A2F4AC6441',NULL,'2024-11-13 12:16:17','2024-11-13 12:16:17','contractorder',0,NULL,NULL,NULL,NULL,NULL,NULL,10,NULL,NULL),(294,4918,NULL,1,'OFBT000038',395,'bank_transfer','pending',NULL,NULL,'2024-11-14 12:29:27','2024-11-14 12:29:27','offerorder',20,NULL,NULL,NULL,NULL,NULL,NULL,NULL,NULL,NULL),(295,4789,NULL,NULL,'CT000029',41.67,'cb','pending','https://tpeweb.paybox.com/cgi/MYchoix_pagepaiement.cgi?PBX_SITE=5016323&PBX_RANG=01&PBX_IDENTIFIANT=722066132&PBX_TOTAL=4167&PBX_DEVISE=978&PBX_CMD=PROD-CT000029&PBX_PORTEUR=gilles.remi@genertech-power.com&PBX_RETOUR=id:S;amount:M;reference:R;appel:T;autorization:A;error:E;signature:K&PBX_HASH=SHA512&PBX_RUF1=POST&PBX_EFFECTUE=https://admin.agentcommercial.fr/payment/success&PBX_REFUSE=https://admin.agentcommercial.fr/payment/failed&PBX_ANNULE=https://admin.agentcommercial.fr/payment/canceled&PBX_ATTENTE=https://admin.agentcommercial.fr/registration/pending&PBX_REPONDRE_A=https://admin.agentcommercial.fr/verifone/webhooks&PBX_TIME=2024-11-14&PBX_HMAC=361A572C316AFEA9247B2D6710009B6541D5BE9AA064CD20D54CFCAF32631EA0143A0BC25C2853A12171721DAED08919FB67C16C458FDF1C2BA5388C70B21A30',NULL,'2024-11-14 13:20:16','2024-11-14 13:20:16','contractorder',0,NULL,NULL,NULL,NULL,NULL,NULL,10,NULL,NULL),(296,4922,189,NULL,'ADCOCB000002',190,'cb','paid','https://tpeweb.paybox.com/cgi/MYchoix_pagepaiement.cgi?PBX_SITE=5016323&PBX_RANG=01&PBX_IDENTIFIANT=722066132&PBX_TOTAL=22800&PBX_DEVISE=978&PBX_CMD=PROD-ADCOCB000002&PBX_PORTEUR=julien@technolim.fr&PBX_RETOUR=id:S;amount:M;reference:R;appel:T;autorization:A;error:E;signature:K&PBX_HASH=SHA512&PBX_RUF1=POST&PBX_EFFECTUE=https://admin.agentcommercial.fr/advert/create/success&PBX_REFUSE=https://admin.agentcommercial.fr/payment/failed&PBX_ANNULE=https://admin.agentcommercial.fr/payment/canceled&PBX_ATTENTE=https://admin.agentcommercial.fr/registration/pending&PBX_REPONDRE_A=https://admin.agentcommercial.fr/verifone/webhooks&PBX_TIME=2024-11-15&PBX_HMAC=A548D6086F9FE5B84EC465C123606C4C9F8BDE9ECA3CC3E143A8063A880F326640AE03C07D4B7DCE0B030E2189ABB9F469B62237A76BEB92F4236E48F5EAE48F',NULL,'2024-11-15 10:34:30','2024-11-15 10:37:10','advertbroadcastorder',20,NULL,NULL,NULL,NULL,NULL,'169269278',NULL,NULL,NULL),(297,1782,190,NULL,'ADCO000013',0,'credit','paid',NULL,NULL,'2024-11-15 10:41:34','2024-11-15 10:41:34','advertbroadcastorder',20,NULL,NULL,57,NULL,NULL,NULL,NULL,NULL,NULL),(298,4928,193,NULL,'ADCOCB000003',350,'cb','paid','https://tpeweb.paybox.com/cgi/MYchoix_pagepaiement.cgi?PBX_SITE=5016323&PBX_RANG=01&PBX_IDENTIFIANT=722066132&PBX_TOTAL=42000&PBX_DEVISE=978&PBX_CMD=PROD-ADCOCB000003&PBX_PORTEUR=jeremy.gauthier@cap-trading.fr&PBX_RETOUR=id:S;amount:M;reference:R;appel:T;autorization:A;error:E;signature:K&PBX_HASH=SHA512&PBX_RUF1=POST&PBX_EFFECTUE=https://admin.agentcommercial.fr/advert/create/success&PBX_REFUSE=https://admin.agentcommercial.fr/payment/failed&PBX_ANNULE=https://admin.agentcommercial.fr/payment/canceled&PBX_ATTENTE=https://admin.agentcommercial.fr/registration/pending&PBX_REPONDRE_A=https://admin.agentcommercial.fr/verifone/webhooks&PBX_TIME=2024-11-19&PBX_HMAC=E14A1802F5FDE6E4CB7523D8FCEEE4EB724856A968AD60886E03AE266F7F79075249AE43849B62F3E9685276E76E2C82BF3895A7E32CD5DFDD07157E06DBFE1E',NULL,'2024-11-19 11:47:26','2024-11-19 11:48:29','advertbroadcastorder',20,NULL,NULL,NULL,NULL,NULL,'169781063',NULL,NULL,NULL),(300,4945,201,NULL,'ADCOCB000005',210,'cb','paid','https://tpeweb.paybox.com/cgi/MYchoix_pagepaiement.cgi?PBX_SITE=5016323&PBX_RANG=01&PBX_IDENTIFIANT=722066132&PBX_TOTAL=25200&PBX_DEVISE=978&PBX_CMD=PROD-ADCOCB000005&PBX_PORTEUR=contact@synthesepro.fr&PBX_RETOUR=id:S;amount:M;reference:R;appel:T;autorization:A;error:E;signature:K&PBX_HASH=SHA512&PBX_RUF1=POST&PBX_EFFECTUE=https://admin.agentcommercial.fr/advert/create/success&PBX_REFUSE=https://admin.agentcommercial.fr/payment/failed&PBX_ANNULE=https://admin.agentcommercial.fr/payment/canceled&PBX_ATTENTE=https://admin.agentcommercial.fr/registration/pending&PBX_REPONDRE_A=https://admin.agentcommercial.fr/verifone/webhooks&PBX_TIME=2024-11-25&PBX_HMAC=D0C857636A67D5EAF141A48EDA73A04EC402190714675267D24071365CA6C89705E2997926F083C74DD464794C2B3A889A5303A74DF8E7ACC096144006EFF359',NULL,'2024-11-25 19:45:16','2024-11-25 19:46:10','advertbroadcastorder',20,NULL,NULL,NULL,NULL,NULL,'170543741',NULL,NULL,NULL),(302,4947,204,NULL,'ADCOCB000007',350,'cb','paid','https://tpeweb.paybox.com/cgi/MYchoix_pagepaiement.cgi?PBX_SITE=5016323&PBX_RANG=01&PBX_IDENTIFIANT=722066132&PBX_TOTAL=42000&PBX_DEVISE=978&PBX_CMD=PROD-ADCOCB000007&PBX_PORTEUR=rh@spve.fr&PBX_RETOUR=id:S;amount:M;reference:R;appel:T;autorization:A;error:E;signature:K&PBX_HASH=SHA512&PBX_RUF1=POST&PBX_EFFECTUE=https://admin.agentcommercial.fr/advert/create/success&PBX_REFUSE=https://admin.agentcommercial.fr/payment/failed&PBX_ANNULE=https://admin.agentcommercial.fr/payment/canceled&PBX_ATTENTE=https://admin.agentcommercial.fr/registration/pending&PBX_REPONDRE_A=https://admin.agentcommercial.fr/verifone/webhooks&PBX_TIME=2024-11-26&PBX_HMAC=C2592F77ACDEAEC252CF435805E87EBA33AD766706EBEFE4F363F064A4459801FB2D893D27149A857D897FE9E2474F73CFC5A877BD69F54111155CAC6AD544A9',NULL,'2024-11-26 11:13:36','2024-11-26 11:14:48','advertbroadcastorder',20,NULL,NULL,NULL,NULL,NULL,'305517761',NULL,NULL,NULL),(303,4934,205,NULL,'ADCOCB000008',350,'cb','paid','https://tpeweb.paybox.com/cgi/MYchoix_pagepaiement.cgi?PBX_SITE=5016323&PBX_RANG=01&PBX_IDENTIFIANT=722066132&PBX_TOTAL=42000&PBX_DEVISE=978&PBX_CMD=PROD-ADCOCB000008&PBX_PORTEUR=sebastien.demsar@netpatrimoineetcapitaux.fr&PBX_RETOUR=id:S;amount:M;reference:R;appel:T;autorization:A;error:E;signature:K&PBX_HASH=SHA512&PBX_RUF1=POST&PBX_EFFECTUE=https://admin.agentcommercial.fr/advert/create/success&PBX_REFUSE=https://admin.agentcommercial.fr/payment/failed&PBX_ANNULE=https://admin.agentcommercial.fr/payment/canceled&PBX_ATTENTE=https://admin.agentcommercial.fr/registration/pending&PBX_REPONDRE_A=https://admin.agentcommercial.fr/verifone/webhooks&PBX_TIME=2024-11-26&PBX_HMAC=414FF8DCDA0DE174FBA4778FBEE904409C9A50C9B4288DC26CA6BFFC4B8D0E51BF7358B95D2381E2765226067BCA378DDD38480C013AA6D97D9CE0BA269C4659',NULL,'2024-11-26 18:53:43','2024-11-26 18:57:36','advertbroadcastorder',20,NULL,NULL,NULL,NULL,NULL,'170670784',NULL,NULL,NULL),(304,4973,NULL,NULL,'CT000030',41.67,'cb','pending','https://tpeweb.paybox.com/cgi/MYchoix_pagepaiement.cgi?PBX_SITE=5016323&PBX_RANG=01&PBX_IDENTIFIANT=722066132&PBX_TOTAL=4167&PBX_DEVISE=978&PBX_CMD=PROD-CT000030&PBX_PORTEUR=g.ostalier@visiexpert.com&PBX_RETOUR=id:S;amount:M;reference:R;appel:T;autorization:A;error:E;signature:K&PBX_HASH=SHA512&PBX_RUF1=POST&PBX_EFFECTUE=https://admin.agentcommercial.fr/payment/success&PBX_REFUSE=https://admin.agentcommercial.fr/payment/failed&PBX_ANNULE=https://admin.agentcommercial.fr/payment/canceled&PBX_ATTENTE=https://admin.agentcommercial.fr/registration/pending&PBX_REPONDRE_A=https://admin.agentcommercial.fr/verifone/webhooks&PBX_TIME=2024-11-27&PBX_HMAC=8D84398432A5DE8B2EC38A83EFB3E767A30FE28A7C40BC3D584D36CECC3F76905C3999DCC87C00E06AECA9B3F91A60E3785B4D1A329DA0DF44FF420925F62533',NULL,'2024-11-27 15:21:00','2024-11-27 15:21:00','contractorder',0,NULL,NULL,NULL,NULL,NULL,NULL,10,NULL,NULL),(305,3160,207,NULL,'ADCO000018',0,'credit','paid',NULL,NULL,'2024-11-29 11:48:23','2024-11-29 11:48:23','advertbroadcastorder',20,NULL,NULL,NULL,NULL,NULL,NULL,NULL,1030,NULL),(307,3819,211,NULL,'ADCT000002',0,'credit','paid',NULL,NULL,'2024-12-02 11:42:14','2024-12-02 11:42:14','advertbroadcastorder',0,NULL,NULL,NULL,NULL,NULL,NULL,NULL,987,NULL),(308,4937,212,NULL,'ADCOCB000011',190,'cb','pending','https://tpeweb.paybox.com/cgi/MYchoix_pagepaiement.cgi?PBX_SITE=5016323&PBX_RANG=01&PBX_IDENTIFIANT=722066132&PBX_TOTAL=22800&PBX_DEVISE=978&PBX_CMD=PROD-ADCOCB000008&PBX_PORTEUR=oriane@escaliers-morel.fr&PBX_RETOUR=id:S;amount:M;reference:R;appel:T;autorization:A;error:E;signature:K&PBX_HASH=SHA512&PBX_RUF1=POST&PBX_EFFECTUE=https://admin.agentcommercial.fr/advert/create/success&PBX_REFUSE=https://admin.agentcommercial.fr/payment/failed&PBX_ANNULE=https://admin.agentcommercial.fr/payment/canceled&PBX_ATTENTE=https://admin.agentcommercial.fr/registration/pending&PBX_REPONDRE_A=https://admin.agentcommercial.fr/verifone/webhooks&PBX_TIME=2024-12-03&PBX_HMAC=53952EFEAD9B4212211FCC09D057406E174D775CF31C4343F72D28FE09533F2738DDB16040596F8CAECE24BF2F378BF4D645CF13CCA19E8F0A542A188C745C39',NULL,'2024-12-03 08:37:04','2024-12-23 17:59:25','advertbroadcastorder',20,NULL,NULL,NULL,NULL,NULL,NULL,NULL,NULL,NULL),(309,1787,NULL,NULL,'CT000031',41.67,'cb','pending','https://tpeweb.paybox.com/cgi/MYchoix_pagepaiement.cgi?PBX_SITE=5016323&PBX_RANG=01&PBX_IDENTIFIANT=722066132&PBX_TOTAL=4167&PBX_DEVISE=978&PBX_CMD=PROD-CT000031&PBX_PORTEUR=cpacn@orange.fr&PBX_RETOUR=id:S;amount:M;reference:R;appel:T;autorization:A;error:E;signature:K&PBX_HASH=SHA512&PBX_RUF1=POST&PBX_EFFECTUE=https://admin.agentcommercial.fr/payment/success&PBX_REFUSE=https://admin.agentcommercial.fr/payment/failed&PBX_ANNULE=https://admin.agentcommercial.fr/payment/canceled&PBX_ATTENTE=https://admin.agentcommercial.fr/registration/pending&PBX_REPONDRE_A=https://admin.agentcommercial.fr/verifone/webhooks&PBX_TIME=2024-12-03&PBX_HMAC=3320FD1E73A5F7776945AF7D88E5FD501EE4E325ECB497F9E3420C63F60187A7E3CF7E34C431B2E2FE48303BBB1185A2B3463F04029946EADA579EDEDC995968',NULL,'2024-12-03 09:04:30','2024-12-03 09:04:30','contractorder',0,NULL,NULL,NULL,NULL,NULL,NULL,6,NULL,NULL),(310,4972,213,NULL,'ADCOBT000006',420,'bank_transfer','validated',NULL,NULL,'2024-12-03 09:54:27','2024-12-03 10:06:37','advertbroadcastorder',20,NULL,NULL,NULL,NULL,NULL,NULL,NULL,NULL,NULL),(311,4993,NULL,NULL,'CT000032',41.67,'cb','pending','https://tpeweb.paybox.com/cgi/MYchoix_pagepaiement.cgi?PBX_SITE=5016323&PBX_RANG=01&PBX_IDENTIFIANT=722066132&PBX_TOTAL=4167&PBX_DEVISE=978&PBX_CMD=PROD-CT000032&PBX_PORTEUR=gcaravaca@delicedeau.com&PBX_RETOUR=id:S;amount:M;reference:R;appel:T;autorization:A;error:E;signature:K&PBX_HASH=SHA512&PBX_RUF1=POST&PBX_EFFECTUE=https://admin.agentcommercial.fr/payment/success&PBX_REFUSE=https://admin.agentcommercial.fr/payment/failed&PBX_ANNULE=https://admin.agentcommercial.fr/payment/canceled&PBX_ATTENTE=https://admin.agentcommercial.fr/registration/pending&PBX_REPONDRE_A=https://admin.agentcommercial.fr/verifone/webhooks&PBX_TIME=2024-12-03&PBX_HMAC=5B4BE97BAA2B703E7E9A8AF05F64C15B038954BC782B0F06344F66E18F5AAF59814AE35DBBD7872971753F29A8C6213142910DD26F06F065E4C7434EF997222A',NULL,'2024-12-03 11:40:29','2024-12-03 11:40:29','contractorder',0,NULL,NULL,NULL,NULL,NULL,NULL,10,NULL,NULL),(312,5002,NULL,NULL,'CT000033',41.67,'cb','pending','https://tpeweb.paybox.com/cgi/MYchoix_pagepaiement.cgi?PBX_SITE=5016323&PBX_RANG=01&PBX_IDENTIFIANT=722066132&PBX_TOTAL=4167&PBX_DEVISE=978&PBX_CMD=PROD-CT000033&PBX_PORTEUR=info@proxyarti.fr&PBX_RETOUR=id:S;amount:M;reference:R;appel:T;autorization:A;error:E;signature:K&PBX_HASH=SHA512&PBX_RUF1=POST&PBX_EFFECTUE=https://admin.agentcommercial.fr/payment/success&PBX_REFUSE=https://admin.agentcommercial.fr/payment/failed&PBX_ANNULE=https://admin.agentcommercial.fr/payment/canceled&PBX_ATTENTE=https://admin.agentcommercial.fr/registration/pending&PBX_REPONDRE_A=https://admin.agentcommercial.fr/verifone/webhooks&PBX_TIME=2024-12-05&PBX_HMAC=78A2D84D584D530A550DC9D449424A8D0BDA9014FF17AF21AF04016F6530393B06D53155978F7B50B739C54C2405A41F14106C07C376F3A5CF51CB08F87AC727',NULL,'2024-12-05 14:25:59','2024-12-05 14:25:59','contractorder',0,NULL,NULL,NULL,NULL,NULL,NULL,10,NULL,NULL),(313,5006,214,NULL,'ADCOCB000009',190,'cb','pending','https://tpeweb.paybox.com/cgi/MYchoix_pagepaiement.cgi?PBX_SITE=5016323&PBX_RANG=01&PBX_IDENTIFIANT=722066132&PBX_TOTAL=22800&PBX_DEVISE=978&PBX_CMD=PROD-ADCOCB000009&PBX_PORTEUR=pruni-sa@wanadoo.fr&PBX_RETOUR=id:S;amount:M;reference:R;appel:T;autorization:A;error:E;signature:K&PBX_HASH=SHA512&PBX_RUF1=POST&PBX_EFFECTUE=https://admin.agentcommercial.fr/advert/create/success&PBX_REFUSE=https://admin.agentcommercial.fr/payment/failed&PBX_ANNULE=https://admin.agentcommercial.fr/payment/canceled&PBX_ATTENTE=https://admin.agentcommercial.fr/registration/pending&PBX_REPONDRE_A=https://admin.agentcommercial.fr/verifone/webhooks&PBX_TIME=2024-12-06&PBX_HMAC=B6A2A3777805E67FC818B92F30A4288125AA3D83640EE1BDC0121FD68304A14C5B293BA9EAFF217B86DB9CDEC9EEC42251EFD189DC3314C556D44BD18118A4B1',NULL,'2024-12-06 15:25:44','2024-12-06 15:25:44','advertbroadcastorder',20,NULL,NULL,NULL,NULL,NULL,NULL,NULL,NULL,NULL),(314,5006,215,NULL,'ADCOCB000010',190,'cb','paid','https://tpeweb.paybox.com/cgi/MYchoix_pagepaiement.cgi?PBX_SITE=5016323&PBX_RANG=01&PBX_IDENTIFIANT=722066132&PBX_TOTAL=22800&PBX_DEVISE=978&PBX_CMD=PROD-ADCOCB000010&PBX_PORTEUR=pruni-sa@wanadoo.fr&PBX_RETOUR=id:S;amount:M;reference:R;appel:T;autorization:A;error:E;signature:K&PBX_HASH=SHA512&PBX_RUF1=POST&PBX_EFFECTUE=https://admin.agentcommercial.fr/advert/create/success&PBX_REFUSE=https://admin.agentcommercial.fr/payment/failed&PBX_ANNULE=https://admin.agentcommercial.fr/payment/canceled&PBX_ATTENTE=https://admin.agentcommercial.fr/registration/pending&PBX_REPONDRE_A=https://admin.agentcommercial.fr/verifone/webhooks&PBX_TIME=2024-12-06&PBX_HMAC=55AF77BF5BE60478870F99DDD151BFAABB96C65C1AD202696CBFF60D0901ED1C7C2F358769DA704FADF0723720BA8DA7C4DD2CD1AA5FF1EBD7BA2DB10AF0C72B',NULL,'2024-12-06 15:29:44','2024-12-06 15:33:52','advertbroadcastorder',20,NULL,NULL,NULL,NULL,NULL,'172673471',NULL,NULL,NULL),(315,5006,NULL,NULL,'CT000034',41.67,'cb','pending','https://tpeweb.paybox.com/cgi/MYchoix_pagepaiement.cgi?PBX_SITE=5016323&PBX_RANG=01&PBX_IDENTIFIANT=722066132&PBX_TOTAL=4167&PBX_DEVISE=978&PBX_CMD=PROD-CT000034&PBX_PORTEUR=pruni-sa@wanadoo.fr&PBX_RETOUR=id:S;amount:M;reference:R;appel:T;autorization:A;error:E;signature:K&PBX_HASH=SHA512&PBX_RUF1=POST&PBX_EFFECTUE=https://admin.agentcommercial.fr/payment/success&PBX_REFUSE=https://admin.agentcommercial.fr/payment/failed&PBX_ANNULE=https://admin.agentcommercial.fr/payment/canceled&PBX_ATTENTE=https://admin.agentcommercial.fr/registration/pending&PBX_REPONDRE_A=https://admin.agentcommercial.fr/verifone/webhooks&PBX_TIME=2024-12-06&PBX_HMAC=C0D9C10BE0372A2C23486B142606FECA46C214DFE4D3AFB75CB2C7688B8570B89FA93894F114B9C3E64E252BA0AAF8865F5FE76259D66F4EC819C617F52E5345',NULL,'2024-12-06 15:35:08','2024-12-06 15:35:08','contractorder',0,NULL,NULL,NULL,NULL,NULL,NULL,10,NULL,NULL),(319,838,NULL,NULL,'CT000035',41.67,'cb','pending','https://tpeweb.paybox.com/cgi/MYchoix_pagepaiement.cgi?PBX_SITE=5016323&PBX_RANG=01&PBX_IDENTIFIANT=722066132&PBX_TOTAL=4167&PBX_DEVISE=978&PBX_CMD=PROD-CT000035&PBX_PORTEUR=paris@awex-wallonia.com&PBX_RETOUR=id:S;amount:M;reference:R;appel:T;autorization:A;error:E;signature:K&PBX_HASH=SHA512&PBX_RUF1=POST&PBX_EFFECTUE=https://admin.agentcommercial.fr/payment/success&PBX_REFUSE=https://admin.agentcommercial.fr/payment/failed&PBX_ANNULE=https://admin.agentcommercial.fr/payment/canceled&PBX_ATTENTE=https://admin.agentcommercial.fr/registration/pending&PBX_REPONDRE_A=https://admin.agentcommercial.fr/verifone/webhooks&PBX_TIME=2024-12-10&PBX_HMAC=830BB608FC6A86B3221EF76009CCCB576B59692A916051EF3FB56996400F072964798D8E709F79F59AD663E4E55B2B911908F5B6B2461EF49A5297BEEB0922C0',NULL,'2024-12-10 09:26:12','2024-12-10 09:26:12','contractorder',0,NULL,NULL,NULL,NULL,NULL,NULL,10,NULL,NULL),(320,5006,NULL,NULL,'CT000036',41.67,'cb','pending','https://tpeweb.paybox.com/cgi/MYchoix_pagepaiement.cgi?PBX_SITE=5016323&PBX_RANG=01&PBX_IDENTIFIANT=722066132&PBX_TOTAL=4167&PBX_DEVISE=978&PBX_CMD=PROD-CT000036&PBX_PORTEUR=pruni-sa@wanadoo.fr&PBX_RETOUR=id:S;amount:M;reference:R;appel:T;autorization:A;error:E;signature:K&PBX_HASH=SHA512&PBX_RUF1=POST&PBX_EFFECTUE=https://admin.agentcommercial.fr/payment/success&PBX_REFUSE=https://admin.agentcommercial.fr/payment/failed&PBX_ANNULE=https://admin.agentcommercial.fr/payment/canceled&PBX_ATTENTE=https://admin.agentcommercial.fr/registration/pending&PBX_REPONDRE_A=https://admin.agentcommercial.fr/verifone/webhooks&PBX_TIME=2024-12-10&PBX_HMAC=8AC712DB35BCF9F85818ADEB57A1C89EABAD461BF9427E3E1AAA8A93D14BBB854ED25CB414F23012FF3E3AFFB949F5E807F762AF5BEAA4AEBFD5A738F3551149',NULL,'2024-12-10 13:17:17','2024-12-10 13:17:17','contractorder',0,NULL,NULL,NULL,NULL,NULL,NULL,3,NULL,NULL),(321,5013,NULL,NULL,'CT000037',41.67,'cb','pending','https://tpeweb.paybox.com/cgi/MYchoix_pagepaiement.cgi?PBX_SITE=5016323&PBX_RANG=01&PBX_IDENTIFIANT=722066132&PBX_TOTAL=4167&PBX_DEVISE=978&PBX_CMD=PROD-CT000037&PBX_PORTEUR=alban.givelet@repsagroup.com&PBX_RETOUR=id:S;amount:M;reference:R;appel:T;autorization:A;error:E;signature:K&PBX_HASH=SHA512&PBX_RUF1=POST&PBX_EFFECTUE=https://admin.agentcommercial.fr/payment/success&PBX_REFUSE=https://admin.agentcommercial.fr/payment/failed&PBX_ANNULE=https://admin.agentcommercial.fr/payment/canceled&PBX_ATTENTE=https://admin.agentcommercial.fr/registration/pending&PBX_REPONDRE_A=https://admin.agentcommercial.fr/verifone/webhooks&PBX_TIME=2024-12-10&PBX_HMAC=9ADA33F9B2049505F540C0AC212DD848772B03F640A02FA138E6154D2C40482F73BB7E653B2BF62EFC173E50047CA470FEFD3B537FB3715EF6C377216CC708B0',NULL,'2024-12-10 13:54:05','2024-12-10 13:54:05','contractorder',0,NULL,NULL,NULL,NULL,NULL,NULL,10,NULL,NULL),(322,1842,NULL,NULL,'CT000038',41.67,'cb','pending','https://tpeweb.paybox.com/cgi/MYchoix_pagepaiement.cgi?PBX_SITE=5016323&PBX_RANG=01&PBX_IDENTIFIANT=722066132&PBX_TOTAL=4167&PBX_DEVISE=978&PBX_CMD=PROD-CT000038&PBX_PORTEUR=fnac.alsace.franchecomte@gmail.com&PBX_RETOUR=id:S;amount:M;reference:R;appel:T;autorization:A;error:E;signature:K&PBX_HASH=SHA512&PBX_RUF1=POST&PBX_EFFECTUE=https://admin.agentcommercial.fr/payment/success&PBX_REFUSE=https://admin.agentcommercial.fr/payment/failed&PBX_ANNULE=https://admin.agentcommercial.fr/payment/canceled&PBX_ATTENTE=https://admin.agentcommercial.fr/registration/pending&PBX_REPONDRE_A=https://admin.agentcommercial.fr/verifone/webhooks&PBX_TIME=2024-12-16&PBX_HMAC=56CF6FE73625F2E64EEDFC8D9BE427275C0F0D3DEDB3DC56D38DC0A2B613587D38E300B2E41B02D4E206EE834B4E7E8BBFD4770DF723EE000020879A992F8758',NULL,'2024-12-16 12:00:37','2024-12-16 12:00:37','contractorder',0,NULL,NULL,NULL,NULL,NULL,NULL,3,NULL,NULL),(323,5024,222,NULL,'ADCOCB000012',420,'cb','paid','https://tpeweb.paybox.com/cgi/MYchoix_pagepaiement.cgi?PBX_SITE=5016323&PBX_RANG=01&PBX_IDENTIFIANT=722066132&PBX_TOTAL=50400&PBX_DEVISE=978&PBX_CMD=PROD-ADCOCB000010&PBX_PORTEUR=bento31@orange.fr&PBX_RETOUR=id:S;amount:M;reference:R;appel:T;autorization:A;error:E;signature:K&PBX_HASH=SHA512&PBX_RUF1=POST&PBX_EFFECTUE=https://admin.agentcommercial.fr/advert/create/success&PBX_REFUSE=https://admin.agentcommercial.fr/payment/failed&PBX_ANNULE=https://admin.agentcommercial.fr/payment/canceled&PBX_ATTENTE=https://admin.agentcommercial.fr/registration/pending&PBX_REPONDRE_A=https://admin.agentcommercial.fr/verifone/webhooks&PBX_TIME=2024-12-17&PBX_HMAC=B8B9B709D01876AA7B8F0F31C136D6290A0CD97946F3161DCE5DF6CB0F9C98913160621D9AB0CEB669A281B97D06BD636C9A27178F49E32640399F9DA6EAC8A0',NULL,'2024-12-17 10:25:43','2024-12-23 17:59:25','advertbroadcastorder',20,NULL,NULL,NULL,NULL,NULL,NULL,NULL,NULL,NULL),(324,4878,200,NULL,'ADCO000024',0,'credit','paid',NULL,NULL,'2024-12-17 17:19:52','2024-12-17 17:19:52','advertbroadcastorder',20,NULL,NULL,NULL,NULL,NULL,NULL,NULL,1567,NULL),(325,1788,NULL,NULL,'CT000039',41.67,'cb','pending','https://tpeweb.paybox.com/cgi/MYchoix_pagepaiement.cgi?PBX_SITE=5016323&PBX_RANG=01&PBX_IDENTIFIANT=722066132&PBX_TOTAL=4167&PBX_DEVISE=978&PBX_CMD=PROD-CT000039&PBX_PORTEUR=contact@fnacouest.fr&PBX_RETOUR=id:S;amount:M;reference:R;appel:T;autorization:A;error:E;signature:K&PBX_HASH=SHA512&PBX_RUF1=POST&PBX_EFFECTUE=https://admin.agentcommercial.fr/payment/success&PBX_REFUSE=https://admin.agentcommercial.fr/payment/failed&PBX_ANNULE=https://admin.agentcommercial.fr/payment/canceled&PBX_ATTENTE=https://admin.agentcommercial.fr/registration/pending&PBX_REPONDRE_A=https://admin.agentcommercial.fr/verifone/webhooks&PBX_TIME=2024-12-23&PBX_HMAC=B2CE8CCF685A2B1815B0B4F658A66B835371B2437D26B98E7EE149FDF6826F5AEE919550770EB9B8A5E3A24C1B08D42BD123227F45735736BA3B3A50DC81D70B',NULL,'2024-12-23 14:57:39','2024-12-23 14:57:39','contractorder',0,NULL,NULL,NULL,NULL,NULL,NULL,3,NULL,NULL),(326,5035,NULL,NULL,'CT000040',41.67,'cb','pending','https://tpeweb.paybox.com/cgi/MYchoix_pagepaiement.cgi?PBX_SITE=5016323&PBX_RANG=01&PBX_IDENTIFIANT=722066132&PBX_TOTAL=4167&PBX_DEVISE=978&PBX_CMD=PROD-CT000040&PBX_PORTEUR=jlpauzet@gmail.com&PBX_RETOUR=id:S;amount:M;reference:R;appel:T;autorization:A;error:E;signature:K&PBX_HASH=SHA512&PBX_RUF1=POST&PBX_EFFECTUE=https://admin.agentcommercial.fr/payment/success&PBX_REFUSE=https://admin.agentcommercial.fr/payment/failed&PBX_ANNULE=https://admin.agentcommercial.fr/payment/canceled&PBX_ATTENTE=https://admin.agentcommercial.fr/registration/pending&PBX_REPONDRE_A=https://admin.agentcommercial.fr/verifone/webhooks&PBX_TIME=2024-12-28&PBX_HMAC=18DDD1EE09DCE12B17C65A481EB3362993D8582A12E6A4E43DE132FDD1149CF74B20023F8C23A79D1E39E0659CCB6156A4801FCB6B79902F08CEE44477DBD4D3',NULL,'2024-12-28 08:13:49','2024-12-28 08:13:49','contractorder',0,NULL,NULL,NULL,NULL,NULL,NULL,3,NULL,NULL),(327,5016,224,NULL,'ADCOCB000013',190,'cb','paid','https://tpeweb.paybox.com/cgi/MYchoix_pagepaiement.cgi?PBX_SITE=5016323&PBX_RANG=01&PBX_IDENTIFIANT=722066132&PBX_TOTAL=22800&PBX_DEVISE=978&PBX_CMD=PROD-ADCOCB000013&PBX_PORTEUR=contact@magicpartyevent.fr&PBX_RETOUR=id:S;amount:M;reference:R;appel:T;autorization:A;error:E;signature:K&PBX_HASH=SHA512&PBX_RUF1=POST&PBX_EFFECTUE=https://admin.agentcommercial.fr/advert/create/success&PBX_REFUSE=https://admin.agentcommercial.fr/payment/failed&PBX_ANNULE=https://admin.agentcommercial.fr/payment/canceled&PBX_ATTENTE=https://admin.agentcommercial.fr/registration/pending&PBX_REPONDRE_A=https://admin.agentcommercial.fr/verifone/webhooks&PBX_TIME=2025-01-02&PBX_HMAC=807B791C592A8A0C51B6EA1125AF8FCFA7063619DFCFF06D4F34D6BF85150518F61F79959447608BE4E114713EE175754EB18AF3385AE20F632CF6BDDDFF69A4',NULL,'2025-01-02 17:02:30','2025-01-02 17:04:56','advertbroadcastorder',20,NULL,NULL,NULL,NULL,NULL,'176253178',NULL,NULL,NULL),(328,5033,NULL,2,'OFBT000044',395,'bank_transfer','cancelled',NULL,NULL,'2025-01-05 23:05:26','2025-01-05 23:05:35','offerorder',20,NULL,NULL,NULL,NULL,NULL,NULL,NULL,NULL,NULL),(329,5033,NULL,2,'OFCB000069',395,'cb','pending','https://checkout.stripe.com/c/pay/cs_live_a1LR9KNNyNkWjRUBM8lMF0vGBujI4u0LRqcQMusyagtwzMBQyumAiqphjD#fidkdWxOYHwnPyd1blppbHNgWjA0VW10cENNZG81Q1M0dk1NcTxkdGt9bWlKR29RPDxoPG1pVzdwTWpQbEo2dTw9Z0F3SzZVV2EzUm9uUGxSblJMakN0MFZ3S2FESTF8PG9fM1YxU3d1UlNjNTVUQlMzQEA1SicpJ2N3amhWYHdzYHcnP3F3cGApJ2lkfGpwcVF8dWAnPyd2bGtiaWBabHFgaCcpJ2BrZGdpYFVpZGZgbWppYWB3dic%2FcXdwYHgl',NULL,'2025-01-05 23:05:34','2025-01-05 23:05:35','offerorder',20,NULL,NULL,NULL,'cs_live_a1LR9KNNyNkWjRUBM8lMF0vGBujI4u0LRqcQMusyagtwzMBQyumAiqphjD',NULL,NULL,NULL,NULL,NULL),(330,5040,NULL,1,'OFBT000045',395,'bank_transfer','pending',NULL,NULL,'2025-01-06 10:12:17','2025-01-06 10:12:17','offerorder',0,NULL,NULL,NULL,NULL,NULL,NULL,NULL,NULL,NULL),(331,73,225,NULL,'ADCO000001',0,'credit','paid',NULL,NULL,'2025-01-06 10:16:19','2025-01-06 10:16:19','advertbroadcastorder',0,NULL,NULL,NULL,NULL,NULL,NULL,NULL,1471,NULL),(332,5046,NULL,1,'OFCB000070',395,'cb','paid','https://checkout.stripe.com/c/pay/cs_live_a1K9cIJQMQ6iz2Of4yk1tzaHJ5q9zcIpWG4syihXTJANqtcPsEBlxridz6#fidkdWxOYHwnPyd1blppbHNgWjA0VW10cENNZG81Q1M0dk1NcTxkdGt9bWlKR29RPDxoPG1pVzdwTWpQbEo2dTw9Z0F3SzZVV2EzUm9uUGxSblJMakN0MFZ3S2FESTF8PG9fM1YxU3d1UlNjNTVUQlMzQEA1SicpJ2N3amhWYHdzYHcnP3F3cGApJ2lkfGpwcVF8dWAnPyd2bGtiaWBabHFgaCcpJ2BrZGdpYFVpZGZgbWppYWB3dic%2FcXdwYHgl',NULL,'2025-01-07 13:59:35','2025-02-13 09:11:57','offerorder',20,NULL,NULL,NULL,'cs_live_a1K9cIJQMQ6iz2Of4yk1tzaHJ5q9zcIpWG4syihXTJANqtcPsEBlxridz6','pi_3QecOxHaj0FV1sHH1BcKiZxp',NULL,NULL,NULL,NULL),(333,5044,226,NULL,'ADCOCB000014',190,'cb','paid','https://tpeweb.paybox.com/cgi/MYchoix_pagepaiement.cgi?PBX_SITE=5016323&PBX_RANG=01&PBX_IDENTIFIANT=722066132&PBX_TOTAL=19000&PBX_DEVISE=978&PBX_CMD=PROD-ADCOCB000014&PBX_PORTEUR=bonzano.italjolly@gmail.com&PBX_RETOUR=id:S;amount:M;reference:R;appel:T;autorization:A;error:E;signature:K&PBX_HASH=SHA512&PBX_RUF1=POST&PBX_EFFECTUE=https://admin.agentcommercial.fr/advert/create/success&PBX_REFUSE=https://admin.agentcommercial.fr/payment/failed&PBX_ANNULE=https://admin.agentcommercial.fr/payment/canceled&PBX_ATTENTE=https://admin.agentcommercial.fr/registration/pending&PBX_REPONDRE_A=https://admin.agentcommercial.fr/verifone/webhooks&PBX_TIME=2025-01-07&PBX_HMAC=1CF3177222672A40B81A0012C18C13E3EFB71C6BAB76FBC328D7FDC06697381DEFDC9C31A76574FA42428A2AD4E1DB01399A3B225D9167B34BF315884F4C13DB',NULL,'2025-01-07 15:37:33','2025-01-07 15:38:48','advertbroadcastorder',0,NULL,NULL,NULL,NULL,NULL,'176972342',NULL,NULL,NULL),(334,5049,NULL,NULL,'CT000041',41.67,'cb','pending','https://tpeweb.paybox.com/cgi/MYchoix_pagepaiement.cgi?PBX_SITE=5016323&PBX_RANG=01&PBX_IDENTIFIANT=722066132&PBX_TOTAL=4167&PBX_DEVISE=978&PBX_CMD=PROD-CT000041&PBX_PORTEUR=contact@medical66.fr&PBX_RETOUR=id:S;amount:M;reference:R;appel:T;autorization:A;error:E;signature:K&PBX_HASH=SHA512&PBX_RUF1=POST&PBX_EFFECTUE=https://admin.agentcommercial.fr/payment/success&PBX_REFUSE=https://admin.agentcommercial.fr/payment/failed&PBX_ANNULE=https://admin.agentcommercial.fr/payment/canceled&PBX_ATTENTE=https://admin.agentcommercial.fr/registration/pending&PBX_REPONDRE_A=https://admin.agentcommercial.fr/verifone/webhooks&PBX_TIME=2025-01-09&PBX_HMAC=AC7A5ABA08614B73A5B762CD7EC82DB6EC3981ADBB5522B9397D1C646D8D6C61E3CDED4769714F3604CA974F38F7850A457A68A37F21A19CD4B467022E2F2CE7',NULL,'2025-01-09 20:51:52','2025-01-09 20:51:52','contractorder',0,NULL,NULL,NULL,NULL,NULL,NULL,10,NULL,NULL),(336,5071,NULL,1,'OFBT000046',395,'bank_transfer','pending',NULL,NULL,'2025-01-22 14:28:56','2025-01-22 14:28:56','offerorder',20,NULL,NULL,NULL,NULL,NULL,NULL,NULL,NULL,NULL),(338,5075,230,NULL,'ADCOCB000015',190,'cb','paid','https://tpeweb.paybox.com/cgi/MYchoix_pagepaiement.cgi?PBX_SITE=5016323&PBX_RANG=01&PBX_IDENTIFIANT=722066132&PBX_TOTAL=22800&PBX_DEVISE=978&PBX_CMD=PROD-ADCOCB000015&PBX_PORTEUR=benoit.klesse@delarosa-industrie.fr&PBX_RETOUR=id:S;amount:M;reference:R;appel:T;autorization:A;error:E;signature:K&PBX_HASH=SHA512&PBX_RUF1=POST&PBX_EFFECTUE=https://admin.agentcommercial.fr/advert/create/success&PBX_REFUSE=https://admin.agentcommercial.fr/payment/failed&PBX_ANNULE=https://admin.agentcommercial.fr/payment/canceled&PBX_ATTENTE=https://admin.agentcommercial.fr/registration/pending&PBX_REPONDRE_A=https://admin.agentcommercial.fr/verifone/webhooks&PBX_TIME=2025-01-23&PBX_HMAC=7CEBB35C47D1B1E98041B393A8AF499AFCE1F4A31CB5AED4B7EF6E5AB10043FC31C6745CF9BE2E484FC3F08A3B34726C4DA7986CAD20ED4700B02ACC03AA09E4',NULL,'2025-01-23 17:32:00','2025-01-23 17:36:26','advertbroadcastorder',20,NULL,NULL,NULL,NULL,NULL,'179659504',NULL,NULL,NULL),(339,2214,NULL,NULL,'CT000042',41.67,'cb','paid','https://tpeweb.paybox.com/cgi/MYchoix_pagepaiement.cgi?PBX_SITE=5016323&PBX_RANG=01&PBX_IDENTIFIANT=722066132&PBX_TOTAL=4167&PBX_DEVISE=978&PBX_CMD=PROD-CT000042&PBX_PORTEUR=vetementpro.sas@gmail.com&PBX_RETOUR=id:S;amount:M;reference:R;appel:T;autorization:A;error:E;signature:K&PBX_HASH=SHA512&PBX_RUF1=POST&PBX_EFFECTUE=https://admin.agentcommercial.fr/payment/success&PBX_REFUSE=https://admin.agentcommercial.fr/payment/failed&PBX_ANNULE=https://admin.agentcommercial.fr/payment/canceled&PBX_ATTENTE=https://admin.agentcommercial.fr/registration/pending&PBX_REPONDRE_A=https://admin.agentcommercial.fr/verifone/webhooks&PBX_TIME=2025-01-24&PBX_HMAC=BF59FF29EF277BB4FE4EA974181318A5E78CE97D467B4D439836FB4A34216374041BF72AB4DFB90E17AC37D8B576817094879D70AEDC9C2AD952B3DA33510EE1',NULL,'2025-01-24 10:38:55','2025-01-24 10:41:02','contractorder',0,NULL,NULL,NULL,NULL,NULL,'179731931',10,NULL,NULL),(340,4884,231,NULL,'ADCO000025',0,'credit','paid',NULL,NULL,'2025-01-27 16:46:24','2025-01-27 16:46:24','advertbroadcastorder',0,NULL,NULL,NULL,NULL,NULL,NULL,NULL,1554,NULL),(341,5057,228,NULL,'ADCOBT000024',390,'bank_transfer','paid',NULL,NULL,'2025-01-28 10:51:26','2025-01-28 15:14:22','advertbroadcastorder',20,NULL,NULL,NULL,NULL,NULL,NULL,NULL,NULL,NULL),(342,5079,232,NULL,'ADCOCB000016',210,'cb','paid','https://tpeweb.paybox.com/cgi/MYchoix_pagepaiement.cgi?PBX_SITE=5016323&PBX_RANG=01&PBX_IDENTIFIANT=722066132&PBX_TOTAL=25200&PBX_DEVISE=978&PBX_CMD=PROD-ADCOCB000016&PBX_PORTEUR=clemence@sectio-tech.fr&PBX_RETOUR=id:S;amount:M;reference:R;appel:T;autorization:A;error:E;signature:K&PBX_HASH=SHA512&PBX_RUF1=POST&PBX_EFFECTUE=https://admin.agentcommercial.fr/advert/create/success&PBX_REFUSE=https://admin.agentcommercial.fr/payment/failed&PBX_ANNULE=https://admin.agentcommercial.fr/payment/canceled&PBX_ATTENTE=https://admin.agentcommercial.fr/registration/pending&PBX_REPONDRE_A=https://admin.agentcommercial.fr/verifone/webhooks&PBX_TIME=2025-01-28&PBX_HMAC=E3463F7B3114DB58FF5FC4DC0F3D1CB95F0CC290B22D932F58102B658BF6A49CF185F8170B76D7CC6A5D9B98338C3C9971BD0BB2B5EBA8DED906539F433199A9',NULL,'2025-01-28 11:00:46','2025-01-28 11:01:52','advertbroadcastorder',20,NULL,NULL,NULL,NULL,NULL,'313100190',NULL,NULL,NULL),(343,4878,233,NULL,'ADCO000026',0,'credit','paid',NULL,NULL,'2025-01-28 14:25:24','2025-01-28 14:25:24','advertbroadcastorder',20,NULL,NULL,NULL,NULL,NULL,NULL,NULL,1567,NULL),(344,5082,NULL,NULL,'CT000043',41.67,'cb','pending','https://tpeweb.paybox.com/cgi/MYchoix_pagepaiement.cgi?PBX_SITE=5016323&PBX_RANG=01&PBX_IDENTIFIANT=722066132&PBX_TOTAL=4167&PBX_DEVISE=978&PBX_CMD=PROD-CT000043&PBX_PORTEUR=contact@tisavap.fr&PBX_RETOUR=id:S;amount:M;reference:R;appel:T;autorization:A;error:E;signature:K&PBX_HASH=SHA512&PBX_RUF1=POST&PBX_EFFECTUE=https://admin.agentcommercial.fr/payment/success&PBX_REFUSE=https://admin.agentcommercial.fr/payment/failed&PBX_ANNULE=https://admin.agentcommercial.fr/payment/canceled&PBX_ATTENTE=https://admin.agentcommercial.fr/registration/pending&PBX_REPONDRE_A=https://admin.agentcommercial.fr/verifone/webhooks&PBX_TIME=2025-01-30&PBX_HMAC=28615AF47D3AF9893D625981A4105D24A4AF84430584CBAF0223E3D97E8D3F4D5A6D78B2D207A63D0FD2DD30899225722F2AC4378B434DA66D00456F5ECA2BAA',NULL,'2025-01-30 16:03:38','2025-01-30 16:03:38','contractorder',0,NULL,NULL,NULL,NULL,NULL,NULL,10,NULL,NULL),(345,4994,NULL,NULL,'CT000044',41.67,'cb','pending','https://tpeweb.paybox.com/cgi/MYchoix_pagepaiement.cgi?PBX_SITE=5016323&PBX_RANG=01&PBX_IDENTIFIANT=722066132&PBX_TOTAL=4167&PBX_DEVISE=978&PBX_CMD=PROD-CT000044&PBX_PORTEUR=test@test123.fr&PBX_RETOUR=id:S;amount:M;reference:R;appel:T;autorization:A;error:E;signature:K&PBX_HASH=SHA512&PBX_RUF1=POST&PBX_EFFECTUE=https://admin.agentcommercial.fr/payment/success&PBX_REFUSE=https://admin.agentcommercial.fr/payment/failed&PBX_ANNULE=https://admin.agentcommercial.fr/payment/canceled&PBX_ATTENTE=https://admin.agentcommercial.fr/registration/pending&PBX_REPONDRE_A=https://admin.agentcommercial.fr/verifone/webhooks&PBX_TIME=2025-02-04&PBX_HMAC=E7CA33616B412DE60A3E8193C0AD4FB52A1348B70FA33CBFFCCF6B98B874A08609261152E089C22BA7551889A1E7FB99D2AEFEA68A561561B3BD9A0D7FF10698',NULL,'2025-02-04 10:53:19','2025-02-04 10:53:19','contractorder',0,NULL,NULL,NULL,NULL,NULL,NULL,3,NULL,NULL),(346,4994,NULL,NULL,'CT000045',41.67,'cb','pending','https://tpeweb.paybox.com/cgi/MYchoix_pagepaiement.cgi?PBX_SITE=5016323&PBX_RANG=01&PBX_IDENTIFIANT=722066132&PBX_TOTAL=5000.4&PBX_DEVISE=978&PBX_CMD=PROD-CT000045&PBX_PORTEUR=test@test123.fr&PBX_RETOUR=id:S;amount:M;reference:R;appel:T;autorization:A;error:E;signature:K&PBX_HASH=SHA512&PBX_RUF1=POST&PBX_EFFECTUE=https://admin.agentcommercial.fr/payment/success&PBX_REFUSE=https://admin.agentcommercial.fr/payment/failed&PBX_ANNULE=https://admin.agentcommercial.fr/payment/canceled&PBX_ATTENTE=https://admin.agentcommercial.fr/registration/pending&PBX_REPONDRE_A=https://admin.agentcommercial.fr/verifone/webhooks&PBX_TIME=2025-02-06&PBX_HMAC=D0EEA406F701B78BD8BBA0472F40F6B26010CC42C50E5B222A7D274DF2274F713E5C577B7DCD85D62FD9D75E3DDF9652C0AE03369AAB63AB9C8D86552C5A83F6',NULL,'2025-02-06 09:37:07','2025-02-06 09:37:07','contractorder',20,NULL,NULL,NULL,NULL,NULL,NULL,12,NULL,NULL),(347,4994,NULL,NULL,'CT000046',41.67,'cb','pending','https://tpeweb.paybox.com/cgi/MYchoix_pagepaiement.cgi?PBX_SITE=5016323&PBX_RANG=01&PBX_IDENTIFIANT=722066132&PBX_TOTAL=5000&PBX_DEVISE=978&PBX_CMD=PROD-CT000046&PBX_PORTEUR=test@test123.fr&PBX_RETOUR=id:S;amount:M;reference:R;appel:T;autorization:A;error:E;signature:K&PBX_HASH=SHA512&PBX_RUF1=POST&PBX_EFFECTUE=https://admin.agentcommercial.fr/payment/success&PBX_REFUSE=https://admin.agentcommercial.fr/payment/failed&PBX_ANNULE=https://admin.agentcommercial.fr/payment/canceled&PBX_ATTENTE=https://admin.agentcommercial.fr/registration/pending&PBX_REPONDRE_A=https://admin.agentcommercial.fr/verifone/webhooks&PBX_TIME=2025-02-06&PBX_HMAC=091BD2814F6854DF708A1FD12AFDA96FE9EB32082A905ED4D7E702C72B7FB4359A909B47B60B5B6741DC73DDD36F3CD66633D009C825EEDDF3A2FE450F0FF7E2',NULL,'2025-02-06 09:40:28','2025-02-06 09:40:28','contractorder',20,NULL,NULL,NULL,NULL,NULL,NULL,8,NULL,NULL),(348,73,NULL,5,'OFBT000047',600,'bank_transfer','paid',NULL,NULL,'2025-02-06 14:30:39','2025-02-27 17:09:54','offerorder',0,NULL,NULL,NULL,NULL,NULL,NULL,NULL,NULL,NULL),(349,5057,NULL,NULL,'CT000047',41.67,'cb','pending','https://tpeweb.paybox.com/cgi/MYchoix_pagepaiement.cgi?PBX_SITE=5016323&PBX_RANG=01&PBX_IDENTIFIANT=722066132&PBX_TOTAL=5000&PBX_DEVISE=978&PBX_CMD=PROD-CT000047&PBX_PORTEUR=slabails@lesvignoblesdemaxime.com&PBX_RETOUR=id:S;amount:M;reference:R;appel:T;autorization:A;error:E;signature:K&PBX_HASH=SHA512&PBX_RUF1=POST&PBX_EFFECTUE=https://admin.agentcommercial.fr/payment/success&PBX_REFUSE=https://admin.agentcommercial.fr/payment/failed&PBX_ANNULE=https://admin.agentcommercial.fr/payment/canceled&PBX_ATTENTE=https://admin.agentcommercial.fr/registration/pending&PBX_REPONDRE_A=https://admin.agentcommercial.fr/verifone/webhooks&PBX_TIME=2025-02-06&PBX_HMAC=78B34EBEFFF1768805735CC0E3CB16A058193B707399C7CAD81A2ADBC5CEEC930971A555262C2285B9DC75F577F8A1BC209FEC160DC24C5AEA1659B2F3DE9DFD',NULL,'2025-02-06 18:25:19','2025-02-06 18:25:19','contractorder',20,NULL,NULL,NULL,NULL,NULL,NULL,10,NULL,NULL),(350,4994,NULL,NULL,'CT000048',41.67,'cb','pending','https://tpeweb.paybox.com/cgi/MYchoix_pagepaiement.cgi?PBX_SITE=5016323&PBX_RANG=01&PBX_IDENTIFIANT=722066132&PBX_TOTAL=5000&PBX_DEVISE=978&PBX_CMD=PROD-CT000048&PBX_PORTEUR=test@test123.fr&PBX_RETOUR=id:S;amount:M;reference:R;appel:T;autorization:A;error:E;signature:K&PBX_HASH=SHA512&PBX_RUF1=POST&PBX_EFFECTUE=https://admin.agentcommercial.fr/payment/success&PBX_REFUSE=https://admin.agentcommercial.fr/payment/failed&PBX_ANNULE=https://admin.agentcommercial.fr/payment/canceled&PBX_ATTENTE=https://admin.agentcommercial.fr/registration/pending&PBX_REPONDRE_A=https://admin.agentcommercial.fr/verifone/webhooks&PBX_TIME=2025-02-06&PBX_HMAC=4590AFBD30B73C78AD453F30A26B1E42328462E2ED06F98C73A6DF0BCAE98D8B6CA52DE09C3C5C4767BEACF8B1C36BFC1CCD2CC4E4206F722053232D1EDE2650',NULL,'2025-02-06 18:59:13','2025-02-06 18:59:13','contractorder',20,NULL,NULL,NULL,NULL,NULL,NULL,7,NULL,NULL),(351,4473,NULL,NULL,'CT000049',41.67,'cb','pending','https://tpeweb.paybox.com/cgi/MYchoix_pagepaiement.cgi?PBX_SITE=5016323&PBX_RANG=01&PBX_IDENTIFIANT=722066132&PBX_TOTAL=5000&PBX_DEVISE=978&PBX_CMD=PROD-CT000049&PBX_PORTEUR=Test@test456.fr&PBX_RETOUR=id:S;amount:M;reference:R;appel:T;autorization:A;error:E;signature:K&PBX_HASH=SHA512&PBX_RUF1=POST&PBX_EFFECTUE=https://admin.agentcommercial.fr/payment/success&PBX_REFUSE=https://admin.agentcommercial.fr/payment/failed&PBX_ANNULE=https://admin.agentcommercial.fr/payment/canceled&PBX_ATTENTE=https://admin.agentcommercial.fr/registration/pending&PBX_REPONDRE_A=https://admin.agentcommercial.fr/verifone/webhooks&PBX_TIME=2025-02-06&PBX_HMAC=60181EE1622A9310BBEFC3D1CA78BE31CEE4D54F492823063ABF541BBA09117A9DF19389A83FE7698B8C4A5E34610E8BBE06BA2B36F677BE91939B93CD36FEA9',NULL,'2025-02-06 18:59:31','2025-02-06 18:59:31','contractorder',20,NULL,NULL,NULL,NULL,NULL,NULL,8,NULL,NULL),(352,4407,235,NULL,'ADCOBT000025',290,'bank_transfer','pending',NULL,NULL,'2025-02-06 19:01:45','2025-02-06 19:01:45','advertbroadcastorder',20,NULL,NULL,NULL,NULL,NULL,NULL,NULL,NULL,NULL),(353,5087,NULL,1,'OFBT000048',395,'bank_transfer','pending',NULL,NULL,'2025-02-06 19:06:15','2025-02-06 19:06:15','offerorder',20,NULL,NULL,NULL,NULL,NULL,NULL,NULL,NULL,NULL),(354,5088,NULL,1,'OFCB000071',395,'cb','paid','https://checkout.stripe.com/c/pay/cs_live_a1ckZ1V08gMpYGrbgQvw2VW6T2VXWWK1lQMhxTSacy4mMlDlnNBr9SiWEi#fidkdWxOYHwnPyd1blppbHNgWjA0VW10cENNZG81Q1M0dk1NcTxkdGt9bWlKR29RPDxoPG1pVzdwTWpQbEo2dTw9Z0F3SzZVV2EzUm9uUGxSblJMakN0MFZ3S2FESTF8PG9fM1YxU3d1UlNjNTVUQlMzQEA1SicpJ2N3amhWYHdzYHcnP3F3cGApJ2lkfGpwcVF8dWAnPyd2bGtiaWBabHFgaCcpJ2BrZGdpYFVpZGZgbWppYWB3dic%2FcXdwYHgl',NULL,'2025-02-07 07:11:25','2025-02-12 18:32:40','offerorder',20,NULL,NULL,NULL,'cs_live_a1ckZ1V08gMpYGrbgQvw2VW6T2VXWWK1lQMhxTSacy4mMlDlnNBr9SiWEi','pi_3QpkpQHaj0FV1sHH09vOXNph',NULL,NULL,NULL,NULL),(355,5014,236,NULL,'ADCOCB000017',210,'cb','paid','https://tpeweb.paybox.com/cgi/MYchoix_pagepaiement.cgi?PBX_SITE=5016323&PBX_RANG=01&PBX_IDENTIFIANT=722066132&PBX_TOTAL=25200&PBX_DEVISE=978&PBX_CMD=PROD-ADCOCB000017&PBX_PORTEUR=katia@unsoiralopera.com&PBX_RETOUR=id:S;amount:M;reference:R;appel:T;autorization:A;error:E;signature:K&PBX_HASH=SHA512&PBX_RUF1=POST&PBX_EFFECTUE=https://admin.agentcommercial.fr/advert/create/success&PBX_REFUSE=https://admin.agentcommercial.fr/payment/failed&PBX_ANNULE=https://admin.agentcommercial.fr/payment/canceled&PBX_ATTENTE=https://admin.agentcommercial.fr/registration/pending&PBX_REPONDRE_A=https://admin.agentcommercial.fr/verifone/webhooks&PBX_TIME=2025-02-11&PBX_HMAC=FFB85B60FEF814393EA15767AFCFC5FCDC673D244F46F633EFC528A3562C9AE4105C8872DAEE4CA8FD277D405418F85ECE2DD79D200C10E32032268ACC5BEAAF',NULL,'2025-02-11 12:33:17','2025-02-11 12:34:38','advertbroadcastorder',20,NULL,NULL,NULL,NULL,NULL,'183020212',NULL,NULL,NULL),(356,5096,NULL,1,'OFBT000049',395,'bank_transfer','pending',NULL,NULL,'2025-02-12 17:37:59','2025-02-12 17:37:59','offerorder',20,NULL,NULL,NULL,NULL,NULL,NULL,NULL,NULL,NULL),(357,3912,NULL,1,'OFCB000072',395,'cb','pending','https://checkout.stripe.com/c/pay/cs_live_a13CXEr3vzqQs7sQso02MdxO61bxZqhc6M4jIJtVjxRU3hRC24ndByNSaW#fidkdWxOYHwnPyd1blppbHNgWjA0VW10cENNZG81Q1M0dk1NcTxkdGt9bWlKR29RPDxoPG1pVzdwTWpQbEo2dTw9Z0F3SzZVV2EzUm9uUGxSblJMakN0MFZ3S2FESTF8PG9fM1YxU3d1UlNjNTVUQlMzQEA1SicpJ2N3amhWYHdzYHcnP3F3cGApJ2lkfGpwcVF8dWAnPyd2bGtiaWBabHFgaCcpJ2BrZGdpYFVpZGZgbWppYWB3dic%2FcXdwYHgl',NULL,'2025-02-13 10:44:22','2025-02-13 10:44:23','offerorder',20,NULL,NULL,NULL,'cs_live_a13CXEr3vzqQs7sQso02MdxO61bxZqhc6M4jIJtVjxRU3hRC24ndByNSaW',NULL,NULL,NULL,NULL,NULL),(358,73,237,NULL,'ADCO000027',0,'credit','paid',NULL,NULL,'2025-02-14 11:04:24','2025-02-14 11:04:24','advertbroadcastorder',0,NULL,NULL,NULL,NULL,NULL,NULL,NULL,1471,NULL),(359,4898,NULL,1,'OFCB000073',395,'cb','validated','https://checkout.stripe.com/c/pay/cs_live_a1W7eXqqMlrJAVAfWBV2WZLnXxNAAdpV49ETH54hspgQgvuErnjcaKoNr3#fidkdWxOYHwnPyd1blppbHNgWjA0VW10cENNZG81Q1M0dk1NcTxkdGt9bWlKR29RPDxoPG1pVzdwTWpQbEo2dTw9Z0F3SzZVV2EzUm9uUGxSblJMakN0MFZ3S2FESTF8PG9fM1YxU3d1UlNjNTVUQlMzQEA1SicpJ2N3amhWYHdzYHcnP3F3cGApJ2lkfGpwcVF8dWAnPyd2bGtiaWBabHFgaCcpJ2BrZGdpYFVpZGZgbWppYWB3dic%2FcXdwYHgl',NULL,'2025-02-14 14:25:47','2025-02-14 14:43:04','offerorder',20,NULL,NULL,NULL,'cs_live_a1W7eXqqMlrJAVAfWBV2WZLnXxNAAdpV49ETH54hspgQgvuErnjcaKoNr3','pi_3QsP9SHaj0FV1sHH09ibQp0a',NULL,NULL,NULL,NULL),(360,5057,NULL,NULL,'CT000050',41.67,'cb','pending','https://tpeweb.paybox.com/cgi/MYchoix_pagepaiement.cgi?PBX_SITE=5016323&PBX_RANG=01&PBX_IDENTIFIANT=722066132&PBX_TOTAL=5000&PBX_DEVISE=978&PBX_CMD=PROD-CT000050&PBX_PORTEUR=slabails@lesvignoblesdemaxime.com&PBX_RETOUR=id:S;amount:M;reference:R;appel:T;autorization:A;error:E;signature:K&PBX_HASH=SHA512&PBX_RUF1=POST&PBX_EFFECTUE=https://admin.agentcommercial.fr/payment/success&PBX_REFUSE=https://admin.agentcommercial.fr/payment/failed&PBX_ANNULE=https://admin.agentcommercial.fr/payment/canceled&PBX_ATTENTE=https://admin.agentcommercial.fr/registration/pending&PBX_REPONDRE_A=https://admin.agentcommercial.fr/verifone/webhooks&PBX_TIME=2025-02-14&PBX_HMAC=3F27A180A7338F0ADACC68391EA6DC1F460E8D0DB19F9B15466E0003B3ACC08B0F4945676A8AFD0E84F357F9645949BF74F24322A685891361EC7E81DF16C603',NULL,'2025-02-14 16:29:55','2025-02-14 16:29:55','contractorder',20,NULL,NULL,NULL,NULL,NULL,NULL,10,NULL,NULL),(361,5057,NULL,NULL,'CT000051',41.67,'cb','pending','https://tpeweb.paybox.com/cgi/MYchoix_pagepaiement.cgi?PBX_SITE=5016323&PBX_RANG=01&PBX_IDENTIFIANT=722066132&PBX_TOTAL=5000&PBX_DEVISE=978&PBX_CMD=PROD-CT000051&PBX_PORTEUR=slabails@lesvignoblesdemaxime.com&PBX_RETOUR=id:S;amount:M;reference:R;appel:T;autorization:A;error:E;signature:K&PBX_HASH=SHA512&PBX_RUF1=POST&PBX_EFFECTUE=https://admin.agentcommercial.fr/payment/success&PBX_REFUSE=https://admin.agentcommercial.fr/payment/failed&PBX_ANNULE=https://admin.agentcommercial.fr/payment/canceled&PBX_ATTENTE=https://admin.agentcommercial.fr/registration/pending&PBX_REPONDRE_A=https://admin.agentcommercial.fr/verifone/webhooks&PBX_TIME=2025-02-14&PBX_HMAC=0E219CC310A4FF5B646ECA84D0890845CE8C9C9BBB184E1B2EC957C5C2F0BCFB3272BD2297D1F17CC938E41107C13118335CBA93B4CA09C9E17D54A0B9026BB5',NULL,'2025-02-14 16:30:36','2025-02-14 16:30:36','contractorder',20,NULL,NULL,NULL,NULL,NULL,NULL,10,NULL,NULL),(362,5105,239,NULL,'ADCOCB000018',230,'cb','paid','https://tpeweb.paybox.com/cgi/MYchoix_pagepaiement.cgi?PBX_SITE=5016323&PBX_RANG=01&PBX_IDENTIFIANT=722066132&PBX_TOTAL=27600&PBX_DEVISE=978&PBX_CMD=PROD-ADCOCB000018&PBX_PORTEUR=contact@atelierlatrouvaille.com&PBX_RETOUR=id:S;amount:M;reference:R;appel:T;autorization:A;error:E;signature:K&PBX_HASH=SHA512&PBX_RUF1=POST&PBX_EFFECTUE=https://admin.agentcommercial.fr/advert/create/success&PBX_REFUSE=https://admin.agentcommercial.fr/payment/failed&PBX_ANNULE=https://admin.agentcommercial.fr/payment/canceled&PBX_ATTENTE=https://admin.agentcommercial.fr/registration/pending&PBX_REPONDRE_A=https://admin.agentcommercial.fr/verifone/webhooks&PBX_TIME=2025-02-20&PBX_HMAC=C40FF48BD53229220CB13D5E914D29C87B07F339C3A89D20D3D9E1237C227EA828D59152A3EAAA2DDEAEFB83605F5A22596286996CE821D8499B72EAF3050FE3',NULL,'2025-02-20 14:45:24','2025-02-20 14:46:57','advertbroadcastorder',20,NULL,NULL,NULL,NULL,NULL,'315598298',NULL,NULL,NULL),(363,4,NULL,4,'OFCB000074',750,'cb','pending','https://tpeweb.paybox.com/cgi/MYchoix_pagepaiement.cgi?PBX_SITE=5016323&PBX_RANG=01&PBX_IDENTIFIANT=722066132&PBX_TOTAL=90000&PBX_DEVISE=978&PBX_CMD=PROD-OFCB000074&PBX_PORTEUR=embassy@fnac.fr&PBX_RETOUR=id:S;amount:M;reference:R;appel:T;autorization:A;error:E;signature:K&PBX_HASH=SHA512&PBX_RUF1=POST&PBX_EFFECTUE=https://admin.agentcommercial.fr/payment/success&PBX_REFUSE=https://admin.agentcommercial.fr/payment/failed&PBX_ANNULE=https://admin.agentcommercial.fr/payment/canceled&PBX_ATTENTE=https://admin.agentcommercial.fr/registration/pending&PBX_REPONDRE_A=https://admin.agentcommercial.fr/verifone/webhooks&PBX_TIME=2025-02-21&PBX_HMAC=F141AF97FA5F6D028CE95381118337779B93D1D6C7C3F034C53A3740441DB827C145985BFE20AE0CF5FCB6898DF85B4CAD5908AF3EAC498E85E471F5B84A6CBB',NULL,'2025-02-21 15:30:03','2025-02-21 15:30:04','offerorder',20,NULL,NULL,NULL,NULL,NULL,NULL,NULL,NULL,NULL),(364,5090,NULL,3,'OFCB000075',500,'cb','pending','https://tpeweb.paybox.com/cgi/MYchoix_pagepaiement.cgi?PBX_SITE=5016323&PBX_RANG=01&PBX_IDENTIFIANT=722066132&PBX_TOTAL=60000&PBX_DEVISE=978&PBX_CMD=PROD-OFCB000075&PBX_PORTEUR=helene.lediouron@international.gc.ca&PBX_RETOUR=id:S;amount:M;reference:R;appel:T;autorization:A;error:E;signature:K&PBX_HASH=SHA512&PBX_RUF1=POST&PBX_EFFECTUE=https://admin.agentcommercial.fr/payment/success&PBX_REFUSE=https://admin.agentcommercial.fr/payment/failed&PBX_ANNULE=https://admin.agentcommercial.fr/payment/canceled&PBX_ATTENTE=https://admin.agentcommercial.fr/registration/pending&PBX_REPONDRE_A=https://admin.agentcommercial.fr/verifone/webhooks&PBX_TIME=2025-02-21&PBX_HMAC=49B4E41CD63A79664DC05AD6A0EA7B2246FF4CC06351A34DB61087E64A6E4E80EB4CC2372E27651B48EA0420B9B2A4E885B1482DAB1EE65771E5155889DF3EFA',NULL,'2025-02-21 15:48:29','2025-02-21 15:48:31','offerorder',20,NULL,NULL,NULL,NULL,NULL,NULL,NULL,NULL,NULL),(365,5037,240,NULL,'ADCT000003',0,'credit','paid',NULL,NULL,'2025-02-21 15:53:04','2025-02-21 15:53:04','advertbroadcastorder',0,NULL,NULL,NULL,NULL,NULL,NULL,NULL,1576,'2025-02-21 15:53:04'),(366,5107,238,NULL,'ADCOCB000019',230,'cb','pending','https://tpeweb.paybox.com/cgi/MYchoix_pagepaiement.cgi?PBX_SITE=5016323&PBX_RANG=01&PBX_IDENTIFIANT=722066132&PBX_TOTAL=23000&PBX_DEVISE=978&PBX_CMD=PROD-ADCOCB000019&PBX_PORTEUR=miguel.gomes@adico.pt&PBX_RETOUR=id:S;amount:M;reference:R;appel:T;autorization:A;error:E;signature:K&PBX_HASH=SHA512&PBX_RUF1=POST&PBX_EFFECTUE=https://admin.agentcommercial.fr/advert/create/success&PBX_REFUSE=https://admin.agentcommercial.fr/payment/failed&PBX_ANNULE=https://admin.agentcommercial.fr/payment/canceled&PBX_ATTENTE=https://admin.agentcommercial.fr/registration/pending&PBX_REPONDRE_A=https://admin.agentcommercial.fr/verifone/webhooks&PBX_TIME=2025-02-24&PBX_HMAC=8F2A460053DF35444568340E564F70D778921D12E25EC0E7AEF91FE39CFA6E689DC26FA7BFDD8AF74A5C70E39582BA8F62F03526BAA4C1AB1678CD835A9263CA',NULL,'2025-02-24 17:57:27','2025-02-24 17:57:27','advertbroadcastorder',0,NULL,NULL,NULL,NULL,NULL,NULL,NULL,NULL,NULL),(367,1875,NULL,1,'OFBT000050',395,'bank_transfer','cancelled',NULL,NULL,'2025-02-26 10:21:59','2025-02-26 10:24:08','offerorder',0,NULL,NULL,NULL,NULL,NULL,NULL,NULL,NULL,NULL),(368,1875,NULL,1,'OFCB000076',395,'cb','pending','https://checkout.stripe.com/c/pay/cs_live_a1QofBpqHWmvfgTcBGzclLjpwb5RtTs4VC9iIz1rByXfk7WxYSqCTw4Bll#fidkdWxOYHwnPyd1blppbHNgWjA0VW10cENNZG81Q1M0dk1NcTxkdGt9bWlKR29RPDxoPG1pVzdwTWpQbEo2dTw9Z0F3SzZVV2EzUm9uUGxSblJMakN0MFZ3S2FESTF8PG9fM1YxU3d1UlNjNTVUQlMzQEA1SicpJ2N3amhWYHdzYHcnP3F3cGApJ2lkfGpwcVF8dWAnPyd2bGtiaWBabHFgaCcpJ2BrZGdpYFVpZGZgbWppYWB3dic%2FcXdwYHgl',NULL,'2025-02-26 10:24:06','2025-02-26 10:24:07','offerorder',0,NULL,NULL,NULL,'cs_live_a1QofBpqHWmvfgTcBGzclLjpwb5RtTs4VC9iIz1rByXfk7WxYSqCTw4Bll',NULL,NULL,NULL,NULL,NULL),(369,1875,NULL,1,'OFBT000051',395,'bank_transfer','pending',NULL,NULL,'2025-02-26 10:25:42','2025-02-26 10:25:42','offerorder',0,NULL,NULL,NULL,NULL,NULL,NULL,NULL,NULL,NULL),(370,1875,NULL,2,'OFCB000077',395,'cb','pending','https://checkout.stripe.com/c/pay/cs_live_a18PJq9lIrmwagvH3aXcXUpoc1gvfrulJkZsdtYjMpYLzLmAAoXvFQ13TB#fidkdWxOYHwnPyd1blppbHNgWjA0VW10cENNZG81Q1M0dk1NcTxkdGt9bWlKR29RPDxoPG1pVzdwTWpQbEo2dTw9Z0F3SzZVV2EzUm9uUGxSblJMakN0MFZ3S2FESTF8PG9fM1YxU3d1UlNjNTVUQlMzQEA1SicpJ2N3amhWYHdzYHcnP3F3cGApJ2lkfGpwcVF8dWAnPyd2bGtiaWBabHFgaCcpJ2BrZGdpYFVpZGZgbWppYWB3dic%2FcXdwYHgl',NULL,'2025-02-26 10:27:13','2025-02-26 10:27:14','offerorder',0,NULL,NULL,NULL,'cs_live_a18PJq9lIrmwagvH3aXcXUpoc1gvfrulJkZsdtYjMpYLzLmAAoXvFQ13TB',NULL,NULL,NULL,NULL,NULL),(371,1875,NULL,1,'OFCB000078',395,'cb','pending','https://checkout.stripe.com/c/pay/cs_live_a1L1iY9cv1hNrAUS53jBgcjO6c4oFk3z5Dwzaxalb47pEQmoFWORtCpHwi#fidkdWxOYHwnPyd1blppbHNgWjA0VW10cENNZG81Q1M0dk1NcTxkdGt9bWlKR29RPDxoPG1pVzdwTWpQbEo2dTw9Z0F3SzZVV2EzUm9uUGxSblJMakN0MFZ3S2FESTF8PG9fM1YxU3d1UlNjNTVUQlMzQEA1SicpJ2N3amhWYHdzYHcnP3F3cGApJ2lkfGpwcVF8dWAnPyd2bGtiaWBabHFgaCcpJ2BrZGdpYFVpZGZgbWppYWB3dic%2FcXdwYHgl',NULL,'2025-02-26 10:27:51','2025-02-26 10:27:52','offerorder',0,NULL,NULL,NULL,'cs_live_a1L1iY9cv1hNrAUS53jBgcjO6c4oFk3z5Dwzaxalb47pEQmoFWORtCpHwi',NULL,NULL,NULL,NULL,NULL),(372,1875,NULL,2,'OFBT000052',395,'bank_transfer','pending',NULL,NULL,'2025-02-26 10:29:58','2025-02-26 10:29:58','offerorder',0,NULL,NULL,NULL,NULL,NULL,NULL,NULL,NULL,NULL),(373,1875,NULL,1,'OFBT000053',395,'bank_transfer','pending',NULL,NULL,'2025-02-26 10:32:34','2025-02-26 10:32:34','offerorder',0,NULL,NULL,NULL,NULL,NULL,NULL,NULL,NULL,NULL),(374,3947,243,NULL,'ADCOBT000026',190,'bank_transfer','processing',NULL,NULL,'2025-02-26 11:03:47','2025-02-26 17:26:52','advertbroadcastorder',20,NULL,NULL,NULL,NULL,NULL,NULL,NULL,NULL,NULL),(375,5055,NULL,5,'OFCB000079',600,'cb','pending','https://tpeweb.paybox.com/cgi/MYchoix_pagepaiement.cgi?PBX_SITE=5016323&PBX_RANG=01&PBX_IDENTIFIANT=722066132&PBX_TOTAL=60000&PBX_DEVISE=978&PBX_CMD=PROD-OFCB000079&PBX_PORTEUR=jakub.smetana@czechtrade.cz&PBX_RETOUR=id:S;amount:M;reference:R;appel:T;autorization:A;error:E;signature:K&PBX_HASH=SHA512&PBX_RUF1=POST&PBX_EFFECTUE=https://admin.agentcommercial.fr/payment/success&PBX_REFUSE=https://admin.agentcommercial.fr/payment/failed&PBX_ANNULE=https://admin.agentcommercial.fr/payment/canceled&PBX_ATTENTE=https://admin.agentcommercial.fr/registration/pending&PBX_REPONDRE_A=https://admin.agentcommercial.fr/verifone/webhooks&PBX_TIME=2025-02-26&PBX_HMAC=435020AF09524FBC31497ADBBB14C4AD01BB23AD9B0C53970765369115783013DC337A1C9E6DFFDD5BF711506C1AD765222C095BDE89F7D88F957F6B959B3DEA',NULL,'2025-02-26 14:15:25','2025-02-26 14:15:25','offerorder',0,NULL,NULL,NULL,NULL,NULL,NULL,NULL,NULL,NULL),(376,5112,NULL,NULL,'CT000052',41.67,'cb','paid','https://tpeweb.paybox.com/cgi/MYchoix_pagepaiement.cgi?PBX_SITE=5016323&PBX_RANG=01&PBX_IDENTIFIANT=722066132&PBX_TOTAL=4167&PBX_DEVISE=978&PBX_CMD=PROD-CT000052&PBX_PORTEUR=info@kymasystems.com&PBX_RETOUR=id:S;amount:M;reference:R;appel:T;autorization:A;error:E;signature:K&PBX_HASH=SHA512&PBX_RUF1=POST&PBX_EFFECTUE=https://admin.agentcommercial.fr/payment/success&PBX_REFUSE=https://admin.agentcommercial.fr/payment/failed&PBX_ANNULE=https://admin.agentcommercial.fr/payment/canceled&PBX_ATTENTE=https://admin.agentcommercial.fr/registration/pending&PBX_REPONDRE_A=https://admin.agentcommercial.fr/verifone/webhooks&PBX_TIME=2025-02-26&PBX_HMAC=EFCD05EE42EE5A1DAD7ABEC7D5E35BA45D8B86EAE517014B6488B12DF92385A2921231795AB68AE9EA050FBF4A16456C74DF3A1745E772A94947E53DF0F58F70',NULL,'2025-02-26 15:43:21','2025-02-26 15:45:37','contractorder',0,NULL,NULL,NULL,NULL,NULL,'185198210',10,NULL,NULL),(377,5107,242,NULL,'ADCOBT000027',370,'bank_transfer','paid',NULL,NULL,'2025-02-27 18:48:53','2025-03-06 18:36:33','advertbroadcastorder',0,NULL,NULL,NULL,NULL,NULL,NULL,NULL,NULL,NULL),(378,5116,NULL,2,'OFCB000080',395,'cb','paid','https://checkout.stripe.com/c/pay/cs_live_a1Pk7IoY74QpWcQbkG7jRLVlVcPeoKd4QlV2mOMmXVMsM10j8cgrIakv5q#fidkdWxOYHwnPyd1blppbHNgWjA0VW10cENNZG81Q1M0dk1NcTxkdGt9bWlKR29RPDxoPG1pVzdwTWpQbEo2dTw9Z0F3SzZVV2EzUm9uUGxSblJMakN0MFZ3S2FESTF8PG9fM1YxU3d1UlNjNTVUQlMzQEA1SicpJ2N3amhWYHdzYHcnP3F3cGApJ2lkfGpwcVF8dWAnPyd2bGtiaWBabHFgaCcpJ2BrZGdpYFVpZGZgbWppYWB3dic%2FcXdwYHgl',NULL,'2025-02-28 15:27:05','2025-03-04 10:23:39','offerorder',20,NULL,NULL,NULL,'cs_live_a1Pk7IoY74QpWcQbkG7jRLVlVcPeoKd4QlV2mOMmXVMsM10j8cgrIakv5q','pi_3QxUZ1Haj0FV1sHH1hfCKFyW',NULL,NULL,NULL,'2025-02-28 15:30:09'),(379,74,NULL,NULL,'CT000053',41.67,'cb','pending','https://tpeweb.paybox.com/cgi/MYchoix_pagepaiement.cgi?PBX_SITE=5016323&PBX_RANG=01&PBX_IDENTIFIANT=722066132&PBX_TOTAL=4167&PBX_DEVISE=978&PBX_CMD=PROD-CT000053&PBX_PORTEUR=mbutterbrodt@francoallemand.com&PBX_RETOUR=id:S;amount:M;reference:R;appel:T;autorization:A;error:E;signature:K&PBX_HASH=SHA512&PBX_RUF1=POST&PBX_EFFECTUE=https://admin.agentcommercial.fr/payment/success&PBX_REFUSE=https://admin.agentcommercial.fr/payment/failed&PBX_ANNULE=https://admin.agentcommercial.fr/payment/canceled&PBX_ATTENTE=https://admin.agentcommercial.fr/registration/pending&PBX_REPONDRE_A=https://admin.agentcommercial.fr/verifone/webhooks&PBX_TIME=2025-03-04&PBX_HMAC=FA84984D7042F2F8B24E31FD709E652D16FCDEC6579BBD9675BA0B47CF9D59F2F15B7B1CCF467FAE297BA9C2956ABE65299DE6183E0B2D31946AE98130C3FE5F',NULL,'2025-03-04 16:10:29','2025-03-04 16:10:29','contractorder',0,NULL,NULL,NULL,NULL,NULL,NULL,7,NULL,NULL),(380,4189,244,NULL,'ADCOCB000020',210,'cb','paid','https://tpeweb.paybox.com/cgi/MYchoix_pagepaiement.cgi?PBX_SITE=5016323&PBX_RANG=01&PBX_IDENTIFIANT=722066132&PBX_TOTAL=25200&PBX_DEVISE=978&PBX_CMD=PROD-ADCOCB000020&PBX_PORTEUR=smontaud@lhp-provence.com&PBX_RETOUR=id:S;amount:M;reference:R;appel:T;autorization:A;error:E;signature:K&PBX_HASH=SHA512&PBX_RUF1=POST&PBX_EFFECTUE=https://admin.agentcommercial.fr/advert/create/success&PBX_REFUSE=https://admin.agentcommercial.fr/payment/failed&PBX_ANNULE=https://admin.agentcommercial.fr/payment/canceled&PBX_ATTENTE=https://admin.agentcommercial.fr/registration/pending&PBX_REPONDRE_A=https://admin.agentcommercial.fr/verifone/webhooks&PBX_TIME=2025-03-06&PBX_HMAC=AA44734BC1290038EF31E24B867E5F3A5F49EFDF3302810412479F26DBA9043B1D39DEBE6F2033A24519A293923D5836253403347D926DB76175F1A55EBFEC20',NULL,'2025-03-06 11:13:34','2025-03-06 11:14:24','advertbroadcastorder',20,NULL,NULL,NULL,NULL,NULL,'317085543',NULL,NULL,NULL),(381,5132,NULL,1,'OFBT000054',395,'bank_transfer','pending',NULL,NULL,'2025-03-12 17:07:16','2025-03-12 17:07:16','offerorder',20,NULL,NULL,NULL,NULL,NULL,NULL,NULL,NULL,NULL),(382,2991,NULL,NULL,'CT000054',41.67,'cb','pending','https://tpeweb.paybox.com/cgi/MYchoix_pagepaiement.cgi?PBX_SITE=5016323&PBX_RANG=01&PBX_IDENTIFIANT=722066132&PBX_TOTAL=5000&PBX_DEVISE=978&PBX_CMD=PROD-CT000054&PBX_PORTEUR=contact@portes-cib.fr&PBX_RETOUR=id:S;amount:M;reference:R;appel:T;autorization:A;error:E;signature:K&PBX_HASH=SHA512&PBX_RUF1=POST&PBX_EFFECTUE=https://admin.agentcommercial.fr/payment/success&PBX_REFUSE=https://admin.agentcommercial.fr/payment/failed&PBX_ANNULE=https://admin.agentcommercial.fr/payment/canceled&PBX_ATTENTE=https://admin.agentcommercial.fr/registration/pending&PBX_REPONDRE_A=https://admin.agentcommercial.fr/verifone/webhooks&PBX_TIME=2025-03-17&PBX_HMAC=7E25FC17F9635AC24EFEBDCC6246C9E1C75CEE782EACBB4DFE924AEFC0E484D8845F0D409DF2A2E43B47B64059CCB5A70DC2CFA65172BDBF161030246367484A',NULL,'2025-03-17 14:59:56','2025-03-17 14:59:56','contractorder',20,NULL,NULL,NULL,NULL,NULL,NULL,10,NULL,NULL),(383,3640,NULL,2,'OFCB000081',395,'cb','validated','https://checkout.stripe.com/c/pay/cs_live_a1Hqi9Ug3YzI2Hba3vf4NU5IeZcGX9jNfjhlmRiquTXBX1IHhhjQpH4gXg#fidkdWxOYHwnPyd1blppbHNgWjA0VW10cENNZG81Q1M0dk1NcTxkdGt9bWlKR29RPDxoPG1pVzdwTWpQbEo2dTw9Z0F3SzZVV2EzUm9uUGxSblJMakN0MFZ3S2FESTF8PG9fM1YxU3d1UlNjNTVUQlMzQEA1SicpJ2N3amhWYHdzYHcnP3F3cGApJ2lkfGpwcVF8dWAnPyd2bGtiaWBabHFgaCcpJ2BrZGdpYFVpZGZgbWppYWB3dic%2FcXdwYHgl',NULL,'2025-03-18 18:35:32','2025-03-18 18:36:23','offerorder',20,NULL,NULL,NULL,'cs_live_a1Hqi9Ug3YzI2Hba3vf4NU5IeZcGX9jNfjhlmRiquTXBX1IHhhjQpH4gXg','pi_3R443oHaj0FV1sHH0z8BmvDN',NULL,NULL,NULL,'2025-03-18 18:36:22'),(384,3640,248,NULL,'ADCT000004',0,'credit','paid',NULL,NULL,'2025-03-18 18:45:32','2025-03-18 18:45:32','advertbroadcastorder',20,94,NULL,NULL,NULL,NULL,NULL,NULL,NULL,'2025-03-18 18:45:32'),(385,5133,NULL,2,'OFBT000055',395,'bank_transfer','cancelled',NULL,NULL,'2025-03-19 17:49:28','2025-03-19 17:49:50','offerorder',20,NULL,NULL,NULL,NULL,NULL,NULL,NULL,NULL,NULL),(386,5133,NULL,2,'OFCB000082',395,'cb','validated','https://checkout.stripe.com/c/pay/cs_live_a1gLgJ3DeBEzaIXGkmGAVHdeXTvI2hwHL0luqjY9o2uuRwTGlNXSuYfEAB#fidkdWxOYHwnPyd1blppbHNgWjA0VW10cENNZG81Q1M0dk1NcTxkdGt9bWlKR29RPDxoPG1pVzdwTWpQbEo2dTw9Z0F3SzZVV2EzUm9uUGxSblJMakN0MFZ3S2FESTF8PG9fM1YxU3d1UlNjNTVUQlMzQEA1SicpJ2N3amhWYHdzYHcnP3F3cGApJ2lkfGpwcVF8dWAnPyd2bGtiaWBabHFgaCcpJ2BrZGdpYFVpZGZgbWppYWB3dic%2FcXdwYHgl',NULL,'2025-03-19 17:49:48','2025-03-19 17:54:41','offerorder',20,NULL,NULL,NULL,'cs_live_a1gLgJ3DeBEzaIXGkmGAVHdeXTvI2hwHL0luqjY9o2uuRwTGlNXSuYfEAB','pi_3R4PpbHaj0FV1sHH1H9UeYev',NULL,NULL,NULL,'2025-03-19 17:54:41');

--
-- Table structure for table `order_history`
--

CREATE TABLE `order_history` (
  `id` int NOT NULL AUTO_INCREMENT,
  `original_order_id` int NOT NULL,
  `created_at` datetime NOT NULL,
  `updated_at` datetime NOT NULL,
  PRIMARY KEY (`id`),
  KEY `IDX_D1C0D900AEC08A29` (`original_order_id`),
  CONSTRAINT `FK_D1C0D900AEC08A29` FOREIGN KEY (`original_order_id`) REFERENCES `order` (`id`)
) ENGINE=InnoDB DEFAULT CHARSET=utf8mb3 COLLATE=utf8mb3_unicode_ci;

--
-- Dumping data for table `order_history`
--


--
-- Table structure for table `package_offer`
--

CREATE TABLE `package_offer` (
  `id` int NOT NULL,
  PRIMARY KEY (`id`),
  CONSTRAINT `FK_BCD280D9BF396750` FOREIGN KEY (`id`) REFERENCES `offer` (`id`) ON DELETE CASCADE
) ENGINE=InnoDB DEFAULT CHARSET=utf8mb3 COLLATE=utf8mb3_unicode_ci;

--
-- Dumping data for table `package_offer`
--

INSERT INTO `package_offer` VALUES (3),(4),(5),(6);

--
-- Table structure for table `package_offer_option`
--

CREATE TABLE `package_offer_option` (
  `id` int NOT NULL AUTO_INCREMENT,
  `feature_id` int NOT NULL,
  `package_offer_id` int NOT NULL,
  `quantity` int NOT NULL DEFAULT '1',
  PRIMARY KEY (`id`),
  KEY `IDX_27CF686660E4B879` (`feature_id`),
  KEY `IDX_27CF6866B747E080` (`package_offer_id`),
  CONSTRAINT `FK_27CF686660E4B879` FOREIGN KEY (`feature_id`) REFERENCES `advert_option` (`id`),
  CONSTRAINT `FK_27CF6866B747E080` FOREIGN KEY (`package_offer_id`) REFERENCES `package_offer` (`id`)
) ENGINE=InnoDB AUTO_INCREMENT=15 DEFAULT CHARSET=utf8mb3 COLLATE=utf8mb3_unicode_ci;

--
-- Dumping data for table `package_offer_option`
--

INSERT INTO `package_offer_option` VALUES (1,1,3,1),(2,2,3,1),(3,3,3,1),(4,1,4,1),(5,2,4,1),(6,3,4,2),(7,4,4,1),(8,5,5,1),(9,2,5,1),(10,3,5,1),(11,5,6,1),(12,2,6,1),(13,3,6,2),(14,4,6,1);

--
-- Table structure for table `professional_chamber`
--

CREATE TABLE `professional_chamber` (
  `id` int NOT NULL AUTO_INCREMENT,
  `name` varchar(255) COLLATE utf8mb3_unicode_ci NOT NULL,
  `short_name` varchar(255) COLLATE utf8mb3_unicode_ci DEFAULT NULL,
  `image_url` varchar(255) COLLATE utf8mb3_unicode_ci DEFAULT NULL,
  `description` longtext COLLATE utf8mb3_unicode_ci,
  `informations` longtext COLLATE utf8mb3_unicode_ci,
  `phone` varchar(100) COLLATE utf8mb3_unicode_ci DEFAULT NULL,
  `phone2` varchar(100) COLLATE utf8mb3_unicode_ci DEFAULT NULL,
  `email` varchar(255) COLLATE utf8mb3_unicode_ci DEFAULT NULL,
  `federation_email` varchar(255) COLLATE utf8mb3_unicode_ci DEFAULT NULL,
  `url` varchar(255) COLLATE utf8mb3_unicode_ci DEFAULT NULL,
  `facebook` varchar(255) COLLATE utf8mb3_unicode_ci DEFAULT NULL,
  `linkedin` varchar(255) COLLATE utf8mb3_unicode_ci DEFAULT NULL,
  `twitter` varchar(255) COLLATE utf8mb3_unicode_ci DEFAULT NULL,
  `adresse` varchar(255) COLLATE utf8mb3_unicode_ci DEFAULT NULL,
  `adresse_complement` varchar(255) COLLATE utf8mb3_unicode_ci DEFAULT NULL,
  `postal_code` varchar(50) COLLATE utf8mb3_unicode_ci DEFAULT NULL,
  `city` varchar(255) COLLATE utf8mb3_unicode_ci DEFAULT NULL,
  `city_id` varchar(50) COLLATE utf8mb3_unicode_ci DEFAULT NULL,
  `president` varchar(255) COLLATE utf8mb3_unicode_ci DEFAULT NULL,
  `president_image` varchar(255) COLLATE utf8mb3_unicode_ci DEFAULT NULL,
  `adhesion_text` longtext COLLATE utf8mb3_unicode_ci,
  `infos` longtext COLLATE utf8mb3_unicode_ci,
  `agent_commercial_id` varchar(100) COLLATE utf8mb3_unicode_ci DEFAULT NULL,
  `slug` varchar(255) COLLATE utf8mb3_unicode_ci DEFAULT NULL,
  `created_at` datetime NOT NULL,
  `updated_at` datetime NOT NULL,
  PRIMARY KEY (`id`)
) ENGINE=InnoDB AUTO_INCREMENT=47 DEFAULT CHARSET=utf8mb3 COLLATE=utf8mb3_unicode_ci;

--
-- Dumping data for table `professional_chamber`
--

INSERT INTO `professional_chamber` VALUES (20,'Chambre Professionnelle des Agents Commerciaux de l\'Ouest','Ouest','usr/documents/images/chambres/ruban-ouest.jpg','<p><strong>Avec la F.N.A.C. Ouest, vous &eacute;vitez l&rsquo;isolement, vous &ecirc;tes guid&eacute;, conseill&eacute; et vous &ecirc;tes prot&eacute;g&eacute; et d&eacute;fendu !&nbsp;</strong></p>\n<p>Pour que votre ind&eacute;pendance soit synonyme de r&eacute;ussite, nous vous transmettons des conseils avis&eacute;s, le soutien et la communication de professionnels exp&eacute;riment&eacute;s. Etre Agent Commercial, c&rsquo;est vivre une aventure entrepreneuriale exigeante.</p>\n<p>La s&eacute;curit&eacute; : gr&acirc;ce &agrave;&nbsp;<strong>notre assistance juridique sp&eacute;cifique</strong>, nous vous accompagnons dans l&rsquo;&eacute;laboration et la signature de vos mandats, ainsi qu&rsquo;en cas de litige. Utile pour &eacute;viter les pi&egrave;ges !</p>\n<p>Le d&eacute;veloppement de votre portefeuille : nous relayons les annonces sur la F.N.A.C. et organisons r&eacute;guli&egrave;rement des rencontres interprofessionnelles.<br><strong>Le salon r&eacute;gional BoursOcarteS</strong>, est une occasion unique de rencontres entre agents commerciaux et mandants. Utile pour d&eacute;velopper votre affaire !</p>\n<p><strong>La formation</strong> : toute l&rsquo;ann&eacute;e, nous organisons de nombreuses sessions de formations th&eacute;matiques, prises en charge partiellement ou enti&egrave;rement par votre fonds de formation professionnelle. Utile pour enrichir vos comp&eacute;tences !</p>\n<p><strong>L&rsquo;information r&eacute;guli&egrave;re</strong>&nbsp;: nos diff&eacute;rentes publications (newsletters, site internet, revue f&eacute;d&eacute;rale&hellip;) vous fournissent toutes les informations n&eacute;cessaires sur les &eacute;volutions de notre m&eacute;tier (&eacute;v&eacute;nements, cadre juridique, t&eacute;moignages&hellip;). Utile pour rester &agrave; jour !</p>\n<p>Le soutien du premier groupement r&eacute;gional et La force d&rsquo;un r&eacute;seau national :&nbsp;<strong>Nos ma&icirc;tres-mots : professionnalisme, convivialit&eacute; et &eacute;change d&rsquo;exp&eacute;riences en ayant la repr&eacute;sentativit&eacute; nationale et internationale pour d&eacute;fendre notre statut.&nbsp;</strong>Utile pour se sentir moins seul !</p>\n<p><strong>Appuyez-vous sur nos nombreux services !</strong></p>\n<ul>\n<li><a href=\"https://www.agentcommercial.fr/aide-juridique/\">Assistance juridique</a> et la ma&icirc;trise de toutes les subtilit&eacute;s de votre statut.</li>\n<li>L&rsquo;&eacute;tude de vos contrats avant signature et en cas de litige et des contrats-types en plusieurs langues.</li>\n<li>Un dossier complet sur les particularit&eacute;s du <a href=\"https://www.agentcommercial.fr/devenir-agent-commercial-en-10-etapes/\">m&eacute;tier d&rsquo;Agent Commercial.</a></li>\n<li>Accompagnement certification</li>\n<li>Engagement Formation</li>\n<li>L&rsquo;&eacute;volution des technologies, la complexit&eacute; du contexte &eacute;conomique et de la mondialisation impliquent la mise &agrave; jour constante des comp&eacute;tences de l&rsquo;Agent Commercial.</li>\n<li><a href=\"https://www.agentcommercial.fr/formations/\">Nos Formations</a>, organis&eacute;es en groupe autour de th&egrave;mes p&eacute;dagogiques, sont reconnues par les organismes collecteurs des fonds de formation et encadr&eacute;es par un animateur sp&eacute;cialis&eacute; sur la profession d&rsquo;Agent Commercial.</li>\n<li>Des r&eacute;unions d&rsquo;information (au sein des CCI et MCTE).</li>\n<li>Des Adh&eacute;rencontres-r&eacute;unions conviviales autour d&rsquo;un th&egrave;me propos&eacute; et Rencontres professionnelles</li>\n<li>Communication et Newsletter.</li>\n<li>Retrouvez-nous sur notre site<strong><a href=\"https://www.fnacouest.net/\"> https://www.fnacouest.net/</a></strong></li>\n</ul>','','06 41 43 67 07',NULL,'fnacouest.agentco@gmail.com',NULL,NULL,NULL,NULL,NULL,'1 rue Françoise SAGAN','CCI NANTES/ST-NAZAIRE','44802','Saint-Herblain',NULL,'Isabelle ESPELLE','','','<p><strong>FNAC Ouest</strong><br>1 rue Fran&ccedil;oise Sagan<br>44802 Saint-Herblain<br>T&eacute;l: 06.41.43.67.07<br>Organisme Certifi&eacute; QUALIOPI Actions de formation - n&deg; d&eacute;claration 52440460644<br><strong>Merci de laisser un message sur notre r&eacute;pondeur pour &ecirc;tre rappel&eacute;s<br></strong></p>','1','chambre-regionale-des-agents-commerciaux-fnac-ouest','2024-09-30 14:07:56','2025-02-26 15:52:04'),(21,'Chambre Professionnelle des Agents Commerciaux d\'Alsace - Franche Comté','Alsace - Franche Comté','usr/documents/images/chambres/lieu-alsace.jpg','<p>Un peu d&rsquo;histoire, c&rsquo;est en novembre 1918 que na&icirc;t &agrave; Strasbourg le &laquo;&nbsp;Syndicat des Agents Commerciaux du Bas-Rhin. C&rsquo;est en 1930 que les deux d&eacute;partements alsaciens sont r&eacute;unis, et c&rsquo;est en 2005 que les r&eacute;gions Alsace et la Franche-Comt&eacute; sont rassembl&eacute;es sous la d&eacute;nomination&nbsp;:&nbsp;&laquo;&nbsp;CPAC Alsace / Franche-Comt&eacute;&nbsp;&raquo;,&nbsp; 6 d&eacute;partements qui forment une longue r&eacute;gion frontali&egrave;re du nord du Bas-Rhin au sud du Jura.</p>\n<p>Le Bureau de cette nouvelle Chambre R&eacute;gionale est compos&eacute; de 5 membres b&eacute;n&eacute;voles : 1 Pr&eacute;sident, 2 Vice-Pr&eacute;sidents, 1 Secr&eacute;taire G&eacute;n&eacute;ral et 1 Assesseur.</p>\n<p>Nous accentuons la communication aupr&egrave;s des institutionnels &nbsp;(C.C.I, Greffes&hellip;) et privil&eacute;gions les contacts avec et entre les adh&eacute;rents.</p>\n<p>Dans le soutien apport&eacute; &agrave; nos coll&egrave;gues, nous pouvons nous appuyer sur les comp&eacute;tences et avis de nos 3 avocats locaux (Strasbourg, Colmar, Besan&ccedil;on) et de nos 2 experts comptables (Strasbourg, Colmar).</p>\n<p>Outre l&rsquo;Assembl&eacute;e G&eacute;n&eacute;rale annuelle, nous organisons des rencontres &agrave; th&egrave;mes sous forme de d&eacute;jeuner-d&eacute;bat avec participation de conseils ou d&rsquo;intervenants ext&eacute;rieurs. Elles se d&eacute;roulent, selon le calendrier tous les deux ou trois mois du nord au sud dans des villes diff&eacute;rentes.</p>','','06 62 93 38 66','','fnac.alsace.franchecomte@gmail.com','',NULL,NULL,'',NULL,'68 Avenue de la République','','68000','Colmar','27005','Alain HENCK 06 62 93 38 66','','','<p><strong><u>Adresse</u> :</strong><br>CPAC ALSACE FRANCHE COMTE<br>68 avenue de la R&eacute;publique<br>68000 COLMAR</p>\n<p><a href=\"mailto:fnac.alsace.franchecomte@gmail.com\">fnac.alsace.franchecomte@gmail.com</a></p>\n<p><br><strong>Permanences sur rendez-vous.<br><br></strong><br><br><strong>FRANCHE-COMTE</strong><br>Contact : Claudette CHALEAT<br>06 82 14 27 74<br><br>Sans frais pour les adh&eacute;rents.<br><br>Pour les non-adh&eacute;rents, informations g&eacute;n&eacute;rales sur la F&eacute;d&eacute;ration.&nbsp;&nbsp;&nbsp;&nbsp;&nbsp;&nbsp;&nbsp;&nbsp;&nbsp;&nbsp;&nbsp;&nbsp;&nbsp;&nbsp;&nbsp;&nbsp;&nbsp;&nbsp;&nbsp;&nbsp;&nbsp;&nbsp;&nbsp;&nbsp;&nbsp;&nbsp;&nbsp;&nbsp;&nbsp;&nbsp;&nbsp;&nbsp;&nbsp;&nbsp;&nbsp;&nbsp;&nbsp;&nbsp;&nbsp;&nbsp;&nbsp;<br>Informations compl&eacute;mentaires et &eacute;tudes de dossiers, pr&eacute;-adh&eacute;sion demand&eacute;e de 150,00 &euro; H.T &nbsp;(comprenant documentation compl&egrave;te &nbsp;sur la profession, extraits code du commerce et contrat type, valeur 60&euro;).<br>Pr&eacute;-inscription d&eacute;ductible, dans un d&eacute;lai de 6 mois, lors de l&rsquo;adh&eacute;sion.&nbsp;Cotisation annuelle 375,00 &euro; HT, soit 450,00 T.T.C (d&eacute;ductible fiscalement)</p>','2','chambre-professionnelle-des-agents-commerciaux-d-alsace-franche-comte','2024-09-30 14:07:56','2025-02-26 15:48:10'),(22,'Chambre Professionnelle des Agents Commerciaux d\'Auvergne-Limousin','Auvergne-Limousin','usr/documents/images/chambres/lieu-auvergne.jpg','<p>Qu&rsquo;est-ce qu&rsquo;une Chambre R&eacute;gionale ? C&rsquo;est une entit&eacute; qui s&rsquo;appuie sur le particularisme d&rsquo;une r&eacute;gion en prenant surtout en compte les qualit&eacute;s et les points forts de cette r&eacute;gion.</p>\n<p>Cette Auvergne, qui pour certains semble loin de tout et d&eacute;cal&eacute;e, est en fait remarquablement bien plac&eacute;e au centre de la France. C&rsquo;est une r&eacute;gion qui poss&egrave;de des leaders mondiaux de l&rsquo;industrie :<br>- Michelin dans les pneumatiques.<br>- Limagrain dans les semences et les c&eacute;r&eacute;ales.<br>- Chibret en sp&eacute;cialit&eacute;s pharmaceutiques pour les soins des yeux.</p>\n<p>&lt;strong&gt;Le l&eacute;gendaire sens de l\'&eacute;conomie attribu&eacute; &agrave; l\'Auvergnat s\'appuie sur l&rsquo;adage selon lequel &laquo; le premier argent que l\'on gagne est celui que l\'on ne d&eacute;pense pas &raquo;&hellip; L&rsquo;Auvergne est en fait une r&eacute;gion laborieuse qui a le sens des valeurs profondes, du r&ocirc;le du travail, de l\'&eacute;conomie, et de la parole donn&eacute;e&lt;/strong&gt;.</p>\n<p>Le maillage industriel (80 %) repose notamment sur les petites et moyennes entreprises, ce qui constitue un potentiel tr&egrave;s important de mandants &eacute;ventuels pour les Agents Commerciaux.</p>\n<p>&lt;strong&gt;Le point &nbsp;fort de nos actions actuelles &nbsp;consiste &nbsp;de ce fait &agrave; &eacute;tablir une passerelle entre les Agents Commerciaux et ces entreprises qui en cherchent&lt;/strong&gt;.</p>\n<p>Comment trouver un bon commercial salari&eacute; ? comment le g&eacute;rer ? le fid&eacute;liser ? Ce sont l&agrave; des probl&egrave;mes fondamentaux, d\'autant qu\'en cas d\'&eacute;chec le risque financier est important.<br>Alors que l\'Agent Commercial, profil commercial performant, souvent m&eacute;connu des entreprises, pr&eacute;sente pour elles la r&eacute;solution d\'un de leurs probl&egrave;mes essentiels &hellip; la &laquo; commercialit&eacute; &raquo; de l\'entreprise.<br>Un bon Agent Commercial en ad&eacute;quation avec l\'entreprise, devient un collaborateur commercial, adoptant l\'esprit, et l\'avenir de cette entreprise, en l\'aidant &agrave; se d&eacute;velopper, lui prodiguant outre l\'apport des commandes n&eacute;cessaires, les informations et les conseille sur l\'&eacute;volution souhaitable des produits, sur la concurrence etc.</p>\n<p>La collaboration de plus en plus active, avec les Chambres de Commerce et d\'Industrie, de &lt;strong&gt;Limoges&lt;/strong&gt;, de &lt;strong&gt;Brive&lt;/strong&gt;, de &lt;strong&gt;Clermont-Ferrand&lt;/strong&gt;, &lt;strong&gt;de Moulins Vichy&lt;/strong&gt;, constitue un des leviers essentiels de la construction de cette passerelle destin&eacute;e &agrave; aider les entreprises r&eacute;gionales &agrave; se d&eacute;velopper en s\'appuyant sur les Agents Commerciaux.<br>&lt;strong&gt;C\'est une d&eacute;marche essentielle, pour le d&eacute;veloppement &eacute;conomique de la r&eacute;gion&lt;/strong&gt;</p>\n<p>Que vous soyez actuellement Agent Commercial en activit&eacute;, ou Agent Commercial potentiel en projet, sachez que votre chambre r&eacute;gionale appartenant la F&eacute;d&eacute;ration Nationale des Agents Commerciaux est &agrave; votre &eacute;coute, et vous conseille de ne plus rester seul, ne serait-ce que vu les difficult&eacute;s de plus en plus &eacute;videntes &agrave; exercer votre m&eacute;tier dans un contexte devenant de plus en plus proc&eacute;durier.</p>\n<p>Dans l\'attente du plaisir de vous rencontrer&hellip;.</p>','','06 74 87 72 16','',' acx.auvergne@wanadoo.fr ','',NULL,NULL,'',NULL,'Maison des Associations ','11 rue des Saulées','63400','Chamalières','24822','Fabien DENY','','','<p><span style=\"color: #000000;\"><strong><u>Adresse</u> :</strong><br>CPAC AUVERGNE LIMOUSIN<br>Maison des Associations, 11 rue des Saul&eacute;es<br>63400 CHAMALIERES</span></p>\n<p>Mobile : 06 74 87 72 16</p>\n<p>T&eacute;l: 04 73 37 60 47</p>\n<p>mail: <a href=\"mailto:acx.auvergne@wanadoo.fr\">acx.auvergne@wanadoo.fr</a><br><br><span style=\"color: #000000;\"><strong>Permanences sur RDV par mail &agrave;&nbsp;</strong></span><a href=\"mailto:acx.auvergne@wanadoo.fr\">acx.auvergne@wanadoo.fr</a><br>et<br><strong>CHAMALIERES : Tous les PREMIERS VENDREDI DE CHAQUE MOIS de 09h00 &agrave; 12h00.</strong><br><span style=\"color: #000000;\">Contact : Fabien DENY, St&eacute;phane RICHARD, Philippe IRLANDE<br></span><span style=\"color: #000000;\">T&eacute;l: 04 73 37 60 47&nbsp;</span></p>\n<p><strong>LIMOGES/BRIVES : Une d&eacute;l&eacute;gation est assur&eacute;e.</strong></p>\n<p>Contact : Monsieur Jacques LACOMBE</p>\n<p>Pour un entretien : 06 08 95 16 52 ou jacques.lacombe7@wanadoo.fr&nbsp;<br><br><br></p>','3','chambre-professionnelle-regionnale-des-agents-commerciaux-d-auvergne-limousin','2024-09-30 14:07:56','2025-02-26 15:37:45'),(23,'Chambre Professionnelle des Agents Commerciaux du Centre Val de Loire','Centre Val de Loire','usr/documents/uploads/2022-01/11/img_3605.jpg','<p>Entre la r&eacute;gion Ile de France et Paris au nord, la Bretagne et les Pays de Loire &agrave; l&rsquo;ouest, et la nouvelle entit&eacute; Poitou-Charente-Aquitaine au sud, la r&eacute;gion Centre Val de Loire vit sa r&eacute;alit&eacute; industrielle propre en touchant aux domaines dont ces r&eacute;gions se disent les sp&eacute;cialistes et est ainsi pr&eacute;sente tant dans l&rsquo;agroalimentaire, que dans l&rsquo;a&eacute;ronautique et l&rsquo;automobile, mais elle a aussi ax&eacute; son d&eacute;veloppement sur les domaines de pointe que sont la chimie fine, la cosm&eacute;tique et la pharmacie.<br>Elle est aussi pr&eacute;sente dans le domaine des industries min&eacute;rales (on ne peut pas d&eacute;localiser les carri&egrave;res&nbsp;!!!) et les mat&eacute;riaux de construction.</p>\n<p>La Chambre Professionnelle des Agents Commerciaux du Centre regroupe toutes les forces vives de notre profession d&rsquo;Agent Commercial en son sein, et arrive &agrave; f&eacute;d&eacute;rer ces diff&eacute;rentes sp&eacute;cialit&eacute;s pour ne former qu&rsquo;un seul r&eacute;seau avec le seul objectif d&rsquo;aider les Agents Commerciaux &agrave; exister face &agrave; des lois souvent plus contraignantes les unes que les autres.</p>','','06 50 55 89 68','','agentscocentre@gmail.com','',NULL,NULL,'',NULL,'1 Rue Schiller ',' BP 80415','37200 ','Tours ','35313','José BERENGUER','','','<p><span style=\"color: #000000;\"><strong><u>Adresse</u> :</strong><br>CPAC CENTRE-VAL de LOIRE</span><span style=\"color: #000000;\">&nbsp;<br></span></p>\n<p>1 Rue Schiller<br>BP 80415<br>37200 Tours <br>06 50 55 89 68<br><br></p>','4','chambre-professionnelle-des-agents-commerciaux-centre-val-de-loire','2024-09-30 14:07:56','2025-02-26 15:49:22'),(24,'Chambre Professionnelle des Agents Commerciaux de Lorraine Champagne Ardenne','Lorraine Champagne Ardennes','usr/documents/uploads/2022-01/27/img_3083.jpg','<p><strong>L&rsquo;Agent Commercial, une solution &agrave; la difficult&eacute; de trouver un emploi.</strong></p>\n<p>Vous &ecirc;tes &agrave; la recherche d&rsquo;un emploi ? Vous &ecirc;tes ind&eacute;pendant et exp&eacute;riment&eacute; dans la vente. N&rsquo;h&eacute;sitez plus ! Devenez agent commercial : un concept de vente moderne, adapt&eacute; aux &eacute;volutions &eacute;conomiques actuelles. Car le partenariat avec un agent commercial supprime, pour les entreprises, les risques li&eacute;s &agrave; l&rsquo;investissement humain et financier d&rsquo;une force de vente int&eacute;gr&eacute;e. A titre de profession ind&eacute;pendante, vous &ecirc;tes r&eacute;mun&eacute;r&eacute; par commissionnement, sur la base de vos prestations. Ce qui fait de vous un entrepreneur, charg&eacute; de travailler au nom et pour le compte de producteurs, d\'industriels ou de commer&ccedil;ants.</p>\n<p><strong>Un appui solide</strong><br>Pour vous appuyer dans cette nouvelle orientation, vous pouvez compter sur l&rsquo;aide de la Chambre Professionnelle des Agents Commerciaux Lorraine - Champagne Ardenne. Informations sur les statuts, &nbsp;assistance aux formalit&eacute;s d&rsquo;inscription et d&eacute;livrance d&rsquo;une carte professionnelle&hellip; D&egrave;s votre adh&eacute;sion, vous b&eacute;n&eacute;ficiez des <a href=\"https://www.agentcommercial.fr/aide-juridique\">https://www.agentcommercial.fr/aide-juridique</a>, comptables, financiers mis en place au sein de la Chambre, ainsi que de formations de proximit&eacute;, cibl&eacute;es. &nbsp;Sans oublier les annonces des entreprises &agrave; travers le service de la bourse aux cartes.</p>',NULL,'06 88 88 10 41','06 88 88 10 41','fnacgrandest@orange.fr','','http://www.agentcom-lorraine.com','','',NULL,'Parc Saint Jacques 2 - Bât Océanis 1B - 35 rue Haroun Tazieff','','54320','Maxéville','20115','Loredana CORAVU','usr/documents/uploads/2023-03/22/img_3607.jpg','<p style=\"text-align: justify;\">Bonjour,&nbsp;</p>\r\n<p style=\"text-align: justify;\">Nous vous invitons &agrave; vous rapprocher de votre Chambre Professionnelle des Agents Commerciaux Lorraine-Champagne-Ardenne afin de r&eacute;gler le montant de votre adh&eacute;sion pour l\'ann&eacute;e en cours.&nbsp;</p>\r\n<p style=\"text-align: justify;\">Vous pouvez nous joidre au 06.88.88.10.41 ou par mail fnacgrandest@orange.fr</p>\r\n<p style=\"text-align: justify;\">Cordialement</p>\r\n<p>&nbsp;</p>\r\n<p>&nbsp;</p>','<p> </p>\r\n<p><span style=\"color: #000000;\"><strong><u>Adresse</u> :</strong><br />CPAC LORRAINE - CHAMPAGNE ARDENNE<br />Parc Saint Jacques 2 - Bât. Océanis 1 <br />35, rue Haroun Tazieff<br />54320 MAXEVILLE</span><br /><br /><strong>Permanence sur rendez-vous</strong><br /><span style=\"color: #000000;\">06 88 88 10 41 ou 03 83 44 76 18 <br /><a href=\"http://www.agentcom-lorraine.com\" target=\"_blank\" rel=\"noopener\">Visitez notre site internet</a><br /><br />- Non adhérents (avec participation payante) : Statut et Etude du projet avant démarrage d\'activité<br />- Adhérents : Tous conseils selon demandes</span><br /><br /><br /><br /> </p>','6','chambre-professionnelle-des-agents-commerciaux-de-lorraine-champagne-ardenne','2024-09-30 14:07:56','2025-02-26 15:39:56'),(25,'Chambre Professionnelle des Agents Commerciaux du Nord de la France','Nord','usr/documents/images/chambres/lieu-lille.jpg','<p>Vous &ecirc;tes jeune et vous avez envie de vous lancer dans l&rsquo;entrepreneuriat ?<br>Vous avez une belle exp&eacute;rience, et vous souhaitez vous appuyer dessus pour cr&eacute;er une activit&eacute; ind&eacute;pendante ?<br>Vous &ecirc;tes agent commercial, et vous souffrez de la solitude, de l&rsquo;isolement ?<br>Nous vous invitons &agrave; vous joindre &agrave; une r&eacute;union d&rsquo;information, le premier lundi apr&egrave;s-midi de chaque mois dans les superbes locaux de la CCI GRAND LILLE. Vous serez re&ccedil;us par des agents commerciaux exp&eacute;riment&eacute;s et b&eacute;n&eacute;voles, qui prendront le temps de vous expliquer comment bien d&eacute;marrer, et quels b&eacute;n&eacute;fices tirer de votre adh&eacute;sion si vous exercez depuis plusieurs ann&eacute;es. Vous pourrez rapidement int&eacute;grer le groupe convivial des adh&eacute;rents.<br>Des rendez-vous individuels sont propos&eacute;s aux nouveaux membres.</p>\n<p>Le r&ocirc;le de notre chambre, c&rsquo;est d&rsquo;&ecirc;tre pr&egrave;s de vous, de vous informer, de vous accompagner, de favoriser les &eacute;changes et de promouvoir localement la profession et cr&eacute;er des opportunit&eacute;s.<br>La Chambre est adh&eacute;rente de la FNAC, F&eacute;d&eacute;ration Nationale des Agents Commerciaux, qui n&eacute;gocie et d&eacute;fend la profession vis-&agrave;-vis des autorit&eacute;s nationales et internationales via l&rsquo;IUCAB. La carte professionnelle FNAC nous apporte toute une s&eacute;rie d&rsquo;avantages pratiques. Notre espace personnel sur le site vient compl&eacute;ter l&rsquo;offre, avec une assistance commerciale, juridique, pratique et une offre de formation pertinente gratuite par e-learning. Une &eacute;quipe de juristes sp&eacute;cialis&eacute;s conseille et d&eacute;fend les adh&eacute;rents en cas de litige. L&rsquo;AAAC propose ses services comptables et fiscaux.</p>\n<p>La dynamique du bureau assure la r&eacute;ussite de nos diff&eacute;rentes manifestations.<br>Nous r&eacute;alisons des d&icirc;ners-d&eacute;bats avec des intervenants de choix, sur des th&egrave;mes en rapport avec notre m&eacute;tier d&rsquo;agent commercial. Ce sont des moments d&rsquo;&eacute;changes conviviaux, qui peuvent apporter des opportunit&eacute;s de d&eacute;veloppement. Y sont pr&eacute;sents les &laquo; Anciens &raquo;, toujours joyeux, g&eacute;n&eacute;reux et bienveillants. De vrais bons moments.</p>\n<p>Alors, n&rsquo;h&eacute;sitez plus&hellip; Venez nous rejoindre !</p>\n<p>Car &laquo; L&rsquo;union fait la force &raquo; et &laquo; Ind&eacute;pendance ne veut pas dire isolement &raquo;</p>','','06 09 61 76 38','','info@cpacnorddefrance.fr','',NULL,NULL,'',NULL,'B.P 80034','','59800','Lille','22464','Gilles Delebecque','','','<p><span style=\"color: #000000;\"><strong><u>Adresse</u> :</strong></span><br>Chambre Professionnelle des Agents Commerciaux du Nord de la France<br><span style=\"color: #000000;\">B.P 80034<br>59005 LILLE Cedex</span><br><br><strong>Permanence sur rendez-vous</strong><br>06 09 61 76 38<br>&nbsp;</p>','7','chambre-professionnelle-des-agents-commerciaux-du-nord-de-la-france','2024-09-30 14:07:56','2025-02-26 15:36:49'),(26,'Chambre Professionnelle des Agents Commerciaux de Normandie','Normandie','usr/documents/uploads/2021-07/15/.jpg','<p>Fa&icirc;tes votre m&eacute;tier sereinement... la Chambre veille sur vos int&eacute;r&ecirc;ts</p>\n<p><strong>La Chambre des Agents est compos&eacute;e d\'agents commerciaux en activit&eacute; ou en retraite.</strong></p>\n<ul>\n<li>Nous apportons notre exp&eacute;rience et notre soutien, &eacute;vitant ainsi votre isolement.</li>\n<li>Nous mettons &agrave; votre disposition un contrat type.</li>\n<li>Nous organisons des d&icirc;ners rencontres, v&eacute;ritables moments d\'&eacute;changes et sources d\'informations pour tous.</li>\n</ul>\n<p>Des Informations d\'Ordre Juridique</p>\n<ul>\n<li>Un avocat sp&eacute;cialis&eacute; dans la profession analyse chacun de vos contrats.</li>\n<li>Lors d\'un litige, consultation gratuite avec cet avocat.</li>\n<li>Un <a href=\"https://www.agentcommercial.fr/aide-juridique/\">service juridique</a> &agrave; votre disposition.</li>\n</ul>\n<p>Des Informations d\'Ordre Administratif et Comptable</p>\n<ul>\n<li>Mise en relation avec un organisme agr&eacute;e sp&eacute;cial agents commerciaux (qui pr&eacute;sente des avantages fiscaux et des r&eacute;ductions d\'imp&ocirc;ts sur le revenu).</li>\n<li>Possibilit&eacute; d\'enregistrer votre comptabilit&eacute; &agrave; des prix tr&egrave;s int&eacute;ressants.</li>\n<li>Information des nouvelles r&egrave;gles ou &eacute;volution obligatoire(t&eacute;l&eacute;d&eacute;claration de la TVA).​</li>\n</ul>\n<p><strong>​Une assurance pr&eacute;voyance dans le cadre de l\'activit&eacute; comprise dans l\'adh&eacute;sion.</strong></p>\n<p><strong>OFFRE DE BIENVENUE</strong><br>Nous vous proposons l\'analyse gratuite d\'un de vos contrat par un avocat sp&eacute;cialis&eacute; dans notre profession ainsi que&nbsp;<strong>l\'adh&eacute;sion &agrave; 1 euro par jour</strong>&nbsp;pour<br>votre premi&egrave;re ann&eacute;e d\'adh&eacute;rent.</p>','','02 35 98 70 46','','cpacn@orange.fr','-',NULL,NULL,'',NULL,'C/° C.C.I. Rouen Métropole - 4 Passage de la Luciline - Bâtiment Vauban - CS 40641','','76007','Rouen Cedex 1','35379','Jean Francois JUHEL','','','<p><span style=\"color: #000000;\"><strong>Adresse :</strong><br>CPACN NORMANDIE<br>C/o CCI ROUEN M&eacute;tropole<br>4 Passage de la Luciline<br>B&acirc;timent Vauban<br>76007 ROUEN CEDEX 1</span><br><br><strong>Permanence sur rendez-vous</strong><br><span style=\"color: #000000;\">02 35 98 70 46</span>&nbsp;</p>','8','chambre-professionnelle-des-agents-commerciaux-de-normandie','2024-09-30 14:07:56','2025-02-26 15:50:06'),(27,'Chambre Professionnelle des Agents Commerciaux de la Région Sud','Région Sud','usr/documents/uploads/2021-05/05/dscf3133_1.jpg','<p>Bienvenue sur la page FNAC REGION SUD !</p>\n<p>Notre chambre syndicale r&eacute;gionale du Sud repr&eacute;sente la plus r&eacute;cente entit&eacute; au sein de la F&eacute;d&eacute;ration Nationale des Agents Commerciaux de France.</p>\n<p>Notre groupe, constitu&eacute; de coll&egrave;gues agents commerciaux, est anim&eacute; par des b&eacute;n&eacute;voles en activit&eacute; ou m&ecirc;me &agrave; la retraite, investis &agrave; consacrer une part de leur temps et de leurs comp&eacute;tences pour informer, aider et promouvoir notre noble m&eacute;tier d\'agent commercial.</p>\n<p>Dans un monde en constante &eacute;volution, la force de l\'<a href=\"https://www.agentcommercial.fr/devenir-agent-commercial-en-10-etapes/\">Agent Commercial</a> r&eacute;side dans son adaptabilit&eacute;. Nous nous effor&ccedil;ons d\'informer un large public sur notre profession, que ce soit une personne envisageant de devenir agent commercial apr&egrave;s une carri&egrave;re d&eacute;j&agrave; bien &eacute;tablie, ou un chef d\'entreprise qui ne dispose ni du temps ni des ressources n&eacute;cessaires pour d&eacute;velopper sa propre force de vente et augmenter son chiffre d\'affaires.</p>\n<p>Ne restez plus isol&eacute;(e), sans <a href=\"https://www.agentcommercial.fr/aide-juridique/\">conseil juridique</a> et sans r&eacute;seau, tout en restant inform&eacute;(e) sur les &eacute;volutions de votre profession. Nous sommes l&agrave; pour vous accompagner tout au long de votre parcours.</p>\n<p>N\'h&eacute;sitez pas &agrave; nous rejoindre ! Votre bureau est dirig&eacute; par des coll&egrave;gues agents commerciaux engag&eacute;s, anim&eacute;s par l\'altruisme et la soif de connaissance au sein de la chambre r&eacute;gionale Sud France.</p>\n<p>Retrouvez-nous&nbsp; <a href=\"https://fnacregionsud.assoconnect.com/page/3027832-f-n-a-c-region-sud\"><strong>ICI</strong></a></p>\n<p>&nbsp;</p>','','07 66 79 18 69','06 66 05 58 99 ','fnac.regionsud@gmail.com','',NULL,NULL,'',NULL,'217, RUE DE ST GILLES','','30600','VAUVERT','35331','Jérôme ALBIGES','','','','9','f-n-a-c-region-sud','2024-09-30 14:07:56','2025-02-26 15:53:56'),(28,'Chambre Professionnelle des Agents Commerciaux de Paris - Île de France','Paris - Île de France','usr/documents/uploads/2024-01/31/design-sans-titre-7.png','<p>La<a href=\"http://www.cpfac.com\">&nbsp;<strong>CPFAC</strong></a> (Chambre Professionnelle Francilienne des Agents Commerciaux) couvre les d&eacute;partements d&rsquo;Ile-de-France ainsi que l&rsquo;Yonne et l\'Oise.</p>\n<p>La Chambre couvre &eacute;galement les d&eacute;partements et territoires d\'outre-mer.</p>\n<p>Notre chambre est uniquement compos&eacute;e de <strong>b&eacute;n&eacute;voles</strong>, des Agents Commerciaux en activit&eacute; qui font b&eacute;n&eacute;ficier les futurs agents commerciaux et adh&eacute;rents de leur temps et de leurs comp&eacute;tence safin d\'informer, aider et promouvoir notre profession.</p>\n<p>Notre ambition est d\'informer le plus grand nombre sur notre profession : que ce soit la personne qui, dans le cadre d\'un projet de vie, d&eacute;cide de devenir Agent Commercial apr&egrave;s une carri&egrave;re d&eacute;j&agrave; bien remplie, ou bien encore le chef d\'entreprise qui n\'a ni le temps ni les moyens mat&eacute;riels ou humains de d&eacute;velopper sa propre force de vente pour augmenter son chiffre d\'affaires. Pour commencer du bon pied, la&nbsp;<a href=\"https://cpfac.com/reunion-dinformation-20-novembre-2024/\"><strong>R&eacute;union d&rsquo;information</strong></a>, d&eacute;di&eacute;e au d&eacute;marrage d&rsquo;activit&eacute;, l\'&nbsp;<strong>Adh&eacute;rencontre</strong>&nbsp;(r&eacute;unions informelles qui permettent l&rsquo;&eacute;change entre Adh&eacute;rents et non adh&eacute;rents, Agents Commerciaux en activit&eacute; ou sur le point de le devenir).</p>\n<p>Tout ce capital, h&eacute;rit&eacute; de nos pr&eacute;d&eacute;cesseurs et sans cesse enrichi et actualis&eacute;, nous permet d\'offrir &agrave; nos adh&eacute;rents tout un panel de services que vous pouvez d&eacute;couvrir sur notre site internet,&nbsp;<a href=\"http://www.cpfac.com/\">www.cpfac.com</a>, ou en nous contactant directement.</p>\n<p>Si vous souhaitez adh&eacute;rer directement &agrave; notre chambre&nbsp; rendez-vous sur :&nbsp; <a href=\"https://cpfac.com/adherer/\">https://cpfac.com/adherer/</a></p>','','0780555198','','info@cpfac.com','','https://cpfac.com/bulletin-dadhesion/',NULL,'',NULL,'15 rue des Halles','','75001','Paris','35253','François GALLIMARD','','','<p><span style=\"color: #000000;\"><strong><u>Domiciliation</u> :</strong><br>CPFAC<br>15 rue des Halles<br>75001 Paris</span><br><em><strong>(Attention : pas de rdv physique &agrave; cette adresse</strong></em></p>\n<p>&nbsp;</p>\n<p>Pour nous joindre merci de nous adresser un mail :</p>\n<p>info@cpfac.com</p>\n<p><br><span style=\"color: #843fa1;\"><strong>Pour adh&eacute;rer &agrave; la CPFAC, </strong></span><a title=\"Bulletin d\'adh&eacute;sion\" href=\"https://cpfac.com/bulletin-dadhesion/\" target=\"_blank\" rel=\"noopener\"><span style=\"color: #34495e;\"><strong><span style=\"color: #b96ad9;\"><span style=\"color: #843fa1;\">cliquez ici</span></span></strong></span></a><br>&nbsp;</p>','10','chambre-professionnelle-des-agents-commerciaux-de-paris-ile-de-france','2024-09-30 14:07:56','2025-02-26 15:43:53'),(29,'Chambre Professionnelle des Agents Commerciaux de Rhône-Alpes Bourgogne ','Rhône-Alpes Bourgogne','usr/documents/uploads/2022-03/16/sea-nature-outdoor-person-mountain-cloud-17401-pxhere.com.jpg','<p style=\"font-weight: 400;\"><em>ADHERER , C\'EST PARTAGER LES M&Ecirc;ME VALEURS &hellip; RENOUVELER SON ADHESION &hellip;C\'EST LES DEFENDRE DE FACON INDIVIDUELLES ET COLLECTIVES ..</em></p>\n<p style=\"font-weight: 400;\">&nbsp;Pour accroitre sa repr&eacute;sentativit&eacute;, et donc &ecirc;tre plus forte au sein de sa f&eacute;d&eacute;ration, la chambre professionnelle des agents commerciaux, invite tous les agents en exercices &agrave; la rejoindre.</p>\n<p style=\"font-weight: 400;\">Contactez-nous sur&nbsp;<a href=\"mailto:cpara@gmail.com\">cpara@gmail.com</a>&nbsp;, pour en savoir plus.</p>\n<p style=\"font-weight: 400;\">N&rsquo;oubliez pas notre slogan&nbsp;: &laquo; par les agents Co. pour les agents co &laquo;, car en ce moment, il faut se serrer les coudes pour tenir &laquo; la baraque &laquo; face aux d&eacute;fis qui se profilent&nbsp;!!</p>\n<p style=\"font-weight: 400;\"><strong>&nbsp;</strong>Nous sommes bien chez les agents commerciaux,</p>\n<p style=\"font-weight: 400;\">Nous sommes les agents commerciaux</p>\n<p style=\"font-weight: 400;\">Nous sommes bien &agrave; la f&eacute;d&eacute;ration,</p>\n<p style=\"font-weight: 400;\">Nous sommes&nbsp;<strong>LA</strong>&nbsp;f&eacute;d&eacute;ration</p>\n<p style=\"font-weight: 400;\">Rejoignez nous ,vous y serez \"chez vous\" !!</p>','','06 85 73 59 03','','cpacra@gmail.com','',NULL,NULL,'',NULL,'460 ROUTE DE TOULAUD','LA JUSTICE','07240','VERNOUX EN VIVARAIS','35317','Philippe TUFFERY','','','<pre> </pre>\r\n<p><span style=\"color: #000000;\"><strong><u>Adresse</u>  postale :</strong><br>FNAC RHONE ALPES BOURGOGNE<br></span></p>\r\n<p>460 ROUTE DE TOULAUD </p>\r\n<p>LA JUSTICE</p>\r\n<p>07240 VERNOUX EN VIVARAIS </p>\r\n<p><a href=\"mailto:cpacrab@gmail.com%20%3c%3c%3c%3c%3c%3c%3c\">cpacra@gmail.com</a></p>\r\n<p><strong>Permanence sur rendez-vous</strong></p>\r\n<p>Monsieur BOIRON 06 85 73 59 03</p>\r\n<p> </p>\r\n<h2><strong>Membres du bureaux :</strong></h2>\r\n<p><strong>Philippe TUFFERY</strong>  06 08 95 89 17 president</p>\r\n<p><strong>Isabel CAMPANON</strong> 06 23 22 81 84 secretaire generale </p>\r\n<p><strong> Christophe BACH</strong>  06 23 54 41 15 tresorier </p>\r\n<p><strong>Nicolas DERMAUX</strong> ; 06 07 71 83 47 en charge des renouvellements d\'adhesion </p>\r\n<p><strong>Claude GIORGIO</strong>  06 60 46 99 18 délegué  UNAPL et U2P metropole lyonnaise et 69</p>\r\n<p> I<strong>sabel CAMPANON</strong> 06 23 22 81 84 délégué UNAPL et U2P savoies 73 </p>\r\n<p><strong>Michel BOIRON</strong> 06 85 73 59 03  accueil des porteurs de projets et des primo- adherents</p>\r\n<p><strong>Jean louis  REVAUD </strong>; réferent juridique</p>\r\n<p> </p>','11','f-n-a-c-r-a-b-chambre-professionnelle-des-agents-commerciaux-de-rhone-alpes-bourgogne','2024-09-30 14:07:56','2025-02-26 15:52:45'),(30,'Chambre Professionnelle des Agents Commerciaux du Sud Ouest','Sud-Ouest','usr/documents/images/chambres/lieu-sud-ouest.jpg','<p><strong>PROFESSIONNALISME ET CONVIVIALITE&nbsp;:</strong><br>L&rsquo;ensemble de l&rsquo;&eacute;quipe que je repr&eacute;sente a pour mission d&rsquo;animer la FNAC-REGION SUD-OUEST avec deux axes&nbsp;prioritaires, comme suit :</p>\n<p><strong>Le Professionnalisme&nbsp;:</strong><br>En accompagnant les agents commerciaux dans l&rsquo;exercice quotidien de leur fonction et en soutenant les cr&eacute;ateurs dans leurs montages de projets</p>\n<p><strong>La Convivialit&eacute;&nbsp;:</strong><br>En cr&eacute;ant un authentique r&eacute;seau de professionnels, en facilitant les &eacute;changes entre cons&oelig;urs et confr&egrave;res et en &eacute;vitant l&rsquo;isolement propre &agrave; notre profession.</p>\n<p><strong>NOS SERVICES&nbsp;:</strong></p>\n<ul>\n<li>Le suivi quotidien et le <a href=\"https://www.agentcommercial.fr/aide-juridique/\">conseil juridique.</a></li>\n<li>Le soutien comptable fiscal et social.</li>\n<li>Les rendez-vous individuels de suivi comptable,</li>\n<li>Les actions de formation et le montage des dossiers de prise en charge aupr&egrave;s du FIF-PL.</li>\n<li>L&rsquo;&eacute;v&eacute;nementiel qui favorise les rencontres entre Agents Commerciaux et Chefs d&rsquo;Entreprise&nbsp;: (FORUM, BoursOcarteS, les adh&eacute;rencontres&hellip;).</li>\n<li>Les offres de cartes, fran&ccedil;aises et &eacute;trang&egrave;res.</li>\n<li>L&rsquo;ensemble des prestations f&eacute;d&eacute;rales assur&eacute;es &agrave; nos membres : (Revue de l&rsquo;agent commercial, la carte professionnelle ouvrant droit aux offres privil&eacute;gi&eacute;es de partenariat, le contrat groupe &laquo; Protection Juridique &raquo;, l&rsquo;assurance Invalidit&eacute;-D&eacute;c&egrave;s.</li>\n</ul>','',' 06 34 25 62 25','06 34 25 62 25','acx.sudouest@orange.fr','',NULL,NULL,'',NULL,'B.P N°128','','33024','Bordeaux','35324','Sabri BERTUCAT','','','<p><span style=\"color: #000000;\"><strong>Accueil téléphonique permanent :</strong> <br></span></p>\r\n<p>Tel: 06 34 25 62 25</p>\r\n<p><strong>Accueil physique :</strong> <br>Exclusivement sur rendez-vous.</p>\r\n<p><span style=\"color: #000000;\"><strong>FNAC SUD-OUEST</strong><br>B.P. N° 128<br>33024 BORDEAUX CEDEX</span></p>\r\n<p><strong>Email: <a href=\"mailto:acx.sudouest@orange.fr\">acx.sudouest@orange.fr</a></strong></p>','12','chambre-professionnelle-des-agents-commerciaux-du-sud-ouest','2024-09-30 14:07:56','2025-02-26 15:51:08'),(31,'Chambre Professionnelle des Agents Commerciaux de l\'Ile de La Réunion',NULL,'usr/documents/images/chambres/lieu-ile-de-la-reunion.jpg','',NULL,'-','','sebastien.courteille@asalou.com','','','','',NULL,'-',NULL,'97400','Saint Denis','35350',' -',NULL,NULL,'<span style=\"color:#000000\"><strong>Permanence sur rendez-vous</strong></span><br />\r\n&nbsp;','13','chambre-professionnelle-des-agents-commerciaux-de-l-ile-de-la-reunion','2024-09-30 14:07:56','2024-10-14 16:39:44'),(32,'Chambre test','Test2.3','','<p>Lorem ipsum dolor sit amet, consectetur adipiscing elit. Cras eget felis nec lorem mattis porta. Phasellus eu risus tortor. Maecenas varius in ligula non sagittis. Suspendisse non nunc ac ex dapibus dapibus. Sed convallis erat lectus, eu rhoncus diam rhoncus at. Nunc maximus sem ac euismod molestie. Integer pretium risus eget purus maximus faucibus. Mauris porttitor blandit viverra. Maecenas non egestas odio. Cras eget consectetur eros.</p>','',NULL,NULL,NULL,NULL,NULL,NULL,NULL,NULL,'45 rue du Pont','Bâtiment B','99000','Test-City',NULL,'Cédric','','','<p>Lorem ipsum dolor sit amet, consectetur adipiscing elit. Cras eget felis nec lorem mattis porta. Phasellus eu risus tortor. Maecenas varius in ligula non sagittis. Suspendisse non nunc ac ex dapibus dapibus. Sed convallis erat lectus, eu rhoncus diam rhoncus at. Nunc maximus sem ac euismod molestie. Integer pretium risus eget purus maximus faucibus. Mauris porttitor blandit viverra. Maecenas non egestas odio. Cras eget consectetur eros.</p>\r\n<p>Lorem ipsum dolor sit amet, consectetur adipiscing elit. Cras eget felis nec lorem mattis porta. Phasellus eu risus tortor. Maecenas varius in ligula non sagittis. Suspendisse non nunc ac ex dapibus dapibus. Sed convallis erat lectus, eu rhoncus diam rhoncus at. Nunc maximus sem ac euismod molestie. Integer pretium risus eget purus maximus faucibus. Mauris porttitor blandit viverra. Maecenas non egestas odio. Cras eget consectetur eros.</p>','14','chambre-test','2024-09-30 14:07:56','2024-10-14 16:39:44');

--
-- Table structure for table `professional_chamber_department`
--

CREATE TABLE `professional_chamber_department` (
  `professional_chamber_id` int NOT NULL,
  `department_id` int NOT NULL,
  PRIMARY KEY (`professional_chamber_id`,`department_id`),
  KEY `IDX_14205F78B3742359` (`professional_chamber_id`),
  KEY `IDX_14205F78AE80F5DF` (`department_id`),
  CONSTRAINT `FK_14205F78AE80F5DF` FOREIGN KEY (`department_id`) REFERENCES `department` (`id`) ON DELETE CASCADE,
  CONSTRAINT `FK_14205F78B3742359` FOREIGN KEY (`professional_chamber_id`) REFERENCES `professional_chamber` (`id`) ON DELETE CASCADE
) ENGINE=InnoDB DEFAULT CHARSET=utf8mb3 COLLATE=utf8mb3_unicode_ci;

--
-- Dumping data for table `professional_chamber_department`
--

INSERT INTO `professional_chamber_department` VALUES (20,26),(20,32),(20,41),(20,46),(20,50),(20,53),(20,69),(20,76),(20,82),(20,83),(20,99),(21,22),(21,36),(21,64),(21,65),(21,67),(21,87),(22,3),(22,15),(22,19),(22,20),(22,40),(22,55),(22,60),(22,84),(23,18),(23,25),(23,33),(23,34),(23,38),(23,42),(24,8),(24,10),(24,48),(24,49),(24,51),(24,52),(24,54),(24,85),(25,2),(25,56),(25,59),(25,77),(26,14),(26,24),(26,47),(26,58),(26,73),(27,4),(27,5),(27,6),(27,11),(27,13),(27,27),(27,31),(27,45),(27,63),(27,80),(27,81),(27,98),(27,100),(27,102),(28,57),(28,72),(28,74),(28,75),(28,86),(28,88),(28,89),(28,90),(28,91),(28,92),(28,93),(28,94),(28,95),(28,96),(28,101),(29,1),(29,7),(29,23),(29,35),(29,39),(29,66),(29,68),(29,70),(29,71),(29,97),(30,9),(30,12),(30,16),(30,17),(30,21),(30,28),(30,29),(30,30),(30,37),(30,43),(30,44),(30,61),(30,62),(30,78),(30,79),(31,97),(32,104);

--
-- Table structure for table `rdv_juridique`
--

CREATE TABLE `rdv_juridique` (
  `id` int NOT NULL AUTO_INCREMENT,
  `customer_id` int NOT NULL,
  `created_at` datetime NOT NULL,
  `updated_at` datetime NOT NULL,
  PRIMARY KEY (`id`),
  KEY `IDX_C9CEE5169395C3F3` (`customer_id`),
  CONSTRAINT `FK_C9CEE5169395C3F3` FOREIGN KEY (`customer_id`) REFERENCES `customer` (`id`)
) ENGINE=InnoDB AUTO_INCREMENT=19 DEFAULT CHARSET=utf8mb3 COLLATE=utf8mb3_unicode_ci;

--
-- Dumping data for table `rdv_juridique`
--

INSERT INTO `rdv_juridique` VALUES (1,3,'2024-08-20 08:04:15','2024-08-20 08:04:15'),(2,3,'2024-08-20 08:04:24','2024-08-20 08:04:24'),(3,3,'2024-08-20 08:10:41','2024-08-20 08:10:41'),(4,3,'2024-08-21 07:40:26','2024-08-21 07:40:26'),(5,3,'2024-09-11 07:37:15','2024-09-11 07:37:15'),(6,3,'2024-09-11 07:48:01','2024-09-11 07:48:01'),(7,3,'2024-09-11 12:17:37','2024-09-11 12:17:37'),(8,4485,'2024-09-17 14:16:31','2024-09-17 14:16:31'),(9,4815,'2024-10-22 10:03:46','2024-10-22 10:03:46'),(10,4823,'2024-10-22 14:52:58','2024-10-22 14:52:58'),(11,171,'2024-10-29 18:14:58','2024-10-29 18:14:58'),(12,2739,'2024-11-06 10:05:52','2024-11-06 10:05:52'),(13,4930,'2024-11-27 17:47:22','2024-11-27 17:47:22'),(14,1083,'2024-12-02 09:21:16','2024-12-02 09:21:16'),(15,3503,'2024-12-05 14:56:36','2024-12-05 14:56:36'),(16,3503,'2024-12-05 14:56:53','2024-12-05 14:56:53'),(17,450,'2025-01-23 14:56:24','2025-01-23 14:56:24'),(18,749,'2025-02-18 11:50:44','2025-02-18 11:50:44');

--
-- Table structure for table `region`
--

CREATE TABLE `region` (
  `id` int NOT NULL AUTO_INCREMENT,
  `name` varchar(255) COLLATE utf8mb3_unicode_ci NOT NULL,
  `slug` varchar(255) COLLATE utf8mb3_unicode_ci DEFAULT NULL,
  `old_id` int DEFAULT NULL,
  `created_at` datetime NOT NULL,
  `updated_at` datetime NOT NULL,
  PRIMARY KEY (`id`)
) ENGINE=InnoDB AUTO_INCREMENT=24 DEFAULT CHARSET=utf8mb3 COLLATE=utf8mb3_unicode_ci;

--
-- Dumping data for table `region`
--

INSERT INTO `region` VALUES (1,'Aquitaine','aquitaine',1,'2024-04-30 07:15:24','2024-04-30 07:15:24'),(2,'Auvergne','auvergne',2,'2024-04-30 07:15:24','2024-04-30 07:15:24'),(3,'Bourgogne','bourgogne',3,'2024-04-30 07:15:24','2024-04-30 07:15:24'),(4,'Bretagne','bretagne',4,'2024-04-30 07:15:24','2024-04-30 07:15:24'),(5,'Centre','centre',5,'2024-04-30 07:15:24','2024-04-30 07:15:24'),(6,'Champagne Ardenne','champagne-ardenne',6,'2024-04-30 07:15:24','2024-04-30 07:15:24'),(7,'Corse','corse',7,'2024-04-30 07:15:24','2024-04-30 07:15:24'),(8,'DOM TOM','dom-tom',8,'2024-04-30 07:15:24','2024-04-30 07:15:24'),(9,'Franche Comté','franche-comte',9,'2024-04-30 07:15:24','2024-04-30 07:15:24'),(10,'Ile de France','ile-de-france',10,'2024-04-30 07:15:24','2024-04-30 07:15:24'),(11,'Languedoc Roussillon','languedoc-roussillon',11,'2024-04-30 07:15:24','2024-04-30 07:15:24'),(12,'Limousin','limousin',12,'2024-04-30 07:15:24','2024-04-30 07:15:24'),(13,'Lorraine','lorraine',13,'2024-04-30 07:15:24','2024-04-30 07:15:24'),(14,'Midi Pyrénées','midi-pyrenees',14,'2024-04-30 07:15:24','2024-04-30 07:15:24'),(15,'Nord Pas de Calais','nord-pas-de-calais',15,'2024-04-30 07:15:24','2024-04-30 07:15:24'),(16,'Haute Normandie','haute-normandie',16,'2024-04-30 07:15:24','2024-04-30 07:15:24'),(17,'Pays de la Loire','pays-de-la-loire',17,'2024-04-30 07:15:24','2024-04-30 07:15:24'),(18,'Picardie','picardie',18,'2024-04-30 07:15:24','2024-04-30 07:15:24'),(19,'Poitou Charentes','poitou-charentes',19,'2024-04-30 07:15:24','2024-04-30 07:15:24'),(20,'Rhône Alpes','rhone-alpes',20,'2024-04-30 07:15:24','2024-04-30 07:15:24'),(21,'Alsace','alsace',21,'2024-04-30 07:15:24','2024-04-30 07:15:24'),(22,'Basse-Normandie','basse-normandie',22,'2024-04-30 07:15:24','2024-04-30 07:15:24'),(23,'Provence Alpes Côte d\'Azur','provence-alpes-cote-d-azur',29,'2024-04-30 07:15:24','2024-04-30 07:15:24');

--
-- Table structure for table `regional_chamber`
--

CREATE TABLE `regional_chamber` (
  `id` int NOT NULL AUTO_INCREMENT,
  `name` varchar(255) COLLATE utf8mb3_unicode_ci NOT NULL,
  `image` varchar(255) COLLATE utf8mb3_unicode_ci DEFAULT NULL,
  `description` longtext COLLATE utf8mb3_unicode_ci,
  `info` longtext COLLATE utf8mb3_unicode_ci,
  `phone` varchar(255) COLLATE utf8mb3_unicode_ci DEFAULT NULL,
  `mail` varchar(255) COLLATE utf8mb3_unicode_ci DEFAULT NULL,
  `link` varchar(255) COLLATE utf8mb3_unicode_ci DEFAULT NULL,
  `adresse` varchar(255) COLLATE utf8mb3_unicode_ci DEFAULT NULL,
  `adresse_complement` varchar(255) COLLATE utf8mb3_unicode_ci DEFAULT NULL,
  `postal_code` varchar(20) COLLATE utf8mb3_unicode_ci DEFAULT NULL,
  `city` varchar(255) COLLATE utf8mb3_unicode_ci DEFAULT NULL,
  `leader` varchar(255) COLLATE utf8mb3_unicode_ci DEFAULT NULL,
  `leader_image` varchar(255) COLLATE utf8mb3_unicode_ci DEFAULT NULL,
  `adhesion_text` longtext COLLATE utf8mb3_unicode_ci,
  `short_name` varchar(255) COLLATE utf8mb3_unicode_ci DEFAULT NULL,
  `old_id` int DEFAULT NULL,
  `created_at` datetime NOT NULL,
  `updated_at` datetime NOT NULL,
  PRIMARY KEY (`id`)
) ENGINE=InnoDB AUTO_INCREMENT=21 DEFAULT CHARSET=utf8mb3 COLLATE=utf8mb3_unicode_ci;

--
-- Dumping data for table `regional_chamber`
--

INSERT INTO `regional_chamber` VALUES (7,'Chambre Régionale des Agents Commerciaux - FNAC OUEST','https://www.agentcommercial.fr/usr/documents/images/chambres/ruban-ouest.jpg','<p><strong>Avec la F.N.A.C. Ouest, vous &eacute;vitez l&rsquo;isolement, vous &ecirc;tes guid&eacute;, conseill&eacute; et vous &ecirc;tes prot&eacute;g&eacute; et d&eacute;fendu&nbsp;!&nbsp;</strong><br />&nbsp;<br />Pour que votre ind&eacute;pendance soit synonyme de r&eacute;ussite, nous vous transmettons des conseils avis&eacute;s, le soutien et la communication de professionnels exp&eacute;riment&eacute;s. Etre Agent Commercial, c&rsquo;est vivre une aventure entrepreneuriale exigeante.<br />&nbsp;<br />La s&eacute;curit&eacute; : gr&acirc;ce &agrave;&nbsp;<strong>notre assistance juridique sp&eacute;cifique</strong>, nous vous accompagnons dans l&rsquo;&eacute;laboration et la signature de vos mandats, ainsi qu&rsquo;en cas de litige. Utile pour &eacute;viter les pi&egrave;ges !<br />&nbsp;<br />Le d&eacute;veloppement de votre portefeuille : nous relayons les annonces sur la F.N.A.C. et organisons r&eacute;guli&egrave;rement des rencontres interprofessionnelles.<br /><strong>Le salon r&eacute;gional BoursOcarteS</strong>, est une occasion unique de rencontres entre agents commerciaux et mandants. Utile pour d&eacute;velopper votre affaire !<br />&nbsp;<br /><strong>La formatio</strong>n : toute l&rsquo;ann&eacute;e, nous organisons de nombreuses sessions de formations th&eacute;matiques, prises en charge partiellement ou enti&egrave;rement par votre fonds de formation professionnelle. Utile pour enrichir vos comp&eacute;tences !<br />&nbsp;<br /><strong>L&rsquo;information r&eacute;guli&egrave;re</strong>&nbsp;: nos diff&eacute;rentes publications (newsletters, site internet, revue f&eacute;d&eacute;rale&hellip;) vous fournissent toutes les informations n&eacute;cessaires sur les &eacute;volutions de notre m&eacute;tier (&eacute;v&eacute;nements, cadre juridique, t&eacute;moignages&hellip;). Utile pour rester &agrave; jour !<br />&nbsp;<br />Le soutien du premier groupement r&eacute;gional et La force d&rsquo;un r&eacute;seau national :&nbsp;<strong>Nos ma&icirc;tres-mots : professionnalisme, convivialit&eacute; et &eacute;change d&rsquo;exp&eacute;riences en ayant la repr&eacute;sentativit&eacute; nationale et internationale pour d&eacute;fendre notre statut.&nbsp;</strong>Utile pour se sentir moins seul !<br />&nbsp;<br /><strong>Appuyez-vous sur nos nombreux services !</strong></p>\r\n<ul>\r\n<li>Assistance juridique et la ma&icirc;trise de toutes les subtilit&eacute;s de votre statut.</li>\r\n<li>L&rsquo;&eacute;tude de vos contrats avant signature et en cas de litige et des contrats-types en plusieurs langues.</li>\r\n<li>Un dossier complet sur les particularit&eacute;s du m&eacute;tier d&rsquo;Agent Commercial.</li>\r\n<li>Accompagnement certification</li>\r\n<li>Engagement Formation</li>\r\n<li>L&rsquo;&eacute;volution des technologies, la complexit&eacute; du contexte &eacute;conomique et de la mondialisation impliquent la mise &agrave; jour constante des comp&eacute;tences de l&rsquo;Agent Commercial.</li>\r\n<li>Nos Formations, organis&eacute;es en groupe autour de th&egrave;mes p&eacute;dagogiques, sont reconnues par les organismes collecteurs des fonds de formation et encadr&eacute;es par un animateur sp&eacute;cialis&eacute; sur la profession d&rsquo;Agent Commercial.</li>\r\n<li>Des r&eacute;unions d&rsquo;information (au sein des CCI et MCTE).</li>\r\n<li>Des Adh&eacute;rencontres-r&eacute;unions conviviales autour d&rsquo;un th&egrave;me propos&eacute; et Rencontres professionnelles</li>\r\n<li>Communication et Newsletter.</li>\r\n</ul>','<p><strong>FNAC Ouest</strong><br />1 rue Alessandro Volta<br />44470 CARQUEFOU Cedex<br />T&eacute;l: 06.41.43.67.07<br />Organisme Certifi&eacute; QUALIOPI Actions de formation - n&deg; d&eacute;claration 52440460644<br /><strong>Merci de laisser un message sur notre r&eacute;pondeur pour &ecirc;tre rappel&eacute;s<br /></strong></p>','06 41 43 67 07','contact@fnacouest.fr','https://www.fnacouest.fr','1 rue Alessandro Volta ','Chez TAOLIA : rdc - 1ère porte à droite','44470','Carquefou Cedex','Isabelle ESPELLE','https://www.agentcommercial.fr/usr/documents/images/presidents/isa.jpg','\r\n<p>Veuillez aller sur notre site &agrave; la rubrique adh&eacute;sion.&nbsp; merci&nbsp;</p>','Ouest',1,'2024-04-30 07:47:04','2024-04-30 07:47:04'),(8,'Chambre Professionnelle des Agents Commerciaux d\'Alsace - Franche Comté','https://www.agentcommercial.fr/usr/documents/images/chambres/lieu-alsace.jpg','<p> </p>\r\n<p>Un peu d’histoire, c’est en novembre 1918 que naît à Strasbourg le « Syndicat des Agents Commerciaux du Bas-Rhin. C’est en 1930 que les deux départements alsaciens sont réunis, et c’est en 2005 que les régions Alsace et la Franche-Comté sont rassemblées sous la dénomination : « CPAC Alsace / Franche-Comté »,  6 départements qui forment une longue région frontalière du nord du Bas-Rhin au sud du Jura.<br /><br />Le Bureau de cette nouvelle Chambre Régionale est composé de 5 membres bénévoles : 1 Président, 2 Vice-Présidents, 1 Secrétaire Général et 1 Assesseur.<br /><br />Nous accentuons la communication auprès des institutionnels  (C.C.I, Greffes…) et privilégions les contacts avec et entre les adhérents.<br /><br />Dans le soutien apporté à nos collègues, nous pouvons nous appuyer sur les compétences et avis de nos 3 avocats locaux (Strasbourg, Colmar, Besançon) et de nos 2 experts comptables (Strasbourg, Colmar).<br /><br />Outre l’Assemblée Générale annuelle, nous organisons des rencontres à thèmes sous forme de déjeuner-débat avec participation de conseils ou d’intervenants extérieurs. Elles se déroulent, selon le calendrier tous les deux ou trois mois du nord au sud dans des villes différentes.<br /> </p>','<p><strong><u>Adresse</u> :</strong><br />CPAC ALSACE FRANCHE COMTE<br />68 avenue de la République<br />68000 COLMAR</p>\r\n<p><a href=\"mailto:fnac.alsace.franchecomte@gmail.com\">fnac.alsace.franchecomte@gmail.com</a></p>\r\n<p><br /><strong>Permanences sur rendez-vous.<br /><br /></strong><br /><br /><strong>FRANCHE-COMTE</strong><br />Contact : Claudette CHALEAT<br />06 82 14 27 74<br /><br />Sans frais pour les adhérents.<br /><br />Pour les non-adhérents, informations générales sur la Fédération.                                         <br />Informations complémentaires et études de dossiers, pré-adhésion demandée de 150,00 € H.T  (comprenant documentation complète  sur la profession, extraits code du commerce et contrat type, valeur 60€).<br />Pré-inscription déductible, dans un délai de 6 mois, lors de l’adhésion.                                                 Cotisation annuelle 375,00 € HT, soit 450,00 T.T.C (déductible fiscalement)</p>','06 62 93 38 66','fnac.alsace.franchecomte@gmail.com','','68 Avenue de la République','','68000','Colmar','Alain HENCK 06 62 93 38 66','https://www.agentcommercial.fr/usr/documents/uploads/2021-05/07/henck.png',NULL,'Alsace - Franche Comté',2,'2024-04-30 07:47:04','2024-04-30 07:47:04'),(9,'Chambre Professionnelle Régionnale des Agents Commerciaux d\'Auvergne-Limousin','https://www.agentcommercial.fr/usr/documents/images/chambres/lieu-auvergne.jpg','<p> </p>\r\n<p>Qu’est-ce qu’une Chambre Régionale ? C’est une entité qui s’appuie sur le particularisme d’une région en prenant surtout en compte les qualités et les points forts de cette région.<br /> <br />A cette Auvergne, qui pour certains semble loin de tout et décalée, est en fait remarquablement bien placée au centre de la France. C’est une région qui possède des leaders mondiaux de l’industrie :<br />- Michelin dans les pneumatiques.<br />- Limagrain dans les semences et les céréales.<br />- Chibret en spécialités pharmaceutiques pour les soins des yeux.<br /><br /><strong>Le légendaire sens de l\'économie attribuée à l\'Auvergnat s\'appuie sur l’adage selon lequel « le premier argent que l\'on gagne est celui que l\'on ne dépense pas »… L’Auvergne est en fait une région laborieuse qui a le sens des valeurs profondes, du rôle du travail, de l\'économie, et de la parole donnée</strong>.<br /><br />Le maillage industriel (80 %) repose notamment sur les petites et moyennes entreprises, ce qui constitue un potentiel très important de mandants éventuels pour les Agents Commerciaux.<br /><br /><strong>Le point  fort de nos actions actuelles  consiste  de ce fait à établir une passerelle entre les Agents Commerciaux et ces entreprises  qui en cherchent</strong>.<br /><br />Comment trouver un bon commercial salarié ? comment le gérer ? le fidéliser ? ce sont là des problèmes fondamentaux d\'autant qu\'en cas d\'échec le risque financier est important.<br />Alors que l\'Agent Commercial, profil commercial performant, souvent méconnu de ces entreprises, présente pour elles la résolution d\'un de leurs problèmes essentiels … la « commercialité » de l\'entreprise.<br />Un bon Agent Commercial en adéquation avec l\'entreprise, devient un collaborateur commercial, adoptant l\'esprit, et l\'avenir de cette entreprise, en l\'aidant à se développer, lui prodiguant outre l\'apport des commandes nécessaires, les informations et les conseille sur l\'évolution souhaitable des produits, sur la concurrence etc.<br /><br />La collaboration de plus en plus active, avec les Chambres de Commerce et d\'Industrie, de <strong>Limoges</strong>, de <strong>Brive</strong>, de <strong>Clermont-Ferrand</strong>, <strong>de Moulins Vichy</strong>, constitue un des leviers essentiels de la construction de cette passerelle destinée à aider les entreprises régionales à se développer en s\'appuyant sur les Agents Commerciaux.<br /><strong>C\'est une démarche essentielle, pour le développement économique de la région</strong><br /> <br />Que vous soyez actuellement Agent Commercial en activité, ou Agent Commercial potentiel en projet, sachez que votre chambre régionale appartenant la Fédération Nationale des Agents Commerciaux est à votre écoute, et vous conseille de ne plus rester seul, ne serait-ce que vu les difficultés de plus en plus évidentes à exercer votre métier dans un contexte devenant de plus en plus procédurier.<br /><br />Dans l\'attente du plaisir de vous rencontrer….<br /> <br /> </p>','<p><span style=\"color: #000000;\"><strong><u>Adresse</u> :</strong><br />CPAC AUVERGNE LIMOUSIN<br />Maison des Associations, 11 rue des Saulées<br />63400 CHAMALIERES</span></p>\r\n<p>Mobile : 06 74 87 72 16</p>\r\n<p>Tél: 04 73 37 60 47</p>\r\n<p>mail: <a href=\"mailto:acx.auvergne@wanadoo.fr\">acx.auvergne@wanadoo.fr</a><br /><br /><span style=\"color: #000000;\"><strong>Permanences sur RDV par mail à </strong></span><a href=\"mailto:acx.auvergne@wanadoo.fr\">acx.auvergne@wanadoo.fr</a><br />et<br /><strong>CHAMALIERES : Tous les PREMIERS VENDREDI DE CHAQUE MOIS de 09h00 à 12h00.</strong><br /><span style=\"color: #000000;\">Contact : Fabien DENY, Stéphane RICHARD, Philippe IRLANDE<br /></span><span style=\"color: #000000;\">Tél: 04 73 37 60 47 </span></p>\r\n<p><strong>LIMOGES/BRIVES : Une délégation est assurée.</strong></p>\r\n<p>Contact : Monsieur Jacques LACOMBE</p>\r\n<p>Pour un entretien : 06 08 95 16 52 ou jacques.lacombe7@wanadoo.fr <br /><br /><br /></p>','04 73 37 60 47 - 06 74 87 72 16','acx.auvergne@wanadoo.fr','','Maison des Associations ','11 rue des Saulées','63400','Chamalières','Fabien DENY','https://www.agentcommercial.fr/usr/documents/images/presidents/photo-fd.jpg','<p>Prenez contact avec la chambre, nous nous ferons un plaisir de vous acceuillir.</p>\r\n<p style=\"text-align: center;\">04 73 37 60 47</p>\r\n<p>Nous vous acceuillerons sur rendez vous &agrave; notre permanence.</p>\r\n<p>Nous vous ferons parvenir les &eacute;l&eacute;ments pour votre adh&eacute;sions.</p>\r\n<p>&nbsp;</p>','Auvergne-Limousin',3,'2024-04-30 07:47:04','2024-04-30 07:47:04'),(10,'Chambre Professionnelle des Agents Commerciaux Centre Val de Loire','https://www.agentcommercial.fr/usr/documents/uploads/2022-01/11/img_3605.jpg','<p><span style=\"color: #000000;\">Entre la région Ile de France et Paris au nord, la Bretagne et les Pays de Loire à l’ouest, et la nouvelle entité Poitou-Charente-Aquitaine au sud, la région Centre Val de Loire vit sa réalité industrielle propre en touchant aux domaines dont ces régions se disent les spécialistes et est ainsi présente tant dans l’agroalimentaire, que dans l’aéronautique et l’automobile, mais elle a aussi axé son développement sur les domaines de pointe que sont la chimie fine, la cosmétique et la pharmacie.<br />Elle est aussi présente dans le domaine des industries minérales (on ne peut pas délocaliser les carrières !!!) et les matériaux de construction.<br /> <br />La Chambre Professionnelle des Agents Commerciaux du Centre regroupe toutes les forces vives de notre profession d’Agent Commercial en son sein, et arrive à fédérer ces différentes spécialités pour ne former qu’un seul réseau avec le seul objectif d’aider les Agents Commerciaux à exister face à des lois souvent plus contraignantes les unes que les autres.<br /> <br /> <br />Jean Maurice MEYRAULT<br />Président FNAC CP CENTRE VAL de LOIRE <br />Prise de fonction : Début Avril 2018 </span><br /> </p>','<p><span style=\"color: #000000;\"><strong><u>Adresse</u> :</strong><br />CPAC CENTRE-VAL de LOIRE</span><span style=\"color: #000000;\"> <br /></span></p>\r\n<p>1 Rue Schiller<br />BP 80415<br />37200 Tours <br />06 50 55 89 68<br /><br /><span style=\"color: #000000;\"><strong>Délégués régionaux</strong></span><br /><br /><strong>Dépt 28</strong> : José BERENGUER<br />06 26 02 05 48<br /><br /><strong>Dépt 37</strong> : Pascal DHUY <br />06 24 66 16 78                                                     </p>\r\n<p><strong>Dépt 41</strong> : Eric Gautier De Lahaut<br />0783114052</p>\r\n<p><strong>Dépt 45</strong> : Xavier DE FENOYL<br />0675755020                                                     </p>\r\n<p><strong>Dépt 18 &amp; 36 </strong>: Pierre DERNONCOURT<br />06 11 25 84 08 </p>\r\n<p><br /> </p>','06 50 55 89 68','agentscocentre@gmail.com','','1 Rue Schiller ',' BP 80415','37200 ','Tours ','Jean-Maurice Meyrault','https://www.agentcommercial.fr/usr/documents/images/presidents/moi.jpg',NULL,'Centre Val de Loire',4,'2024-04-30 07:47:04','2024-04-30 07:47:04'),(11,'Chambre Professionnelle des Agents Commerciaux de Lorraine Champagne Ardenne','https://www.agentcommercial.fr/usr/documents/uploads/2022-01/27/img_3083.jpg','<p> </p>\r\n<p style=\"text-align: justify;\"><span style=\"color: #000000;\"><strong>L’Agent Commercial, une solution à la difficulté de trouver un emploi.</strong><br /><br />Vous êtes à la recherche d’un emploi ? Vous êtes indépendant et expérimenté dans la vente. N’hésitez plus ! Devenez agent commercial : un concept de vente moderne, adapté aux évolutions économiques actuelles. Car le partenariat avec un agent commercial supprime, pour les entreprises, les risques liés à l’investissement humain et financier d’une force de vente intégrée. A titre de profession indépendante, vous êtes rémunéré par commissionnement, sur la base de vos prestations. Ce qui fait de vous un entrepreneur, chargé de travailler au nom et pour le compte de producteurs, d\'industriels ou de commerçants.<br /><br /><strong>Un appui solide</strong><br />Pour vous appuyer dans cette nouvelle orientation, vous pouvez compter sur l’aide de la Chambre Professionnelle des Agents Commerciaux Lorraine - Champagne Ardenne. Informations sur les statuts,  assistance aux formalités d’inscription et délivrance d’une carte professionnelle… Dès votre adhésion, vous bénéficiez des services juridiques, comptables, financiers mis en place au sein de la Chambre, ainsi que de formations de proximité, ciblées.  Sans oublier les annonces des entreprises à travers le service de la bourse aux cartes.</span></p>','<p> </p>\r\n<p><span style=\"color: #000000;\"><strong><u>Adresse</u> :</strong><br />CPAC LORRAINE - CHAMPAGNE ARDENNE<br />Parc Saint Jacques 2 - Bât. Océanis 1 <br />35, rue Haroun Tazieff<br />54320 MAXEVILLE</span><br /><br /><strong>Permanence sur rendez-vous</strong><br /><span style=\"color: #000000;\">06 88 88 10 41 ou 03 83 44 76 18 <br /><a href=\"http://www.agentcom-lorraine.com\" target=\"_blank\" rel=\"noopener\">Visitez notre site internet</a><br /><br />- Non adhérents (avec participation payante) : Statut et Etude du projet avant démarrage d\'activité<br />- Adhérents : Tous conseils selon demandes</span><br /><br /><br /><br /> </p>','03 83 44 76 18 - 06 88 88 10 41','fnacgrandest@orange.fr','http://www.agentcom-lorraine.com','Parc Saint Jacques 2 - Bât Océanis 1B - 35 rue Haroun Tazieff','','54320','Maxéville','Loredana CORAVU','https://www.agentcommercial.fr/usr/documents/uploads/2023-03/22/img_3607.jpg','<p style=\"text-align: justify;\">Bonjour,&nbsp;</p>\r\n<p style=\"text-align: justify;\">Nous vous invitons &agrave; vous rapprocher de votre Chambre Professionnelle des Agents Commerciaux Lorraine-Champagne-Ardenne afin de r&eacute;gler le montant de votre adh&eacute;sion pour l\'ann&eacute;e en cours.&nbsp;</p>\r\n<p style=\"text-align: justify;\">Vous pouvez nous joidre au 06.88.88.10.41 ou par mail fnacgrandest@orange.fr</p>\r\n<p style=\"text-align: justify;\">Cordialement</p>\r\n<p>&nbsp;</p>\r\n<p>&nbsp;</p>','Lorraine Champagne Ardennes',6,'2024-04-30 07:47:04','2024-04-30 07:47:04'),(12,'Chambre Professionnelle des Agents Commerciaux du Nord de la France','https://www.agentcommercial.fr/usr/documents/images/chambres/lieu-lille.jpg','<p>Vous &ecirc;tes jeune et vous avez envie de vous lancer dans l&rsquo;entrepreunariat ?<br />Vous avez une belle exp&eacute;rience, et vous souhaitez vous appuyer dessus pour cr&eacute;er une activit&eacute; ind&eacute;pendante&nbsp;?<br />Vous &ecirc;tes agent commercial, et vous souffrez de la solitude, de l&rsquo;isolement&nbsp;?<br />Nous vous invitons &agrave; vous joindre &agrave; une r&eacute;union d&rsquo;information, le premier lundi apr&egrave;s-midi de chaque mois dans les superbes locaux de la CCI GRAND LILLE. Vous serez re&ccedil;us par des agents commerciaux exp&eacute;riment&eacute;s et b&eacute;n&eacute;voles, qui prendront le temps de vous expliquer comment bien d&eacute;marrer, et quels b&eacute;n&eacute;fices tirer de votre adh&eacute;sion si vous exercez depuis plusieurs ann&eacute;es. Vous pourrez rapidement int&eacute;grer le groupe convivial des adh&eacute;rents.<br />Des rendez-vous individuels sont propos&eacute;s aux nouveaux membres.<br />&nbsp;<br />Le r&ocirc;le de notre chambre, c&rsquo;est d&rsquo;&ecirc;tre pr&egrave;s de vous, de vous informer, de vous accompagner, de favoriser les &eacute;changes et de promouvoir localement la profession et cr&eacute;er des opportunit&eacute;s.<br />La Chambre est adh&eacute;rente de la FNAC, F&eacute;d&eacute;ration Nationale des Agents Commerciaux, qui n&eacute;gocie et d&eacute;fend la profession vis-&agrave;-vis des autorit&eacute;s nationales et internationales via l&rsquo;IUCAB. La carte professionnelle FNAC nous apporte toute une s&eacute;rie d&rsquo;avantages pratiques. Notre espace personnel sur le site vient compl&eacute;ter l&rsquo;offre, avec une assistance commerciale, juridique, pratique et une offre de formation pertinente gratuite par e-learning. Une &eacute;quipe de juristes sp&eacute;cialis&eacute;s conseille et d&eacute;fend les adh&eacute;rents en cas de litige. L&rsquo;AAAC propose ses services comptables et fiscaux.<br />&nbsp;<br />La dynamique du bureau assure la r&eacute;ussite de nos diff&eacute;rentes manifestations.<br />Nous r&eacute;alisons des d&icirc;ners-d&eacute;bats avec des intervenants de choix, sur des th&egrave;mes en rapport avec notre m&eacute;tier d&rsquo;agent commercial. Ce sont des moments d&rsquo;&eacute;changes conviviaux, qui peuvent apporter des opportunit&eacute;s de d&eacute;veloppement. Y sont pr&eacute;sents les &laquo;&nbsp;Anciens&nbsp;&raquo;, toujours joyeux, g&eacute;n&eacute;reux et bienveillants. De vrais bons moments.<br />&nbsp;<br />Alors, n&rsquo;h&eacute;sitez plus&hellip; Venez nous rejoindre&nbsp;!<br />&nbsp;<br />Car &laquo; L&rsquo;union fait la force &raquo; et &laquo; Ind&eacute;pendance ne veut pas dire isolement &raquo;</p>','<p><span style=\"color: #000000;\"><strong><u>Adresse</u> :</strong></span><br />Chambre Professionnelle des Agents Commerciaux du Nord de la France<br /><span style=\"color: #000000;\">B.P 80034<br />59005 LILLE Cedex</span><br /><br /><strong>Permanence sur rendez-vous</strong><br />06 22 84 05 93<br />&nbsp;</p>','06 09 61 76 38','info@cpacnorddefrance.fr','','B.P 80034','','59800','Lille','Véronique Bonassi','https://www.agentcommercial.fr/usr/documents/images/presidents/veronique.jpg',NULL,'Nord',7,'2024-04-30 07:47:04','2024-04-30 07:47:04'),(13,'Chambre Professionnelle des Agents Commerciaux de Normandie','https://www.agentcommercial.fr/usr/documents/uploads/2021-07/15/.jpg','<p>Fa&icirc;tes votre m&eacute;tier sereinement... la Chambre veille sur vos int&eacute;r&ecirc;ts</p>\r\n<p><strong>La Chambre des Agents est compos&eacute;e d\'agents commerciaux en activit&eacute; ou en retraite.</strong></p>\r\n<ul>\r\n<li>Nous apportons notre exp&eacute;rience et notre soutien, &eacute;vitant ainsi votre isolement.</li>\r\n<li>Nous mettons &agrave; votre disposition un contrat type.</li>\r\n<li>Nous organisons des d&icirc;ners rencontres, v&eacute;ritables moments d\'&eacute;changes et sources d\'informations pour tous.</li>\r\n</ul>\r\n<p>Des Informations d\'Ordre Juridique</p>\r\n<ul>\r\n<li>Un avocat sp&eacute;cialis&eacute; dans la profession analyse chacun de vos contrats.</li>\r\n<li>Lors d\'un litige, consultation gratuite avec cet avocat.</li>\r\n<li>Un service juridique &agrave; votre disposition.</li>\r\n</ul>\r\n<p>Des Informations d\'Ordre Administratif et Comptable</p>\r\n<ul>\r\n<li>Mise en relation avec un organisme agr&eacute;e sp&eacute;cial agents commerciaux (qui pr&eacute;sente des avantages fiscaux et des r&eacute;ductions d\'imp&ocirc;ts sur le revenu).</li>\r\n<li>Possibilit&eacute; d\'enregistrer votre comptabilit&eacute; &agrave; des prix tr&egrave;s int&eacute;ressants.</li>\r\n<li>Information des nouvelles r&egrave;gles ou &eacute;volution obligatoire(t&eacute;l&eacute;d&eacute;claration de la TVA).​</li>\r\n</ul>\r\n<p><strong>​Une assurance pr&eacute;voyance dans le cadre de l\'activit&eacute; comprise dans l\'adh&eacute;sion.</strong></p>\r\n<p><strong>OFFRE DE BIENVENUE</strong><br />Nous vous proposons l\'analyse gratuite d\'un de vos contrat par un avocat sp&eacute;cialis&eacute; dans notre profession ainsi que <strong>l\'adh&eacute;sion &agrave; 1 euro par jour</strong> pour<br />votre premi&egrave;re ann&eacute;e d\'adh&eacute;rent.<br />&nbsp;<br />Bien confraternellement.</p>','<p>&nbsp;</p>\r\n<p>&nbsp;</p>\r\n<p><span style=\"color: #000000;\"><strong>Adresse :</strong><br />CPACN NORMANDIE<br />C/o CCI ROUEN M&eacute;tropole<br />4 Passage de la Luciline<br />B&acirc;timent Vauban<br />76007 ROUEN CEDEX 1</span><br /><br /><strong>Permanence sur rendez-vous</strong><br /><span style=\"color: #000000;\">02 35 98 70 46</span>&nbsp;</p>','02 35 98 70 46 ','cpacn@orange.fr','https://www.agentcommercial.fr/chambres-regionales/chambre-professionnelle-des-agents-commerciaux-de-normandie-8/','C/° C.C.I. Rouen Métropole - 4 Passage de la Luciline - Bâtiment Vauban - CS 40641','','76007','Rouen Cedex 1','Jean Francois JUHEL','https://www.agentcommercial.fr/usr/documents/uploads/2023-05/30/jf-juhel_1.jpg','<p>Vous souhaitez nous rejoindre?</p>\r\n<p>N\'hesitez pas a nous contacter</p>\r\n<p><strong>CPACN&nbsp;&nbsp;</strong></p>\r\n<p><strong>C</strong>hambre <strong>P</strong>rofessionnelle Des <strong>A</strong>gents <strong>C</strong>ommerciaux De <strong>N</strong>ormandie</p>\r\n<p>Tel: 02 35 98 70 46&nbsp; &nbsp; &nbsp; &nbsp; &nbsp; &nbsp; &nbsp; &nbsp; Courriel:&nbsp; cpacn@orange@fr</p>\r\n<p>&nbsp;</p>','Normandie',8,'2024-04-30 07:47:04','2024-04-30 07:47:04'),(14,'F.N.A.C RÉGION SUD','https://www.agentcommercial.fr/usr/documents/uploads/2021-05/05/dscf3133_1.jpg','<p style=\"text-align: justify;\"><span style=\"font-family: Segoe UI, sans-serif;\"><span style=\"font-size: 18px;\">Bienvenue sur la page FNAC REGION SUD !</span></span></p>\r\n<p style=\"text-align: justify;\"><span style=\"font-family: Segoe UI, sans-serif;\"><span style=\"font-size: 18px;\">Notre chambre syndicale r&eacute;gionale du Sud repr&eacute;sente la plus r&eacute;cente entit&eacute; au sein de la F&eacute;d&eacute;ration Nationale des Agents Commerciaux de France.</span></span></p>\r\n<p style=\"text-align: justify;\"><span style=\"font-family: Segoe UI, sans-serif;\"><span style=\"font-size: 18px;\">Notre groupe, constitu&eacute; de coll&egrave;gues agents commerciaux, est anim&eacute; par des b&eacute;n&eacute;voles en activit&eacute; ou m&ecirc;me &agrave; la retraite, investis &agrave; consacrer une part de leur temps et de leurs comp&eacute;tences pour informer, aider et promouvoir notre noble m&eacute;tier d\'agent commercial.</span></span></p>\r\n<p style=\"text-align: justify;\"><span style=\"font-family: Segoe UI, sans-serif;\"><span style=\"font-size: 18px;\">Dans un monde en constante &eacute;volution, la force de l\'Agent Commercial r&eacute;side dans son adaptabilit&eacute;. Nous nous effor&ccedil;ons d\'informer un large public sur notre profession, que ce soit une personne envisageant de devenir agent commercial apr&egrave;s une carri&egrave;re d&eacute;j&agrave; bien &eacute;tablie, ou un chef d\'entreprise qui ne dispose ni du temps ni des ressources n&eacute;cessaires pour d&eacute;velopper sa propre force de vente et augmenter son chiffre d\'affaires.</span></span></p>\r\n<p style=\"text-align: justify;\"><span style=\"font-family: Segoe UI, sans-serif;\"><span style=\"font-size: 18px;\">Ne restez plus isol&eacute;(e), sans conseil juridique et sans r&eacute;seau, tout en restant inform&eacute;(e) sur les &eacute;volutions de votre profession. Nous sommes l&agrave; pour vous accompagner tout au long de votre parcours.</span></span></p>\r\n<p style=\"text-align: justify;\"><span style=\"font-family: Segoe UI, sans-serif;\"><span style=\"font-size: 18px;\">N\'h&eacute;sitez pas &agrave; nous rejoindre ! Votre bureau est dirig&eacute; par des coll&egrave;gues agents commerciaux engag&eacute;s, anim&eacute;s par l\'altruisme et la soif de connaissance au sein de la chambre r&eacute;gionale Sud France.</span></span></p>\r\n<p style=\"text-align: justify;\"><span style=\"font-family: Segoe UI, sans-serif;\"><span style=\"font-size: 18px;\">A bient&ocirc;t !</span></span></p>\r\n<p style=\"text-align: justify;\"><span style=\"font-family: Segoe UI, sans-serif;\"><span style=\"font-size: 18px;\">Pascal SCHMITT</span></span></p>\r\n<p style=\"text-align: justify;\"><span style=\"font-family: Segoe UI, sans-serif;\"><span style=\"font-size: 18px;\">Agent Commercial (en activit&eacute;) et </span></span><span style=\"font-family: Segoe UI, sans-serif;\"><span style=\"font-size: 18px;\">Pr&eacute;sident de la chambre r&eacute;gionale de la FNAC r&eacute;gion sud France &agrave; votre disposition pour toute question.</span></span></p>','<p>l</p>','07 66 79 18 69 OU 06 08 18 14 79','fnac.regionsud@gmail.com','https://www.agentcommercial.fr/','217, RUE DE ST GILLES','','30600','VAUVERT','Pascal SCHMITT','https://www.agentcommercial.fr/usr/documents/uploads/2023-08/05/photo-1_1.jpg','<p>Pour tout renseignement merci de nous contacter&nbsp; :</p>\r\n<p>Mail: fnac.regionsud@gmail.com</p>\r\n<p>T&eacute;l. : +33766791869</p>','Région Sud',9,'2024-04-30 07:47:04','2024-04-30 07:47:04'),(15,'Chambre Professionnelle des Agents Commerciaux de Paris - Île de France','https://www.agentcommercial.fr/usr/documents/uploads/2024-01/31/design-sans-titre-7.png','<p>&nbsp;</p>\r\n<p>La&nbsp;<strong>CPFAC</strong>&nbsp;(Chambre Professionnelle Francilienne des Agents Commerciaux) couvre les d&eacute;partements d&rsquo;Ile-de-France ainsi que l&rsquo;Yonne.&nbsp;</p>\r\n<p><strong>Notre chambre est essentiellement compos&eacute;e de b&eacute;n&eacute;voles</strong>, des Agents Commerciaux en activit&eacute; qui font b&eacute;n&eacute;ficier les autres d\'un peu de leur temps et de leur comp&eacute;tence afin d\'informer, aider et promouvoir notre profession.</p>\r\n<p>Notre ambition est d\'informer le plus grand nombre sur notre profession : que ce soit la personne qui, dans le cadre d\'un projet de vie, d&eacute;cide de devenir Agent Commercial apr&egrave;s une carri&egrave;re d&eacute;j&agrave; bien remplie, ou bien encore le chef d\'entreprise qui n\'a ni le temps ni les moyens mat&eacute;riels ou humains de d&eacute;velopper sa propre force de vente pour augmenter son chiffre d\'affaires. Pour commencer du bon pied, la <strong>R&eacute;union d&rsquo;information</strong>, d&eacute;di&eacute;e au d&eacute;marrage d&rsquo;activit&eacute;, l\'&nbsp;<strong>Adh&eacute;rencontre</strong> (r&eacute;unions informelles qui permettent l&rsquo;&eacute;change entre Adh&eacute;rents et non adh&eacute;rents, Agents Commerciaux en activit&eacute; ou sur le point de le devenir).</p>\r\n<p>Tout ce capital, h&eacute;rit&eacute; de nos pr&eacute;d&eacute;cesseurs et sans cesse enrichi et actualis&eacute;, nous permet d\'offrir &agrave; nos adh&eacute;rents tout un panel de services que vous pouvez d&eacute;couvrir sur notre site internet, <a href=\"http://www.cpfac.com/\">www.cpfac.com</a>, ou en nous contactant directement.<br />&nbsp;<br /><em>Nous sommes l&agrave; pour vous informer et vous accompagner tout au long de votre activit&eacute;.<br />N&rsquo;h&eacute;sitez pas, rejoignez-nous&nbsp;!</em></p>\r\n<p>Monique FERRAT</p>\r\n<p>Pr&eacute;sidente</p>','<p>&nbsp;</p>\r\n<p>&nbsp;</p>\r\n<p><span style=\"color: #000000;\"><strong><u>Domiciliation</u> :</strong><br />CPFAC<br />15 rue des Halles<br />75001 Paris</span><br /><em><strong>(Attention : pas de rdv physique &agrave; cette adresse</strong></em></p>\r\n<p>&nbsp;</p>\r\n<p>Pour nous joindre merci de nous adresser un mail :</p>\r\n<p>info@cpfac.com</p>\r\n<p><br /><span style=\"color: #843fa1;\"><strong>Pour adh&eacute;rer &agrave; la CPFAC, </strong></span><a title=\"Bulletin d\'adh&eacute;sion\" href=\"https://cpfac.com/bulletin-dadhesion/\" target=\"_blank\" rel=\"noopener\"><span style=\"color: #34495e;\"><strong><span style=\"color: #b96ad9;\"><span style=\"color: #843fa1;\">cliquez ici</span></span></strong></span></a><br />&nbsp;</p>','07 80 55 51 98','info@cpfac.com','https://www.cpfac.com','Domiciliation : 15 rue des Halles','','75001','Paris','Monique FERRAT','https://www.agentcommercial.fr/usr/documents/uploads/2021-12/03/win_20211022_08_38_09_pro-2.jpg','<p>Bonjour,</p>\r\n<p>Afin de nous rejoindre (ou de renouveler votre adh&eacute;sion) il vous suffit <a title=\"Renouvellement adh&eacute;sion\" href=\"https://cpfac.com/bulletin-dadhesion/?utm_source=sitefede&amp;utm_medium=adh&amp;utm_campaign=renouv_adh\" target=\"_blank\" rel=\"noopener\">de cliquer ici </a>et de remplir le bulletin d\'adh&eacute;sion.</p>\r\n<p>Vous pouvez choisir de r&eacute;gler votre cotisation de 474&euro; TTC (395&euro; HT pour une adh&eacute;sion de date &agrave; date) :<br />&rarr; en une fois par carte bancaire (module de paiement sous le bulletin d\'adh&eacute;sion)<br />&rarr; en une fois par virement (<a title=\"RIB CPFAC\" href=\"https://wordpress.cpfac.org/wp-content/uploads/2019/09/2019-CPFAC-RIB.pdf\" target=\"_blank\" rel=\"noopener\">vous trouverez notre RIB ici</a>)<br />&rarr; en une, deux ou trois mensualit&eacute;s par ch&egrave;que(s) &agrave; l\'ordre de la CPFAC (merci alors de nous retourner l&rsquo;ensemble de vos ch&egrave;ques, dat&eacute;s du jour de la signature, avec la date d\'encaissement inscrite au dos).</p>\r\n<p><strong>Attention&nbsp;</strong>: Conform&eacute;ment &agrave; <a title=\"CPFAC - Conditions G&eacute;n&eacute;rales de Vente\" href=\"https://cpfac.com/conditions-generales-de-vente/\" target=\"_blank\" rel=\"noopener\">nos CGV</a>, si vous ne renouvelez pas votre adh&eacute;sion dans les temps, la CPFAC se r&eacute;serve le droit de vous demander un compl&eacute;ment de cotisation de 225&euro;HT (270&euro;TTC) pour acc&eacute;der sans d&eacute;lais &agrave; l&rsquo;int&eacute;gralit&eacute; du service juridique et ce, jusqu&rsquo;&agrave; la fin du 6&egrave;me mois d&rsquo;adh&eacute;sion.</p>\r\n<p>Pour tout compl&eacute;ment d\'information, n\'h&eacute;sitez pas nous contacter :<br />07 80 55 51 98 | info@cpfac.com</p>','Paris - Île de France',10,'2024-04-30 07:47:04','2024-04-30 07:47:04'),(16,'F.N.A.C - R.A.B   Chambre Professionnelle des Agents Commerciaux de Rhône-Alpes Bourgogne ','https://www.agentcommercial.fr/usr/documents/uploads/2022-03/16/sea-nature-outdoor-person-mountain-cloud-17401-pxhere.com.jpg','<p class=\"MsoNormal\">&nbsp;</p>\r\n<p class=\"MsoNormal\" style=\"margin-left: -9.0pt; text-align: center;\" align=\"center\"><em><span style=\"font-size: 14.0pt; line-height: 107%; color: #4472c4; mso-themecolor: accent5;\">ADHERER , C\'EST PARTAGER LES M&Ecirc;ME VALEURS &hellip; RENOUVELER SON ADHESION &hellip;C\'EST LES DEFENDRE DE FACON INDIVIDUELLES ET COLLECTIVES ..</span></em></p>\r\n<p class=\"MsoNormal\">&nbsp;<span style=\"font-size: 14.0pt; line-height: 107%;\">Pour accroitre sa repr&eacute;sentativit&eacute;, et donc &ecirc;tre plus forte au sein de sa f&eacute;d&eacute;ration, la chambre professionnelle des agents commerciaux, invite tous les agents en exercices &agrave; la rejoindre. </span></p>\r\n<p class=\"MsoNormal\"><span style=\"font-size: 14.0pt; line-height: 107%;\">Contactez-nous sur <a href=\"mailto:cpara@gmail.com\">cpara@gmail.com</a> , pour en savoir plus. </span></p>\r\n<p class=\"MsoNormal\"><span style=\"font-size: 14.0pt; line-height: 107%;\">N&rsquo;oubliez pas notre slogan&nbsp;: &laquo; par les agents Co. pour les agents co &laquo;, car en ce moment, il faut se serrer les coudes pour tenir &laquo; la baraque &laquo; face aux d&eacute;fis qui se profilent&nbsp;!!</span></p>\r\n<p class=\"MsoNormal\"><strong><span style=\"color: #0070c0;\">&nbsp;</span></strong>Nous sommes bien chez les agents commerciaux,</p>\r\n<p class=\"MsoNormal\">Nous sommes les agents commerciaux</p>\r\n<p class=\"MsoNormal\">Nous sommes bien &agrave; la f&eacute;d&eacute;ration,</p>\r\n<p class=\"MsoNormal\">Nous sommes <strong>LA</strong> f&eacute;d&eacute;ration</p>\r\n<p class=\"MsoNormal\" style=\"margin-left: -9.0pt; text-align: center;\" align=\"center\"><span style=\"font-size: 14.0pt; line-height: 107%; color: #4472c4; mso-themecolor: accent5;\"> </span></p>\r\n<p class=\"MsoNormal\">Rejoignez nous ,vous y serez &laquo;&nbsp; chez vous &laquo; !!</p>\r\n<p class=\"MsoNormal\">&nbsp;</p>\r\n<div style=\"color: #222222; font-family: Arial, Helvetica, sans-serif; font-size: small; background-color: #ffffff;\">pr&eacute;sident,&nbsp;</div>\r\n<div style=\"color: #222222; font-family: Arial, Helvetica, sans-serif; font-size: small; background-color: #ffffff;\">Philippe TUFFERY</div>','<pre>&nbsp;</pre>\r\n<p><span style=\"color: #000000;\"><strong><u>Adresse</u>&nbsp; postale :</strong><br />FNAC RHONE ALPES BOURGOGNE<br /></span></p>\r\n<p>460 ROUTE DE TOULAUD&nbsp;</p>\r\n<p>LA JUSTICE</p>\r\n<p>07240 VERNOUX EN VIVARAIS&nbsp;</p>\r\n<p><a href=\"mailto:cpacrab@gmail.com%20%3c%3c%3c%3c%3c%3c%3c\">cpacra@gmail.com</a></p>\r\n<p><strong>Permanence sur rendez-vous</strong></p>\r\n<p>Monsieur BOIRON 06 85 73 59 03</p>\r\n<p>&nbsp;</p>\r\n<h2><strong>Membres du bureaux :</strong></h2>\r\n<p><strong>Philippe TUFFERY</strong>&nbsp; 06 08 95 89 17 president</p>\r\n<p><strong>Isabel CAMPANON</strong> 06 23 22 81 84 secretaire generale&nbsp;</p>\r\n<p><strong>&nbsp;Christophe BACH</strong>&nbsp; 06 23 54 41 15 tresorier&nbsp;</p>\r\n<p><strong>Nicolas DERMAUX</strong> ; 06 07 71 83 47 en charge des renouvellements d\'adhesion&nbsp;</p>\r\n<p><strong>Claude GIORGIO</strong>&nbsp; 06 60 46 99 18 d&eacute;legu&eacute;&nbsp; UNAPL et U2P metropole lyonnaise et 69</p>\r\n<p>&nbsp;I<strong>sabel CAMPANON</strong> 06 23 22 81 84 d&eacute;l&eacute;gu&eacute; UNAPL et U2P savoies 73&nbsp;</p>\r\n<p><strong>Michel BOIRON</strong> 06 85 73 59 03&nbsp; accueil des porteurs de projets et des primo- adherents</p>\r\n<p><strong>Jean louis&nbsp; REVAUD </strong>; r&eacute;ferent juridique</p>\r\n<p>&nbsp;</p>','  06 85 73 59 03 ','cpacra@gmail.com','','460 ROUTE DE TOULAUD','LA JUSTICE','07240','VERNOUX EN VIVARAIS','Philippe TUFFERY','https://www.agentcommercial.fr/usr/documents/uploads/2024-02/01/philippe-tuffery.png',NULL,'Rhône-Alpes Bourgogne',11,'2024-04-30 07:47:04','2024-04-30 07:47:04'),(17,'Chambre Professionnelle des Agents Commerciaux du Sud Ouest','https://www.agentcommercial.fr/usr/documents/images/chambres/lieu-sud-ouest.jpg','<p><strong>PROFESSIONNALISME ET CONVIVIALITE :</strong><br />L’ensemble de l’équipe que je représente a pour mission d’animer la FNAC-REGION SUD-OUEST avec deux axes prioritaires, comme suit :<br /> <br /><strong>Le Professionnalisme : </strong><br />En accompagnant les agents commerciaux dans l’exercice quotidien de leur fonction et en soutenant les créateurs dans leurs montages de projets<br /> <br /><strong>La Convivialité :</strong><br />En créant un authentique réseau de professionnels, en facilitant les échanges entre consœurs et confrères et en évitant l’isolement propre à notre profession.<br /> <br /><strong>NOS SERVICES :</strong></p>\r\n<ul>\r\n<li>Le suivi quotidien et le conseil juridique.</li>\r\n<li>Le soutien comptable fiscal et social.</li>\r\n<li>Les rendez-vous individuels de suivi comptable,</li>\r\n<li>Les actions de formation et le montage des dossiers de prise en charge auprès du FIF-PL.</li>\r\n<li>L’événementiel qui favorise les rencontres entre Agents Commerciaux et Chefs d’Entreprise : (FORUM, BoursOcarteS, les adhérencontres…).</li>\r\n<li>Les offres de cartes, françaises et étrangères.</li>\r\n<li>L’ensemble des prestations fédérales assurées à nos membres : (Revue de l’agent commercial, la carte professionnelle ouvrant droit aux offres privilégiées de partenariat, le contrat groupe « Protection Juridique », l’assurance Invalidité-Décès.</li>\r\n</ul>','<p><span style=\"color: #000000;\"><strong>Accueil téléphonique permanent :</strong> <br /></span></p>\r\n<p>Tel: 06 34 25 62 25</p>\r\n<p><strong>Accueil physique :</strong> <br />Exclusivement sur rendez-vous.</p>\r\n<p><span style=\"color: #000000;\"><strong>FNAC SUD-OUEST</strong><br />B.P. N° 128<br />33024 BORDEAUX CEDEX</span></p>\r\n<p><strong>Email: <a href=\"mailto:acx.sudouest@orange.fr\">acx.sudouest@orange.fr</a></strong></p>','06 34 25 62 25','acx.sudouest@orange.fr','','B.P N°128','','33024','Bordeaux','Sabri BERTUCAT','https://www.agentcommercial.fr/usr/documents/images/presidents/sabri-bertucat.jpg',NULL,'Sud-Ouest',12,'2024-04-30 07:47:04','2024-04-30 07:47:04'),(18,'Chambre Professionnelle des Agents Commerciaux de l\'Ile de La Réunion','https://www.agentcommercial.fr/usr/documents/images/chambres/lieu-ile-de-la-reunion.jpg','','<span style=\"color:#000000\"><strong>Permanence sur rendez-vous</strong></span><br />\r\n&nbsp;','-','sebastien.courteille@asalou.com','','-',NULL,'97400','Saint Denis',' -',NULL,NULL,NULL,13,'2024-04-30 07:47:04','2024-04-30 07:47:04'),(19,'Chambre test',NULL,'','','0213456789','cedric@gradual.fr','','','','','','Cédric',NULL,NULL,'Test',14,'2024-04-30 07:47:04','2024-04-30 07:47:04'),(20,'(nouveau)',NULL,NULL,NULL,NULL,NULL,NULL,NULL,NULL,NULL,NULL,NULL,NULL,NULL,NULL,15,'2024-04-30 07:47:04','2024-04-30 07:47:04');

--
-- Table structure for table `stripe_taxe_rate`
--

CREATE TABLE `stripe_taxe_rate` (
  `id` int NOT NULL AUTO_INCREMENT,
  `name` varchar(255) COLLATE utf8mb3_unicode_ci NOT NULL,
  `description` longtext COLLATE utf8mb3_unicode_ci,
  `percentage` int NOT NULL,
  `stripe_id` varchar(255) COLLATE utf8mb3_unicode_ci DEFAULT NULL,
  `inclusive` tinyint(1) NOT NULL DEFAULT '0',
  PRIMARY KEY (`id`)
) ENGINE=InnoDB AUTO_INCREMENT=2 DEFAULT CHARSET=utf8mb3 COLLATE=utf8mb3_unicode_ci;

--
-- Dumping data for table `stripe_taxe_rate`
--

INSERT INTO `stripe_taxe_rate` VALUES (1,'TVA 20%',NULL,20,'txr_1QD29EHaj0FV1sHH9bJ5JkSa',0);

--
-- Table structure for table `stripe_webhook`
--

CREATE TABLE `stripe_webhook` (
  `id` int NOT NULL AUTO_INCREMENT,
  `stripe_id` varchar(255) COLLATE utf8mb3_unicode_ci DEFAULT NULL,
  `enabled_events` longtext COLLATE utf8mb3_unicode_ci COMMENT '(DC2Type:array)',
  `description` longtext COLLATE utf8mb3_unicode_ci,
  `secret` longtext COLLATE utf8mb3_unicode_ci,
  `url` varchar(255) COLLATE utf8mb3_unicode_ci DEFAULT NULL,
  PRIMARY KEY (`id`)
) ENGINE=InnoDB AUTO_INCREMENT=3 DEFAULT CHARSET=utf8mb3 COLLATE=utf8mb3_unicode_ci;

--
-- Dumping data for table `stripe_webhook`
--

INSERT INTO `stripe_webhook` VALUES (2,'we_1QD29KHaj0FV1sHHCLYZ15OT','a:1:{i:0;O:38:\"Symfony\\Component\\String\\UnicodeString\":1:{s:9:\"\0*\0string\";s:26:\"checkout.session.completed\";}}','FNAC-WH','whsec_sSxy0b0RzV6PXlO0tArOonDVVH6UvykN','https://admin.agentcommercial.fr/../stripe/webhooks');

--
-- Table structure for table `user`
--

CREATE TABLE `user` (
  `id` int NOT NULL AUTO_INCREMENT,
  `email` varchar(180) COLLATE utf8mb3_unicode_ci NOT NULL,
  `roles` json NOT NULL,
  `password` varchar(255) COLLATE utf8mb3_unicode_ci NOT NULL,
  `last_name` varchar(255) COLLATE utf8mb3_unicode_ci DEFAULT NULL,
  `first_name` varchar(255) COLLATE utf8mb3_unicode_ci DEFAULT NULL,
  `gender` varchar(20) COLLATE utf8mb3_unicode_ci DEFAULT NULL,
  `birth_date` date DEFAULT NULL,
  `phone` varchar(255) COLLATE utf8mb3_unicode_ci DEFAULT NULL,
  `need_password_change` tinyint(1) DEFAULT NULL,
  `old_password` varchar(255) COLLATE utf8mb3_unicode_ci DEFAULT NULL,
  `created_at` datetime NOT NULL,
  `updated_at` datetime NOT NULL,
  `user_type` varchar(255) COLLATE utf8mb3_unicode_ci NOT NULL,
  `password_reset_token` varchar(255) COLLATE utf8mb3_unicode_ci DEFAULT NULL,
  `password_reset_token_expire_at` datetime DEFAULT NULL,
  PRIMARY KEY (`id`),
  UNIQUE KEY `UNIQ_IDENTIFIER_EMAIL` (`email`)
) ENGINE=InnoDB AUTO_INCREMENT=5134 DEFAULT CHARSET=utf8mb3 COLLATE=utf8mb3_unicode_ci;

--
-- Dumping data for table `user`
--

INSERT INTO `user` VALUES (1,'admin@fnac.fr','[\"ROLE_ADMIN\", \"ROLE_USER\", \"ROLE_ADMIN\"]','$2y$13$PheNtx91UYJZdt8j1OakXuxlwtCkWRzurRI2cPGNAo0lZIa4yoOSG','FNAC','Admin',NULL,NULL,NULL,NULL,NULL,'2024-04-30 07:14:37','2024-04-30 07:14:37','admin',NULL,NULL),(2,'company@fnac.fr','[\"ROLE_CUSTOMER_VALIDATED\", \"ROLE_CUSTOMER_VALIDATED\", \"ROLE_COMPANY\", \"ROLE_CUSTOMER\", \"ROLE_USER\"]','$2y$13$3qQFnchHjKV9ZF7s7RztL.KvKZ6ljf26zCvHySySomiwl0.83of5O','FNAC','Company',NULL,NULL,NULL,NULL,NULL,'2024-04-30 07:14:51','2024-05-23 15:09:40','company',NULL,NULL),(3,'commercial@fnac.fr','[\"ROLE_CUSTOMER_VALIDATED\", \"ROLE_CUSTOMER_VALIDATED\", \"ROLE_COMMERCIAL_AGENT\", \"ROLE_CUSTOMER\", \"ROLE_USER\"]','$2y$13$S9GWMZmx59a8axGX7XT10uQBTCnA.u/FGtb6X8qS3h4/zR46tQd2W','FNAC','Commercial',NULL,'2024-10-23',NULL,0,NULL,'2024-04-30 07:15:02','2024-10-29 15:53:07','commercial',NULL,NULL),(4,'embassy@fnac.fr','[\"ROLE_CUSTOMER_VALIDATED\", \"ROLE_CUSTOMER_VALIDATED\", \"ROLE_EMBASSY\", \"ROLE_CUSTOMER\", \"ROLE_USER\"]','$2y$13$H/8hP/yjDJVkAXYLupt6kOWza.6yw9JUsHGPe5R.3KnV9mcCEE73S','FNAC','Embassy','male','2024-10-14',NULL,NULL,NULL,'2024-04-30 07:15:12','2024-10-29 15:53:37','embassy',NULL,NULL),(5,'monteiros@ccilf.pt','[\"ROLE_EMBASSY\", \"ROLE_CUSTOMER\", \"ROLE_USER\", \"ROLE_EMBASSY\"]','$2y$13$5cO2eyZZzLfUQRDF/iul1e4vCUDUs3ga4fBoCp9Q7afqTQWK2JT/S','MONTEIRO','Silvia','male','2019-11-06','-',0,'8C1BF8108857F97915648101CB6ED04419691372A50FCA857C265086F79B9CB08CD04A3D','2024-04-30 07:58:59','2024-10-29 15:53:43','embassy',NULL,NULL),(6,'f.chasteau@rika-tech.com','[\"ROLE_COMPANY\", \"ROLE_CUSTOMER\", \"ROLE_USER\", \"ROLE_COMPANY\"]','$2y$13$Zbh1oS4W6EUQsHTp7e8FBObGO.aThFM2p2ODi8aneDhlKoTl.m9Wu','CHASTEAU','Fran','male',NULL,'_',0,'A01F107525E38A96CF08C01EF5873796EBFDAC670997BA4B67F19C3A51F7F2D77B4527A8','2024-04-30 07:59:07','2024-10-29 15:53:49','company',NULL,NULL),(7,'b.dumont07@wanadoo.fr','[\"ROLE_COMPANY\", \"ROLE_CUSTOMER\", \"ROLE_USER\", \"ROLE_COMPANY\"]','$2y$13$./vrmYHf9x5pxoAABffDFudesncuqIxM5ewvdvZM9A9PfIx3jwUwi','DUMONT','Bernard','male',NULL,'_',0,'213DA936966C2653D37F399AD4E4E3F9F023604F839FCBB8E71B90E40072B08F776C3A86','2024-04-30 07:59:15','2024-10-29 15:53:54','company',NULL,NULL),(8,'ruppenthal-france@orange.fr','[\"ROLE_COMPANY\", \"ROLE_CUSTOMER\", \"ROLE_USER\", \"ROLE_COMPANY\"]','$2y$13$zJ/UH3OJjpNhy3uWTACnz.QZ8jblejG9m5GEPLU25/FmX3zjiNB.K','SERRA','Jean','male',NULL,'01 44 61 93 00',0,'E4B4CB2A4049F71C3547C69A70E841A9381DFB4BB3B476D0095017B395598A63162078BA','2024-04-30 07:59:22','2024-10-29 15:53:58','company',NULL,NULL),(9,'direction@les-3ours.fr','[\"ROLE_COMPANY\", \"ROLE_CUSTOMER\", \"ROLE_USER\", \"ROLE_COMPANY\"]','$2y$13$KQPDhtcrBZqtm7Z2Fa8BCexQcE6/rdc3EV0QrbaaRXQun3wwrb9GK','COLIN','Frederic','male',NULL,'05 55 32 60 23',0,'953698481897AFFFF8C3E43BD665BD5DC29073A8E14BE655D83B9A4DF1B48797FB868F00','2024-04-30 07:59:30','2024-10-29 15:54:01','company',NULL,NULL),(10,'cvieira@grupo-catarino.pt','[\"ROLE_COMPANY\", \"ROLE_CUSTOMER\", \"ROLE_USER\", \"ROLE_COMPANY\"]','$2y$13$fMV7Fu/YIOXNVK4gwl0cbO7X7rsRIma7fh3hG3EIcnkM6tZWzeDIS','Catarino','Jorge','male',NULL,'0035 12 314 614 11',0,'0D76732EF2592695575CB7F8EAD650A671B283204ADC88E9B7F33080BFF976B963285883','2024-04-30 07:59:37','2024-10-29 15:54:05','company',NULL,NULL),(11,'stephane@neoka.fr','[\"ROLE_COMPANY\", \"ROLE_CUSTOMER\", \"ROLE_USER\", \"ROLE_COMPANY\"]','$2y$13$12.KlE9RAR/2gr62BgdsnectMj/7jKvjWhJtHuxQLk5YBo4A5orNe','PALAIS','St','male',NULL,'04 77 92 05 34',0,'F9CEDBCF1E422E833879595FB707DCB6E90F06D4ACCDD8911F896BD5BAF8F54951DD85AD','2024-04-30 07:59:44','2024-10-29 15:54:08','company',NULL,NULL),(12,'catchupskillsseminars@gmail.com','[\"ROLE_COMPANY\", \"ROLE_CUSTOMER\", \"ROLE_USER\", \"ROLE_COMPANY\"]','$2y$13$3xv5/d08GVmHI74/zc2jreI8aOnEPayfTXKlMCnu04uF0AUSByxPC','Peterson','Rosalind','male',NULL,'_',0,'A90D317DB424B34EC7736858B973412B31FD6809E5277E2E42698A1DCFA4A9830445840A','2024-04-30 07:59:52','2024-10-29 16:25:49','company',NULL,NULL),(13,'anarel.france@orange.fr','[\"ROLE_COMPANY\", \"ROLE_CUSTOMER\", \"ROLE_USER\", \"ROLE_COMPANY\"]','$2y$13$YKsSddARqYGo2HQNQZqtwOJyXMww1hxaHDR75GxILTRCkcQH91LF6','CHERIOT','Bertrand','male',NULL,'03 25 46 98 65',0,'35D1F41D26974F2983E6FEC711C7B5A317D88E778DC518FD5DE0F8BEDD8A7EC3C2688E07','2024-04-30 07:59:59','2024-10-29 16:26:02','company',NULL,NULL),(14,'r.boulinguez@vap-production.com','[\"ROLE_COMPANY\", \"ROLE_CUSTOMER\", \"ROLE_USER\", \"ROLE_COMPANY\"]','$2y$13$wXTX7PAV5RQjknrrLFHTAuxfVHBHfZ1ooTrgWNQCQy3wWsMOwYhC.','BOULINGUEZ','Rodolphe','male',NULL,'_',0,'F34CC1FB448F04A493C50D80C117A95CC0C3B98C1C0DCFC961380FDA09BE7E486421F4B4','2024-04-30 08:00:07','2024-10-24 19:07:03','company',NULL,NULL),(15,'opfoodproduct@yahoo.fr','[\"ROLE_COMPANY\", \"ROLE_CUSTOMER\", \"ROLE_USER\", \"ROLE_COMPANY\"]','$2y$13$HkODvbNK.tPffHG0stMY5Orw0mMSZDC1gAcqkse4Mxhj5Sev/Cq56','LECLERE','JP','male',NULL,'_',0,'6E790583A05CBBD2C3D53B88EBB586D6841A3A3968447B5D6201A16D23569E856C4EE4FB','2024-04-30 08:00:14','2024-10-24 19:07:03','company',NULL,NULL),(16,'info@illaparis.com','[\"ROLE_COMPANY\", \"ROLE_CUSTOMER\", \"ROLE_USER\", \"ROLE_COMPANY\"]','$2y$13$XgCyTlhgrb.G.x/5CIMMUeKwl7bd33YwFr9hz6mG9ggfiILv6DPci','MASSON','Hugo','male',NULL,'_',0,'2B1376817978C4BC0EBB5FB2325D4D6C6059D96181A8EA58F71FEF6E5A572E3C4C314A82','2024-04-30 08:00:22','2024-10-24 19:07:03','company',NULL,NULL),(17,'xavier.croux@orange.fr','[\"ROLE_COMPANY\", \"ROLE_CUSTOMER\", \"ROLE_USER\", \"ROLE_COMPANY\"]','$2y$13$fZMJJn.nOIor6OcdnxWUxuZpLS3P1KICTrM0rift.4oIOTl3zJ.Pi','CROUX','Xavier','male',NULL,'_',0,'7D8434E088B92AC61D99411E38E192D05A1311386CB38DFB6E2332186A37C76B0687115A','2024-04-30 08:00:29','2024-10-29 16:19:33','company',NULL,NULL),(18,'conceptbois@live.fr','[\"ROLE_COMPANY\", \"ROLE_CUSTOMER\", \"ROLE_USER\", \"ROLE_COMPANY\"]','$2y$13$awMYaE2OH0GZKacQ1YcIRuwrbS7wB95XmCBnnWJrC8fsbzj204jEK','_','_','male',NULL,'_',0,'D07DA7C607D5E434C015109F27765F6B321B3ED2E8A6855AFCBE20DE6D38C540607E8C51','2024-04-30 08:00:37','2024-10-24 19:07:03','company',NULL,NULL),(19,'liiss35@orange.fr','[\"ROLE_COMPANY\", \"ROLE_CUSTOMER\", \"ROLE_USER\", \"ROLE_COMPANY\"]','$2y$13$xxUW/jKP0X28uPWxMpvAHuRIHBNu.H5mk1sbw.obSPJqh5f7E9o8e','PHELIPPEAU','Jean','male',NULL,'02 99 80 62 37',0,'17BE0BF7BC089A76D1C44718E7608384A0AD6F7C333AB93EAB0F160797D9144CA253A3AD','2024-04-30 08:00:44','2024-10-24 19:07:03','company',NULL,NULL),(20,'chateaudelacquy@gmail.com','[\"ROLE_COMPANY\", \"ROLE_CUSTOMER\", \"ROLE_USER\", \"ROLE_COMPANY\"]','$2y$13$9fOo.9ejZufHHPhD7JP.HOLELEWgxLlpvHEC8V/RBNyGcm12ObI22','DEBOISSESON','V','male',NULL,'05 58 03 88 22',0,'B6F0679D1F23848D58B9C7C5D3A0C8C2946C1999482BE4858D14E084963E3F104AF1D291','2024-04-30 08:00:52','2024-10-29 16:19:53','company',NULL,NULL),(21,'contact@lasavonneriedupilonduroy.com','[\"ROLE_COMPANY\", \"ROLE_CUSTOMER\", \"ROLE_USER\", \"ROLE_COMPANY\"]','$2y$13$V3RuypiNWw7rr4VoNlkrceKXYscRlKqz/fUhANzGQVhHFm6r4BCx2','Muracioli','Anne','male',NULL,'04 42 62 13 38',0,'47B41702B314A30DE11932F70CA0AEC926D2E681AE306EE3FCF1342DFD5AA063482839C1','2024-04-30 08:00:59','2024-10-24 19:07:03','company',NULL,NULL),(22,'aurelia@creatingbags.fr','[\"ROLE_COMPANY\", \"ROLE_CUSTOMER\", \"ROLE_USER\", \"ROLE_COMPANY\"]','$2y$13$ZlMRXpeUCl5DvLNu8rHdKORjQ2JAG606sklaovvK1eCVRgnGkfTBa','SIERRA','Aurelia','male',NULL,'01 84 88 38 67',0,'76ECC19ECDC27E8590E1E14667018EAE3659B26851E26B5B078C72FCF5589781EAFBC30F','2024-04-30 08:01:07','2024-10-24 19:07:03','company',NULL,NULL),(23,'jack@expresstoughening.com','[\"ROLE_COMPANY\", \"ROLE_CUSTOMER\", \"ROLE_USER\", \"ROLE_COMPANY\"]','$2y$13$18z4wCWiCWRxUJp6usa2ze1sbghZTNJVh4XJ2FDKAYothpc45vNUq','_','_','male',NULL,'_',0,'B3FFF289683D8711B49AF6580AC3953549110C19C89A169CC60421D4AEEA2632BA5E9E28','2024-04-30 08:01:14','2024-10-24 19:07:03','company',NULL,NULL),(24,'express.lp@wanadoo.fr','[\"ROLE_COMPANY\", \"ROLE_CUSTOMER\", \"ROLE_USER\", \"ROLE_COMPANY\"]','$2y$13$xBOyf4RNmS6wHO6CuND3qOf086EhWYNBV9byzhbVS20BqmNx14n1e','BRODIN','Eric','male',NULL,'01 64 54 77 86',0,'8B36C1CED8A514F46E7B3D1CB4B2A26AFE4302200F32932356E9DAAE8E10DFF4526F5CF0','2024-04-30 08:01:22','2024-10-24 19:07:03','company',NULL,NULL),(25,'cheneau@scoval.fr','[\"ROLE_COMPANY\", \"ROLE_CUSTOMER\", \"ROLE_USER\", \"ROLE_COMPANY\"]','$2y$13$OytxielHel4ZwpvcNQSSBu5bCRckPW3KW6AUfTycozL9j0okBfZN.','CHENEAU','Thierry','male',NULL,'02 38 22 08 12',0,'1D0FF119A21D5C8466F27434E9A4545FFA9508BCEFC57ECF34FD6CDEF2A43E90D4F439E5','2024-04-30 08:01:29','2024-10-24 19:07:03','company',NULL,NULL),(26,'a.cadillon@alltranslogistic.com','[\"ROLE_COMPANY\", \"ROLE_CUSTOMER\", \"ROLE_USER\", \"ROLE_COMPANY\"]','$2y$13$9hmXehPHSVByGZ.X3nwvT.HBfsZGYt95REv4JYdJrt.mbkhoVFYYG','CADILLON','Andr','male',NULL,'352 26 36 52 20',0,'2772B8363073F204F6DCC0115D91276280CAF84D30D6EEDD95B0BC7B98326740C2BB9EF7','2024-04-30 08:01:37','2024-10-24 19:07:03','company',NULL,NULL),(27,'aguth@ipn-eurocentre.com','[\"ROLE_COMPANY\", \"ROLE_CUSTOMER\", \"ROLE_USER\", \"ROLE_COMPANY\"]','$2y$13$.09dcB0nc2gTmmKvM.u9LO41MkYdolxrhFsglpUChKrLVGjo2TyQ2','GUTH','Anita','male',NULL,'03 89 20 43 78',0,'43A03DCE14BEBA107662CEF6E472CBB48E2EC5B2FAB9DE91464B0E39F66A332E16DFD770','2024-04-30 08:01:44','2024-10-24 19:07:03','company',NULL,NULL),(28,'h.fiedler@friedrich-lederwaren.de','[\"ROLE_COMPANY\", \"ROLE_CUSTOMER\", \"ROLE_USER\", \"ROLE_COMPANY\"]','$2y$13$Dx8Tpl75eBNoItMBWtEF2OPj.Gz3lG.M00sa11QUaim0m6ajNE9Ny','FRIEDRICH','Marius','male',NULL,'09 17 09 49 20',0,'A916B573B4175CCB1CAEA2179683A87F98AED5CA4452DF8BAF8D8B01EDABC134E13D0212','2024-04-30 08:01:51','2024-10-24 19:07:03','company',NULL,NULL),(29,'fabien.marquis@champagne-collet.com','[\"ROLE_COMPANY\", \"ROLE_CUSTOMER\", \"ROLE_USER\", \"ROLE_COMPANY\"]','$2y$13$W8g3gEtWfTCI78pie5KXO.2Z4Wo1o7uDa6Xa5ni0VCbgVJ90KjfaC','MOREAUX','Eric','male',NULL,'_',0,'18FC4471DAD25EE9E2CDFB0E5E9C409760C7BF44684DC3A9D273D38330560E0B91B40B85','2024-04-30 08:01:59','2024-10-24 19:07:03','company',NULL,NULL),(30,'contact@cigaroma.fr','[\"ROLE_COMPANY\", \"ROLE_CUSTOMER\", \"ROLE_USER\", \"ROLE_COMPANY\"]','$2y$13$pKxDE7eZjjLHyDHH.L4bDeoSPHdg16J6rAno/jcp1sZ3wSayFjDRK','CHEN','L','male',NULL,'01 48 46 14 05',0,'75A434AD89945004F5325490B190D93A5A5D3F52FB3D8E9098A7DC7437CA5A32D66648A4','2024-04-30 08:02:07','2024-10-24 19:07:03','company',NULL,NULL),(31,'contact@icfperformance.com','[\"ROLE_COMPANY\", \"ROLE_CUSTOMER\", \"ROLE_USER\", \"ROLE_COMPANY\"]','$2y$13$mmTOGDQ.AuBYTo4SzBm5Vu25V/bmz6EJpJox4LlmbB6MUFgyVSU3y','HOLLICK','Bradley','male',NULL,'_',0,'E317AF226840CD41BE81CA1A72DD71B76EB725390D52A7BB66F44B93919B1A8F745F5263','2024-04-30 08:02:14','2024-10-24 19:07:03','company',NULL,NULL),(32,'laurent@idpark.eu','[\"ROLE_COMPANY\", \"ROLE_CUSTOMER\", \"ROLE_USER\", \"ROLE_COMPANY\"]','$2y$13$itF5tyoa.wyMyLzgiFNIqOs8V7dTV31cWE4r2JTLBUmjYAnmLwpsC','HANZCAR','Laurent','male',NULL,'_',0,'5D3B2A2CAED3836B78B981A189A682F29D85EDBF7E355E222CCF05E7740DB47A9B32C06F','2024-04-30 08:02:22','2024-10-24 19:07:03','company',NULL,NULL),(33,'roger.ernandez@gmail.com','[\"ROLE_COMPANY\", \"ROLE_CUSTOMER\", \"ROLE_USER\", \"ROLE_COMPANY\"]','$2y$13$XdSjnYbwJlGtoOniOY6K5eykdGm9b7n47rlmWdi13bq/eAWsTnaJi','ERNANDEZ','Roger','male',NULL,'_',0,'ED9092D988D92C03A3D6036051E9E40A2465A7166B3C25A6005BC7311650D9353D104528','2024-04-30 08:02:30','2024-10-24 19:07:03','company',NULL,NULL),(34,'lois.blot@prettl.com','[\"ROLE_COMPANY\", \"ROLE_CUSTOMER\", \"ROLE_USER\", \"ROLE_COMPANY\"]','$2y$13$pATfA15QLuvYoPtGgQxHwOWsf5N1pOT9d1OrwymKHoESSTosm22Si','BLOT','Loïc','male',NULL,'-',0,'46B29A74698BD470FDE4D3E5A9568D546C977443273CBDA143F15B1B8125DA540B4156B2','2024-04-30 08:02:37','2024-10-24 19:07:03','company',NULL,NULL),(35,'contact@pelicoat.com','[\"ROLE_COMPANY\", \"ROLE_CUSTOMER\", \"ROLE_USER\", \"ROLE_COMPANY\"]','$2y$13$vdnJR2PG79HYQIeDr/ffZetrL0ycys90TM5Zp3jbJ1VcjYS3uryh2','DUJARDIN','Rodolphe','male',NULL,'03 20 34 42 43',0,'1A658BA931246F5770F65BFC1E9075C4C5A32275A67D684A35116979D4EBC9E819FBFD7D','2024-04-30 08:02:45','2024-10-24 19:07:03','company',NULL,NULL),(36,'thomas.dangin@remax.com','[\"ROLE_COMPANY\", \"ROLE_CUSTOMER\", \"ROLE_USER\", \"ROLE_COMPANY\"]','$2y$13$rcl35t/K9k44RFW.yfgCdeUgGtVGDDAwX.vk1m4GlMo0/xbD0IRBO','DANGIN','Thomas','male',NULL,'_',0,'D245C74555149501E2B5FE3F9471F54C28F0C8A95279DD00BF9F78CA701C3230A13B7FC5','2024-04-30 08:02:52','2024-10-24 19:07:03','company',NULL,NULL),(37,'alain.gaillard@stoc-environnement.fr','[\"ROLE_COMPANY\", \"ROLE_CUSTOMER\", \"ROLE_USER\", \"ROLE_COMPANY\"]','$2y$13$gl44Whwg4qiegnDuzQPqpOHKTxtF.HksiXLKjJgN6J2CBYdlVPZsC','NAREYDOO','Sandra','male',NULL,'_',0,'6AFBB55824139C9A805B12FB6F88A8FB8B11201C3517B1DE405142943D6769A3F721FDA1','2024-04-30 08:03:00','2024-10-24 19:07:03','company',NULL,NULL),(38,'aguichet@vignobles-saint-tropez.com','[\"ROLE_COMPANY\", \"ROLE_CUSTOMER\", \"ROLE_USER\", \"ROLE_COMPANY\"]','$2y$13$CJZkpiR.GZnK8iZ5AVA.duHFK2FMySx/5aeBX9WrirKkROs8BNgES','GUICHET','Alain','male',NULL,'_',0,'A94D21AFC581496B48A7214158DBBFFEEE969382B28552CCE4B8370A41473B03F2983416','2024-04-30 08:03:08','2024-10-24 19:07:03','company',NULL,NULL),(39,'jaka.toplak@iskra-isd.si','[\"ROLE_COMPANY\", \"ROLE_CUSTOMER\", \"ROLE_USER\", \"ROLE_COMPANY\"]','$2y$13$kggXcwrOqYE3dYIX//htX.8dn9yBnokIHwwMFkMaOXXLRu5dmLx8i','HAFISAR','Igor','male',NULL,'(+386) 41 506 532',0,'73618BF28B95532847A620D120EC4C18AA75D18F3FE3B27716103BEC225E6D7B30E635FA','2024-04-30 08:03:15','2024-10-24 19:07:03','company',NULL,NULL),(40,'partenaires@cloudeco.fr','[\"ROLE_COMPANY\", \"ROLE_CUSTOMER\", \"ROLE_USER\", \"ROLE_COMPANY\"]','$2y$13$st9RE8v53ZyXZUTmLPLeJOkIlhm.49DOFOj/mb2b71wd.U6mzqEJm','MARTINEZ','Sandra','male',NULL,'01 71 80 94 86',0,'9611CC726653C5250E61B71582EF2CD521E673C1D16478AE3733F3DD33438630EB95EEB9','2024-04-30 08:03:22','2024-10-24 19:07:03','company',NULL,NULL),(41,'sandra@jgorbe.com','[\"ROLE_COMPANY\", \"ROLE_CUSTOMER\", \"ROLE_USER\", \"ROLE_COMPANY\"]','$2y$13$niovXGhz7Tbe61WMkhnjA.Quc9q8fqHU1rTUTv1tYsClTohW9xRp2','PANAFIEU','Sandra','male',NULL,'349 78 60 70 02',0,'6E24934A399A2527DC386B74A2F87BE7EA966D5A58931C82A349C7CFC4FEF6ECFB840678','2024-04-30 08:03:30','2024-10-24 19:07:03','company',NULL,NULL),(42,'stephane.gilanton@icloud.com','[\"ROLE_COMPANY\", \"ROLE_CUSTOMER\", \"ROLE_USER\", \"ROLE_COMPANY\"]','$2y$13$SxSmTwFHLwWpy2tBB3DzDu2HyqjmI0SuONZuR2KLp/GTBUdff7RIi','GILANTON','Etienne','male',NULL,'_',0,'618F6A18B5FEAE844430A2745E37B50778EA248F6F967EB7E58B4242BF3AEDB6E7BBDA2C','2024-04-30 08:03:37','2024-10-24 19:07:03','company',NULL,NULL),(43,'loukoukoffi2000@yahoo.fr','[\"ROLE_COMPANY\", \"ROLE_CUSTOMER\", \"ROLE_USER\", \"ROLE_COMPANY\"]','$2y$13$wKx2JyGZDkbu1mKrNDa7MekXHabRBNOQyqTnsGxs8wgdUfftDbXPu','LOUKOU','KoffiGuillaume','male',NULL,'01 53 24 93 69',0,'2628346B8E4942CD03948BDC2CDE6DDB130C7E3971130FE6A2CC60159F991233F73F36A3','2024-04-30 08:03:45','2024-10-24 19:07:03','company',NULL,NULL),(44,'florence.duliscouet@wanadoo.fr','[\"ROLE_COMPANY\", \"ROLE_CUSTOMER\", \"ROLE_USER\", \"ROLE_COMPANY\"]','$2y$13$8A5Iph28ntHM2sKPhf2cDuuxggqEmTKEUOg7724MvFU6UApjpXVTC','Duliscouet','Florence','male',NULL,'02 97 65 00 55',0,'E061FCF4F022C7C64C0327FEE4DA55506C6D2CF0EC7E811624A4B6945E4AD4D710CCDA8B','2024-04-30 08:03:52','2024-10-24 19:07:03','company',NULL,NULL),(45,'contact@weyt-even.com','[\"ROLE_COMPANY\", \"ROLE_CUSTOMER\", \"ROLE_USER\", \"ROLE_COMPANY\"]','$2y$13$.MxI0/y1XNMDxjwTY3UUVOgrJvoR47O7z69yjZhyQw2sOBZW/aYLC','MORIN','Milene','male',NULL,'04 37 03 57 35',0,'3BE89F0EE0127301AB0CB066B9AEB78E1B72B4B944810EFFBDE1C71B0E9FD7AFD0790EE7','2024-04-30 08:04:00','2024-10-24 19:07:03','company',NULL,NULL),(46,'jean.akerman@yahoo.fr','[\"ROLE_COMPANY\", \"ROLE_CUSTOMER\", \"ROLE_USER\", \"ROLE_COMPANY\"]','$2y$13$7gWqP1pEgPGnme4xyHN1PefXWS4HPySFSFZHAwqi5LGy0vi2rhwM2','AKERMAN','Jean','male',NULL,'_',0,'50212282E4D017B5472E07FC738DE1A431DEAB67B2A40B95BD6E5D640F6F82C3A0E53E4A','2024-04-30 08:04:07','2024-10-24 19:07:03','company',NULL,NULL),(47,'contact@qrpost.fr','[\"ROLE_COMPANY\", \"ROLE_CUSTOMER\", \"ROLE_USER\", \"ROLE_COMPANY\"]','$2y$13$KSAQM3.qBcZPVpratnmik.u9pjbzEnn68ZgJBtH0OTlTGp4n8nOH2','BERNS','Laurent','male',NULL,'08 20 20 14 22',0,'E65329BAEE933CB3B793F5B836D8E70088ED2E1F22DED84E9C1BFA47BC1950593D20AAF7','2024-04-30 08:04:15','2024-10-24 19:07:03','company',NULL,NULL),(48,'contact@mouvance-paris.com','[\"ROLE_COMPANY\", \"ROLE_CUSTOMER\", \"ROLE_USER\", \"ROLE_COMPANY\"]','$2y$13$Ucj.uGPfBIxQLTxKGAI/NujzelnBt1Tz1o8wzMbrd/Y8iiHbhVf4i','YE','Lizhen','male',NULL,'01 48 06 57 96',0,'084AB5B0026D485D90DAF3735F1CEC4317D9F208B71233D0672E0177BD8824AC5367FB7A','2024-04-30 08:04:22','2024-10-24 19:07:03','company',NULL,NULL),(49,'export@bora-bora.es','[\"ROLE_COMPANY\", \"ROLE_CUSTOMER\", \"ROLE_USER\", \"ROLE_COMPANY\"]','$2y$13$ZvkigOgXJxT4p49G9wb37evbuL26YQYi790OwZEKKeMVZNi2QEUTW','ROSER','Corbera','male',NULL,'349 35 75 41 04',0,'793715BCB14EE093F5E1FE72052D65EF9EAF2F231263428DA519E4788FB661B817CC9DEA','2024-04-30 08:04:30','2024-10-24 19:07:03','company',NULL,NULL),(50,'alaune-bonnet@orange.fr','[\"ROLE_COMPANY\", \"ROLE_CUSTOMER\", \"ROLE_USER\", \"ROLE_COMPANY\"]','$2y$13$JqB1TLMgjjLSeDFlJoih3eicdb5.E7MNwZPLRlA8zDUtvVgIbnPfG','LAUNE','Aur','male',NULL,'04 66 85 60 44',0,'1B116608D526B3C83CE5AE3E8D7B8A316006F208C089E54DA0E0AA03391319A971C2AA2F','2024-04-30 08:04:37','2024-10-24 19:07:03','company',NULL,NULL),(51,'contact@telegraphique.com','[\"ROLE_COMPANY\", \"ROLE_CUSTOMER\", \"ROLE_USER\", \"ROLE_COMPANY\"]','$2y$13$1nE/CFead8npHezrMWrhHuaZJgoTu89xZh1yTs5bw4OxfAjF2LLOy','DEFERAUDY','Basile','male',NULL,'01 84 17 74 11',0,'DBAA18D224004A284818858B501E4A36A5BBA345F6E99D35155CC81B1DD261E086CBE5C6','2024-04-30 08:04:45','2024-10-24 19:07:03','company',NULL,NULL),(52,'a.heit@aterno.com','[\"ROLE_COMPANY\", \"ROLE_CUSTOMER\", \"ROLE_USER\", \"ROLE_COMPANY\"]','$2y$13$yPbz85Ij6zfMU/54eEoFdOIrRGzb352.Yoatxlw/AKGvnYB4NWfOK','HEIT','Aline','male',NULL,'03 88 55 15 15',0,'655A9DCF8DC4FCC9620D452D7B0576A0BB7DAA4637A49EBB909A1A18296105E595AE676A','2024-04-30 08:04:52','2024-10-24 19:07:03','company',NULL,NULL),(53,'patricia.bernie@mbfrance.fr','[\"ROLE_COMPANY\", \"ROLE_CUSTOMER\", \"ROLE_USER\", \"ROLE_COMPANY\"]','$2y$13$IFtjCEUiht6./RKPLYJPgeqvmDaAocD80Xtp/KuMqjj3.33TWQTKC','BERNIE','Patricia','male',NULL,'3904 45 30 81 48',0,'5DFA2D7C458CA7AF90A2E340BACAB783E2EC8544365BA1D0677D415D9502A1BF7935242B','2024-04-30 08:05:00','2024-10-24 19:07:03','company',NULL,NULL),(54,'cristina_hirsch@impro-eu,com','[\"ROLE_COMPANY\", \"ROLE_CUSTOMER\", \"ROLE_USER\", \"ROLE_COMPANY\"]','$2y$13$HqharL6Co1P1Q6pcIgwtPO1dpQKuUsqR8FJbfuc9IwUPvdlvuJXZu','KALMAN','Piroska','male',NULL,'352 26 26 29 36',0,'699A97BD4E96EDBFC36ADD2F22AD95009802B1DA442FF945642FA6A89A1D53E91991E57D','2024-04-30 08:05:08','2024-10-24 19:07:03','company',NULL,NULL),(55,'maurice.bataille@hdmedia.fr','[\"ROLE_COMPANY\", \"ROLE_CUSTOMER\", \"ROLE_USER\", \"ROLE_COMPANY\"]','$2y$13$y8XEsb2U6OAj9bsiA3i1Bu2Ie7Jctrs340ojRw/px.4Ida02TJW..','BATAILLE','Maurice','male',NULL,'_',0,'E356E6A340CF3B7E1247960DCE5CE885F8D55865013E18334888B9901D4EB615A959B7CF','2024-04-30 08:05:15','2024-10-24 19:07:03','company',NULL,NULL),(56,'jcd.conseils@jcd-conseils.fr','[\"ROLE_COMPANY\", \"ROLE_CUSTOMER\", \"ROLE_USER\", \"ROLE_COMPANY\"]','$2y$13$6zBm61L6Z84RheDzRRHs.e0CyLizV9lC8s4N4X4ZVBp13J65mPOnu','DETHIER','Jean-Claude','male',NULL,'_',0,'D86ECE7E7DBD835071EDB764FF73827FED052EE76166E34F5ECBF48D6CE7AC5E705F240A','2024-04-30 08:05:23','2024-10-24 19:07:03','company',NULL,NULL),(57,'accueil@ageme.fr','[\"ROLE_COMPANY\", \"ROLE_CUSTOMER\", \"ROLE_USER\", \"ROLE_COMPANY\"]','$2y$13$wHLzUqRGSOR8SN5DiPCOWOwfafKEggoG9P0osQGjK8H7NvbCUYhQq','SIATTE','Fran','male',NULL,'03 87 82 88 24',0,'50A238325B5C4C35F011CB013151F3B1440356C22EF9E538813FECA0B65B71C2EAD56545','2024-04-30 08:05:30','2024-10-24 19:07:03','company',NULL,NULL),(58,'ventas@satesana.com','[\"ROLE_COMPANY\", \"ROLE_CUSTOMER\", \"ROLE_USER\", \"ROLE_COMPANY\"]','$2y$13$l21vFQMJVoaA5Y4raDdXsOEI.u7S0wLum2f3wN9npenUh2n0.3TYG','GLARIA','Teresa','male',NULL,'349 76 30 61 61',0,'11DCE2809767257B9849107E085EBA347E7B4AE42FB174AB7C804342DF578DC0A79112FE','2024-04-30 08:05:38','2024-10-24 19:07:03','company',NULL,NULL),(59,'vincentmaranon@free.fr','[\"ROLE_COMPANY\", \"ROLE_CUSTOMER\", \"ROLE_USER\", \"ROLE_COMPANY\"]','$2y$13$MndH1g9hrK54ED/PrsrzFuf7GdMlWEcwVcX2tqd1R9xzpL0qOSivm','MARANON','Vincent','male',NULL,'_',0,'9115AAD592D8A23206D3957E1023C308C3E6E4189802E3310785E8F0FFEF875B2F971DA6','2024-04-30 08:05:45','2024-10-24 19:07:03','company',NULL,NULL),(60,'frederiquedupont@cevam.com','[\"ROLE_COMPANY\", \"ROLE_CUSTOMER\", \"ROLE_USER\", \"ROLE_COMPANY\"]','$2y$13$t50ZgdgE3Z0mjDhjS4NwB./2l8MF5bvPMLDrgpwmniUQMH8JuRc5q','DUPONT-OLIVIER','Fr','male',NULL,'04 71 76 83 63',0,'4511B96E29A397385A7FEDAF1B5F10C3B0FD657F57DEB94C841900F327E2BB2A079A6689','2024-04-30 08:05:53','2024-10-24 19:07:03','company',NULL,NULL),(61,'gifetal@wanadoo.fr','[\"ROLE_COMPANY\", \"ROLE_CUSTOMER\", \"ROLE_USER\", \"ROLE_COMPANY\"]','$2y$13$qUbAp7rPTbPO.tYZOKLuuO6kSIJV0dlrV3/p6DzLOiCrtDNBv7TN.','WAGNER','Jean-Luc','male',NULL,'04 72 42 06 06',0,'1DAC00CA6AEF84FF9EAA5E604EBF2A80B63E85A5B38EB2EF7648DD9644F56889E049B98B','2024-04-30 08:06:01','2024-10-24 19:07:03','company',NULL,NULL),(62,'e.corbillon@tourequipement.fr','[\"ROLE_COMPANY\", \"ROLE_CUSTOMER\", \"ROLE_USER\", \"ROLE_COMPANY\"]','$2y$13$HbgDXHstZMRrdGb3lyJY2eT8d3Sq5mZqsWiRHKsPkYzHrOzS3cD2q','CORBILLON','Eric','male',NULL,'_',0,'75F973206447D9C8EA650325CC876148EE86AF9A3C2468505F987D8A3BD53556E4436287','2024-04-30 08:06:08','2024-10-24 19:07:03','company',NULL,NULL),(63,'f.waechter@silverwavemedical.com','[\"ROLE_COMPANY\", \"ROLE_CUSTOMER\", \"ROLE_USER\", \"ROLE_COMPANY\"]','$2y$13$xPDGcj.BGbMW03PpfUHaOOPj5Rq3UOeXfLoFvISWg4o0QG2rdZj7q','BOS','Gilles','male',NULL,'04 50 08 70 91',0,'FF2E03B4A3A7CA4DDB56C45ED9847DF5C9E9A12B85FB54DDF06EE5F310783E7BE7FEA45D','2024-04-30 08:06:16','2024-10-24 19:07:03','company',NULL,NULL),(64,'contact@euporos.ch','[\"ROLE_COMPANY\", \"ROLE_CUSTOMER\", \"ROLE_USER\", \"ROLE_COMPANY\"]','$2y$13$X8AOtGgRL8IrhCf/CUgiwuEqyt/IhpS3ZVemqKWawgrikef1pcoy6','SCHNEIDER','Louis','male',NULL,'(+41) 27 566 66 66',0,'DA968DEE8F951778F23859739ABA0BBB4E30BF4E862AA755B72F3806BFA85DD9AC0BA01A','2024-04-30 08:06:23','2024-10-24 19:07:03','company',NULL,NULL),(65,'jacques.brans@gmail.com','[\"ROLE_COMPANY\", \"ROLE_CUSTOMER\", \"ROLE_USER\", \"ROLE_COMPANY\"]','$2y$13$K6FR0JDKMTQkvqWDH6lf0edUWshPPNz5xHSGM70Wpk8co6O1DYYlW','EMANOGLE','Gabriella','male',NULL,'3901 71 91 14 50',0,'3A91456EDA46F591A17DA4AAEF4FA908CA95A938009F3816C5704B711ACBAB7520FA9039','2024-04-30 08:06:31','2024-10-24 19:07:03','company',NULL,NULL),(66,'fer.exterior@theca.es','[\"ROLE_COMPANY\", \"ROLE_CUSTOMER\", \"ROLE_USER\", \"ROLE_COMPANY\"]','$2y$13$ffRhP7bcBwhoftmBuxSvV.ePe1YY7rH0zPrxUBC/pE9kwG88OhvIy','_','_','male',NULL,'346 20 26 02 69',0,'C887F0E3DC2A74ECBFEAE2C70DE87D721C4672AAA85772041541862CE03E373E78E5B827','2024-04-30 08:06:38','2024-10-24 19:07:03','company',NULL,NULL),(67,'contact@nateko-lodges.com','[\"ROLE_COMPANY\", \"ROLE_CUSTOMER\", \"ROLE_USER\", \"ROLE_COMPANY\"]','$2y$13$DCebrfpMhywuMwk3OJKu9uCsLqW1RnpUaA.exnAayljfFH2ATgi.e','PERRIN','Marie','male',NULL,'_',0,'7B593150D01871B5D887BA48904EEF736447BF3A93A5F6B69D2C80B9C216CB1B7F2A4C06','2024-04-30 08:06:46','2024-10-24 19:07:03','company',NULL,NULL),(68,'contact@dkicorp.fr','[\"ROLE_COMPANY\", \"ROLE_CUSTOMER\", \"ROLE_USER\", \"ROLE_COMPANY\"]','$2y$13$xah7g99p1fRTlXy6tbNHRukRCTbrJJrJ4YpIMG2YX79DBg2Mplpnq','KAZI','Doris','male',NULL,'09 83 99 00 83',0,'FABCD8FDF5B1BACA1A45A9A5E15080E20185B296B7D1E4629C123B795FD62A46C58ADF14','2024-04-30 08:06:53','2024-10-24 19:07:03','company',NULL,NULL),(69,'goetgeluck@symoparasols.com','[\"ROLE_COMPANY\", \"ROLE_CUSTOMER\", \"ROLE_USER\", \"ROLE_COMPANY\"]','$2y$13$2gtW0xPR5fXJfqP/zKL1hu29i6t8Iwum9fqHPnZWT1kow.U5N49E2','Goetgeluck','Peter','male',NULL,'0032 50 32 07 95',0,'530C01A3E0902AA39B72E91F3A77D059F5BABE7398EDD4330B8EA365FFFB8005A33A86E3','2024-04-30 08:07:01','2024-10-24 19:07:03','company',NULL,NULL),(70,'bo@jbl-conseil.fr','[\"ROLE_COMPANY\", \"ROLE_CUSTOMER\", \"ROLE_USER\", \"ROLE_COMPANY\"]','$2y$13$4m6FtALVL/bmGzQKMCQdI.eciZVozG7HJ9t77cR5lAXaUQL.0rBrC','OGER','Bruno','male',NULL,'02 41 49 01 85',0,'D565D49945509D76B2F3A58716DDC7941A5B343957CBD98F7FB774E0000F88100F9365D8','2024-04-30 08:07:08','2024-10-24 19:07:03','company',NULL,NULL),(71,'charly.d@seedertech.com','[\"ROLE_COMPANY\", \"ROLE_CUSTOMER\", \"ROLE_USER\", \"ROLE_COMPANY\"]','$2y$13$P2Kc4atrOpyh69VeT5wjOe4sSe8rvR66BBBwiv7o0OBlQIHkTwN32','DELAUNAY','Charly','male',NULL,'_',0,'1F2FB44768355B181EB7F1A920E14D71492B83917E90B5A40FF1EBE68CE2FC17DBD12F7C','2024-04-30 08:07:16','2024-10-29 16:18:05','company',NULL,NULL),(72,'oberle@camarafrancesa.es','[\"ROLE_EMBASSY\", \"ROLE_CUSTOMER\", \"ROLE_USER\", \"ROLE_EMBASSY\"]','$2y$13$E5a7HgWP3ipRHjA7EY2bf.ghXsuClfHtOKmFoiWoEkpRRUDIuoDPy','OBERLE','Véronique','male',NULL,'00 34 93 270 24 50',0,'F604162CC47CF1D4C91841C446BEEAE0E0799EA1418A428B1C93360E8584DEFDE51EB615','2024-04-30 08:07:23','2024-10-29 16:18:01','embassy',NULL,NULL),(73,'rramosab@comercio.mineco.es','[\"ROLE_CUSTOMER_VALIDATED\", \"ROLE_CUSTOMER_VALIDATED\", \"ROLE_EMBASSY\", \"ROLE_CUSTOMER\", \"ROLE_USER\"]','$2y$13$JSg2DW5ctp7KdQrv9ax1qeIy8OXvDRhiPz6yN5g4Em5Mod6GdxOPe','RAMOS','RoseMarie','male',NULL,'01 53 57 95 65',0,NULL,'2024-04-30 08:07:31','2024-11-04 10:29:49','embassy',NULL,NULL),(74,'mbutterbrodt@francoallemand.com','[\"ROLE_CUSTOMER_VALIDATED\", \"ROLE_CUSTOMER_VALIDATED\", \"ROLE_EMBASSY\", \"ROLE_CUSTOMER\", \"ROLE_USER\"]','$2y$13$tSorrdneWYeOB20YCD3to.XKbCxLUugstCNCjB5MAWZPPrc5MQFCa','BUTTERBRODT','Monika','male',NULL,'01 40 58 35 23',0,'285ADF839DF72520873B2B77C6FEA7C5C4B97BE9995B39DDF619FA35DE4CDD8DAB69A72A','2024-04-30 08:07:38','2025-03-04 16:07:23','embassy','IuSugp7KNn4hMrj-r9RM9w8r9baf6Shd23v1n3U0Y_A','2024-11-14 13:11:23'),(75,'fgomez@camaradealava.com','[\"ROLE_EMBASSY\", \"ROLE_CUSTOMER\", \"ROLE_USER\", \"ROLE_EMBASSY\"]','$2y$13$P6DrH.Z0tSF/ktYlBsk2q.378z0qXKTVuFGxjmB5ZQS0Ylydr5ymO','GOMEZ','Fidel','male',NULL,'0034945141800',0,'3444C626B428E18C0F3089045DC7D9AC289B6A1E005D6A50E62B2D2F84924229FE7E0634','2024-04-30 08:07:46','2024-10-29 16:17:50','embassy',NULL,NULL),(76,'paris@czechtrade.cz','[\"ROLE_EMBASSY\", \"ROLE_CUSTOMER\", \"ROLE_USER\", \"ROLE_EMBASSY\"]','$2y$13$Jr9BE3lnOpVib69B1E3uvecdSjlc2sV/oxACY5sWV/WaSAqIhTngC','Blazek','Vitezslav','male',NULL,'+33142011662 (Téléph',0,'06520672D3FA753227EDCC7A78E53E78ABCFE281A57A58F0B2BBCE4CBC58C33720CD7465','2024-04-30 08:07:53','2024-10-29 16:17:41','embassy',NULL,NULL),(77,'maite.internacional@fer.es','[\"ROLE_EMBASSY\", \"ROLE_CUSTOMER\", \"ROLE_USER\", \"ROLE_EMBASSY\"]','$2y$13$V7AjNwo0ba/Lekb63av5/.C6Ph7NG6BT4Srj9dlTRCig64cYUZKEK','-','-','male',NULL,'-',0,'36FA9F2DBA4080F8ABF16961AD9306B599D2762E9A9CAABDF70DB0A4B22B07F8D91D4FF1','2024-04-30 08:08:01','2024-10-29 16:17:37','embassy',NULL,NULL),(78,'puissantolivier@orange.fr','[\"ROLE_COMMERCIAL_AGENT\", \"ROLE_CUSTOMER\", \"ROLE_USER\", \"ROLE_COMMERCIAL_AGENT\"]','$2y$13$SRt8Tm47cu.Ex7qhu89ezuPriXvh65bCY7pUDG/45FZGRX3KJVEpq','Puissant','Olivier','male',NULL,'05 58 06 89 63',0,'D3D8D282FE311A50892CBB2F19C7BA5CB3BB9CD534791CFF5967A9CA0DD2F994DD5FAEE2','2024-04-30 08:08:08','2024-10-29 15:25:13','commercial',NULL,NULL),(79,'valerie.steineur@orange.fr','[\"ROLE_COMMERCIAL_AGENT\", \"ROLE_CUSTOMER\", \"ROLE_USER\", \"ROLE_COMMERCIAL_AGENT\"]','$2y$13$IwKsabbrqGUwQpsz3Bi9LebLSQ6gQMjKG2Vhp48l8L.Jg/A5cHR2S','STEINEUR','Valérie','male',NULL,'02 41 82 36 48',0,'BD73C09015A16BE36AB0B7A438A34C67ECDC32B947681CEE9218E8AE5240DEDCA6DB1D08','2024-04-30 08:08:16','2024-10-29 15:25:14','commercial',NULL,NULL),(80,'vp.alain@gmail.com','[\"ROLE_COMMERCIAL_AGENT\", \"ROLE_CUSTOMER\", \"ROLE_USER\", \"ROLE_COMMERCIAL_AGENT\"]','$2y$13$Z69dXqJLB8TpuHy6UdxNtug8v/kBUgVRQsQuGeHS7re9NbCPrRi.a','Alain','vanderpoorte','male',NULL,'-',0,'30C16261B3DF4CA272B7DC30D941DE3762C8933323699A785317AA1FAAE0FF78E2AB7115','2024-04-30 08:08:23','2024-10-29 15:25:14','commercial',NULL,NULL),(81,'ventesami@gmail.com','[\"ROLE_COMMERCIAL_AGENT\", \"ROLE_CUSTOMER\", \"ROLE_USER\", \"ROLE_COMMERCIAL_AGENT\"]','$2y$13$V0.94cXxkT7PdfHd8w9GTex.geFcxA7umvX2LM2PEWTS2M6Xkt8FO','Martin','Analia','male',NULL,'06 77 99 70 19',0,'6179A276B9A25AD2863328DD3574257D4E1E395474FF8C93E7FF150B49ED8CD57B40FFB6','2024-04-30 08:08:31','2024-10-29 15:25:14','commercial',NULL,NULL),(82,'daniel.laborde45@gmail.com','[\"ROLE_COMMERCIAL_AGENT\", \"ROLE_CUSTOMER\", \"ROLE_USER\", \"ROLE_COMMERCIAL_AGENT\"]','$2y$13$cXOq0W2UF38lFK7SMtWiiuniDXqYm0fXxuwPoJ7YQpjqvDVMGv8/2','daniel','laborde','male',NULL,'02 38 95 71 29',0,'158D67C8B4678257FFB63946C3B3DD6CF486DEF94C4EFFF54093EA806A82C53108CFF164','2024-04-30 08:08:38','2024-10-29 15:25:14','commercial',NULL,NULL),(83,'interauto05@gmail.com','[\"ROLE_COMMERCIAL_AGENT\", \"ROLE_CUSTOMER\", \"ROLE_USER\", \"ROLE_COMMERCIAL_AGENT\"]','$2y$13$CV3o.ooPLWzA7TvWjm0LCOlu6NmPhUq94IJ7a6EERpvoTEdcInjBW','-','Albi','male',NULL,'06 77 14 20 94',0,'3E57EC2EB93E8F25A80CBEA1CEE8535023A5E3CD7421FFC97E6CAE1C1C3D1150C6DECF41','2024-04-30 08:08:46','2024-10-29 15:25:14','commercial',NULL,NULL),(84,'pnkappdiffusion@orange.fr','[\"ROLE_COMMERCIAL_AGENT\", \"ROLE_CUSTOMER\", \"ROLE_USER\", \"ROLE_COMMERCIAL_AGENT\"]','$2y$13$/gAHlAdPhpqcGeV9THFMp.6jZFPcAP64Bnm1AY5nVeQF6U03P/XTq','NORMAND','philippe','male','1967-07-29','06 99 80 75 10',0,'3BF9983371EB6DF5657F7A2F7F2A3D2D8E4962DB7118F18E3063EB752A37A58958DCEA77','2024-04-30 08:08:53','2024-10-29 15:25:14','commercial',NULL,NULL),(85,'pascal.tingaud0055@orange.fr','[\"ROLE_COMMERCIAL_AGENT\", \"ROLE_CUSTOMER\", \"ROLE_USER\", \"ROLE_COMMERCIAL_AGENT\"]','$2y$13$lu2kEi5YI4OyafeLhSiksuBmwVw0ymVvLJZlri8ujvWfdAwtWpMee','TINGAUD','Pascal','male',NULL,'05 46 06 39 68',0,'8E9872E00C8B759AB327FC4CBF834FBAD23CD7B025B857BE979DBE164DE18FE33BD5FE1C','2024-04-30 08:09:01','2024-10-29 15:25:14','commercial',NULL,NULL),(86,'erick.colombe@free.fr','[\"ROLE_COMMERCIAL_AGENT\", \"ROLE_CUSTOMER\", \"ROLE_USER\", \"ROLE_COMMERCIAL_AGENT\"]','$2y$13$.zAEa.mrVYbBFLJ8gHx92.yLIgJOQqFNptLDD9umxYWTin0b6reyG','COLOMB','Erick','male',NULL,'02 99 53 58 89',0,'D581E3E9CBD7EB6DF182EB871E9B75AA61E0086F6A0FD1B4C8C60020DC13499BDFD677EB','2024-04-30 08:09:09','2024-10-29 15:25:14','commercial',NULL,NULL),(87,'bpmo@orange.fr','[\"ROLE_COMMERCIAL_AGENT\", \"ROLE_CUSTOMER\", \"ROLE_USER\", \"ROLE_COMMERCIAL_AGENT\"]','$2y$13$4Nql8gCLeMeCWUNtWzGi2u/jioavG8I.qeej48GwJbn/b44ae.Zla','MOREAU','Philippe','male',NULL,'02 96 32 21 27',0,'F62F42D3C47A054BEDF0B154582C46FB8C316F6E91E76CCCCA64DF637BC5CEEB809C2BE9','2024-04-30 08:09:17','2024-10-29 15:25:14','commercial',NULL,NULL),(88,'morauxsylvain@outlook.fr','[\"ROLE_COMMERCIAL_AGENT\", \"ROLE_CUSTOMER\", \"ROLE_USER\", \"ROLE_COMMERCIAL_AGENT\"]','$2y$13$Lstc/R4BCGur/YB.RVLc8.ITgQW0lyG6UnDQaw5IzPAoZCajddgwO','MORAUX','Sylvain','male',NULL,'01 74 59 43 47',0,'9584E4A9C32F9619F3D746EF74B7DE4A94434399384DD8F8804BDFAE0F94AF27E9E210B4','2024-04-30 08:09:24','2024-10-29 15:25:14','commercial',NULL,NULL),(89,'dominiquepallisco@hotmail.fr','[\"ROLE_COMMERCIAL_AGENT\", \"ROLE_CUSTOMER\", \"ROLE_USER\", \"ROLE_COMMERCIAL_AGENT\"]','$2y$13$5OGJn7BA3nmOj67ccFxDyebll7zvmKnAPeqzMZEjMp8mtjL5tzm5m','PALLISCO','Dominique','male',NULL,'06 99 29 71 71 ',0,'53E8207FE7C7A1F80E9A246C6A589AE94E94AA50020FBCC2B84EC3187979818B5B3777F4','2024-04-30 08:09:32','2024-10-29 15:25:14','commercial',NULL,NULL),(90,'contact@acs-pack.fr','[\"ROLE_COMMERCIAL_AGENT\", \"ROLE_CUSTOMER\", \"ROLE_USER\", \"ROLE_COMMERCIAL_AGENT\"]','$2y$13$9wOHSXvm2Zhc2r4tZfoHeepbFkmVIzMGbNDnHjynwdtiArGFi5ZXW','ALLIMANT','Alexandre','male','1974-02-18','06 80 02 87 53',0,'78FFB7BA01C63A4A126D5277AF044DF6C64E8E765CA7BF9B136B7FA1D6DB95870EC4F0C6','2024-04-30 08:09:39','2024-10-29 15:25:14','commercial',NULL,NULL),(91,'aede-sarl@orange.fr','[\"ROLE_COMMERCIAL_AGENT\", \"ROLE_CUSTOMER\", \"ROLE_USER\", \"ROLE_COMMERCIAL_AGENT\"]','$2y$13$.GdZNehNcQ1q/QAuhdJdA.t2g9WZDy4186Ma.0En7gkB4.1ax03xC','LANG','Jacques','male',NULL,'05 59 85 86 27',0,'4D7DA53D7ABDB3816665464E0BB34E0713DECDBF7083801D7E3D908356C521DB175A5CCB','2024-04-30 08:09:46','2024-10-29 15:25:14','commercial',NULL,NULL),(92,'bernier.frederic@sfr.fr','[\"ROLE_COMMERCIAL_AGENT\", \"ROLE_CUSTOMER\", \"ROLE_USER\", \"ROLE_COMMERCIAL_AGENT\"]','$2y$13$gFMJo9jDiJ58gwhQxqISU.KkYC4nLIpHkMnH7TyCiEnpKDky8A1Ia','FREDERIC','BERNIER','male',NULL,'05 49 22 33 27',0,'DFF4A7B0C43DB8B52D567D89246B0B3700988D981AACFE18E0ADE9E94E67480C691C6AD2','2024-04-30 08:09:54','2024-10-29 15:25:14','commercial',NULL,NULL),(93,'vincentb@bbox.fr','[\"ROLE_COMMERCIAL_AGENT\", \"ROLE_CUSTOMER\", \"ROLE_USER\", \"ROLE_COMMERCIAL_AGENT\"]','$2y$13$eWvphZzTQIpWcFNe5eva8ONtHIqvXnSlS3Ml7AfZdfzDJNA2B6hYW','BIOLLU','Vincent','male',NULL,'04 37 41 64 73',0,'FCE4C0A7B7E4D414E617C1C4D66C4DA820AE2949CAA937E4DB98E7EBA0C3A63C6B96FBE2','2024-04-30 08:10:01','2024-10-29 15:25:14','commercial',NULL,NULL),(94,'maffacom.conseils@gmail.com','[\"ROLE_COMMERCIAL_AGENT\", \"ROLE_CUSTOMER\", \"ROLE_USER\", \"ROLE_COMMERCIAL_AGENT\"]','$2y$13$QhwGXjvRiQ.xMhx0.xBoGewj.LLEFrw6jDh.g1Npn2UYyruXGhf2i','AFFANE','MOHAMED','male',NULL,'01 43 83 35 29',0,'C11985B8894E5C61766BEDBEEFA73C0A9E33238B13FA0BE660BA5EB14F1B26E744AE9DC9','2024-04-30 08:10:09','2024-10-29 15:25:14','commercial',NULL,NULL),(95,'paolovalore.rive@gmail.com','[\"ROLE_COMMERCIAL_AGENT\", \"ROLE_CUSTOMER\", \"ROLE_USER\", \"ROLE_COMMERCIAL_AGENT\"]','$2y$13$3.bK2NfZIYghv/l8KYsTrOsivfbdPFYigTbX5kChoRrbHkis9/osm','VALORE','PAOLO','male',NULL,'06 86 53 20 22',0,'A965BE13A13C58AD3BF763FBE9931204835B80452B2D3EF191BA93F2E5D3DF7190238DB8','2024-04-30 08:10:17','2024-10-29 15:25:14','commercial',NULL,NULL),(96,'patrick.baudemont@numericable.fr','[\"ROLE_COMMERCIAL_AGENT\", \"ROLE_CUSTOMER\", \"ROLE_USER\", \"ROLE_COMMERCIAL_AGENT\"]','$2y$13$BHerPoBl7m6rqYDZG3DDZe3twVOtviudgeq24fYpP2VEo7FqQZpya','Patrick','BAUDEMONT','male',NULL,'03 62 89 52 06',0,'F6ECDD691AAFE94B770286FA2277244D473F0FA63A051C2269006A09F8C395C505803B65','2024-04-30 08:10:24','2024-10-29 15:25:14','commercial',NULL,NULL),(97,'stephaniefontaine.pro@gmail.com','[\"ROLE_COMMERCIAL_AGENT\", \"ROLE_CUSTOMER\", \"ROLE_USER\", \"ROLE_COMMERCIAL_AGENT\"]','$2y$13$2GYPFKw4DEXv/aLxsvA5kOMWwubG3plF7LbAs5GO4p/zbE7ouoHVa','Fontaine','Stphanie','male',NULL,'06 15 57 97 61',0,'7CEDD16C6C0A0DD0CBA7F8E11BD569807C1A1F39BFCE18AB3F2D604B91C5D4DA1DD436B2','2024-04-30 08:10:32','2024-10-29 15:25:14','commercial',NULL,NULL),(98,'vpfmoda@gmail.com','[\"ROLE_COMMERCIAL_AGENT\", \"ROLE_CUSTOMER\", \"ROLE_USER\", \"ROLE_COMMERCIAL_AGENT\"]','$2y$13$0XlEWkoPklctZ5fpSGfJYuOKQldQYaivJBzlu0gcX6ln8Yg8TOycu','FERNANDES','Valérie','male','1970-02-08','06 09 73 17 34',0,'2B400316C2E419B39901AABFC328C6C4E28CD5F17337FDFCCD141BB076A4CC5297FE8781','2024-04-30 08:10:39','2024-10-29 15:25:14','commercial',NULL,NULL),(99,'chr.durand@gmx.fr','[\"ROLE_COMMERCIAL_AGENT\", \"ROLE_CUSTOMER\", \"ROLE_USER\", \"ROLE_COMMERCIAL_AGENT\"]','$2y$13$oWkEoKTY9JzLzaaG4yamdehUZullyWINph7/4mp2z8RXlL7T12rDG','DURAND','Christine','male',NULL,'06 62 41 16 50',0,'911C428704BDB73F89F44C4D179472DEEDAC2F0DAB05C5C4773D036506635E0693FDC34B','2024-04-30 08:10:47','2024-10-29 15:25:14','commercial',NULL,NULL),(100,'contact@daner.fr','[\"ROLE_COMPANY\", \"ROLE_CUSTOMER\", \"ROLE_USER\", \"ROLE_COMPANY\"]','$2y$13$nxKNZTRB7S.6voXpSMaTlOFAcXDsfvNJ8v/OXDWpzW18slxqA4t5u','LAFOND','Emmanuel','male',NULL,'04.66.20.80.00',0,'0CC25089C1833625975097D98BD3EAE024C2D0BFB496727DD555CC13780834F18ED0B506','2024-04-30 08:10:54','2024-10-24 19:07:04','company',NULL,NULL),(101,'francoise.lebourhis@lucilin.fr','[\"ROLE_COMPANY\", \"ROLE_CUSTOMER\", \"ROLE_USER\", \"ROLE_COMPANY\"]','$2y$13$GrMcMx9se3ZooqI.uuBhV.wi8ljpo4fDgQQQ3iMxitGmCgJ94hsrO','LEBOURHIS','FRANCOISE','male',NULL,'-',0,'D5905330AD04EB257D130350A5D725D01299E9455DE5C5FBA0103991E12127E1E7BDA4E7','2024-04-30 08:11:01','2024-10-24 19:07:04','company',NULL,NULL),(102,'vbiollu@outlook.fr','[\"ROLE_COMPANY\", \"ROLE_CUSTOMER\", \"ROLE_USER\", \"ROLE_COMPANY\"]','$2y$13$L43USLoPZRoLfq9PfFhdheURKttK2EAAKN8cnyou6vcVzZBLA8dTS','BIOLLU','Vincent','male',NULL,'0437416473',0,'53A6980997BCE1B263B48F86091A5168363680B6D18F8476580C02D50B59E4816395C48B','2024-04-30 08:11:09','2024-10-24 19:07:04','company',NULL,NULL),(103,'emsteiner@wanadoo.fr','[\"ROLE_COMPANY\", \"ROLE_CUSTOMER\", \"ROLE_USER\", \"ROLE_COMPANY\"]','$2y$13$gzA9wya940BIQYZguDzl3.Y3fFpGpM0mt/wcpBjAdyZkMc7nBu68W','Steiner','Emmanuel','male',NULL,'0477458741',0,'5D5A689530BA8E8B39D0BEFCD52ECFC5D78F6BEE8A18AC1E38489146C43A8C8458FF0386','2024-04-30 08:11:16','2024-10-24 19:07:04','company',NULL,NULL),(104,'contact@neodoxa.fr','[\"ROLE_COMPANY\", \"ROLE_CUSTOMER\", \"ROLE_USER\", \"ROLE_COMPANY\"]','$2y$13$c93drQxaUsiAyhHLyKF75untMBJnEii8lx7WxkSCaWU/a3IVE2z0m','LECLERCQ','Ludivine','male',NULL,'0647147159',0,'88691D4513AD2EFB4353617DAAB1DEC80A542E541CC164D3FF682194039FC7496A772CAD','2024-04-30 08:11:24','2024-10-24 19:07:04','company',NULL,NULL),(105,'aweyrich@wanadoo.fr','[\"ROLE_COMPANY\", \"ROLE_CUSTOMER\", \"ROLE_USER\", \"ROLE_COMPANY\"]','$2y$13$X3os94lZVeAux5BED7JeUuuokZ7A/nMS0ZH34IBY/7.n5ptnzzC6S','WEYRICH','Nicholas','male',NULL,'0967149628',0,'3D5F7E5FD23ED2DACAFE67168E36E7806A2E0889C2EA7BFDC41A1CC31F8719551423E504','2024-04-30 08:11:32','2024-10-24 19:07:04','company',NULL,NULL),(106,'thierry.fleury.ceramiques@wanadoo.fr','[\"ROLE_COMMERCIAL_AGENT\", \"ROLE_CUSTOMER\", \"ROLE_USER\", \"ROLE_COMMERCIAL_AGENT\"]','$2y$13$WDlOCbHP5Aw7Fyqda1Shh.0hZ41bIal4QoIJtFDHwuelgN1KcTvE6','FLEURY','Thierry','male',NULL,'02 99 99 10 58',0,'E07E49DAAC372413203921C3127D52F7FB631E8FEC76DC02752B744B009D2E74D29A352F','2024-04-30 08:11:39','2024-10-29 15:25:15','commercial',NULL,NULL),(107,'erwann@agence-guyard.com','[\"ROLE_CUSTOMER_VALIDATED\", \"ROLE_COMMERCIAL_AGENT\", \"ROLE_CUSTOMER\", \"ROLE_USER\"]','$2y$13$T5rdgTJ1yhN92qqOkNNTcO5oDC1kbgyvfoAgWEzFlmVVlExm2.KDi','GUYARD','Erwann','male','1950-04-02','01 34 91 22 20',0,NULL,'2024-04-30 08:11:47','2025-02-09 13:21:22','commercial',NULL,NULL),(108,'cordier@calixo.net','[\"ROLE_COMMERCIAL_AGENT\", \"ROLE_CUSTOMER\", \"ROLE_USER\", \"ROLE_COMMERCIAL_AGENT\"]','$2y$13$FNfYM1dlxJDiVg5Th7QPteEazRxoWcA8yFvWqtt7mdTKs5HNvu3YS','CORDIER','Etienne','male',NULL,'06 81 52 09 12',0,'70415DCE3BC451164960847E44C7977C10772C58EDD9C4E0660D334CDC9D6347C4B3EEC1','2024-04-30 08:11:55','2024-05-02 07:12:04','commercial',NULL,NULL),(109,'anne-adfabrics@orange.fr','[\"ROLE_COMMERCIAL_AGENT\", \"ROLE_CUSTOMER\", \"ROLE_USER\", \"ROLE_COMMERCIAL_AGENT\"]','$2y$13$v4qs5YE5l80EinwVV7U8iOnggmPAXOOeG8Os0a1W5Xq8FgmDpKdV2','FABRE','Anne','male',NULL,'01 30 90 64 03',0,'BD95F55ED5282B840ABB20368D8782CA8174893FDA12B76146FC70EEEB116BA0243ABDE9','2024-04-30 08:12:03','2024-10-29 15:25:15','commercial',NULL,NULL),(110,'pascalfacon78@gmail.com','[\"ROLE_COMMERCIAL_AGENT\", \"ROLE_CUSTOMER\", \"ROLE_USER\", \"ROLE_COMMERCIAL_AGENT\"]','$2y$13$hA.K7zdDcUkhR7o.qvZbHuF.9r2.2JfbEiAjm2ZnuK4AUYrv7SMGu','FACON','Pascal','male',NULL,'06 88 91 67 13',0,'27AB6DA2B8FEB242F9FC8C70A162B3240164FB0D176339A0570AC13D520AA77D5DF40144','2024-04-30 08:12:10','2024-10-29 15:25:15','commercial',NULL,NULL),(111,'gh07@orange.fr','[\"ROLE_COMMERCIAL_AGENT\", \"ROLE_CUSTOMER\", \"ROLE_USER\", \"ROLE_COMMERCIAL_AGENT\"]','$2y$13$41AF/Zr1GlmlHa.E7Jzw0.6aUYx0ggnzSijNFGygilNHK9tH/uc36','HUSSONG','Georges','male',NULL,'04 75 41 48 95',0,'E3785864E638CF57CAC55023CB2CE123E71AE81B09B35E059461BD725A92E2A7DF8374CF','2024-04-30 08:12:18','2024-10-29 15:25:15','commercial',NULL,NULL),(112,'lesbros.m@gmail.com','[\"ROLE_COMMERCIAL_AGENT\", \"ROLE_CUSTOMER\", \"ROLE_USER\", \"ROLE_COMMERCIAL_AGENT\"]','$2y$13$hKkKwySUh0OLnveFWwtIeupgcQ0tR4Dj68SCy3RNJT64zlbsHqFIC','LESBROS','Magali','male',NULL,'06 87 86 03 52',0,'00817B1CE2EEB3B6BBD7BFF27A563388908F23E9D0AF2705A7560492EF232FB3F49D4737','2024-04-30 08:12:25','2024-10-29 15:25:15','commercial',NULL,NULL),(113,'yvan@lc2d.com','[\"ROLE_COMMERCIAL_AGENT\", \"ROLE_CUSTOMER\", \"ROLE_USER\", \"ROLE_COMMERCIAL_AGENT\"]','$2y$13$wMf38NTXQ.p9cf9vzC68Du7WY7OVvjXs4EOFM0/Y5mi9YUfzK/72C','BAVENCOFF','Yvan','male','1976-06-11','04 67 55 90 90',0,'75B9E111D07C7B0847E845AA4CB3999A213C9DF90C5115D7E955B16C5D2177F4221EE55C','2024-04-30 08:12:33','2025-03-01 15:17:56','commercial',NULL,NULL),(114,'contact@dkp-laque.fr','[\"ROLE_COMMERCIAL_AGENT\", \"ROLE_CUSTOMER\", \"ROLE_USER\", \"ROLE_COMMERCIAL_AGENT\"]','$2y$13$LgF2WL72PKmMS3zgUg1a2ep1663KHeGvXftJfWxjSWgOVraLwfsoS','FERREIRA','Paul','male',NULL,'06 50 39 46 14',0,'270D517E1772F695224A7F8ABAEA2C78E6043E98F47D38778DBF67391B181C9F290701AF','2024-04-30 08:12:40','2024-10-29 15:25:15','commercial',NULL,NULL),(115,'marc.giangrasso@orange.fr','[\"ROLE_COMMERCIAL_AGENT\", \"ROLE_CUSTOMER\", \"ROLE_USER\", \"ROLE_COMMERCIAL_AGENT\"]','$2y$13$7.AKGRjSq0sUz0rAt5W.F.MYmLjx/06pYyt7w5tS.dBkHK5w.4/hu','GIANGRASSO','Marc','male',NULL,'04 93 28 36 06',0,'73AD6E94253003FD73F0E852682D733F493B9D4E57341E731FAE166A35F4199E0C3087E0','2024-04-30 08:12:48','2024-10-29 15:25:15','commercial',NULL,NULL),(116,'asco.paca@orange.fr','[\"ROLE_COMMERCIAL_AGENT\", \"ROLE_CUSTOMER\", \"ROLE_USER\", \"ROLE_COMMERCIAL_AGENT\"]','$2y$13$CN5uH5TS52pdWQNyi4I5auVAukQnkOvpKhQkQi9QQKqwBmL284iuy','BOCHATON','Bénédicte','male',NULL,'04 93 70 26 31',0,'55D12B6961680977F6C6DD26F90F4B95244D7EB608BC1EB50B608EE213C9B95A4819302E','2024-04-30 08:12:56','2024-10-29 15:25:15','commercial',NULL,NULL),(117,'michel@agencechosson.fr','[\"ROLE_COMMERCIAL_AGENT\", \"ROLE_CUSTOMER\", \"ROLE_USER\", \"ROLE_COMMERCIAL_AGENT\"]','$2y$13$YcpW5hEJ7oTAr0TkrI//fewe85J1.kBda5w9A3EOwwmlHNCVxbjIe','CHOSSON','Michel','male',NULL,'04 77 57 62 11',0,'2026C3DEE9882CA10A481FF543E3DA309378BC9703ED63EF77FDBF5547FEEF4B9D2B7D7C','2024-04-30 08:13:03','2024-10-29 15:25:15','commercial',NULL,NULL),(118,'west-trading@wanadoo.fr','[\"ROLE_COMMERCIAL_AGENT\", \"ROLE_CUSTOMER\", \"ROLE_USER\", \"ROLE_COMMERCIAL_AGENT\"]','$2y$13$LgdIzkIg7RFMR9S7LRajdObwPKuNdWHE.s4NuOE9G8CYOqpkS3nEG','COCOUAL','Pierre','male',NULL,'02 96 32 54 28',0,'9A57CFD54DE86B1C88BCA49AC613DB2C440E622D55D221900314BD458C4E3570094274C1','2024-04-30 08:13:11','2024-10-29 15:25:15','commercial',NULL,NULL),(119,'cm2d@orange.fr','[\"ROLE_COMMERCIAL_AGENT\", \"ROLE_CUSTOMER\", \"ROLE_USER\", \"ROLE_COMMERCIAL_AGENT\"]','$2y$13$HxWbfPz6ZFbVxX3dJNpGFeg7qy7iY6N6D0w1STtiv09QJ.rB0f8om','MONNET','Chantal','male',NULL,'04 73 79 17 59',0,'1B8407F5866CFEE392207CD35646ABD052EEC7C8D92CEF593C36079E3B9F7D82DFFC1ECD','2024-04-30 08:13:19','2024-11-19 14:46:05','commercial',NULL,NULL),(120,'christophe.lietard@hotmail.fr','[\"ROLE_COMMERCIAL_AGENT\", \"ROLE_CUSTOMER\", \"ROLE_USER\", \"ROLE_COMMERCIAL_AGENT\"]','$2y$13$w5rwUC3XI7J/vF5hrO15dONt5FsZ0nqgiUgQV2xRXBC2sc0c88uK.','LIETARD','Christophe','male',NULL,'02 97 43 00 43',0,'8E18E74403F13F34C8C404163D747A9826A860E9B0ED7D92013EB0DA0E2CF4C51C7A2F20','2024-04-30 08:13:27','2024-10-29 15:25:15','commercial',NULL,NULL),(121,'service.client@ac2g-cg.fr','[\"ROLE_COMMERCIAL_AGENT\", \"ROLE_CUSTOMER\", \"ROLE_USER\", \"ROLE_COMMERCIAL_AGENT\"]','$2y$13$owfBJacEMaC8YihOIoD3BeqNz8wVTKuyYf3juojmhbzV7E/Q.V5ju','GUEGAN','Christophe','male',NULL,'02 18 46 07 40',0,'7C1552192DD51A2CC4EF7177FC15DC10902A4ABCF9385FC97A6A1F9A4C3E34B7A58C1BF5','2024-04-30 08:13:37','2024-10-29 15:25:15','commercial',NULL,NULL),(122,'agentperrin@gmail.com','[\"ROLE_COMMERCIAL_AGENT\", \"ROLE_CUSTOMER\", \"ROLE_USER\", \"ROLE_COMMERCIAL_AGENT\"]','$2y$13$WYlJxh5F4uFEf4ILw9omMOWH9LXicB4aqUTEjGvueTurZ6vw53GAm','PERRIN','Michel','male',NULL,'07 60 26 04 07',0,'3535133E0722124B2D62CF5EE20C3B15C553EFAF974ABB262D94D68EA371EEC34A1F8BCC','2024-04-30 08:13:44','2024-10-29 15:25:15','commercial',NULL,NULL),(123,'dgaugeac@gmail.com','[\"ROLE_COMMERCIAL_AGENT\", \"ROLE_CUSTOMER\", \"ROLE_USER\", \"ROLE_COMMERCIAL_AGENT\"]','$2y$13$bXgFXlihf9RN5./us9eLL.kK2pQVecmD.ab7icyam6miwkDeZb1te','GAUGE','Dominique','male',NULL,'03 83 22 66 29',0,'77900EEEE604C703358D3C403B1BE9E5BB1650C7468C1C49205626C259D4838A40764D98','2024-04-30 08:13:51','2024-10-29 15:25:15','commercial',NULL,NULL),(124,'pascal.breyne@orange.fr','[\"ROLE_COMMERCIAL_AGENT\", \"ROLE_CUSTOMER\", \"ROLE_USER\", \"ROLE_COMMERCIAL_AGENT\"]','$2y$13$Kq.4vX7CWgHPjDLFJ1BO9O2wLlTqASzzjEaZizDXHxwYpo3bDd5K6','BREYNE','Pascal','male',NULL,'06 30 18 99 47',0,'506B796D8F4843B46163E83B6E77922070C57934903CBB107E588D921D76E4880A197150','2024-04-30 08:13:58','2024-10-29 15:25:15','commercial',NULL,NULL),(125,'toussaint.olivier@orange.fr','[\"ROLE_COMMERCIAL_AGENT\", \"ROLE_CUSTOMER\", \"ROLE_USER\", \"ROLE_COMMERCIAL_AGENT\"]','$2y$13$pWDcA5iS9PSNmR7W5PLLc.hlz2ikhCevR7arcqwgGdpP1uzxGecJC','TOUSSAINT','Olivier','male',NULL,'04 74 60 41 17',0,'3C5B5032DD0EB5A5CA95E84912DAD47072A560B75B61C002C0C397F8FE83E13D814C7816','2024-04-30 08:14:06','2024-10-29 15:25:15','commercial',NULL,NULL),(126,'ceadaantoine@free.fr','[\"ROLE_COMMERCIAL_AGENT\", \"ROLE_CUSTOMER\", \"ROLE_USER\", \"ROLE_COMMERCIAL_AGENT\"]','$2y$13$PVWDlU.Jdq6k4YfBz90jc.R9w2ei4XOsapzbt1G1GENZNUDaFvVK2','CEADA','Antoine','male',NULL,'05 61 49 76 57',0,'983E67748054534DFF2B282BA65489449A1A321B481A673ACA667D46C7FD9483B7FB75CC','2024-04-30 08:14:13','2024-10-29 15:25:16','commercial',NULL,NULL),(127,'christian.chesneau@gmail.com','[\"ROLE_COMMERCIAL_AGENT\", \"ROLE_CUSTOMER\", \"ROLE_USER\", \"ROLE_COMMERCIAL_AGENT\"]','$2y$13$SGWg1e3ORVZweYkA.Gefbu.bMnBrszWfjmXqPltMr3FJeSYua.ch2','CHESNEAU','Christian','male',NULL,'02 35 98 76 06',0,'FC31136273B52911AD093D79CDFB6DC3030E4FCEB1DEC590FD314FB51C6E7A76D2A566A1','2024-04-30 08:14:21','2024-10-29 15:25:16','commercial',NULL,NULL),(128,'dam.henry@wanadoo.fr','[\"ROLE_COMMERCIAL_AGENT\", \"ROLE_CUSTOMER\", \"ROLE_USER\", \"ROLE_COMMERCIAL_AGENT\"]','$2y$13$rY4oPOte3.Fk25WOL3OpK.w0MyF43pK1RTdqD.f0n4WrkAr4d2oC2','HENRY','Damien','male',NULL,'02 96 39 45 45',0,'999852EE1F57CC9F561473F8CCB51825C516D46AB256C73003EE84471B907E2448B9E720','2024-04-30 08:14:28','2024-10-29 15:25:16','commercial',NULL,NULL),(129,'jpwatiau@servacier-srpm.com','[\"ROLE_COMMERCIAL_AGENT\", \"ROLE_CUSTOMER\", \"ROLE_USER\", \"ROLE_COMMERCIAL_AGENT\"]','$2y$13$NB4eSR5Ww/RxziDBl1nad.HkT5g7IdA07510PdPjGQqhpqjIcqCz6','WATIAU','Jean-Paul','male','1951-03-21','03 27 29 91 80',0,NULL,'2024-04-30 08:14:36','2025-02-03 18:54:59','commercial',NULL,NULL),(130,'l.chometon@wanadoo.fr','[\"ROLE_COMMERCIAL_AGENT\", \"ROLE_CUSTOMER\", \"ROLE_USER\", \"ROLE_COMMERCIAL_AGENT\"]','$2y$13$8dR6VwzBALeL8P3zpA6r/ew8WSVKf61apy/lACaqKg2SfNZJSOwDO','CHOMETON','Louis','male',NULL,'01 43 33 78 22',0,'3928BE2275E83E816B73DECEA58E1DA7913F688F41217AC3F50702E3F6C05699EF46D429','2024-04-30 08:14:43','2024-10-29 15:25:16','commercial',NULL,NULL),(131,'p.soudan@wanadoo.fr','[\"ROLE_COMMERCIAL_AGENT\", \"ROLE_CUSTOMER\", \"ROLE_USER\", \"ROLE_COMMERCIAL_AGENT\"]','$2y$13$H0013yfcwcxOXSkknBgLEuKhkwIMgDNKzbRU0gJzZbm.TGXGIjkfC','SOUDAN','Philippe','male',NULL,'02 31 74 68 76',0,'1BCB138559D7AF4FD30C0A8BB88EF676FC30858600062DB111904100BF927D53A424F669','2024-04-30 08:14:50','2024-10-29 15:25:16','commercial',NULL,NULL),(132,'lrc-distribution@wanadoo.fr','[\"ROLE_COMMERCIAL_AGENT\", \"ROLE_CUSTOMER\", \"ROLE_USER\", \"ROLE_COMMERCIAL_AGENT\"]','$2y$13$DyFuznOjBSnmGA1frZxvAu6DR3oCaV01YQ5m/a2uZUyG4oneHAR5C','CHARDON','Roland','male',NULL,'04 74 60 35 65',0,'CC802299ED7969F595811BFB36A594334BCB56A82DA13C4D59C80FD9676DB5AE6E6E485A','2024-04-30 08:14:58','2024-10-29 15:25:16','commercial',NULL,NULL),(133,'alliance.diffusion@wanadoo.fr','[\"ROLE_COMMERCIAL_AGENT\", \"ROLE_CUSTOMER\", \"ROLE_USER\", \"ROLE_COMMERCIAL_AGENT\"]','$2y$13$HAKRSDfGLVYgi0ZqOS8RNeOe/bczS6LWelGaPXi8x5/Yo7Fi4fRxq','BOUE','Philippe','male',NULL,'05 56 06 23 39',0,'EF6884CA5AA52DBF5C1A123A4546B44C1CC0A683AC33219F4785935AFEDAFD8F25F61C1A','2024-04-30 08:15:05','2024-10-29 15:25:16','commercial',NULL,NULL),(134,'abolo@bolonantes.com','[\"ROLE_COMMERCIAL_AGENT\", \"ROLE_CUSTOMER\", \"ROLE_USER\", \"ROLE_COMMERCIAL_AGENT\"]','$2y$13$QAZLzN05UpNkTDvP0KGADeQjeQ84SoPTv1hIIYD7d8adICixBmyBy','BOLO PAGEOT','Adeline','male',NULL,'02 40 73 29 22',0,'7B628CC7B9490FED8A82C15CB8B10F80952782564D57548D73136243A997992299BC3821','2024-04-30 08:15:13','2024-10-29 15:25:16','commercial',NULL,NULL),(135,'renan.tessonneau@orange.fr','[\"ROLE_COMMERCIAL_AGENT\", \"ROLE_CUSTOMER\", \"ROLE_USER\", \"ROLE_COMMERCIAL_AGENT\"]','$2y$13$LU5GIIS1hAQSW6DDErX5fe5dVbtkXnIl..RoQsxyTSRE6VxygZ41C','TESSONNEAU','Renan','male',NULL,'05 55 75 94 25',0,'65E9F05B04A1EFB053A38555E866998446A06A3C2D387648776EC4B582D8E2748AAC7EEE','2024-04-30 08:15:21','2024-10-29 15:25:16','commercial',NULL,NULL),(136,'alain.jouzel@gmail.com','[\"ROLE_COMMERCIAL_AGENT\", \"ROLE_CUSTOMER\", \"ROLE_USER\", \"ROLE_COMMERCIAL_AGENT\"]','$2y$13$pB44oeoDZdxWHYDP26eYhewnkkI4kPIFXTNV.qgCHyauY8CUSuodm','JOUZEL','Alain','male',NULL,'02 99 42 40 72',0,'77E23098BD6F32C06AF11EFACEFBB074D340C4693C0491A8E2CFA8436AF38D4736788ACE','2024-04-30 08:15:28','2024-10-29 15:25:16','commercial',NULL,NULL),(137,'nliagence@orange.fr','[\"ROLE_COMMERCIAL_AGENT\", \"ROLE_CUSTOMER\", \"ROLE_USER\", \"ROLE_COMMERCIAL_AGENT\"]','$2y$13$yKmSW1c8dfys8LZPIzpDE.MmM.Vk3ssQwzwRSHGqYi0llEPMz17E.','NAPPINI','Lamberto','male',NULL,'06 25 74 52 02',0,'D10BF764D53A7005DE25C9E49DA7DB0407E90363438217774C6A2789BE6161EEA46528E8','2024-04-30 08:15:36','2024-10-29 15:25:16','commercial',NULL,NULL),(138,'sylvainlaurent@symatronic.com','[\"ROLE_COMMERCIAL_AGENT\", \"ROLE_CUSTOMER\", \"ROLE_USER\", \"ROLE_COMMERCIAL_AGENT\"]','$2y$13$HelEgpkOl5Iz2sPcB0LMOOYQ9OgWdfexJ70nuP4Vf4v/cNo/6ViN2','LAURENT','Sylvain','male',NULL,'02 35 56 68 42',0,'9D04557AE7CDD2035AC911FF4067D8CBD29817F512659E73FED001891A127B61753B5D97','2024-04-30 08:15:44','2024-10-30 15:39:45','commercial',NULL,NULL),(139,'nourry.didier@free.fr','[\"ROLE_COMMERCIAL_AGENT\", \"ROLE_CUSTOMER\", \"ROLE_USER\", \"ROLE_COMMERCIAL_AGENT\"]','$2y$13$JE08B1/MtXq.aqAw2R1Pe.rFLQoYa6pVq4XrEdoW8PtG2l7XRRRZ.','NOURRY','Didier','male',NULL,'06 48 04 92 25',0,'C0D7A8385AA0C47777262988E6BF20B55E2E440B682F2269EAE408210784E74A4033D0B5','2024-04-30 08:15:52','2024-10-29 15:25:16','commercial',NULL,NULL),(140,'alex.manaut@orange.fr','[\"ROLE_COMMERCIAL_AGENT\", \"ROLE_CUSTOMER\", \"ROLE_USER\", \"ROLE_COMMERCIAL_AGENT\"]','$2y$13$6yUPwam7JoiqEzP3dj8WjOqXZBoAfC0orvnQIpXTVBoi7LBfwruEG','MANAUT','Alexandre','male',NULL,'06 74 29 28 02',0,'8A449016C4B3548716648F2DAA4583861A53C2D8807D7C75E7D8546F293235A7D6B951A6','2024-04-30 08:15:59','2024-10-29 15:25:16','commercial',NULL,NULL),(141,'nicolaslegoffic@gmail.com','[\"ROLE_COMMERCIAL_AGENT\", \"ROLE_CUSTOMER\", \"ROLE_USER\", \"ROLE_COMMERCIAL_AGENT\"]','$2y$13$R3OEpmYUUSoyfGcbrkG.puZrLT634Vnf7shVDjRsNEMw.IJR3HRca','LEGOFFIC','Nicolas','male',NULL,'09 53 99 95 30',0,'DC556F84C80F350813E2A3DA20EC7B82B536BFB00B729B6C30560CA5CD4253C3C08BF192','2024-04-30 08:16:07','2024-10-29 15:25:16','commercial',NULL,NULL),(142,'sylvie.carof@gmail.com','[\"ROLE_COMMERCIAL_AGENT\", \"ROLE_CUSTOMER\", \"ROLE_USER\", \"ROLE_COMMERCIAL_AGENT\"]','$2y$13$lfX.tWhjXxsGX5jARNXjquxtwpnprZtYjGXRWEEThsRrw7Tl23816','CAROF','Sylvie','male',NULL,'02 98 42 30 59',0,'FE937BF5B059982ACCE080A8C7EBC7BB0EC57C70B28B30E7216A741682FAA8AE86F4429C','2024-04-30 08:16:14','2024-10-29 15:25:16','commercial',NULL,NULL),(143,'farida.lama@laposte.net','[\"ROLE_COMMERCIAL_AGENT\", \"ROLE_CUSTOMER\", \"ROLE_USER\", \"ROLE_COMMERCIAL_AGENT\"]','$2y$13$1c8Z2/dfPUWnh1reJTsrq.yRR4PJuxVvLNYBsJbDnTclllXgPvfTK','LAMA','Farida','male',NULL,'06 04 17 73 45',0,'917FAF9440BF5AD0BB3556F4DF413CD7EB6DE94FB5B3AFB9DA527EF19A37A205D5DCA0BE','2024-04-30 08:16:22','2024-10-29 15:25:16','commercial',NULL,NULL),(144,'servicespve@gmail.com','[\"ROLE_COMMERCIAL_AGENT\", \"ROLE_CUSTOMER\", \"ROLE_USER\", \"ROLE_COMMERCIAL_AGENT\"]','$2y$13$oYjM21hS0RhjLQeaTcV00uiAUrUHFHn/PWj4cZjf/oNq0jDaS3TlG','LOPEZ','Paquito','male',NULL,'04 90 40 58 83',0,'DE281EC6A19E902E1B7208DB7F1683054B533D3FD1319E80632BA089A22E3799411E3469','2024-04-30 08:16:29','2024-10-30 15:37:19','commercial',NULL,NULL),(145,'isabelle-chopin@orange.fr','[\"ROLE_COMMERCIAL_AGENT\", \"ROLE_CUSTOMER\", \"ROLE_USER\", \"ROLE_COMMERCIAL_AGENT\"]','$2y$13$zvLwhpw9cSLj4BGJ8Eni5ezs/bYMy8wfO/RZBUOlMuDE7hT0bNZne','CHOPIN','Isabelle','male',NULL,'06 83 85 09 96',0,'DA08DD69D24972C267C636AA7CB1EFFC9D9221112CC92E628E5BF61D5B4B6BB4ADC9DA41','2024-04-30 08:16:37','2024-10-29 15:25:16','commercial',NULL,NULL),(146,'gil.bonnin@gmail.com','[\"ROLE_COMMERCIAL_AGENT\", \"ROLE_CUSTOMER\", \"ROLE_USER\", \"ROLE_COMMERCIAL_AGENT\"]','$2y$13$Z69P2Nu7/7wy31UBqDAgXu6uoybjsMl1E5jtd.aqi8/IjcNQDxxiu','BONNIN','Gilles','male',NULL,'06 22 11 55 97',0,'9D54EE02B2D139F0A9203079AFC19B2C84DF56E2A2A67001CECB4543519BDB2AA27358A8','2024-04-30 08:16:44','2024-10-29 15:25:17','commercial',NULL,NULL),(147,'office5aparis@gmail.com','[\"ROLE_COMMERCIAL_AGENT\", \"ROLE_CUSTOMER\", \"ROLE_USER\", \"ROLE_COMMERCIAL_AGENT\"]','$2y$13$Kc97n83BNUnmXGZlZ9WsMOIlh6whUsm2ZTw/gueXtGWHWf/2Y3y9O','AAGUIDA','Nadia','male',NULL,'02 33 90 00 94',0,'3AF0743E9102108A83814AC2E5728E3774EAF5385F071E16E362F57F190C5AF3B82EAD1C','2024-04-30 08:16:51','2024-10-29 15:25:17','commercial',NULL,NULL),(148,'infoshaft@wanadoo.fr','[\"ROLE_COMMERCIAL_AGENT\", \"ROLE_CUSTOMER\", \"ROLE_USER\", \"ROLE_COMMERCIAL_AGENT\"]','$2y$13$357pvLpLqp2rbZ50ms5FjeDDI0JyYYNn2kKj49H3Aw.5pohkMkMxO','DIDO','Vincent','male',NULL,'09 64 47 96 96',0,'67D2C0EA1163D1D054FBC39A078EA4FF6297CF6A79B5042241F354D923CAF1DA9ADFA2F2','2024-04-30 08:16:59','2024-10-29 15:25:17','commercial',NULL,NULL),(149,'coulibaly.sophie@yahoo.fr','[\"ROLE_COMMERCIAL_AGENT\", \"ROLE_CUSTOMER\", \"ROLE_USER\", \"ROLE_COMMERCIAL_AGENT\"]','$2y$13$Sn42Gos9QdHYr11r0vgT6.e1jfgU2x92AzHTl2zCvnRK2BgGaqqdG','PLEUVEN','Sophie','male',NULL,'06 67 55 59 23',0,'1CA71B9F45CF4FE6ED1020D838591328E2FC983F10FD72890F44BAA1D1993005ED1307BF','2024-04-30 08:17:06','2024-10-30 15:28:02','commercial',NULL,NULL),(150,'lajtrading.69@gmail.com','[\"ROLE_COMMERCIAL_AGENT\", \"ROLE_CUSTOMER\", \"ROLE_USER\", \"ROLE_COMMERCIAL_AGENT\"]','$2y$13$OdLdZrgIdf4qyikeFRi7geOtBo9zoYLWx9wqZmMgwr9GpVWKP4O/O','JACQUET','Laurent','male',NULL,'04 78 74 69 09',0,'C37B3D0ABEB242BA6BE9E31EEA301EF63E94A6685A63B23617BB8B40585CF7D8DED80528','2024-04-30 08:17:14','2024-10-29 15:25:17','commercial',NULL,NULL),(151,'pascal.robin.castel@orange.fr','[\"ROLE_COMMERCIAL_AGENT\", \"ROLE_CUSTOMER\", \"ROLE_USER\", \"ROLE_COMMERCIAL_AGENT\"]','$2y$13$ECv6M/Rsor0rZltkQMjkKOQYD9lG6assHrejMJz0diF.CPHY/k4QK','ROBIN','Pascal','male',NULL,'06 33 88 84 95',0,'8A1C2B56396D32BFFF0B31297BCE26F20CF13DDF2EAD68752515C5E63D6620F9A7D171E1','2024-04-30 08:17:21','2024-10-29 15:25:17','commercial',NULL,NULL),(152,'borisarnouil@gmail.com','[\"ROLE_COMMERCIAL_AGENT\", \"ROLE_CUSTOMER\", \"ROLE_USER\", \"ROLE_COMMERCIAL_AGENT\"]','$2y$13$VKPkDrGpJ80Bwc5KixeRuO.hHnK2l9DNqejyQwvdmtOoU5k2kaNrG','ARNOUIL','Boris','male','1961-09-18','05 56 67 31 76',0,'EBBEF850F349511B64AFEFCF49150D64CF32C74C09DBB557F0D8FED653A82A14F8CA093E','2024-04-30 08:17:29','2024-10-29 15:25:17','commercial',NULL,NULL),(153,'jacques.freyne@orange.fr','[\"ROLE_COMMERCIAL_AGENT\", \"ROLE_CUSTOMER\", \"ROLE_USER\", \"ROLE_COMMERCIAL_AGENT\"]','$2y$13$yzrc3rGSYKVUekzw0FjgEu5rwRFLJRwBeJ0OHCwzUGUvodRKrJEhe','FREYNE','Jacques','male',NULL,'06 70 21 60 14',0,'5A0DDB5D5F2EF06FB4143B13A4B4E025EF6C55B68873DE3AC132DFAB31F85B85FB8860B6','2024-04-30 08:17:36','2024-10-29 15:25:17','commercial',NULL,NULL),(154,'david.deh@wanadoo.fr','[\"ROLE_COMMERCIAL_AGENT\", \"ROLE_CUSTOMER\", \"ROLE_USER\", \"ROLE_COMMERCIAL_AGENT\"]','$2y$13$zED/Mu5dCUFHCGnus/87zO1ZWSfQyjSBF/nSAcjDwjaIQ15gfoZn2','DEHEDIN','David','male',NULL,'03 22 26 96 33',0,'C17ECD018A41C745AABB36826BA39A05A93C22F878C15D513B0EB75F0FFFF53628587891','2024-04-30 08:17:44','2024-10-30 15:35:25','commercial',NULL,NULL),(155,'michel.marc@dbmail.com','[\"ROLE_COMMERCIAL_AGENT\", \"ROLE_CUSTOMER\", \"ROLE_USER\", \"ROLE_COMMERCIAL_AGENT\"]','$2y$13$T22jvMmw6gny6eGQr0TUAeMMSUnJhm0mV7X28/a2xfHvP19vQr6zC','MARC','Michel','male',NULL,'04 82 41 85 63',0,'664C7A83C1A7A4DAED7879034BC03B964F579AC0EF9226837310F5B21A9A5F04A1C9686F','2024-04-30 08:17:51','2024-10-29 15:25:17','commercial',NULL,NULL),(156,'t.rousset@hotmail.fr','[\"ROLE_COMMERCIAL_AGENT\", \"ROLE_CUSTOMER\", \"ROLE_USER\", \"ROLE_COMMERCIAL_AGENT\"]','$2y$13$mtjb65zru9hgwzW54gYRw.cZRs3lz8prmDHbu8hy.bBgaiTtgm7pO','ROUSSET','Thierry','male',NULL,'02 51 57 52 77',0,'53C87D504535EADF32303632CFD8A3EC509E8A21496492DABD6B0F2484E83011E3C98207','2024-04-30 08:17:58','2024-10-29 15:25:17','commercial',NULL,NULL),(157,'jcterrigeol@gmail.com','[\"ROLE_COMMERCIAL_AGENT\", \"ROLE_CUSTOMER\", \"ROLE_USER\", \"ROLE_COMMERCIAL_AGENT\"]','$2y$13$Qgifw4FcryAaKnh15zSqaus/.Y7Tx93DibL9QkpY8GGJsRtQGBlQq','TERRIGEOL','JeanClaude','male',NULL,'06 78 93 72 92',0,'DCD4C013B13B89303138FC785347ED2F0006384AE940BF7ECF17D2644A48F2B80C1A4C6F','2024-04-30 08:18:06','2024-10-29 15:25:17','commercial',NULL,NULL),(158,'fv.villanova@gmail.com','[\"ROLE_COMMERCIAL_AGENT\", \"ROLE_CUSTOMER\", \"ROLE_USER\", \"ROLE_COMMERCIAL_AGENT\"]','$2y$13$AUn7z3ndMC7WeJKQ4ShhBe8GyxaX8hwbNvtCRRZ/HokwXhy6LSRn6','VILLANOVA','Franck','male',NULL,'06 51 19 05 10',0,'39F6C24605A4F2ADDFF24568508560706AD059A618339855C71519C2BAB7208EBD49AAE8','2024-04-30 08:18:13','2024-10-29 15:25:17','commercial',NULL,NULL),(159,'ogerfabrice@hotmail.fr','[\"ROLE_COMMERCIAL_AGENT\", \"ROLE_CUSTOMER\", \"ROLE_USER\", \"ROLE_COMMERCIAL_AGENT\"]','$2y$13$o84oITyq18tU42akqVsQjeq0x/nylQ20qcQ/9C21ohWvRfTuq8CsG','OGER','Fabrice','male',NULL,'02 51 57 20 97',0,'A558689C34500E3EF2F910A83B4EC967162A99F2200FC9B202DA8CA17AEB2004C9444059','2024-04-30 08:18:20','2024-10-29 15:25:17','commercial',NULL,NULL),(160,'evitafrancia@yahoo.fr','[\"ROLE_COMMERCIAL_AGENT\", \"ROLE_CUSTOMER\", \"ROLE_USER\", \"ROLE_COMMERCIAL_AGENT\"]','$2y$13$.N6OosP3KM7ScnRdnithPO0O5GTFcLusQU4BqBZ0JTwWyvYBT0rdS','LEPILLEUR','Eve','male',NULL,'06 40 70 51 86',0,'6044925227974DF95C3598D3695D44516ACDEC4BD71F022234C27D9F4DC9AC8C362132E3','2024-04-30 08:18:28','2024-10-29 15:25:17','commercial',NULL,NULL),(161,'stephane.dabet@free.fr','[\"ROLE_COMMERCIAL_AGENT\", \"ROLE_CUSTOMER\", \"ROLE_USER\", \"ROLE_COMMERCIAL_AGENT\"]','$2y$13$CQahLOgSMgHYYADxhf1YVO2gSUBnWgycV/sUCHHENF8mxBIszdJPK','DABET','Stéphane','male',NULL,'02 40 54 97 83',0,'54F3B8004D605F22D219ABC576827AE39D6318161D5CBD0EF963BC7C1A3B4BA145F296A0','2024-04-30 08:18:36','2024-10-29 15:25:17','commercial',NULL,NULL),(162,'bowins@wanadoo.fr','[\"ROLE_COMMERCIAL_AGENT\", \"ROLE_CUSTOMER\", \"ROLE_USER\", \"ROLE_COMMERCIAL_AGENT\"]','$2y$13$jyNcAMilITV4TJBksLFbm.qVdMd4ZnHgmSNMqCYz2a/h6t/kNxLaG','AWESSOU','Boniface','male',NULL,'03 24 56 50 43',0,'E68169F9A87DA907AA0C37A393A39BF912B67AC545158ECCC0F2E6B27935577828239306','2024-04-30 08:18:43','2024-10-29 15:25:17','commercial',NULL,NULL),(163,'jean-philippe.desrue@wanadoo.fr','[\"ROLE_COMMERCIAL_AGENT\", \"ROLE_CUSTOMER\", \"ROLE_USER\", \"ROLE_COMMERCIAL_AGENT\"]','$2y$13$b40qnl8hUi6/YoxTp2E7Nu/30ilLnlqZ7nYramLQ3nUmEwI9NHDxK','DESRUE','JeanPhilippe','male',NULL,'06 63 02 56 91',0,'6F0A5E90AAC8E333F2A646A66D62173B39A74019B9E414F235E16B0181F46FAC7F79BDF6','2024-04-30 08:18:50','2024-10-29 15:25:17','commercial',NULL,NULL),(164,'pbolo@bolonantes.com','[\"ROLE_COMMERCIAL_AGENT\", \"ROLE_CUSTOMER\", \"ROLE_USER\", \"ROLE_COMMERCIAL_AGENT\"]','$2y$13$/C7TlptZW73JNVsbzlIliOkFTnMjbOCDC5iQe0L0IpoDq4jTrof7a','BOLO','Patrice','male',NULL,'02.40.73.29.22',0,'0DFD7F76A09FE7605DE829CCB3D7254DB8E7723CEBDA6681B54C1152FCBC01E86C030A50','2024-04-30 08:18:58','2024-10-29 15:25:17','commercial',NULL,NULL),(165,'e2m.technologies@wanadoo.fr','[\"ROLE_COMMERCIAL_AGENT\", \"ROLE_CUSTOMER\", \"ROLE_USER\", \"ROLE_COMMERCIAL_AGENT\"]','$2y$13$RYdINfXZPWU51UjUXwwLPOZsFhdNvZcc6QvfmhEDtKa0oc5.W44NS','MINOT','Etienne','male',NULL,'06 08 51 81 05',0,'2D3449C50EAC59C2A2DAB7D3F0AA30EEA7515FD25112B88C9CE23D5D0463C5360F2F942E','2024-04-30 08:19:06','2024-12-31 11:00:58','commercial',NULL,NULL),(166,'prost.jf@wanadoo.fr','[\"ROLE_COMMERCIAL_AGENT\", \"ROLE_CUSTOMER\", \"ROLE_USER\", \"ROLE_COMMERCIAL_AGENT\"]','$2y$13$xPaSi3sUJL0IONBRQBFi8uUesqqloeIE7bVr25fdtRxt148wJNqE6','PROST','Jean-François','male','1942-06-02','05 90 26 68 08',0,'10C7A21577AB1414361FC6FBA8ACE7C21ADEAF660D6F565574E711B3BBE0CD47FAC28F7F','2024-04-30 08:19:13','2024-10-29 15:25:18','commercial',NULL,NULL),(167,'nicoleelgoyhen@wanadoo.fr','[\"ROLE_COMMERCIAL_AGENT\", \"ROLE_CUSTOMER\", \"ROLE_USER\", \"ROLE_COMMERCIAL_AGENT\"]','$2y$13$fe4zp02K//tQoKcUmZSsDOtrF5gbKL8i9A5vqRPiNww1DP4wSeDgq','ELGOYHEN','Nicole','male',NULL,'04 74 33 67 83',0,'3324F915EB01FD705216F52D490B0015A26C908BBC8CC2F3C0DE513D6FFF383C2A9266C9','2024-04-30 08:19:21','2024-10-29 15:25:18','commercial',NULL,NULL),(168,'remid.lagarrosse@orange.fr','[\"ROLE_COMMERCIAL_AGENT\", \"ROLE_CUSTOMER\", \"ROLE_USER\", \"ROLE_COMMERCIAL_AGENT\"]','$2y$13$SyZEKnmf2wB6CXflRGHj7u6f6j566YgY5gEAH5dySPEojW9aVPag6','DUFFAU LAGARROSSE','Rémi','male',NULL,'06 83 48 91 81',0,'F616941566CE0E5887E7B2288A0602350556A5EB3D0E32E64ABE7AD63E5E9F4DE241A579','2024-04-30 08:19:29','2024-10-29 15:25:18','commercial',NULL,NULL),(169,'gisele.cuadrado@gmail.com','[\"ROLE_COMMERCIAL_AGENT\", \"ROLE_CUSTOMER\", \"ROLE_USER\", \"ROLE_COMMERCIAL_AGENT\"]','$2y$13$1aMFQTT19cOzhGt5ZG2AK.tt4vFrgz.u1E44vYe94Pum.ZRc69Jna','CUADRADO','Gisèle','male',NULL,'06 28 06 18 97',0,'4F100AE934A523C367118AC63FCF1FA253DAF1E29569B8C473DC98D8B5315E065C0F8F78','2024-04-30 08:19:36','2024-11-28 07:28:12','commercial',NULL,NULL),(170,'tsenkoff@free.fr','[\"ROLE_COMMERCIAL_AGENT\", \"ROLE_CUSTOMER\", \"ROLE_USER\", \"ROLE_COMMERCIAL_AGENT\"]','$2y$13$kJg2DNi8I7Qc9vYZC4mgqOGigU6LEcsEYK784luumMINBAZYVeDeO','TSENKOFF','Serge','male',NULL,'02 35 07 75 93',0,'261FCD14F6C425CAD6425A3E61A9FFE1AE2127EC1FFD7A0BEAB2BD0EE9D6B766D7324D2F','2024-04-30 08:19:43','2024-10-29 15:25:18','commercial',NULL,NULL),(171,'monique.ferrat1@orange.fr','[\"ROLE_CUSTOMER_VALIDATED\", \"ROLE_CUSTOMER_VALIDATED\", \"ROLE_COMMERCIAL_AGENT\", \"ROLE_CUSTOMER\", \"ROLE_USER\"]','$2y$13$LvIT45ImvHBBGJl0Amepdej3xv9kNrUxDBdC7e6jnZ357OI0X5832','FERRAT','Monique','male','2024-10-16','06 10 15 30 67',0,NULL,'2024-04-30 08:19:51','2025-02-19 15:03:37','commercial','JOB-j0vSKeetDVp9bNyrEr15y2N91jrPTXTfxqcak4M','2024-10-29 20:04:22'),(172,'hassan.henri@orange.fr','[\"ROLE_CUSTOMER_VALIDATED\", \"ROLE_CUSTOMER_VALIDATED\", \"ROLE_COMMERCIAL_AGENT\", \"ROLE_CUSTOMER\", \"ROLE_USER\"]','$2y$13$Xg9PWmrh2Fbo7bY4SN.2M.hs/3CwRxdgI43l9TB7fyTR39Z.b0tYK','HASSAN','Henri','male','1964-05-03','06 60 58 45 98',0,NULL,'2024-04-30 08:19:58','2025-03-06 10:58:12','commercial',NULL,NULL),(173,'rderville@agencecommerciale44.fr','[\"ROLE_COMMERCIAL_AGENT\", \"ROLE_CUSTOMER\", \"ROLE_USER\", \"ROLE_COMMERCIAL_AGENT\"]','$2y$13$glbbk0jt/EKJQ21anhBq7./vGJT4Vx6qp7AQn0nx5465h1YQkhJJW','DERVILLE','Roch','male',NULL,'09 61 60 49 68',0,'A81C5A82DFE0DBA7EE221B0CCB6853E53C87D1F1526ECEE32233B21FFA20E949F9ACA8CF','2024-04-30 08:20:06','2024-10-29 15:25:18','commercial',NULL,NULL),(174,'ludovic-robert@hotmail.fr','[\"ROLE_COMMERCIAL_AGENT\", \"ROLE_CUSTOMER\", \"ROLE_USER\", \"ROLE_COMMERCIAL_AGENT\"]','$2y$13$caApXefBC.OLW3pvrDZhjunQFOGtN8gGx8TrR5UDA7qgpeR3iLh/S','ROBERT','Ludovic','male',NULL,'06 63 14 74 05',0,'E63773FE6E5C0A1D5AECE09CB6C9C5F24AE424538E9B89B59462C27F506C9B4F168CF025','2024-04-30 08:20:14','2024-10-29 15:25:18','commercial',NULL,NULL),(175,'chantal.daumin@orange.fr','[\"ROLE_COMMERCIAL_AGENT\", \"ROLE_CUSTOMER\", \"ROLE_USER\", \"ROLE_COMMERCIAL_AGENT\"]','$2y$13$hgME749Ie9a9qkn/y9672uQ8gxpXvEip/subF0/mJ0M/zdrHV/Y/y','DAUMIN','Chantal','male',NULL,'02 97 93 85 29',0,'17B7A03F9EF0BB91A98A53CF29CC19A8896CCC2EC7E73EFA2732410A53A90B9F8DF56943','2024-04-30 08:20:21','2024-10-29 15:25:18','commercial',NULL,NULL),(176,'pol.loheac@orange.fr','[\"ROLE_COMMERCIAL_AGENT\", \"ROLE_CUSTOMER\", \"ROLE_USER\", \"ROLE_COMMERCIAL_AGENT\"]','$2y$13$IuijnDTEVG5y5QdxW9WmUuGxrYIBLSAPG0imjl8puJP9qrsCEcKQW','LOHEAC','Pol','male',NULL,'02 98 82 30 02',0,'EA331626D5D8052F8D33E63E2E233F9B91CD4EF11DD46F5E05D6689446E327D84DA0521B','2024-04-30 08:20:29','2024-10-29 15:25:18','commercial',NULL,NULL),(177,'davidgarcia.agent@gmail.com','[\"ROLE_COMMERCIAL_AGENT\", \"ROLE_CUSTOMER\", \"ROLE_USER\", \"ROLE_COMMERCIAL_AGENT\"]','$2y$13$6dSJfKXTs3c45gKIflzl5.mC8c7y/PsXT.0HiRDFe4Bd9KhWyGnLC','GARCIA','David','male',NULL,'06 19 10 61 09',0,'0AB4C725CC16AA92CB97A57C1679DEB350B8B3A09D25D720383BB018D74CC9D53A7E3616','2024-04-30 08:20:36','2024-10-29 15:25:18','commercial',NULL,NULL),(178,'thelenehelnor@hotmail.fr','[\"ROLE_COMMERCIAL_AGENT\", \"ROLE_CUSTOMER\", \"ROLE_USER\", \"ROLE_COMMERCIAL_AGENT\"]','$2y$13$4IOqgaMGg4IQp7lM/e2mW.NBzNk8eLT0LBDD70hh1ssnoMFNJDA1C','HELENE','Thierry','male',NULL,'06 09 03 03 54',0,'04BA2B159569508D8432AD0B33A19B9FB9D86A4C15919325516FC00EAFA0B6AB2FD625A0','2024-04-30 08:20:44','2024-10-29 15:25:18','commercial',NULL,NULL),(179,'als-distri@orange.fr','[\"ROLE_COMMERCIAL_AGENT\", \"ROLE_CUSTOMER\", \"ROLE_USER\", \"ROLE_COMMERCIAL_AGENT\"]','$2y$13$W4QMeCQ/yC35qLL7v2fUzOBUQejJqW.3UHkTVl3dWB/yjn1osN4A6','SECRET','Lionel','male',NULL,'06 30 77 15 84',0,'C17F745FF0D4F68A8BED519BC282593F856F54719AFCFC9FC232CF5C9190C2C20D877668','2024-04-30 08:20:52','2024-10-29 15:25:18','commercial',NULL,NULL),(180,'deffrey.ei@gmail.com','[\"ROLE_COMMERCIAL_AGENT\", \"ROLE_CUSTOMER\", \"ROLE_USER\", \"ROLE_COMMERCIAL_AGENT\"]','$2y$13$1Hcpfewrc97AX7JbXOend.zNlT.DjewFP071dqCz0eFtzffQcBslC','DEFFREY','Didier','male',NULL,'06 69 16 86 64',0,'7E80C78C4FB57292DC49C49E371049C54AB9AF05E9A3C95E4D6617C3EFB2650323E4B8CE','2024-04-30 08:20:59','2024-10-29 15:25:18','commercial',NULL,NULL),(181,'j.wagner@yahoo.fr','[\"ROLE_COMMERCIAL_AGENT\", \"ROLE_CUSTOMER\", \"ROLE_USER\", \"ROLE_COMMERCIAL_AGENT\"]','$2y$13$T5wNKK.x3wqT/Utq5U14IOqY9JC.jp.JdtFdejK6IqChcivuPx/Py','WAGNER','Julia','male',NULL,'01 47 95 07 77',0,'FD22BE85832CE6F8213786D01AE0F83FDD7C4E987C62416DEDDB9BCAC21949A88EAABCCB','2024-04-30 08:21:07','2024-10-29 15:25:18','commercial',NULL,NULL),(182,'raida2@icloud.com','[\"ROLE_COMMERCIAL_AGENT\", \"ROLE_CUSTOMER\", \"ROLE_USER\", \"ROLE_COMMERCIAL_AGENT\"]','$2y$13$3OzmlnfV39/qJ4NivDG2Au9EAUWDggkJzPdqa4KNpw7fjaYH1tEu6','SILVABEGHDADI','Raida','male',NULL,'06 83 22 35 61',0,'DFCE061F594AB19E667175463BE2479656E863674921D093CF1DCA8A779E050495A46352','2024-04-30 08:21:14','2024-10-29 15:25:18','commercial',NULL,NULL),(183,'d.wolf-dws@orange.fr','[\"ROLE_COMMERCIAL_AGENT\", \"ROLE_CUSTOMER\", \"ROLE_USER\", \"ROLE_COMMERCIAL_AGENT\"]','$2y$13$YfB0g.7q1y3Vq8ETpKBCY.LbCh7Jp3vPyYq5qLJmWU0HuMwj/m8Sm','WOLF','Didier','male',NULL,'01 64 43 64 64',0,'07FD2285F02B37B9430D26B53A98F1D43B2B4DB35D37EBFC5ECFB0EDAD4DA1F57C3B28D9','2024-04-30 08:21:21','2024-10-29 15:25:18','commercial',NULL,NULL),(184,'agetendre@live.fr','[\"ROLE_COMMERCIAL_AGENT\", \"ROLE_CUSTOMER\", \"ROLE_USER\", \"ROLE_COMMERCIAL_AGENT\"]','$2y$13$zZpeBHY3qA/y5Km24V6Q7.NZMuaDMH4hjeFeK/MFGk7Smc8qfcT1i','BRUMENT','Sylvette','male',NULL,'02 37 41 75 48',0,'D0B465F2A6114B27809EB5623C362EE9AC64312B238E5D388883580A2126A1F93C344319','2024-04-30 08:21:29','2024-10-29 15:25:19','commercial',NULL,NULL),(185,'castel.anthony@laposte.net','[\"ROLE_COMMERCIAL_AGENT\", \"ROLE_CUSTOMER\", \"ROLE_USER\", \"ROLE_COMMERCIAL_AGENT\"]','$2y$13$LM2Q7PIxXOkGrFpwiY1NjO7SLsaLwX6fCTToRVQOpov941WvwcGGO','CASTEL','Anthony','male',NULL,'02 40 02 29 90',0,'7A4AA0100BCBD085C11669655CB881922CC0CFE10DDFC26663E69C45AE90403D2C79049C','2024-04-30 08:21:37','2024-10-29 15:25:19','commercial',NULL,NULL),(186,'rbrocard@agencebrocard.fr','[\"ROLE_COMMERCIAL_AGENT\", \"ROLE_CUSTOMER\", \"ROLE_USER\", \"ROLE_COMMERCIAL_AGENT\"]','$2y$13$/uyMeMBkmV.Vl6kqzXxd/uWkLUCsefaslgYk0hCwy8yVKirdOPKm6','BROCARD','Roland','male',NULL,'03 83 96 38 48',0,'154AC530B18BC2DA1D9F1FC11DE5DA0C2BA0A07CB5E97789C3563E768F3EF51A2CCC66BD','2024-04-30 08:21:44','2024-10-30 15:35:12','commercial',NULL,NULL),(187,'ch.chevalier@numericable.fr','[\"ROLE_COMMERCIAL_AGENT\", \"ROLE_CUSTOMER\", \"ROLE_USER\", \"ROLE_COMMERCIAL_AGENT\"]','$2y$13$8MVKuJfEr3s6LfeSyrAP7uoW3.9LKt/l0EonsfoDnXLGTeaeEzl8y','CHEVALIER','Christophe','male',NULL,'06 07 52 29 12',0,'CD044E2A91C3FF9B49836B979A3D7C116E9A8623B804623380328923E5BE03610AF3A83B','2024-04-30 08:21:51','2024-10-30 15:34:27','commercial',NULL,NULL),(188,'gvaron@hotmail.fr','[\"ROLE_COMMERCIAL_AGENT\", \"ROLE_CUSTOMER\", \"ROLE_USER\", \"ROLE_COMMERCIAL_AGENT\"]','$2y$13$GV1D8wN9GJrQMR5XUxWRieW4rXP0pYfEyS0QRuLYOnjzkWr4iLBq2','VARON','Georges','male',NULL,'06 23 60 46 73',0,'789BCAA9EDC0D3A3F0E473D9AD492138F64A962571D390EE157E7166CAA6CC7E233C332D','2024-04-30 08:21:59','2024-10-29 15:25:19','commercial',NULL,NULL),(189,'a.azemar@orange.fr','[\"ROLE_COMMERCIAL_AGENT\", \"ROLE_CUSTOMER\", \"ROLE_USER\", \"ROLE_COMMERCIAL_AGENT\"]','$2y$13$43SQpRxWXag7mukX.IPXauYE2SzsRMAuqvp8BGEGA1SiB9zQc6N42','AZEMAR','André','male',NULL,'05 63 34 55 42',0,'00CB0B5F63C2B04CF023FAFC47B02D38086CA2330893893A425D8A06464F6B449D742DB7','2024-04-30 08:22:06','2024-10-29 15:25:19','commercial',NULL,NULL),(190,'arnaudhdm@orange.fr','[\"ROLE_COMMERCIAL_AGENT\", \"ROLE_CUSTOMER\", \"ROLE_USER\", \"ROLE_COMMERCIAL_AGENT\"]','$2y$13$iuCSJrmdxeS0FAum6UNaX.Mb0yrtJVsz4qJcx5cQKa.p.890.pwqq','HUGONDEMASGONTIER','Arnaud','male',NULL,'06 19 20 38 77',0,'A29381A897781EA51ABAF37261DA31E90CDF1D7BE653FC570564ADD57E7F9405B64041DB','2024-04-30 08:22:14','2024-10-29 15:25:19','commercial',NULL,NULL),(191,'ndollet@nd3-furnishing.com','[\"ROLE_COMMERCIAL_AGENT\", \"ROLE_CUSTOMER\", \"ROLE_USER\", \"ROLE_COMMERCIAL_AGENT\"]','$2y$13$BqFqBnCZlqI09eMVn.hPiOswIrp8hlBLS.WRjZ1C3p1ZcwOeQaL9.','DOLLET','Nicolas','male',NULL,'03 20 82 73 18',0,'52683703CDBFB48D1B0EE020E9B2E3B5F366BA220EA7EA1AA104B971A3420046672425B5','2024-04-30 08:22:21','2024-10-29 15:25:19','commercial',NULL,NULL),(192,'cap-centre-France@wanadoo.fr','[\"ROLE_COMMERCIAL_AGENT\", \"ROLE_CUSTOMER\", \"ROLE_USER\", \"ROLE_COMMERCIAL_AGENT\"]','$2y$13$Vghcq7aDiuHQ2ofSu5yudOsLFzWLgUjjT0YkttLJLtaOaNJ9FIbXm','MONNET','Marc','male',NULL,'04 70 47 28 06',0,'1B8407F5866CFEE392207CD35646ABD052EEC7C8D92CEF593C36079E3B9F7D82DFFC1ECD','2024-04-30 08:22:29','2024-10-29 15:25:19','commercial',NULL,NULL),(193,'fcaratge@brand-lovers.com','[\"ROLE_COMMERCIAL_AGENT\", \"ROLE_CUSTOMER\", \"ROLE_USER\", \"ROLE_COMMERCIAL_AGENT\"]','$2y$13$da7iE/y4RFj6WYk1lhmKQeN3lytXhRdQnAhcX1U5HpKBvUOgCZ.SW','CARATGE','François','male',NULL,'06 64 50 31 33',0,'B27FC399C189B4B741D9AD9D595757A91BDB7AED4A0ED757308F3589BCF377A38FEABE95','2024-04-30 08:22:37','2024-10-29 15:25:19','commercial',NULL,NULL),(194,'crespinpanneau@orange.fr','[\"ROLE_COMMERCIAL_AGENT\", \"ROLE_CUSTOMER\", \"ROLE_USER\", \"ROLE_COMMERCIAL_AGENT\"]','$2y$13$slrudFsVgaPcMTHa385BhuQ5xXHgedFCs90QKjvGiYaXnI8Oznyne','CRESPIN','Patrice','male','1962-10-07','03 85 20 11 11',0,'34C4EA966F358657149F21CCA80FDB494BFF8005D1D7BFE4993816F0BE1E6EF90B91BC51','2024-04-30 08:22:44','2024-10-29 15:25:19','commercial',NULL,NULL),(195,'b.vadcar@cegetel.net','[\"ROLE_COMMERCIAL_AGENT\", \"ROLE_CUSTOMER\", \"ROLE_USER\", \"ROLE_COMMERCIAL_AGENT\"]','$2y$13$5IYlKwz.hpC0z.gpCrzkHuOwygQWZll0QO6dF9e1hS2QbKZwsZKDq','VADCAR','Benoît','male',NULL,'06 15 46 70 25',0,'A9F51F190727738A1508A07FA3FEC2650FE29858E86D0458808A5277170D9CB76E6E28D4','2024-04-30 08:22:51','2024-10-29 15:25:19','commercial',NULL,NULL),(196,'jf.juhel@yahoo.fr','[\"ROLE_COMMERCIAL_AGENT\", \"ROLE_CUSTOMER\", \"ROLE_USER\", \"ROLE_COMMERCIAL_AGENT\"]','$2y$13$mboJnW5YP0SJfteiLxMzP.66fGBMt1BgtAsE.CwEiL2aRG9C9uhlm','JUHEL','Jean-François','male','1988-02-26','06 11 84 12 63',0,'464987E9461EC6F8FE36E5C8884064207812237AC63986FA101BD14DCD7ABAFB5BF656C8','2024-04-30 08:22:58','2024-10-29 15:25:19','commercial',NULL,NULL),(197,'daniel.gaspart@numericable.f','[\"ROLE_COMMERCIAL_AGENT\", \"ROLE_CUSTOMER\", \"ROLE_USER\", \"ROLE_COMMERCIAL_AGENT\"]','$2y$13$XH/tP2/HCdD2U9aCPBsSluXjIW8grWOTbu93idbePDAL3MHdWM7gi','GASPART','Daniel','male',NULL,'06 88 40 88 32',0,'DC1CFCDE09F9149D62861A55F471C621C34CBE96A8FDF00D768458EE51D160589E0D9626','2024-04-30 08:23:05','2024-10-29 15:25:19','commercial',NULL,NULL),(198,'daniel-carlier@orange.fr','[\"ROLE_COMMERCIAL_AGENT\", \"ROLE_CUSTOMER\", \"ROLE_USER\", \"ROLE_COMMERCIAL_AGENT\"]','$2y$13$Fz0xHb//vbIfQk9.ar5bZ.xLrKymg4lKHRVVawb.suZ6UR8Z2g9YG','CARLIER','Daniel','male',NULL,'09 67 36 56 09',0,'DEE64F26CD5A0A4CFE1359B82C58DAA9584F5EE22DD62998FF4B583F6B5A7F3BB43D1F88','2024-04-30 08:23:13','2024-10-29 15:25:19','commercial',NULL,NULL),(199,'aurelie.servain.taieb@orange.fr','[\"ROLE_COMMERCIAL_AGENT\", \"ROLE_CUSTOMER\", \"ROLE_USER\", \"ROLE_COMMERCIAL_AGENT\"]','$2y$13$M5Gu9/j9v3T83/IFfp9xtOVplAVxfw8vKZheNbaF2pfGOqAX4jYX6','TAIEB','Aurélie','male',NULL,'01 39 27 28 31',0,'7E68F2DBE6B4B2BABDBAF2ECE09BFCBE75E0070EE4E259ED953B847744C720608157CAE2','2024-04-30 08:23:21','2024-10-29 15:25:19','commercial',NULL,NULL),(200,'patrick.tatat@wanadoo.fr','[\"ROLE_COMMERCIAL_AGENT\", \"ROLE_CUSTOMER\", \"ROLE_USER\", \"ROLE_COMMERCIAL_AGENT\"]','$2y$13$ddS62NQf4zAtr7L3wSJnYuaNXxpmyXNgr/J1.Ia7PppVyiuAP44DW','TATAT','Patrick','male',NULL,'02 99 75 12 72',0,'7A60BB50517287914A97CF727189BF6FFD1F15174A0F6B424384ED6E8E337740124A5B2C','2024-04-30 08:23:28','2024-10-29 15:25:19','commercial',NULL,NULL),(201,'denis.gallard335@orange.fr','[\"ROLE_COMMERCIAL_AGENT\", \"ROLE_CUSTOMER\", \"ROLE_USER\", \"ROLE_COMMERCIAL_AGENT\"]','$2y$13$vB5RHfoyNXOclC3mgcnAcO23O9lCYKU3G2jkjd33hTEoqR5XU9I6m','GALLARD','Denis','male',NULL,'06 85 93 85 89',0,'BFB9A1A2EF353D12C6B6610BE84FF3DD471B9EDF620C18AA7A5FAA342BE81202A95D4BFB','2024-04-30 08:23:36','2024-10-29 15:25:19','commercial',NULL,NULL),(202,'jean.deldon@aliceadsl.fr','[\"ROLE_COMMERCIAL_AGENT\", \"ROLE_CUSTOMER\", \"ROLE_USER\", \"ROLE_COMMERCIAL_AGENT\"]','$2y$13$f/X7x4mEGQ/os66nDIsQBOEGMxkfWv5LpYqzjOplr9NG4UjdLtR8a','DELDON','Jean','male',NULL,'06 70 27 89 99',0,'34F25C26D1AA88003E7E20010899E0F78727279B0748CB90AE3A0CD1C0EAF11863DEAEC0','2024-04-30 08:23:43','2024-10-29 15:25:20','commercial',NULL,NULL),(203,'tony.piriou@orange.fr','[\"ROLE_COMMERCIAL_AGENT\", \"ROLE_CUSTOMER\", \"ROLE_USER\", \"ROLE_COMMERCIAL_AGENT\"]','$2y$13$zZrAtYVcdwZpYao0XkPYY.9A1U4VXaczpXzyHqapUSHmhLE8mJGTq','PIRIOU','Tony','male',NULL,'06 58 67 27 34',0,'D1E5BD09DC3AC898F7910579A2973E90AF6021C9C8601DBC938471A74084D8EADB5F7008','2024-04-30 08:23:51','2024-10-29 15:25:20','commercial',NULL,NULL),(204,'eve.daugenet-ransonnette@outlook.fr','[\"ROLE_COMMERCIAL_AGENT\", \"ROLE_CUSTOMER\", \"ROLE_USER\", \"ROLE_COMMERCIAL_AGENT\"]','$2y$13$CSthR5ifq6/4l/GDR7Fbz.Jq.eh4ugDciQoqq5QE9lYR4K4ZTOolq','DAUGENET-RANSONNETTE','Evelyne','male',NULL,'09 62 59 72 14',0,'AF058E5F81F15D98719FF9CD1598111F083918557A708A1C950CB0D03C7C48F248876E69','2024-04-30 08:23:58','2024-10-29 15:25:20','commercial',NULL,NULL),(205,'francoisjacquard@sfr.fr','[\"ROLE_COMMERCIAL_AGENT\", \"ROLE_CUSTOMER\", \"ROLE_USER\", \"ROLE_COMMERCIAL_AGENT\"]','$2y$13$b2DKzE6G9TNuUmsEQLh7FulmxhvvDj1EaoxQ2IyuwYZsabFL2Tnza','JACQUARD','François','male',NULL,'06 76 88 59 64',0,'022330B25B66237E8C4F096670F564F90F6EB3B31318EA9674BF1217BA619B463A9617E6','2024-04-30 08:24:06','2024-10-29 15:25:20','commercial',NULL,NULL),(206,'xavier2944@orange.fr','[\"ROLE_COMMERCIAL_AGENT\", \"ROLE_CUSTOMER\", \"ROLE_USER\", \"ROLE_COMMERCIAL_AGENT\"]','$2y$13$EuqZMWXzDaAEAMcjLixLPeHFOg2Yzk8FWITUIU92Fwl5gegtRImYW','CAILLER','Xavier','male',NULL,'02 40 75 01 22',0,'E64F2CDE1DD3F2EB8F98F2DC815D22EA8DDDA0FE0F558451389F1608671362366424EDE7','2024-04-30 08:24:13','2024-10-29 15:25:20','commercial',NULL,NULL),(207,'patrice85.pro@gmail.com','[\"ROLE_COMMERCIAL_AGENT\", \"ROLE_CUSTOMER\", \"ROLE_USER\", \"ROLE_COMMERCIAL_AGENT\"]','$2y$13$0pJDZC.QHqmnoUenJRVXh.URLGIofSgWhwH9D0oJ6sdLMGCHSDB5e','RABAUD','Patrice','male',NULL,'06 07 56 32 17',0,'3AA1CA51DD3EB37903689CE9C0FB0ACA39ED2264DD7527F58008028D16B6F2ED805F291A','2024-04-30 08:24:20','2024-10-29 15:25:20','commercial',NULL,NULL),(208,'simon.lange.at@gmail.com','[\"ROLE_COMMERCIAL_AGENT\", \"ROLE_CUSTOMER\", \"ROLE_USER\", \"ROLE_COMMERCIAL_AGENT\"]','$2y$13$1irZ13souq5p7IR7uGqpGeP7qO/8lUACoWcN8J4HfcYRJLP3T6qOe','LANGE','Simon','male',NULL,'09 80 74 76 39',0,'EC45EA46F90AFC86D295BC7175FC2F04D9A492D8D3F47AFBDA835C6EB1B39CBD603AAE38','2024-04-30 08:24:28','2024-10-29 15:25:20','commercial',NULL,NULL),(209,'contact@clainquart.com','[\"ROLE_COMMERCIAL_AGENT\", \"ROLE_CUSTOMER\", \"ROLE_USER\", \"ROLE_COMMERCIAL_AGENT\"]','$2y$13$wiCe4Vr1F2XqQ9psAPTxoeKMPoCwSac6WjuBDxJgvy8W5RwCvRnjC','CLAINQUART','Jean-Philippe','male',NULL,'04 43 60 97 21',0,'02D1AC9BB9904976E3515E6FDDE8065FE0F2C9CC1472181306D3CABBB3AC031B31B3C042','2024-04-30 08:24:35','2024-10-29 15:25:20','commercial',NULL,NULL),(210,'gilles.benardeau@wanadoo.fr','[\"ROLE_COMMERCIAL_AGENT\", \"ROLE_CUSTOMER\", \"ROLE_USER\", \"ROLE_COMMERCIAL_AGENT\"]','$2y$13$h2P5p8of2xLVo7thCHW22.beY3EWzJm.vi6Z6HgxRk4KmILLJzvS2','BENARDEAU','Gilles','male',NULL,'02 43 95 86 74',0,'0C36C08DEB12BE22C88120B1A942FD6B7C0441CA1DCB3D30D54045B7C8AC9B75C21BB75D','2024-04-30 08:24:43','2024-10-29 15:25:20','commercial',NULL,NULL),(211,'xavier.caille@yahoo.fr','[\"ROLE_COMMERCIAL_AGENT\", \"ROLE_CUSTOMER\", \"ROLE_USER\", \"ROLE_COMMERCIAL_AGENT\"]','$2y$13$.ejaGVg9pp41dNWoqpnPzuIWC0XCEzOpyXu.odwtLhDsjZ3XG3z6y','CAILLE','Xavier','male',NULL,'06 50 39 82 22',0,'AAFF3EAEEFE0F8D226151F3527CE3488B04CD0912D64B29BC8DEF2F7542B81C85178E040','2024-04-30 08:24:50','2024-10-29 15:25:20','commercial',NULL,NULL),(212,'contact@stephane-muzellec.com','[\"ROLE_COMMERCIAL_AGENT\", \"ROLE_CUSTOMER\", \"ROLE_USER\", \"ROLE_COMMERCIAL_AGENT\"]','$2y$13$uNE1Gt/GTAZhqdY8eTo1GOGQ1MGhhRaKJk9W3dt6vFwLdGLQAq/bq','MUZELLEC','Stéphane','male',NULL,'06 77 00 97 17',0,'8303815BE2D900AF4917ECFF00CC30D3808A95B449B4138CA1766076B2F8CB2953BF3652','2024-04-30 08:24:58','2024-10-29 15:25:20','commercial',NULL,NULL),(213,'agencecommerciale@agencebeauquis.fr','[\"ROLE_COMMERCIAL_AGENT\", \"ROLE_CUSTOMER\", \"ROLE_USER\", \"ROLE_COMMERCIAL_AGENT\"]','$2y$13$qahe9ttHfa18nUTz84BIQ.pSFvd.xTBFNPTyEBA.TwElXab8KNi..','BEAUQUIS','Jérôme','male','1976-06-11','04 72 38 20 05',0,'70FCC6BDCF23D292B79A8D7CF29ED45E8F16A69219FD105ADE860A8050DB1CADC92CF8DB','2024-04-30 08:25:05','2025-03-06 16:38:18','commercial',NULL,NULL),(214,'romain.louveau@live.fr','[\"ROLE_COMMERCIAL_AGENT\", \"ROLE_CUSTOMER\", \"ROLE_USER\", \"ROLE_COMMERCIAL_AGENT\"]','$2y$13$H8RwTDeNP/KupXyUIcsaf.jJHfwFxGvszgYTTEVtYs15Ya6UUjM4e','LOUVEAU','Romain','male',NULL,'06 19 02 01 47',0,'EDA50402FC5673669862BDA9AF91A3C28AE377D6802BB3CFC906BF955D28C7C511E8D6A4','2024-04-30 08:25:13','2025-02-10 12:01:41','commercial',NULL,NULL),(215,'pascallegrand2001@yahoo.fr','[\"ROLE_COMMERCIAL_AGENT\", \"ROLE_CUSTOMER\", \"ROLE_USER\", \"ROLE_COMMERCIAL_AGENT\"]','$2y$13$r2cEQ6KutQ3S6kKISUvPKeCFDGLULDiMBBIWvTryLYkYuHVA8eTXK','LEGRAND','Pascal','male',NULL,'06 82 41 14 55',0,'4798B1C84F0ECB282011E909426EE1E8DDDF608F5F85E50E5EA414FB257C3E84AD2B08ED','2024-04-30 08:25:20','2024-10-29 15:25:20','commercial',NULL,NULL),(216,'varvier@varvier.fr','[\"ROLE_COMMERCIAL_AGENT\", \"ROLE_CUSTOMER\", \"ROLE_USER\", \"ROLE_COMMERCIAL_AGENT\"]','$2y$13$Hqup9d4yGdkSryum5HN3WuFUg2i2dhjeGQR1kgA6fx2v4jNrNib0q','VARVIER','Patrick','male',NULL,'04 94 72 74 11',0,'3CBBC74D6B79A764D2733C0C9B1C6BBF84049F100EB59E250E23D0CE5A201EB2A403C200','2024-04-30 08:25:28','2024-10-29 15:25:20','commercial',NULL,NULL),(217,'michel.snieg@wanadoo.fr','[\"ROLE_COMMERCIAL_AGENT\", \"ROLE_CUSTOMER\", \"ROLE_USER\", \"ROLE_COMMERCIAL_AGENT\"]','$2y$13$DRR9GmX0CtYoARZe.N0eie.kMhgVMPavT2xrDvkpgwqPwNC1Vv4hi','SNIEG','Michel','male',NULL,'01 34 08 57 31',0,'06B6B81CBBEAED641B26C38A1E5F9607E5CC6EF740812CCA6CA3B6F853C8830B7F6F9991','2024-04-30 08:25:36','2024-10-29 15:25:20','commercial',NULL,NULL),(218,'maxime.saillet@hotmail.com','[\"ROLE_COMMERCIAL_AGENT\", \"ROLE_CUSTOMER\", \"ROLE_USER\", \"ROLE_COMMERCIAL_AGENT\"]','$2y$13$oVlafdNCdi9z97u1sa1X0eN2NRPNXV4yIb.9rR9PxcJ6F7Tvx717u','SAILLET','Maxime','male',NULL,'06 67 63 19 87',0,'F271FDCEBD18E94EEA1BD3DE3C0117F68C829EA41F5DCFECEC9798C2B8A9CB39D6E69E16','2024-04-30 08:25:43','2024-10-29 15:25:21','commercial',NULL,NULL),(219,'lacroixfamily36@free.fr','[\"ROLE_COMMERCIAL_AGENT\", \"ROLE_CUSTOMER\", \"ROLE_USER\", \"ROLE_COMMERCIAL_AGENT\"]','$2y$13$r33yfPsrPT7BpZhqIlNLtO2SmFBP1.cDkdh11PdUc/ufb2Pyh64Eq','LACROIX','Florence','male',NULL,'06 81 49 19 80',0,'11E1596D528744DF621F5365AF7B15B7F729E908F945B66C10F6130AE034292F546C4F10','2024-04-30 08:25:50','2024-10-29 15:25:21','commercial',NULL,NULL),(220,'bertrand.vivant@gmail.com','[\"ROLE_COMMERCIAL_AGENT\", \"ROLE_CUSTOMER\", \"ROLE_USER\", \"ROLE_COMMERCIAL_AGENT\"]','$2y$13$ImkR/BpA0yZlfLdDcN6vWue4RPspHXvYs2mBwTM6lKrxBB/inrSJu','VIVANT','Bertrand','male',NULL,'06 33 03 20 25',0,'A7A119FF701CD64F90BE8311D4C916945CAB8DBCF9B4BA05392568A0ED88C1925CF1EF6F','2024-04-30 08:25:57','2024-10-29 15:25:21','commercial',NULL,NULL),(221,'f.tourtet@wanadoo.fr','[\"ROLE_COMMERCIAL_AGENT\", \"ROLE_CUSTOMER\", \"ROLE_USER\", \"ROLE_COMMERCIAL_AGENT\"]','$2y$13$CrKOYc9FIiR5bicwehBAIuJmn2F4eMFMPDRbzlBD9IlipCVsYy8b2','TOURTET','Françoise','male',NULL,'04 90 92 03 67',0,'09E17E85308D8B657A90CBF3E2782590ED40B950C8A37E30A34138A9F69923B62EEC50A1','2024-04-30 08:26:05','2024-10-29 15:25:21','commercial',NULL,NULL),(222,'contact@eric-boyer.com','[\"ROLE_COMMERCIAL_AGENT\", \"ROLE_CUSTOMER\", \"ROLE_USER\", \"ROLE_COMMERCIAL_AGENT\"]','$2y$13$bMVj6Yy4PTQPeDIDYw.9bOrI84u6mXe.WQXIYzxwUUIGhLjq0o03K','BOYER','Eric','male',NULL,'06 85 55 31 87',0,'B6F44F2DF9110E5236BBF2BD90E6562895F2386EC65E5A5465ED6ECD4DD0EA320494B0FE','2024-04-30 08:26:12','2024-10-29 15:25:21','commercial',NULL,NULL),(223,'pascal-maillot@tradnco.com','[\"ROLE_COMMERCIAL_AGENT\", \"ROLE_CUSTOMER\", \"ROLE_USER\", \"ROLE_COMMERCIAL_AGENT\"]','$2y$13$yxWAjaAWqqrdwpF8pz2tbOskQNC2FSp7xqWabDuyQccUPbic7zOJS','Maillot','Pascal','male',NULL,'06 86 01 80 11',0,'63DF281A8CC5EEAD0C2FE5969777C6C360D238763C1FC9DD81343C5D467A7DCB9E95D2AC','2024-04-30 08:26:19','2024-12-09 14:52:54','commercial',NULL,NULL),(224,'f.joubert@wanadoo.fr','[\"ROLE_COMMERCIAL_AGENT\", \"ROLE_CUSTOMER\", \"ROLE_USER\", \"ROLE_COMMERCIAL_AGENT\"]','$2y$13$a4eNYcMyNghzzlM6q4GRc.74VktPSoKMbkiJl3ngNJnbxgoqC7hW2','JOUBERT','Franck','male',NULL,'05 46 39 87 36',0,'24E9BB977637997234AF97C9041C49C556BF0CE5ED9B6843D05182825744786A4C486357','2024-04-30 08:26:26','2024-10-29 15:25:21','commercial',NULL,NULL),(225,'pierrelleroux@orange.fr','[\"ROLE_COMMERCIAL_AGENT\", \"ROLE_CUSTOMER\", \"ROLE_USER\", \"ROLE_COMMERCIAL_AGENT\"]','$2y$13$2YZspV8RghTyfPL4SyE8ie4qph60cY/yoOk2qVZQuwZOOJlIQhYxO','LEROUX','PierreLaurent','male',NULL,'05 56 45 94 52',0,'D23AA794CCEE2756314CEF4C7828477B9EC5FD74C2BD0F791AE6A98E4D0178B3EB7885B7','2024-04-30 08:26:34','2024-10-29 15:25:21','commercial',NULL,NULL),(226,'florecom@orange.fr','[\"ROLE_COMMERCIAL_AGENT\", \"ROLE_CUSTOMER\", \"ROLE_USER\", \"ROLE_COMMERCIAL_AGENT\"]','$2y$13$yRtZEAHCXxmQeqkvDCm3EO61QutO7W0Q6/tnvZv93yHUPEqAto8pK','CAILLE','Eric','male',NULL,'02 40 36 73 16',0,'AAFF3EAEEFE0F8D226151F3527CE3488B04CD0912D64B29BC8DEF2F7542B81C85178E040','2024-04-30 08:26:41','2024-10-29 15:25:21','commercial',NULL,NULL),(227,'contact@fortis-france.eu','[\"ROLE_COMMERCIAL_AGENT\", \"ROLE_CUSTOMER\", \"ROLE_USER\", \"ROLE_COMMERCIAL_AGENT\"]','$2y$13$vkNVOFMyuZGbtqkESJx0b.KI0qJx8dLlHPsqjAa0lmwnKElWWMzaG','MORAWSKI','Anita','male','1954-09-22','01 30 73 15 02',0,'11DE505CA0348BBB2F6D2BFE874A87037D91F1833B4D89801996657B1D79B116238FFBFF','2024-04-30 08:26:49','2024-10-29 15:25:21','commercial',NULL,NULL),(228,'sorimat@wanadoo.fr','[\"ROLE_COMMERCIAL_AGENT\", \"ROLE_CUSTOMER\", \"ROLE_USER\", \"ROLE_COMMERCIAL_AGENT\"]','$2y$13$wAfZF1prFmSpJ9qa0f.yNOLzh4I0J655ANf7kIi4aCWaGIxxVVls6','DANET','Arnaud','male',NULL,'02 98 45 68 89',0,'DE75FD6465AF0245F27547E60DD72E051DE3B86491202757FEB7EBACBE957F812F6E6166','2024-04-30 08:26:57','2024-10-29 15:25:21','commercial',NULL,NULL),(229,'dan.augereau@free.fr','[\"ROLE_COMMERCIAL_AGENT\", \"ROLE_CUSTOMER\", \"ROLE_USER\", \"ROLE_COMMERCIAL_AGENT\"]','$2y$13$oF9Pa.QGnCZg7njx4wO95O29rrhLhMSUook4OL9IOfsjkGXlw0LTW','AUGEREAU','Daniel','male',NULL,'06 08 09 51 82',0,'60496C259893FC5651C4BF3CAFEEF369348FEFCD5E082D4344778EA10AFAF483FCA6F8A8','2024-04-30 08:27:04','2024-10-29 15:25:21','commercial',NULL,NULL),(230,'ange.uzan@wanadoo.fr','[\"ROLE_COMMERCIAL_AGENT\", \"ROLE_CUSTOMER\", \"ROLE_USER\", \"ROLE_COMMERCIAL_AGENT\"]','$2y$13$iB3lfgF8gyNMQjCFdX/aIuHPaVDSuuw0C8QU8c8dP6v2SKbkM12JG','UZAN','Marielle','male',NULL,'01 30 92 18 91',0,'4442AD4BFE47CAD1E2258FBB92D576551F02BF55660587B6D222243C86A2FE1E12512102','2024-04-30 08:27:12','2024-10-30 15:36:30','commercial',NULL,NULL),(231,'monyagence@wanadoo.fr','[\"ROLE_COMMERCIAL_AGENT\", \"ROLE_CUSTOMER\", \"ROLE_USER\", \"ROLE_COMMERCIAL_AGENT\"]','$2y$13$CeWPS.rgU.HOn0fuoiP7q.HMUKcOG7fqZT1RMYQTRlPZt6GZtTbsq','Mony','Jean','male',NULL,'02 51 13 00 00',0,'3998FD9A681E801B0B6733F9CEF30120041D8BFAC742AA2CECD846A4E3E9E6E45800F0D4','2024-04-30 08:27:19','2024-10-29 15:25:21','commercial',NULL,NULL),(232,'severine.druart@gmail.com','[\"ROLE_COMMERCIAL_AGENT\", \"ROLE_CUSTOMER\", \"ROLE_USER\", \"ROLE_COMMERCIAL_AGENT\"]','$2y$13$KAGVfxftWemsdw/lSYVniep4HIbBSV431gfuxT0AumtiPa0aLGe4q','DRUART','Séverine','male',NULL,'01 40 83 01 06',0,'9D265249C9B02242808B40729DD96C0F797B370D652D231D82EEBDFED4C15FBEE62BE729','2024-04-30 08:27:27','2024-10-29 15:25:21','commercial',NULL,NULL),(233,'yves_guitonny@hotmail.com','[\"ROLE_COMMERCIAL_AGENT\", \"ROLE_CUSTOMER\", \"ROLE_USER\", \"ROLE_COMMERCIAL_AGENT\"]','$2y$13$73vcWfKuKWUtdHOJ.Tb/i.MXOg3OQ3bKxIqgyMxaI3A3bfKVrvGMa','GUITONNY','Yves','male',NULL,'02 41 58 24 06',0,'3029B548EFCD692E89070C635D19ECC3D26B36A9C8FAB289ACA4408388CD386F0C923F7A','2024-04-30 08:27:34','2024-11-01 10:24:52','commercial',NULL,NULL),(234,'malesaffre@wanadoo.fr','[\"ROLE_COMMERCIAL_AGENT\", \"ROLE_CUSTOMER\", \"ROLE_USER\", \"ROLE_COMMERCIAL_AGENT\"]','$2y$13$ntCJ/TZPfhgPMVqjZhqlye/NKm4Ab5dBhvyuscGj/QyYmIxBHCyxq','LESAFFRE','Marc','male',NULL,'03 20 08 95 80',0,'72D33C03EF2CBE1B82BF5FC51C8FC8183CFC2C766B68B27A26D4982EFA9AA31E03D695CB','2024-04-30 08:27:42','2024-10-29 15:25:22','commercial',NULL,NULL),(235,'did.evano@orange.fr','[\"ROLE_COMMERCIAL_AGENT\", \"ROLE_CUSTOMER\", \"ROLE_USER\", \"ROLE_COMMERCIAL_AGENT\"]','$2y$13$tAO26dAPf/6yj9sFDUGTl.bCUkc4URtg.QiVW7YA7fTDP6dsc.oEa','EVANO','Didier','male',NULL,'02 40 34 41 95',0,'1B0203795D505FE6924C16CF0AD26605FC3F5C127191685C6DE65C512997003083308FA1','2024-04-30 08:27:50','2024-10-29 15:25:22','commercial',NULL,NULL),(236,'jean-pierre.forestier@orange.fr','[\"ROLE_COMMERCIAL_AGENT\", \"ROLE_CUSTOMER\", \"ROLE_USER\", \"ROLE_COMMERCIAL_AGENT\"]','$2y$13$VTlDmkkUEh/UqVMf71.N4u1iO3fstYKRHnH31mt4gRx1zjpUpNJuq','FORESTIER','Jean-Pierre','male','1958-06-29','06 48 22 51 67',0,'EB0CC11529DBB79CCEBCB583CD362381CE0F266388CCB483FDB914117BDF3EE8187D2B9F','2024-04-30 08:27:57','2024-10-29 15:25:22','commercial',NULL,NULL),(237,'chris.sarroche@el-andaluz.fr','[\"ROLE_COMMERCIAL_AGENT\", \"ROLE_CUSTOMER\", \"ROLE_USER\", \"ROLE_COMMERCIAL_AGENT\"]','$2y$13$Xas9vjoGpYnOuHcNRgZNRuzcFv.VCqRT8e2inDnBVtObtEwQ9Tf3G','SARROCHE','Christian','male','1956-03-27','05 63 60 17 01',0,'21FEC4C2F732DEC9BA44B9D2143AB9A5F436D03F62BC6F5BA7A45BBDEF3C5CCD81379C5F','2024-04-30 08:28:05','2024-11-16 07:48:23','commercial',NULL,NULL),(238,'deoliveira.agent@orange.fr','[\"ROLE_COMMERCIAL_AGENT\", \"ROLE_CUSTOMER\", \"ROLE_USER\", \"ROLE_COMMERCIAL_AGENT\"]','$2y$13$9CeGvWvZHklKYSyBoehMQeupkx38XFK1An.PXMJjIEZh6utb0R2Pe','DE OLIVEIRA','Georges','male',NULL,'03 20 99 08 95',0,'7CCA8D1BE1754C3AF1CCE906EE7A5F79E3553C893787CB78B8B0FE82EA3E64AC46353C8F','2024-04-30 08:28:12','2024-10-29 15:25:22','commercial',NULL,NULL),(239,'adutruel@hotmail.fr','[\"ROLE_COMMERCIAL_AGENT\", \"ROLE_CUSTOMER\", \"ROLE_USER\", \"ROLE_COMMERCIAL_AGENT\"]','$2y$13$C8wnhLFE/yv2B0dXVzUFv.PACLEu6w3cjFlAe2HTFME4vvxfhxFR.','DUTRUEL','Anita','male',NULL,'06 89 02 32 76',0,'D21BB5C78B1F6B15EE88FF4B1BE0854AE4A843417CBE06BF872D1E987D8832550493A444','2024-04-30 08:28:19','2024-10-29 15:25:22','commercial',NULL,NULL),(240,'sofanec@orange.fr','[\"ROLE_COMMERCIAL_AGENT\", \"ROLE_CUSTOMER\", \"ROLE_USER\", \"ROLE_COMMERCIAL_AGENT\"]','$2y$13$RDVDXT.gURfK2cztlSI0Vef4J1LVPRWPuf1sI7.W2zVXHWwTWQmOq','TREGOUET','Yannick','male',NULL,'04 74 31 66 00',0,'05A8AD260DF3938A60CF16F24B695802D5D83FC1FEC62B0C515A0EEEA9A9F3EB01D881BE','2024-04-30 08:28:27','2024-10-29 15:25:22','commercial',NULL,NULL),(241,'alexandrecanton@yahoo.fr','[\"ROLE_COMMERCIAL_AGENT\", \"ROLE_CUSTOMER\", \"ROLE_USER\", \"ROLE_COMMERCIAL_AGENT\"]','$2y$13$oGH1yZ21jARjOjIjODmgC.SZWQ3/Vq7BhYJtkGcLOvk.g2L0GeYsm','CANTON','Alexandre','male',NULL,'03 20 24 39 80',0,'4FB44B223C77B005DAD3E9501CDED925491F4309A6D3F273D05FEAB912DF4883F58235C0','2024-04-30 08:28:34','2024-10-29 15:25:22','commercial',NULL,NULL),(242,'umej@hotmail.fr','[\"ROLE_COMMERCIAL_AGENT\", \"ROLE_CUSTOMER\", \"ROLE_USER\", \"ROLE_COMMERCIAL_AGENT\"]','$2y$13$t5kWinhIbJkJpz6ICb/4bemabaFWq4s/Unb8K6Jfj98r8Eb6a8kaq','UKILI','Medjoub','male',NULL,'06 30 79 80 85',0,'D88F8880825EE543832F2D7B45181236ACD2054397BFCE9F701384F1E7114D53D381124F','2024-04-30 08:28:42','2024-10-29 15:25:22','commercial',NULL,NULL),(243,'winter.jean-baptiste@orange.fr','[\"ROLE_COMMERCIAL_AGENT\", \"ROLE_CUSTOMER\", \"ROLE_USER\", \"ROLE_COMMERCIAL_AGENT\"]','$2y$13$5B7nQb9ZFt.yIUzKtBx1d.KnQ1GiGFzZ0qsf6wdZuCLxWrKqFtHV.','WINTER','Jean-Baptiste','male',NULL,'05 53 08 90 79',0,'D1B3BB0D0C3675876CE5B4576C35A26A921BFC30D10F3140DE658DC97742B226CFCCCCE6','2024-04-30 08:28:50','2024-10-29 15:25:22','commercial',NULL,NULL),(244,'veronique.douniau@orange.fr','[\"ROLE_COMMERCIAL_AGENT\", \"ROLE_CUSTOMER\", \"ROLE_USER\", \"ROLE_COMMERCIAL_AGENT\"]','$2y$13$FS67rxaieRlH3.Y14leW3u5CuH76.hc1onmdxqlFbsHhi1ffhBThu','DOUNIAU','Véronique','male',NULL,'06 81 25 55 11',0,'3E36C95C89A9B0F8A27C0D1F45F112C79FA222BBB1DD271804D7B4A8F0FA0906BA449A4E','2024-04-30 08:28:57','2024-10-29 15:25:22','commercial',NULL,NULL),(245,'ronan.mahuas@orange.fr','[\"ROLE_COMMERCIAL_AGENT\", \"ROLE_CUSTOMER\", \"ROLE_USER\", \"ROLE_COMMERCIAL_AGENT\"]','$2y$13$B58eh60zkxhH5Yl8Jbxb6.Bo1DYXXJZ3CXw4vsPAChkatIrAOZDsW','MAHUAS','Ronan','male',NULL,'06 60 23 89 66',0,'A8BAA140D108847CD1AC883034CBC8079978D8133D9011EF008DC677F7BF2D81EE5596BA','2024-04-30 08:29:04','2024-10-29 15:25:22','commercial',NULL,NULL),(246,'frederic.quentel@econocom.com','[\"ROLE_COMMERCIAL_AGENT\", \"ROLE_CUSTOMER\", \"ROLE_USER\", \"ROLE_COMMERCIAL_AGENT\"]','$2y$13$gaxa/LxC1cWpU22JsZ/Keesq7NGaVvKOfw2fP8DkhYrVK0essbNgi','QUENTEL','Frédéric','male',NULL,'02 53 52 01 92 ',0,'0ABB9BB49FD43F13A1A5CBBED405D84393502D17C26D5E8EBFD25BB15B00069F91AF902F','2024-04-30 08:29:11','2024-10-29 15:25:22','commercial',NULL,NULL),(247,'alain.deloffre@wanadoo.fr','[\"ROLE_COMMERCIAL_AGENT\", \"ROLE_CUSTOMER\", \"ROLE_USER\", \"ROLE_COMMERCIAL_AGENT\"]','$2y$13$yx16zqX6GiTwFzDRkssZKeP/y2iqYIfONa9TLvP9DdRrVgyjjP0Vq','DELOFFRE','Alain','male',NULL,'03 21 71 19 39',0,'0344CFB5F3474C884C30A1D79BECD78F4F7C8F8AB85DDC9B479B21194E01A1350BA81371','2024-04-30 08:29:19','2024-10-29 15:25:22','commercial',NULL,NULL),(248,'christelle.prost@wanadoo.fr','[\"ROLE_COMMERCIAL_AGENT\", \"ROLE_CUSTOMER\", \"ROLE_USER\", \"ROLE_COMMERCIAL_AGENT\"]','$2y$13$tHKVrGrv6yAC0D/8N/IkwOy8bMH1Kkyj4z8WacbZLHdfUUCufo6mW','BONNETPROST','Christelle','male',NULL,'05 90 26 67 90',0,'D256559FADFA1E5CB24CC71661DB77623FEA73AED51401B856784948088B84926201761A','2024-04-30 08:29:26','2024-10-29 15:25:23','commercial',NULL,NULL),(249,'fredericmoss@orange.fr','[\"ROLE_COMMERCIAL_AGENT\", \"ROLE_CUSTOMER\", \"ROLE_USER\", \"ROLE_COMMERCIAL_AGENT\"]','$2y$13$om2ciphldmo0OnAUFpdV8.pr4rxf5IisnUplXKPRjNHQgccNWP33G','MOSS','Frédéric','male',NULL,'06 77 07 90 04',0,'9B143F913FA297667D7AB98DE14F5D5FDE7579F15FD07CFC6CD0CBB6D20E74DE5902A2FC','2024-04-30 08:29:34','2024-10-29 15:25:23','commercial',NULL,NULL),(250,'blandine.bpnat@gmail.com','[\"ROLE_COMMERCIAL_AGENT\", \"ROLE_CUSTOMER\", \"ROLE_USER\", \"ROLE_COMMERCIAL_AGENT\"]','$2y$13$.vMGKCNOpcBSJ37I2PJLHeOna7hMW/iaaPgDsLxAz1jBds3kVaZO6','PLESSIER','Blandine','male','1956-04-19','06 80 48 93 38',0,'F9AA75EFDF5AD6D12A8B2C70AF6D81B1E63C6F7C50CF747EB7AF5004F95CA1A69B475971','2024-04-30 08:29:41','2024-10-29 15:25:23','commercial',NULL,NULL),(251,'ambiances@wanadoo.fr','[\"ROLE_COMMERCIAL_AGENT\", \"ROLE_CUSTOMER\", \"ROLE_USER\", \"ROLE_COMMERCIAL_AGENT\"]','$2y$13$mwDgYI.priSGJjvaU9Jf/.0oEW6Y5cpam95rXIpzrsDGFwa42Zkaa','MARIE','JeanFrançois','male',NULL,'06 08 62 55 49',0,'C2D03AC3783ACDD237FB95AEDB47984AA261E7A2AF2FF45F52B5AAA30AD1D37C95493151','2024-04-30 08:29:49','2024-10-29 15:25:23','commercial',NULL,NULL),(252,'porzierjl@gmail.com','[\"ROLE_COMMERCIAL_AGENT\", \"ROLE_CUSTOMER\", \"ROLE_USER\", \"ROLE_COMMERCIAL_AGENT\"]','$2y$13$gnkP/FIx3.BShvHuLPMPY.D.xqFc3E1bf3/Gj5sl965XVHvhEYIuq','PORZIER','Jean-Luc','male',NULL,'02 98 67 11 46',0,'2C391A897E5642F0EF1C18853FBBE6A7009CF9C4C39BA8C6ABEFC732DF7A0F2F1213CD3B','2024-04-30 08:29:56','2024-10-30 15:39:27','commercial',NULL,NULL),(253,'severac@sodial.net','[\"ROLE_COMMERCIAL_AGENT\", \"ROLE_CUSTOMER\", \"ROLE_USER\", \"ROLE_COMMERCIAL_AGENT\"]','$2y$13$YHeT4C5qtuhbHPS0AH8gG.qE6Vi1v3xas/EIRWpPOjL6boqSMWONG','SEVERAC','Jean-Louis','male',NULL,'05 53 95 71 98',0,'65E99095C628D03048DFF4239244BF48A260164DB0AFB9759DA130E00EC9ADF595F354D1','2024-04-30 08:30:04','2024-10-29 15:25:23','commercial',NULL,NULL),(254,'nl.nicolaslesage@free.fr','[\"ROLE_COMMERCIAL_AGENT\", \"ROLE_CUSTOMER\", \"ROLE_USER\", \"ROLE_COMMERCIAL_AGENT\"]','$2y$13$H5hjmE4LOM8Pe98NyqcQoeKjT3lYSMn1T2srhCuin50ta3mdu44WO','LESAGE','Nicolas','male',NULL,'02 51 80 72 94',0,'BC4631CF9F8061A0DA54B1867E2D5D5581379C1677B313064D7411FB9996FB324856A148','2024-04-30 08:30:11','2024-10-30 15:38:26','commercial',NULL,NULL),(255,'annette.nichele@orange.fr','[\"ROLE_COMMERCIAL_AGENT\", \"ROLE_CUSTOMER\", \"ROLE_USER\", \"ROLE_COMMERCIAL_AGENT\"]','$2y$13$qZK38Pi0XMHQJXSA18k10.y2KeNYmolauaNeNFOi6YvQM4ePl7jbG','NICHELE','Annette','male',NULL,'05 61 85 30 44',0,'B7993914EA5833E6A46A6ACC2A35B5F77CDC418736B25E55FE254242A24EEEC227E2286E','2024-04-30 08:30:18','2024-10-29 15:25:23','commercial',NULL,NULL),(256,'bresta@wanadoo.fr','[\"ROLE_COMMERCIAL_AGENT\", \"ROLE_CUSTOMER\", \"ROLE_USER\", \"ROLE_COMMERCIAL_AGENT\"]','$2y$13$/l1Ub9WKsQY7SF1dpJKpaeANTAjA5b8tHRrdvfPROtk1jwHMeHuEC','RESTA','Bertrand','male',NULL,'02 23 17 05 91',0,'411344A2C3806FA17457358F71CFBC70AC49AB2A28D2C68AA377C4CF5DA4B0D01000486B','2024-04-30 08:30:26','2024-10-29 15:25:23','commercial',NULL,NULL),(257,'o.derksen@houlet.fr','[\"ROLE_COMMERCIAL_AGENT\", \"ROLE_CUSTOMER\", \"ROLE_USER\", \"ROLE_COMMERCIAL_AGENT\"]','$2y$13$1iGOVI9IUzFf1d92TNttOuOoEqPd05w.q3ykxqLqjs2iiKcIhYAYy','DERKSEN','Olivier','male',NULL,'01 39 30 67 67',0,'8F73DA62231EDCD6C61D36DE1A04C1981D439DCC4789E87DE6C3ADDD1158D13BB327311B','2024-04-30 08:30:33','2024-10-29 15:25:23','commercial',NULL,NULL),(258,'schumacher.jacques@free.fr','[\"ROLE_COMMERCIAL_AGENT\", \"ROLE_CUSTOMER\", \"ROLE_USER\", \"ROLE_COMMERCIAL_AGENT\"]','$2y$13$JT7HCkwooFTrpDR4iEesFOF2bKOe.YbE8VAf/horeP6njzf5TWXlC','SCHUMACHER','JacquesAndré','male',NULL,'01 60 27 95 52',0,'C9B1A15DC1068BA0F2038D520FBAC2DDE05D5061ED8DC9DC84D69CD72EF6A8637F7507F3','2024-04-30 08:30:41','2024-10-29 15:25:23','commercial',NULL,NULL),(259,'agencecodeschamps@gmail.com','[\"ROLE_COMMERCIAL_AGENT\", \"ROLE_CUSTOMER\", \"ROLE_USER\", \"ROLE_COMMERCIAL_AGENT\"]','$2y$13$qJ8LOpJ/KRYDNBoF3lEg8.pmoblaKs3UaVuVTov9uwOgBrlFPTAHS','DESCHAMPS','Luc','male',NULL,'06 14 99 40 62',0,'7B080A951A4E3080A25F3B28274405AC8C1799EA1791FB64D772E9AD00CCB030A513C5CC','2024-04-30 08:30:48','2024-10-29 15:25:23','commercial',NULL,NULL),(260,'afrep@wanadoo.fr','[\"ROLE_COMMERCIAL_AGENT\", \"ROLE_CUSTOMER\", \"ROLE_USER\", \"ROLE_COMMERCIAL_AGENT\"]','$2y$13$OJtzE/vM9VT.Nzjrio/vjuzvm9jnkEgDlwP1gdWLuoRAaL2MVVSdW','SCHEIWILLER','Arnaud','male',NULL,'01 43 70 36 63',0,'470B9825CB569F8C9394E06761610D2B8A700BC5CAA2ED160A1A09D054C78192B4C157BC','2024-04-30 08:30:56','2024-10-30 15:33:56','commercial',NULL,NULL),(261,'gilles.cretois@wanadoo.fr','[\"ROLE_COMMERCIAL_AGENT\", \"ROLE_CUSTOMER\", \"ROLE_USER\", \"ROLE_COMMERCIAL_AGENT\"]','$2y$13$BdlKDj5t71o5Oij3yrkiE.9Eg2mk8grtSSdlp2Pxp.uTcMuzl7X56','CRETOIS','Gilles','male',NULL,'02 40 51 89 70',0,'EDBFB50387A4EC64DC6629E6414744C4E76635358DF2B91CC08672D88EEADFD3B3E75E64','2024-04-30 08:31:03','2024-10-29 15:25:23','commercial',NULL,NULL),(262,'frederique.lebert@wanadoo.fr','[\"ROLE_COMMERCIAL_AGENT\", \"ROLE_CUSTOMER\", \"ROLE_USER\", \"ROLE_COMMERCIAL_AGENT\"]','$2y$13$S3A4Gl2lF9nTYGZPCJqvAu5Bes.b.YF5pKs03I0G2sQJ9Z6buZ0Di','CLEMENT','Frédérique','male',NULL,'02 40 54 56 28',0,'A5BCE989FA6C371347AC8E23290F209E1FF2CFDDAD5AC8903FF55725FE2DBAB804FDAFB5','2024-04-30 08:31:11','2024-10-30 15:38:13','commercial',NULL,NULL),(263,'pag000@club-internet.fr','[\"ROLE_COMMERCIAL_AGENT\", \"ROLE_CUSTOMER\", \"ROLE_USER\", \"ROLE_COMMERCIAL_AGENT\"]','$2y$13$MFGupMGQzs1Ko0uAQ1jtAOapqNBSOiK5gIhF.YKY9UIAKoaQSPnVy','GRANDRY','PierreAlexandre','male',NULL,'01 39 78 48 07',0,'95C4EF0153F9764D76AD118667C4C2113EDC431E3413CD31F4EEAE30EBA1F01ADB6B8CCC','2024-04-30 08:31:18','2024-10-29 15:25:23','commercial',NULL,NULL),(264,'bas.vis.2011@orange.fr','[\"ROLE_COMMERCIAL_AGENT\", \"ROLE_CUSTOMER\", \"ROLE_USER\", \"ROLE_COMMERCIAL_AGENT\"]','$2y$13$IwMmZtPC55Ly5QrU62sbhepmrWg.S/TwyljNuOa6.bVMF1VaGjNvK','THOMAS','Gérard','male',NULL,'06 09 22 26 72',0,'C1A36783A7FE6444F07AF9FA6611318E1891F63FF3698C7C3F5081364560A861ECAB1CC2','2024-04-30 08:31:26','2024-10-29 15:25:23','commercial',NULL,NULL),(265,'homedis@orange.fr','[\"ROLE_COMMERCIAL_AGENT\", \"ROLE_CUSTOMER\", \"ROLE_USER\", \"ROLE_COMMERCIAL_AGENT\"]','$2y$13$Av0JA96.2yWhK.x/kCsT3e1bNO6CdOEbplEDvoYMyH.j/Tl4eiTMe','MONNIER','Laurent','male',NULL,'06 83 29 85 60',0,'458D4D2FDF06A529401FEF6D36718748A4C9662FF831119630A000176572169ED86F92E2','2024-04-30 08:31:34','2024-10-30 14:53:05','commercial',NULL,NULL),(266,'pjacquemont@pja-transmotion.com','[\"ROLE_COMMERCIAL_AGENT\", \"ROLE_CUSTOMER\", \"ROLE_USER\", \"ROLE_COMMERCIAL_AGENT\"]','$2y$13$qpfYZ5KHrjjydF/uFO3rfurfoLnw/Gg6gTLHT.WxiExDIfJK.VQ1u','JACQUEMONT','Pascal','male',NULL,'06 42 00 72 59',0,'B501953CE390BCD1FBBECAC2AF67F0E52342DA66DA7B61723ADED85EA1C7353720A10C8D','2024-04-30 08:31:41','2024-10-29 15:25:24','commercial',NULL,NULL),(267,'francis.moissonnier@elicis.fr','[\"ROLE_COMMERCIAL_AGENT\", \"ROLE_CUSTOMER\", \"ROLE_USER\", \"ROLE_COMMERCIAL_AGENT\"]','$2y$13$3oDwythnpETxN6C3KwxvC.29UQK1GxdsNZ1MrNGcH7C1ZHDnj9hne','MOISSONNIER','Francis','male','1950-09-05','01 41 79 06 25',0,'B55D8D11007E3F632821A0670AFC8C89C8202858A2BC6999C22056BC8DB4D9F117CF0B24','2024-04-30 08:31:48','2024-10-29 15:25:24','commercial',NULL,NULL),(268,'carlo.pennella@carlocollections.com','[\"ROLE_CUSTOMER_VALIDATED\", \"ROLE_CUSTOMER_VALIDATED\", \"ROLE_COMMERCIAL_AGENT\", \"ROLE_CUSTOMER\", \"ROLE_USER\"]','$2y$13$s2.oN9E.2fBeuJZ6Oq43lOq3OPfSiOswGH7p7P9rJI5nUDK3UJC4q','PENNELLA','Carlo','male','2024-10-17','07 61 11 54 73',0,'AFC7C323BB52E3D51EEE07C0E6832B34D93D3EB34699F95B09408722FCC8459B8BE3C099','2024-04-30 08:31:56','2025-02-10 12:03:54','commercial',NULL,NULL),(269,'4p.home.2@gmail.com','[\"ROLE_COMMERCIAL_AGENT\", \"ROLE_CUSTOMER\", \"ROLE_USER\", \"ROLE_COMMERCIAL_AGENT\"]','$2y$13$RXMb8b5RPc5XdHLQZDjS6ucczr1zg8T0kM8EiB2fWb6EaOQ6CuYxG','BERNER','Franck','male',NULL,'05 53 90 13 95',0,'5C9BC9A0429951E3848EE8BB21D8897C28808667B1E4E5D0347673F1B8EBB441E1772F5F','2024-04-30 08:32:03','2024-10-29 15:25:24','commercial',NULL,NULL),(270,'marchadourdiffusions@wanadoo.fr','[\"ROLE_COMMERCIAL_AGENT\", \"ROLE_CUSTOMER\", \"ROLE_USER\", \"ROLE_COMMERCIAL_AGENT\"]','$2y$13$B6LL4eq1vCZjyshLELzHku64YKrWaZHqXcqGCAEfdj.v3MQTrVAN6','MARCHADOUR','Rémy','male',NULL,'02 98 37 95 62',0,'7C960C24F06B3CC31F56BFE55F07EA2B324B352F769580EFD37DC87B20B985A65D5A9AFE','2024-04-30 08:32:10','2024-10-29 15:25:24','commercial',NULL,NULL),(271,'jeandominique.sombrun@orange.fr','[\"ROLE_COMMERCIAL_AGENT\", \"ROLE_CUSTOMER\", \"ROLE_USER\", \"ROLE_COMMERCIAL_AGENT\"]','$2y$13$7DeX23sOvHb68VqJHLqHsuj1kjGH4m7V0qd2OwNX39thYygRUf2Pu','SOMBRUN','Jean-Dominique','male','1957-09-11','06 37 37 38 23',0,'3CCD710B609B81807458E6D8AA2FCB47F891C85EDD5FB36A40ADED463843A4FFED974BA2','2024-04-30 08:32:18','2024-12-12 09:17:46','commercial',NULL,NULL),(272,'christine.nef@hotmail.fr','[\"ROLE_COMMERCIAL_AGENT\", \"ROLE_CUSTOMER\", \"ROLE_USER\", \"ROLE_COMMERCIAL_AGENT\"]','$2y$13$lfxAD3bR0RK4YqHPNUbVHuTuyj6s9ppayseE5VdoJ7eU5BW2FZPa.','CHEVALIER','Christine','male',NULL,'09 83 03 66 06',0,'CD044E2A91C3FF9B49836B979A3D7C116E9A8623B804623380328923E5BE03610AF3A83B','2024-04-30 08:32:25','2024-10-29 15:25:24','commercial',NULL,NULL),(273,'luc.chemama@wanadoo.fr','[\"ROLE_COMMERCIAL_AGENT\", \"ROLE_CUSTOMER\", \"ROLE_USER\", \"ROLE_COMMERCIAL_AGENT\"]','$2y$13$0BQKAKDHexCPK9AmMK6tK.J.dRbQUzULs3I06idTYsDRrIvIG1fRe','CHEMAMA','Luc','male',NULL,'05 56 47 25 02',0,'EA8FEF3712BB69BBEE42565DBA7F3DF10612C7EEC4910DB73283827F3DFD59B5478918A3','2024-04-30 08:32:32','2024-10-29 15:25:24','commercial',NULL,NULL),(274,'genin@domapart.com','[\"ROLE_COMMERCIAL_AGENT\", \"ROLE_CUSTOMER\", \"ROLE_USER\", \"ROLE_COMMERCIAL_AGENT\"]','$2y$13$kR7w.7Qpu3bjRvFfyuCEdeq.AaBKrzjXy3vKJJKyhHRyyHaJc0s6W','GENIN','Christophe','male',NULL,'05 58 06 81 17',0,'791E4E75E6C6080117084256D83C726C1CFCF3FB28F84BBECE5550F52A036C281B8CA4D6','2024-04-30 08:32:40','2024-10-29 15:25:24','commercial',NULL,NULL),(275,'oliviercezard@gmail.com','[\"ROLE_COMMERCIAL_AGENT\", \"ROLE_CUSTOMER\", \"ROLE_USER\", \"ROLE_COMMERCIAL_AGENT\"]','$2y$13$qxN50jIVSGW6nyBb/5Rd3OTLCSGv4EFP0fdptRf4bI6YuI0jdCAQC','CEZARD','Olivier','male',NULL,'06 10 83 56 78',0,'7CB512D317A168B4AC27666392EB91171021F89405DCEAD3EB63A063B0DD59F81A45AE89','2024-04-30 08:32:47','2024-10-29 15:25:24','commercial',NULL,NULL),(276,'nathalie.peraldi@gmail.com','[\"ROLE_COMMERCIAL_AGENT\", \"ROLE_CUSTOMER\", \"ROLE_USER\", \"ROLE_COMMERCIAL_AGENT\"]','$2y$13$YP6Q3TA3ChOER6J5cncrS.6QkLJ8UlgxbJTWmr5eZNKhO0Fm70oUS','PERALDI','Nathalie','male','1965-01-02','06 07 84 77 15',0,'2D34BB3615B31374FB7751F2A47F145F46FC80AD23FEDD1160C5439022D330DFF1C0A357','2024-04-30 08:32:54','2024-10-29 15:25:24','commercial',NULL,NULL),(277,'frnmoin@aol.com','[\"ROLE_COMMERCIAL_AGENT\", \"ROLE_CUSTOMER\", \"ROLE_USER\", \"ROLE_COMMERCIAL_AGENT\"]','$2y$13$PVeU7Yb7jpKQLRI1ka1rs.uzuETS8c6i8dxKQQqLn1jQCczkhQ//K','MOINGEON','François','male',NULL,'04 42 61 80 29',0,'2F46F661A83C8FA6B7D7A9009877A6C40E7D54A529B4DCEC56E5F017DBDBDC80331DD509','2024-04-30 08:33:02','2024-10-30 15:37:58','commercial',NULL,NULL),(278,'perrin.frank@orange.fr','[\"ROLE_COMMERCIAL_AGENT\", \"ROLE_CUSTOMER\", \"ROLE_USER\", \"ROLE_COMMERCIAL_AGENT\"]','$2y$13$eVRCxeqUJ1uW1lpCdQ0G9ukd9IkHSM.1GjkSF2RY.FsfXUYycY0D6','PERRIN','Franck','male',NULL,'05 59 22 15 44',0,'298E4C795CA7B1B593FE62A4044C0F2C921BC242681FE6676B3E31CCFC5291FA5015B159','2024-04-30 08:33:09','2024-10-29 15:25:24','commercial',NULL,NULL),(279,'michelfrancillon@wanadoo.fr','[\"ROLE_COMMERCIAL_AGENT\", \"ROLE_CUSTOMER\", \"ROLE_USER\", \"ROLE_COMMERCIAL_AGENT\"]','$2y$13$jmt8VFQI1zHkyMBTagWGHeZEv/Y2AWKNHHg0ko882TsNKHt85s2zW','FRANCILLON','Michel','male',NULL,'04 94 35 51 70',0,'5F176F1E8FFCDA1ACA25806ABA175685D4D7F176ED793FD9D8ED3336F323F3745F89AC07','2024-04-30 08:33:17','2024-10-29 15:25:25','commercial',NULL,NULL),(280,'agence.bermejo@free.fr','[\"ROLE_COMMERCIAL_AGENT\", \"ROLE_CUSTOMER\", \"ROLE_USER\", \"ROLE_COMMERCIAL_AGENT\"]','$2y$13$HCV.yr519b8CkScOo5PkW.oXLxyXTRJNvgvPa7qU8OXwRwyNrry9C','ESPAGNETBERMEJO','Maryvonne','male',NULL,'05 56 39 77 34',0,'C829D8E2627B3D6A699825AABA823E3C4D8C3FFFCB43195140E5B4AFB3B12A45323B080E','2024-04-30 08:33:25','2024-10-29 15:25:25','commercial',NULL,NULL),(281,'richard.carnevale@wanadoo.fr','[\"ROLE_COMMERCIAL_AGENT\", \"ROLE_CUSTOMER\", \"ROLE_USER\", \"ROLE_COMMERCIAL_AGENT\"]','$2y$13$.6QJ/SeoOJlJc2zHef/UluSoEM.b2s0ZX.nIbF9NkOKJKI./wmQOe','CARNEVALE','Nadège','male',NULL,'01 34 62 32 22',0,'DC5D96740D571EECF66366E2F907139D06EDC758CEB684C98C49C8F00C2852A4F798502D','2024-04-30 08:33:32','2025-01-23 16:06:15','commercial',NULL,NULL),(282,'pblondel@cegetel.net','[\"ROLE_COMMERCIAL_AGENT\", \"ROLE_CUSTOMER\", \"ROLE_USER\", \"ROLE_COMMERCIAL_AGENT\"]','$2y$13$DE6s0pYHDeSLXU7xRjSTc.PX5XFI6thvI4R0fScbuFVcqyFLo6fNe','BLONDEL','Philippe','male',NULL,'06 07 64 60 60',0,'46A37FF56EAF9D6FCF00631A3B538C4137D71BAAF26E83342AF71E225793DA4E1A8917D8','2024-04-30 08:33:40','2024-10-29 15:25:25','commercial',NULL,NULL),(283,'alguenaconseil@aol.com','[\"ROLE_COMMERCIAL_AGENT\", \"ROLE_CUSTOMER\", \"ROLE_USER\", \"ROLE_COMMERCIAL_AGENT\"]','$2y$13$.6O9caAwDKayux/O5NHXrusRQ53yGo67FY1BPcb4VrJhCiFRum0HK','GUENAND','Alain','male',NULL,'01 30 45 45 76',0,'A0FB7512DE929251FCABAE467260EC9C4D35E1C5CDBF6F4EF1FDE6B305596B7DFAF594BF','2024-04-30 08:33:47','2024-10-29 15:25:25','commercial',NULL,NULL),(284,'jerome.hebert@norep-nordis.com','[\"ROLE_COMMERCIAL_AGENT\", \"ROLE_CUSTOMER\", \"ROLE_USER\", \"ROLE_COMMERCIAL_AGENT\"]','$2y$13$0Q6jkzK/KJJB9Fy4aQKtDuzZWlfNt6rtNLHGMDpq.mloMca4ldbWO','HEBERT','Jérôme','male',NULL,'02 35 59 37 77',0,'D2A797D0B98D3EDA8EC97FBE553258CA65AEFF7E3238E7331E11A61458C42F254EB0DC5B','2024-04-30 08:33:54','2024-10-29 15:25:25','commercial',NULL,NULL),(285,'annetj@ddi-paris.com','[\"ROLE_COMMERCIAL_AGENT\", \"ROLE_CUSTOMER\", \"ROLE_USER\", \"ROLE_COMMERCIAL_AGENT\"]','$2y$13$T0kuMWglYRSX0HdE2fNhvuFevqzO6N4Ii48tYlh8jUY4ZPHq01S.2','Thomas-Jouve','Anne','male',NULL,'01 39 50 62 54',0,'A3D831A95E3E76047874C5333AE838DDE43D0DA3FF79266F0FD7C1A9AB840FBA6BCE4F4C','2024-04-30 08:34:02','2024-10-29 15:25:25','commercial',NULL,NULL),(286,'garland.damien@gmail.com','[\"ROLE_COMMERCIAL_AGENT\", \"ROLE_CUSTOMER\", \"ROLE_USER\", \"ROLE_COMMERCIAL_AGENT\"]','$2y$13$MewsIOG7uLSJTTR1U/Pqr.TZKUSb9Pis3EHKa16WgNnhIjJxCv/bG','GARLAND','Damien','male',NULL,'03 20 59 03 68',0,'2EB87A2C1186CBF81D1E225B77C05C125FDBE4AC79AF56178A0F97B2E28A3176DFE281C1','2024-04-30 08:34:09','2024-10-29 15:25:25','commercial',NULL,NULL),(287,'thierryguenard@tsbfrance.fr','[\"ROLE_COMMERCIAL_AGENT\", \"ROLE_CUSTOMER\", \"ROLE_USER\", \"ROLE_COMMERCIAL_AGENT\"]','$2y$13$KEgibSligfXLD8cw09YiXegQyhd6NiGIvjfuPm2xg7Q/2YHQYwJfC','GUENARD','Thierry','male',NULL,'07 86 63 63 92',0,'DE9E4802A837F61C6767CFD66DD35E4871693257E66249FA240E513A783723EA09EBEAC3','2024-04-30 08:34:16','2024-10-29 15:25:25','commercial',NULL,NULL),(288,'agence.colliat@live.fr','[\"ROLE_COMMERCIAL_AGENT\", \"ROLE_CUSTOMER\", \"ROLE_USER\", \"ROLE_COMMERCIAL_AGENT\"]','$2y$13$P7GKRDr2GmWFAZGnz6AjMuZYFq3iNScQtK9t.OGkSeS16JFuWyffW','COLLIAT','Rémi','male',NULL,'06 85 42 75 71',0,'5284CCFC625A002548748575563FFEB3C9DB9BF44C0688000E7C08C20C65974FC4534FA2','2024-04-30 08:34:24','2024-10-29 15:25:25','commercial',NULL,NULL),(289,'bvalard@bvasystem.fr','[\"ROLE_COMMERCIAL_AGENT\", \"ROLE_CUSTOMER\", \"ROLE_USER\", \"ROLE_COMMERCIAL_AGENT\"]','$2y$13$p7paOk2MKJo6ngNKwFIizOBMU/WE4/bEleviA0z6GjtdEKRh3uCnK','VALARDHERTAULT','Brigitte','male',NULL,'07 87 94 06 92',0,'5D11C3A1708D974591B1DDE3F94A31405F3A6B41E4AAE96CCF1E08C8ADAD2C82BDA8E00D','2024-04-30 08:34:31','2024-10-29 15:25:25','commercial',NULL,NULL),(290,'acca-go@laposte.net','[\"ROLE_COMMERCIAL_AGENT\", \"ROLE_CUSTOMER\", \"ROLE_USER\", \"ROLE_COMMERCIAL_AGENT\"]','$2y$13$yyPnuemv5X3HCZmlSmnw3upC/GAPIaeg9IPKD0WLf3JJc86j6lhj2','OLIVIER','Philippe','male',NULL,'06 58 12 05 43',0,'F703D831F0E32558963CB6C52A2560954F8F0F7896301A85C16B282454CA6536CBACC27B','2024-04-30 08:34:38','2024-10-29 15:25:25','commercial',NULL,NULL),(291,'bmoutier@free.fr','[\"ROLE_COMMERCIAL_AGENT\", \"ROLE_CUSTOMER\", \"ROLE_USER\", \"ROLE_COMMERCIAL_AGENT\"]','$2y$13$4Kz6LjbaxmZxPGDDkB8QR.PATEb6zcx0J1RWHMxeUWiC/Yx4lpcKa','MOUTIER MB DIFFUSION','Benoit','male',NULL,'06 09 26 34 89',0,'DDD5BBB369027ED2EB2730242398323F4D38AFDD36A6A99FA63B28DD9ACB0BE48FF0BC29','2024-04-30 08:34:46','2024-12-12 09:10:39','commercial',NULL,NULL),(292,'emmadoute@gmail.com','[\"ROLE_COMMERCIAL_AGENT\", \"ROLE_CUSTOMER\", \"ROLE_USER\", \"ROLE_COMMERCIAL_AGENT\"]','$2y$13$E5WCLatTaKSgjxKxbT1D0uJ7fSihYqwWZ3vx89r0dZ2/uQSgWHgGa','DOUTE PICHON','Emmanuelle','male','1971-12-31','06 37 88 98 58',0,'69C927410D178343719FF6470FFC65A4400182A7BAE86F10EFDD40CC35374CA25C34CEA2','2024-04-30 08:34:53','2024-10-29 15:25:25','commercial',NULL,NULL),(293,'bernard.rahon@wanadoo.fr','[\"ROLE_COMMERCIAL_AGENT\", \"ROLE_CUSTOMER\", \"ROLE_USER\", \"ROLE_COMMERCIAL_AGENT\"]','$2y$13$p3VRLqxSPcIED4Pn4D9nM.JPnQEE5HEoqoR/3FLu0Z9bKf288t3wW','RAHON','Bernard','male',NULL,'06 89 98 10 95',0,'FF7DF658C06B5B16FDB47F073B36E2F70A3973358A38820CF8C92143F14605DECF429C7D','2024-04-30 08:35:00','2024-10-29 15:25:26','commercial',NULL,NULL),(294,'h2s.delphinelecerf@gmail.com','[\"ROLE_COMMERCIAL_AGENT\", \"ROLE_CUSTOMER\", \"ROLE_USER\", \"ROLE_COMMERCIAL_AGENT\"]','$2y$13$1hJjt7kaTOnZFT5vY5h3GOyfedH8KksLmqpjK3W7mucGi.NMP7LEW','LECERF','Delphine','male',NULL,'06 37 52 90 87',0,'F496CEA925FE4863C5BA52586E2A78C64496D11679CDE762FCA94BB5B6F3BBD04014AB8F','2024-04-30 08:35:08','2024-10-29 15:25:26','commercial',NULL,NULL),(295,'eric.maillet10@wanadoo.fr','[\"ROLE_COMMERCIAL_AGENT\", \"ROLE_CUSTOMER\", \"ROLE_USER\", \"ROLE_COMMERCIAL_AGENT\"]','$2y$13$5LW2/ohdup1nqng99XWtYeBGdUwpmohSwaagSlBpT2Sj8CFu4m0G.','MAILLET','Eric','male',NULL,'02 99 07 14 34',0,'FC998A6E53D3F475B8CB737DA4384EED71211B1AAFAB6F614420FD36096DF8A3D9579168','2024-04-30 08:35:16','2024-10-29 15:25:26','commercial',NULL,NULL),(296,'jp_manau@yahoo.fr','[\"ROLE_COMMERCIAL_AGENT\", \"ROLE_CUSTOMER\", \"ROLE_USER\", \"ROLE_COMMERCIAL_AGENT\"]','$2y$13$mOXlDLr3dqe.qvfpXaGC5OFEbhMxp90I0dqNe1a0lh6w5pl80X7Re','MANAU','JeanPierre','male',NULL,'06 30 35 34 20',0,'FCDA509A35A7A188179D5182441D844B2E7B80CFF752E53A9D235FDFDD171460AE4AA259','2024-04-30 08:35:23','2024-10-29 15:25:26','commercial',NULL,NULL),(297,'gipsychristophe@wanadoo.fr','[\"ROLE_COMMERCIAL_AGENT\", \"ROLE_CUSTOMER\", \"ROLE_USER\", \"ROLE_COMMERCIAL_AGENT\"]','$2y$13$jq/wYD0n7r8Mc1sETW3NZ.q9z5LCTvz.AUNqn41Uhtzu.QN0A2nji','CHALOPIN','Christophe','male',NULL,'06 63 17 67 71',0,'CFBF1401B677051738355E2169014A120A0DD84D9650F9C1DEB40CE5D99255AA682412E1','2024-04-30 08:35:31','2024-10-29 15:25:26','commercial',NULL,NULL),(298,'contact@label-vins-diffusion.com','[\"ROLE_COMMERCIAL_AGENT\", \"ROLE_CUSTOMER\", \"ROLE_USER\", \"ROLE_COMMERCIAL_AGENT\"]','$2y$13$zF3ljseCs1np2uPaIhpJxeU9HgNnuBBt3RTJdMz5diAsb2FrsalF2','DUFRETAY','Marc','male',NULL,'09 77 04 49 22',0,'E7B3B7030BE858238E966ECE180E177231411EDAC3C669A8C60CCBB23DE12D27B701695F','2024-04-30 08:35:38','2024-10-29 15:25:26','commercial',NULL,NULL),(299,'laurent.cailloux@wanadoo.fr','[\"ROLE_COMMERCIAL_AGENT\", \"ROLE_CUSTOMER\", \"ROLE_USER\", \"ROLE_COMMERCIAL_AGENT\"]','$2y$13$HmwV6mq9RpbdW2Umqhpkmuq.05UwbkzbGqH0U.dVylrU0L7n9Vo3K','CAILLOUX','Laurent','male',NULL,'04 91 72 41 28',0,'5E85D68134783F2BC15D1D6C10E121999A8C14AE40729EB34933719B0D2EE240BF386B56','2024-04-30 08:35:46','2024-10-29 15:25:26','commercial',NULL,NULL),(300,'rganansia@teddy-smith.com','[\"ROLE_COMMERCIAL_AGENT\", \"ROLE_CUSTOMER\", \"ROLE_USER\", \"ROLE_COMMERCIAL_AGENT\"]','$2y$13$q/n4JKpwmz6t2v3PXUZqHeEu0IEBt3JsR8O2mf0nkXb2M0qJsQN8y','GANANSIA','Robert','male',NULL,'06 88 03 08 18',0,'EEBA23F0BB0D78126450B7553029E65BA78D5CDCE10DC44AF02F7AF4B1F8F319CC2E36B5','2024-04-30 08:35:53','2024-10-29 15:25:26','commercial',NULL,NULL),(301,'cva-conseil@orange.fr','[\"ROLE_COMMERCIAL_AGENT\", \"ROLE_CUSTOMER\", \"ROLE_USER\", \"ROLE_COMMERCIAL_AGENT\"]','$2y$13$37dzVJ/Pmo9Way4s8sxAfebJ/0keK9xUXOos.HXnn2r7ysIjaqGKG','ROSALES','Daniel','male',NULL,'01 40 91 41 08',0,'66815E836A463117DA3E8410F6F6B1FEB190F8F46FF63632C1401CDA35F704611A0ABF35','2024-04-30 08:36:00','2024-10-29 15:25:26','commercial',NULL,NULL),(302,'joel.herve22@wanadoo.fr','[\"ROLE_COMMERCIAL_AGENT\", \"ROLE_CUSTOMER\", \"ROLE_USER\", \"ROLE_COMMERCIAL_AGENT\"]','$2y$13$dPvxc/MK4xKMhOoG6Kpi5eIZME7xOOcqG8GP1z9x1ld87byy0VoSK','HERVE','Joel','male',NULL,'02 96 33 40 99',0,'2C8B3F6817478DB17A60CCE4537CD5B3704D6CBE1B2E443EE27CF7AFAE055CC8B66BAA70','2024-04-30 08:36:08','2024-10-29 15:25:26','commercial',NULL,NULL),(303,'ag.fpoirel@gmail.com','[\"ROLE_COMMERCIAL_AGENT\", \"ROLE_CUSTOMER\", \"ROLE_USER\", \"ROLE_COMMERCIAL_AGENT\"]','$2y$13$ehHJgn2w5ufaoPDUTsP8oujYSArVVXWqELrkrcCeyq7rwd1H/91ee','POIREL','François','male','1961-08-03','06.03.31.38.27',0,'4B1B2CA2309EEFEED107AB46C4B744EF68C778A03E4D8C6AE94591634F2740417A00928F','2024-04-30 08:36:15','2024-10-29 15:25:26','commercial',NULL,NULL),(304,'contact@alainvanbostal.fr','[\"ROLE_COMMERCIAL_AGENT\", \"ROLE_CUSTOMER\", \"ROLE_USER\", \"ROLE_COMMERCIAL_AGENT\"]','$2y$13$4deoHBqIx7wWAwwBkGuIvOyPOEPM6gIeRQOVHmbUL4O.b5vbkVHTG','VANBOSTAL','Alain','male',NULL,'09 65 38 74 76',0,'15C6AE2A7EEC518003EC42F0A81A26B158AA429778A427F1E4485F75D349A9D055B8CDAA','2024-04-30 08:36:23','2024-10-29 15:25:26','commercial',NULL,NULL),(305,'fraux.claude@wanadoo.fr','[\"ROLE_COMMERCIAL_AGENT\", \"ROLE_CUSTOMER\", \"ROLE_USER\", \"ROLE_COMMERCIAL_AGENT\"]','$2y$13$TBxeS50p.BeQq4Q5kiEzceqNN.SGp3Lg4VRaPxLUpdJ7E5ZOTD8My','FRAUX','Claude','male','1956-12-24','06 07 86 19 05',0,'944C3991FCD8B6C736DBD55517204218BDC0300F4F1315EE1C7640F4095D52E0367A9BEA','2024-04-30 08:36:31','2025-02-13 12:00:23','commercial',NULL,NULL),(306,'nicolas.drieu@gmail.com','[\"ROLE_COMMERCIAL_AGENT\", \"ROLE_CUSTOMER\", \"ROLE_USER\", \"ROLE_COMMERCIAL_AGENT\"]','$2y$13$HjgAY6NWR5PJdbyRNjS5ZuckA/doxPZ8xayZVI5JaygYGxaaVWje.','DRIEU','Nicolas','male','1959-12-29','09 81 81 10 43',0,'DD24DEBF1CA55AECA225E65ECB621362CEEC6B3EC9AA848F365F31DD51CE0D5459F21CD9','2024-04-30 08:36:38','2024-10-29 15:25:27','commercial',NULL,NULL),(307,'k.p.l@wanadoo.fr','[\"ROLE_COMMERCIAL_AGENT\", \"ROLE_CUSTOMER\", \"ROLE_USER\", \"ROLE_COMMERCIAL_AGENT\"]','$2y$13$2Wk6GWdppn7rdI9fzjcSqe5fopvLdrm6UFcEJN/v4vE6ULXSPV5Di','CAPPELLE','FrançoisXavier','male',NULL,'03 20 50 38 17',0,'AD56DDD79565CCED6080559C9E9AB3AEE7617A5AB71951F02853327D02039C31BCE79E3A','2024-04-30 08:36:46','2024-10-29 15:25:27','commercial',NULL,NULL),(308,'jeanmichel@jmpiot.fr','[\"ROLE_COMMERCIAL_AGENT\", \"ROLE_CUSTOMER\", \"ROLE_USER\", \"ROLE_COMMERCIAL_AGENT\"]','$2y$13$L8fbMpLYuq52HeFIBAyU8utrrSMF.YKJDfNEwsms2HWeDXp8n9/pi','PIOT','Jean-Michel','male','1954-01-01','03 86 87 66 66',0,'16CE197F6E97711429576D0A64FBB55BF18700AA41DBFB26BA79510C269F0D6447328A15','2024-04-30 08:36:54','2024-12-03 22:04:43','commercial',NULL,NULL),(309,'savalance@wanadoo.fr','[\"ROLE_COMMERCIAL_AGENT\", \"ROLE_CUSTOMER\", \"ROLE_USER\", \"ROLE_COMMERCIAL_AGENT\"]','$2y$13$mo0vpihzcboZ.W3tOiugFOegLhaPpvrRe1cw8C5TCE9Jo/oWSbAyW','VALANCE','Sabrina','male',NULL,'06 74 99 04 46',0,'71104FC8ADA0F9276A998175FCBEEF57D773DC1301645DCF95E255907D22A6159FFBB763','2024-04-30 08:37:01','2024-10-29 15:25:27','commercial',NULL,NULL),(310,'matthieu.beaumond@orange.fr','[\"ROLE_COMMERCIAL_AGENT\", \"ROLE_CUSTOMER\", \"ROLE_USER\", \"ROLE_COMMERCIAL_AGENT\"]','$2y$13$e3L2Gc9rr/.WRJILDpp9NeH8tI6hL0MSzHHHZpAZte45y/Hx4PHp.','BEAUMOND','Matthieu','male',NULL,'02 40 43 43 40',0,'108BAB8FEEEB5F141C55523326537E6728AAFB954D8C974E4E8B4257394270C44788E9F2','2024-04-30 08:37:08','2024-10-29 15:25:27','commercial',NULL,NULL),(311,'patrick.chevalier4@wanadoo.fr','[\"ROLE_COMMERCIAL_AGENT\", \"ROLE_CUSTOMER\", \"ROLE_USER\", \"ROLE_COMMERCIAL_AGENT\"]','$2y$13$LOprO2QQTWnF.z.kYE5ZjODX87yG.SDkzBv81GYtgHLp80GeekG/y','CHEVALIER','Patrick','male',NULL,'02.41.55.56.35',0,'CD044E2A91C3FF9B49836B979A3D7C116E9A8623B804623380328923E5BE03610AF3A83B','2024-04-30 08:37:15','2024-12-28 12:39:05','commercial','XQLlYbHqJ3n4YeLklFRxcQzabFhxqSy_JQVFG_7Konk','2024-12-28 13:39:05'),(312,'maud@connan.fr','[\"ROLE_COMMERCIAL_AGENT\", \"ROLE_CUSTOMER\", \"ROLE_USER\", \"ROLE_COMMERCIAL_AGENT\"]','$2y$13$xY3KwEGi/QfSkAypJIbSEOUjdLgn1N8LiO/tzTxvLgv8JU5lGNl.a','CONNAN','Ronald','male',NULL,'02 40 63 41 41',0,'59EA091FC74563BD3188A25A425B896E1AC0140989E6B86212A41384FF261E276CE285E5','2024-04-30 08:37:22','2024-10-29 15:25:27','commercial',NULL,NULL),(313,'nicolas@cosquer.fr','[\"ROLE_COMMERCIAL_AGENT\", \"ROLE_CUSTOMER\", \"ROLE_USER\", \"ROLE_COMMERCIAL_AGENT\"]','$2y$13$jJk/5l3JwQcYNjLg5T3g/e.3IQSAonVHou9ishXFvhLM0DWoB6VaW','COSQUER','Nicolas','male',NULL,'02.40.63.93.40',0,'D66E6B7B48B4B6274163BE7B25D8EF8D22116B46B8E2425DABC488B6D4E1C1A8C72D704B','2024-04-30 08:37:30','2024-10-29 15:25:27','commercial',NULL,NULL),(314,'frdelestre@wanadoo.fr','[\"ROLE_COMMERCIAL_AGENT\", \"ROLE_CUSTOMER\", \"ROLE_USER\", \"ROLE_COMMERCIAL_AGENT\"]','$2y$13$ZffbGcQR6bReL.UgiN5euu3PL6WJYZ.mtkwjWHPzY27T7RlY9I29K','DELESTRE','Franck','male',NULL,'02 99 09 70 89',0,'323150E56B86D538CE8E14C3791E4BE538E175C97136E303B2EEA8510044E2B61A9D0F00','2024-04-30 08:37:37','2024-10-30 15:36:43','commercial',NULL,NULL),(315,'i.espelle@agence-bonduelle.com','[\"ROLE_COMMERCIAL_AGENT\", \"ROLE_CUSTOMER\", \"ROLE_USER\", \"ROLE_COMMERCIAL_AGENT\"]','$2y$13$N/EHYUKKb8o1hkng1IKI3ucpqwpKJHhnuQepJEctWf8qx2XvOEWBO','ESPELLE','Isabelle','male','2024-11-12','02 40 09 77 99',0,'90DBCF0D493B472874D12C68C5E393D2513830040DEF509DAA2D25AB984B744105D4A662','2024-04-30 08:37:45','2024-12-02 17:50:55','commercial','FhQotDwsbyZG4LkAJQBZdloYTnmOMnSIDecwGUVAR3M','2024-11-12 15:19:43'),(316,'dfr.sandrine@wanadoo.fr','[\"ROLE_COMMERCIAL_AGENT\", \"ROLE_CUSTOMER\", \"ROLE_USER\", \"ROLE_COMMERCIAL_AGENT\"]','$2y$13$fLxlnfi.4b2SQgxqfIuCzOH8INuoim3lwYGbrGbjJNBM9k1i0Gil2','LEGAL','Jacques','male',NULL,'02.40.59.11.02',0,'C5BFBF8CDDF1FE3194CB40F18B7F1A504EF41D9CBB4C76173951AB0D77BB24275CC258C5','2024-04-30 08:37:52','2024-10-29 15:25:27','commercial',NULL,NULL),(317,'d.gigon@facadeouest.fr','[\"ROLE_COMMERCIAL_AGENT\", \"ROLE_CUSTOMER\", \"ROLE_USER\", \"ROLE_COMMERCIAL_AGENT\"]','$2y$13$3JQn4lovMRQCVFzo97pUY.h05W3tPAbYlaIfu1iWhZ866STO9Brh2','GIGON','Dominique','male',NULL,'02.40.11.16.50',0,'C274D36B3957318A2C6F78C266E1F196DFA84EE993067F01D486656FD7808C28A707F951','2024-04-30 08:38:00','2024-10-29 15:25:27','commercial',NULL,NULL),(318,'lenoir-pat@orange.fr','[\"ROLE_COMMERCIAL_AGENT\", \"ROLE_CUSTOMER\", \"ROLE_USER\", \"ROLE_COMMERCIAL_AGENT\"]','$2y$13$0leUb7ctTSI0gIg3YNX4uObDlc9KQrWq246.vEMIc6m/IbQnb0x.O','LENOIR','Patrick','male',NULL,'06 80 01 98 50',0,'541DD1992328F1E15049CF1D7765B215D3434D7B56A43F8B795AD770BCB05AED51A24021','2024-04-30 08:38:07','2024-10-29 15:25:27','commercial',NULL,NULL),(319,'tl.toutclimat@orange.fr','[\"ROLE_COMMERCIAL_AGENT\", \"ROLE_CUSTOMER\", \"ROLE_USER\", \"ROLE_COMMERCIAL_AGENT\"]','$2y$13$BJsIiGnqckapwIJPe2FrT.c81d22E470/ENLHSrNnlAdudEIpb2Ru','LIGOT','Thierry','male',NULL,'02 99 13 22 04',0,'8C327DDCE5BB47E15AA398B8C43C18B52F557EF2A6832B89A1E4280E6604558735BD61F0','2024-04-30 08:38:15','2024-11-01 10:27:13','commercial',NULL,NULL),(320,'alimag@wanadoo.fr','[\"ROLE_COMMERCIAL_AGENT\", \"ROLE_CUSTOMER\", \"ROLE_USER\", \"ROLE_COMMERCIAL_AGENT\"]','$2y$13$GK1Zak1B6n5E0JWtI0rG5e9Lkh4imG7hnfY4y/lZhMdI7AT3EyMGi','MAGNERON','Pierre','male',NULL,'05.49.29.74.24',0,'04962DB38C157D40878ACF3B5F9E487DE55AC01459EC2F94F89C5DC636F1D35AF2923C2B','2024-04-30 08:38:22','2024-10-29 15:25:28','commercial',NULL,NULL),(321,'agence.amd@orange.fr','[\"ROLE_COMMERCIAL_AGENT\", \"ROLE_CUSTOMER\", \"ROLE_USER\", \"ROLE_COMMERCIAL_AGENT\"]','$2y$13$BlqUlF/BfYbXip1ZLyJmrORNkU4tELApZFzCSvSTM.BIudIyVEBc.','MONNIER','Christophe','male',NULL,'02 96 94 91 55',0,'458D4D2FDF06A529401FEF6D36718748A4C9662FF831119630A000176572169ED86F92E2','2024-04-30 08:38:29','2024-10-29 15:25:28','commercial',NULL,NULL),(322,'acpellois@orange.fr','[\"ROLE_COMMERCIAL_AGENT\", \"ROLE_CUSTOMER\", \"ROLE_USER\", \"ROLE_COMMERCIAL_AGENT\"]','$2y$13$mkcZHUN4cctEvzErEgJU0uXEN7b6.IQbMfUV2ZpUrrIo/IV7mKRCq','LEBLOND','THOMAS','male','1974-01-31','0682156937',0,'5C3810CF60BDABA7E269868849AA9B2D300E8BC3078047A2FF868CEAA87FA8432BD7C5C5','2024-04-30 08:38:36','2024-11-14 14:42:59','commercial',NULL,NULL),(323,'chateaucadeaux@wanadoo.fr','[\"ROLE_COMMERCIAL_AGENT\", \"ROLE_CUSTOMER\", \"ROLE_USER\", \"ROLE_COMMERCIAL_AGENT\"]','$2y$13$yxd4VB/gA2f0SkW16th3XO.tJL.apJgy9PeNdfDPvkruuoAX5kV8a','PETOUILLE','Daniel','male',NULL,'01 34 18 18 34',0,'7D04F59D3129BA036749F1D898D16EDED49A0803626333784FE9AA14B6B45BBEE404DFB6','2024-04-30 08:38:44','2024-10-29 15:25:28','commercial',NULL,NULL),(324,'agence@sodiser.eu','[\"ROLE_COMMERCIAL_AGENT\", \"ROLE_CUSTOMER\", \"ROLE_USER\", \"ROLE_COMMERCIAL_AGENT\"]','$2y$13$5Z9gtU8.fFiHjhvxEiC13.SevUMuqg4wdxSMh3g6QExEq54xOySDe','PLASSAIS','Bruno','male',NULL,'03.86.71.09.30',0,'7E5EDCE1DD091B5630457400189898E94B0F9217DFC5EBBF6F82EB93B8A239BD40C21002','2024-04-30 08:38:51','2024-10-29 15:25:28','commercial',NULL,NULL),(325,'simonecozilis@ponctuel.fr','[\"ROLE_COMMERCIAL_AGENT\", \"ROLE_CUSTOMER\", \"ROLE_USER\", \"ROLE_COMMERCIAL_AGENT\"]','$2y$13$gmTDI2IDWg2lBm3Qa6vLvOFv8LzM1FqjgA9R4UPUXeI67A19mxpxG','COZILIS','Simone','male',NULL,'01 60 19 52 50',0,'0370001927305A46144880C1D1DCC92E631B0CEA724EC172EBBCAC71666B1E5DA2DF4530','2024-04-30 08:38:59','2024-10-29 15:25:28','commercial',NULL,NULL),(326,'michel@hugonoffice.com','[\"ROLE_COMMERCIAL_AGENT\", \"ROLE_CUSTOMER\", \"ROLE_USER\", \"ROLE_COMMERCIAL_AGENT\"]','$2y$13$hatV4JR3BY.1qyYE0vzTJO96rL3qDOGa.gQPEPuGbtAYU5g3Z0ESq','HUGON','Michel','male',NULL,'01 42 66 39 00',0,'CBF52177253FB1CDF486ED950AD1CD0CD1F56BF9210B3D55937AB7A2EA37DE29D89B0EFD','2024-04-30 08:39:06','2024-10-29 15:25:28','commercial',NULL,NULL),(327,'melanieroznowski@gmail.com','[\"ROLE_COMMERCIAL_AGENT\", \"ROLE_CUSTOMER\", \"ROLE_USER\", \"ROLE_COMMERCIAL_AGENT\"]','$2y$13$MEfEeWin1BQmnluWJYdC8u/hP6PZWHWzwIRea5IcV2GuSFU4RV5L2','ROZNOWSKI','Mélanie','male',NULL,'06 15 54 90 59',0,'3C0A2B7E5981E6B7D1046705EDBA642642C881FED24988E81ADC4851227BED1B758C82F9','2024-04-30 08:39:13','2024-10-29 15:25:28','commercial',NULL,NULL),(328,'pmh.diffusion@wanadoo.fr','[\"ROLE_COMMERCIAL_AGENT\", \"ROLE_CUSTOMER\", \"ROLE_USER\", \"ROLE_COMMERCIAL_AGENT\"]','$2y$13$13fJnhrpY7ThkUerOCvswOMCVV8GaC/F0L76U0Isrib.2ueGyqYlG','MICHAUD','Pascale','male',NULL,'02 90 80 12 92',0,'82B308946D1EB9CB60A02EB4F34D5C8C53518A56084B95AD4C840B14797E109025099506','2024-04-30 08:39:21','2024-10-29 15:25:28','commercial',NULL,NULL),(329,'eric.vliegen@wanadoo.fr','[\"ROLE_COMMERCIAL_AGENT\", \"ROLE_CUSTOMER\", \"ROLE_USER\", \"ROLE_COMMERCIAL_AGENT\"]','$2y$13$lG3fVSbEewc0it1kPiEEGeKFxSypEbry0DfwlVYqtwueyDsmi8W2e','VLIEGEN','Eric','male','2024-11-28','09 75 31 65 34',0,'6B66B53BDE02AA1D42482241528C9673A5EE2DA54EB64723D572CB3D7C7B3533787E5B2A','2024-04-30 08:39:28','2024-11-28 15:54:44','commercial',NULL,NULL),(330,'alain.bohn@wanadoo.fr','[\"ROLE_COMMERCIAL_AGENT\", \"ROLE_CUSTOMER\", \"ROLE_USER\", \"ROLE_COMMERCIAL_AGENT\"]','$2y$13$2JZ.iL3re3BhEW.Z7Jidvewmu4bpTagohIQB2vmIzcRMItO7TMoxC','BOHN','Alain','male','1950-01-15','03 88 03 18 05',0,'8D053FCFAD0D30BF531FB02CA857BAC0F87341AA3EF5D22479EA528207B180685980FE8D','2024-04-30 08:39:35','2025-03-02 11:32:41','commercial',NULL,NULL),(331,'lucalain.leplat@gmail.com','[\"ROLE_COMMERCIAL_AGENT\", \"ROLE_CUSTOMER\", \"ROLE_USER\", \"ROLE_COMMERCIAL_AGENT\"]','$2y$13$Ijxs3YGgCW/Tpb46zv62G.w3CXIG0sIF1RZUcPD7qAw0dSkKiLsiK','LEPLAT','Luc Alain','male','1946-03-09','-',0,'42E2456DDE984C023BB83017EEB0DBFAC5A70F5D75AB7B365341ECCF1A3FF226A19AB172','2024-04-30 08:39:43','2024-12-19 12:00:24','commercial',NULL,NULL),(332,'ambroise.debuire@hep.fr','[\"ROLE_COMMERCIAL_AGENT\", \"ROLE_CUSTOMER\", \"ROLE_USER\", \"ROLE_COMMERCIAL_AGENT\"]','$2y$13$dCxa9n/Kuqlk6JAqqMkp8.GOZFqEtn1C/UPQcZ2RVoLXLI3QpnB4S','Debuire','Ambroise','male',NULL,'09 66 88 06 66',0,'FC529512E908C4B92D231A835A0944E3A88635B72826D2EC561FEE57862C2953685E7528','2024-04-30 08:39:50','2024-10-30 15:23:47','commercial',NULL,NULL),(333,'gerome@agedelum.com','[\"ROLE_COMMERCIAL_AGENT\", \"ROLE_CUSTOMER\", \"ROLE_USER\", \"ROLE_COMMERCIAL_AGENT\"]','$2y$13$tCfYNFzy3y97mhyP758t8OiSGvTeE5nPGiIlbcNwlATWomz3b/6y2','FENEUIL','Gérôme','male',NULL,'03 27 41 76 10',0,'858AAD4F9299551C80DD7897EF48F61F9ADA407DA77972C2FF62175280143EEB31E2A2FC','2024-04-30 08:39:57','2024-10-29 15:25:28','commercial',NULL,NULL),(334,'francegourmande@orange.fr','[\"ROLE_COMMERCIAL_AGENT\", \"ROLE_CUSTOMER\", \"ROLE_USER\", \"ROLE_COMMERCIAL_AGENT\"]','$2y$13$QlS28PmzCitn8FHzv1nBz.J0KulR17eTZUL2/M2ttGRbV43BKCY5C','OXANDABURN','Dominique','male',NULL,'05 59 42 29 18',0,'4893310E446D21DDDF9C68D2ADB9E78CB2D3FF2C6F34D070F61FE5B66F7D046EDC50B9DC','2024-04-30 08:40:04','2024-10-29 15:25:29','commercial',NULL,NULL),(335,'chauvin.patrick@wanadoo.fr','[\"ROLE_COMMERCIAL_AGENT\", \"ROLE_CUSTOMER\", \"ROLE_USER\", \"ROLE_COMMERCIAL_AGENT\"]','$2y$13$2XlFGV/rAksst0WIL1pBseG2uKxR/gHRWluVAnu96WvUgR9fsBvNK','CHAUVIN','Patrick','male',NULL,'02 40 27 54 08',0,'200E3635419CF316039B0217DA0AFD6D9B9EF2218868F0420ABDDE19C9F40C982F97DB27','2024-04-30 08:40:12','2024-10-29 15:25:29','commercial',NULL,NULL),(336,'yves.faure@agronovae.com','[\"ROLE_COMMERCIAL_AGENT\", \"ROLE_CUSTOMER\", \"ROLE_USER\", \"ROLE_COMMERCIAL_AGENT\"]','$2y$13$Wh6qj3WCzm30YBJAOmthoebPyhtNs0JXBLywY6tHPso1KaFmYrQf.','Faure','Yves','male',NULL,'04 92 33 23 00',0,'97C4048567E978A61A1CDD182856A3A22CADAF449263C8377CA068042820B3FD3DFE3ADC','2024-04-30 08:40:19','2024-10-29 15:25:29','commercial',NULL,NULL),(337,'gddc@orange.fr','[\"ROLE_COMMERCIAL_AGENT\", \"ROLE_CUSTOMER\", \"ROLE_USER\", \"ROLE_COMMERCIAL_AGENT\"]','$2y$13$GeB0exNvCkYfkDos9Hl41eMySg5JmhSGdQaICx0LPNzuSSaJrTVYi','Decuigniere','Gilles','male',NULL,'06 09 38 35 82',0,'618FDBB62FBFC2E6BDFD5064587B88412738F4975C0E16546D9A51ED02639533FC7367BC','2024-04-30 08:40:26','2024-10-29 15:25:29','commercial',NULL,NULL),(338,'ecb.development@wanadoo.fr','[\"ROLE_COMMERCIAL_AGENT\", \"ROLE_CUSTOMER\", \"ROLE_USER\", \"ROLE_COMMERCIAL_AGENT\"]','$2y$13$0cRT7BFJEvF1XzifWLyaVOGc/NI.v0n..E35sn33iPzpK.4HCEETq','CAYLABACH','Eva','male',NULL,'01 46 03 53 13',0,'26EEE98A8E247B3616B7004F94EFEB848810B52F64909AE091D86CB9326ACEF67AB44068','2024-04-30 08:40:33','2024-10-29 15:25:29','commercial',NULL,NULL),(339,'patrick@lesbatstyle.com','[\"ROLE_COMMERCIAL_AGENT\", \"ROLE_CUSTOMER\", \"ROLE_USER\", \"ROLE_COMMERCIAL_AGENT\"]','$2y$13$5AIbiVgNAGMLnRd0unsdyuXFMDTIYoaDxM6kLy7hANMpuKiePojIC','LESBATSDUBOIS','Patrick','male',NULL,'01 47 88 09 56',0,'898DBAA8A3B6B0A7C3189413CBE841F360A3AFB19EB31B93A81A204F408FD90EC045B8A2','2024-04-30 08:40:41','2024-10-29 15:25:29','commercial',NULL,NULL),(340,'rcj@wanadoo.fr','[\"ROLE_COMMERCIAL_AGENT\", \"ROLE_CUSTOMER\", \"ROLE_USER\", \"ROLE_COMMERCIAL_AGENT\"]','$2y$13$S3TZ2knF6VyBZXDhLoBO..z/HX5d4nqR/Tp25/uCMVnGG.hiZHwAO','BROUZE','Frédéric','male','1958-01-02','01 69 46 36 68',0,'38C9B5871A2558D26DE688342FF443A714A809CF526598CC02DCB6B488492C4291007CD1','2024-04-30 08:40:48','2024-11-22 19:28:43','commercial',NULL,NULL),(341,'huneau.claudy@wanadoo.fr','[\"ROLE_COMMERCIAL_AGENT\", \"ROLE_CUSTOMER\", \"ROLE_USER\", \"ROLE_COMMERCIAL_AGENT\"]','$2y$13$FI.6LBWG8uPIeym8laKO0O54jNzVg8y8uQtSEpTw3q/Xe4mFhPdoK','HUNEAU','Claudy','male',NULL,'02 43 21 14 04',0,'B3E7DC040571A25D06AEFA8BC5E3713F611FF068164DC91BBCFFE58497D3B275610E8BD0','2024-04-30 08:40:56','2024-10-29 15:25:29','commercial',NULL,NULL),(342,'jkaihari@yahoo.com','[\"ROLE_COMMERCIAL_AGENT\", \"ROLE_CUSTOMER\", \"ROLE_USER\", \"ROLE_COMMERCIAL_AGENT\"]','$2y$13$PpAjw7CYoOfwflTDw0ZNuOdnKc44uMCqZ0ZCxSEKTXZ.jsWVBTDSG','Kaihari','Jari','male',NULL,'01 45 34 01 54',0,'06FC3C7D23F76056149CAC7DEAA91DBA7440B32732FE881F4830FD3885E5B2DA178B9081','2024-04-30 08:41:03','2024-10-29 15:25:29','commercial',NULL,NULL),(343,'contact@solutas.eu','[\"ROLE_COMMERCIAL_AGENT\", \"ROLE_CUSTOMER\", \"ROLE_USER\", \"ROLE_COMMERCIAL_AGENT\"]','$2y$13$PZl/fBxvuswa6MPNrbqomu7X0baL41atZNuBBGrhDIpXqf871sNnm','LECOMTE','Patrick','male',NULL,'06 03 53 54 85',0,'23477F9C207740FEF2F6F5C946DC908DF66A57577E4FE6E74E3A794068445BB8CC09C0FF','2024-04-30 08:41:11','2024-10-29 15:25:29','commercial',NULL,NULL),(344,'regnault.jean@orange.fr','[\"ROLE_COMMERCIAL_AGENT\", \"ROLE_CUSTOMER\", \"ROLE_USER\", \"ROLE_COMMERCIAL_AGENT\"]','$2y$13$cP/nh6Xmsae0xRBW4q560.47UpRM1qq8Jf8pbuxkVx79Nt706o3fG','Regnault','Jean','male',NULL,'03 25 03 12 44',0,'6ECF82821D35296A7079BB4C6A6D1A2FD132AA8C064AD88BEAD2CE8C0DDEA3DDB2C64E7A','2024-04-30 08:41:18','2024-10-29 15:25:29','commercial',NULL,NULL),(345,'laurence@debailliencourt.com','[\"ROLE_COMMERCIAL_AGENT\", \"ROLE_CUSTOMER\", \"ROLE_USER\", \"ROLE_COMMERCIAL_AGENT\"]','$2y$13$MTSfA5i2RnucQzzCULc2D.Dg1Ns1296awVIslWIlZob4fAyYqYOiy','DEBAILLIENCOURT','Laurence','male',NULL,'06 80 41 67 00',0,'D64FA564960274D9D45E2940A7EA793C9C0133F78C36F7FEF44E6F30C92E16B030E33DD8','2024-04-30 08:41:26','2024-10-29 15:25:29','commercial',NULL,NULL),(346,'dav.leveque@gmail.com','[\"ROLE_COMMERCIAL_AGENT\", \"ROLE_CUSTOMER\", \"ROLE_USER\", \"ROLE_COMMERCIAL_AGENT\"]','$2y$13$M6r3Ac37xe2HmgT9XkVZnOpTlBDC0B7unnf90YH7adlpE20ERYePO','Leveque','David','male',NULL,'06 19 06 16 43',0,'14C9ED75E95F65D580B2EB7CDC262152096E660F402A65DE3571E72BA31BBE9A0F940133','2024-04-30 08:41:34','2024-10-29 15:25:29','commercial',NULL,NULL),(347,'davidcuisines@orange.fr','[\"ROLE_COMMERCIAL_AGENT\", \"ROLE_CUSTOMER\", \"ROLE_USER\", \"ROLE_COMMERCIAL_AGENT\"]','$2y$13$jLsOC6dkPXaEyNi/5mUS5.wnLYxvnZxZVr2Wybila7Oc5EwGqD8N6','MOUSSAY','David','male',NULL,'06 15 18 17 51',0,'2791A0E361463C8802135C3AE201E44D442325D7764659159C13826B7E057F658DA3A50F','2024-04-30 08:41:41','2024-10-29 15:25:30','commercial',NULL,NULL),(348,'loric.yves@e3m-distribution.com','[\"ROLE_COMMERCIAL_AGENT\", \"ROLE_CUSTOMER\", \"ROLE_USER\", \"ROLE_COMMERCIAL_AGENT\"]','$2y$13$Q0Mk7e3kDkrpRoEgPbgWwuV8ZMl7mctx9E5qCDsBDx.YCNa4rPtZ.','LORIC','Yves','male',NULL,'06 37 79 60 72 ',0,'E31F8CE5A6957A48BCB6DCA4CBA1BAC82058C40B1769F726B23E71CE0658EB62AB03D402','2024-04-30 08:41:48','2024-10-29 15:25:30','commercial',NULL,NULL),(349,'dernoncourt.p@orange.fr','[\"ROLE_COMMERCIAL_AGENT\", \"ROLE_CUSTOMER\", \"ROLE_USER\", \"ROLE_COMMERCIAL_AGENT\"]','$2y$13$wo6lbxfmCpDoaiMrThOzKeJxsjygoDzrn3y2dvJ2NYhDEXrgOl6lm','DERNONCOURT','Pierre','male',NULL,'02 47 58 24 01',0,'CF2091E99AF93CF3251EC35E6FCD2F10900090E3DDEA3C43438518B4B340C2BC4855D79A','2024-04-30 08:41:56','2024-10-29 15:25:30','commercial',NULL,NULL),(350,'agencedes.alpes@wanadoo.fr','[\"ROLE_COMMERCIAL_AGENT\", \"ROLE_CUSTOMER\", \"ROLE_USER\", \"ROLE_COMMERCIAL_AGENT\"]','$2y$13$jiYoZQjeMyy.kFxFR1UuSuPJN9MovPFty2NbSSb5aUxQhA32U3smW','MAGGIULLI','Franck','male',NULL,'04 92 50 34 51',0,'3249180985AAE552D1D273A88A1D5B88BF82A6DA3D0C951F06E2434C333E784A7A572912','2024-04-30 08:42:03','2024-10-29 15:25:30','commercial',NULL,NULL),(351,'tercimont.fr@wanadoo.fr','[\"ROLE_CUSTOMER_VALIDATED\", \"ROLE_CUSTOMER_VALIDATED\", \"ROLE_COMMERCIAL_AGENT\", \"ROLE_CUSTOMER\", \"ROLE_USER\"]','$2y$13$rvRJ3LNK47a3J8gircUo3.0BR1aQ.43X0vzVEvDhelslMhTHassfa','TERCIMONT','Alain','male','2024-11-06','03 83 44 76 18',0,NULL,'2024-04-30 08:42:11','2025-01-30 16:40:22','commercial',NULL,NULL),(352,'clauchaleat@free.fr','[\"ROLE_COMMERCIAL_AGENT\", \"ROLE_CUSTOMER\", \"ROLE_USER\", \"ROLE_COMMERCIAL_AGENT\"]','$2y$13$S1Pm4CFw/dLUxJdMqRzt1OdkHnJDcH.BC/2kek1SmqU9/YJhzXOva','CHALEAT','Claudette','male',NULL,'03 81 95 16 52',0,'B677358BF91EE2926908333B2B5B38008F3D21056027361D02EB21E32E643961CCC78733','2024-04-30 08:42:18','2024-10-30 15:30:52','commercial',NULL,NULL),(353,'Bernard.greder@sfr.fr','[\"ROLE_COMMERCIAL_AGENT\", \"ROLE_CUSTOMER\", \"ROLE_USER\", \"ROLE_COMMERCIAL_AGENT\"]','$2y$13$G/FSJvXLpqX40OsjZ9QGpeYWCfyN3it9q43vbE3q/X8jW7HH0fRGG','GREDER','Bernard','male',NULL,'03 89 67 96 88',0,'CF2587C1F97C856C4ABC1F0F438C5F3CD5D7D6184AAB106072B9A075E5D124275247EBFC','2024-04-30 08:42:26','2024-10-29 15:25:30','commercial',NULL,NULL),(354,'philippe@brosset.com','[\"ROLE_COMMERCIAL_AGENT\", \"ROLE_CUSTOMER\", \"ROLE_USER\", \"ROLE_COMMERCIAL_AGENT\"]','$2y$13$fjuozX6s3xaIjMmwcYceUO1HCwzWiFBg/KAuTVu2Q6V6YxjRtoqV2','Brosset','Philippe','male',NULL,'02 47 49 20 93',0,'D86EBE023EDD0A360F0081D7601F6BBF2514D9A9D44A46FD1DA7FDDB9B5891CE4FC64481','2024-04-30 08:42:33','2024-10-29 15:25:30','commercial',NULL,NULL),(355,'zanjj@orange.fr','[\"ROLE_COMMERCIAL_AGENT\", \"ROLE_CUSTOMER\", \"ROLE_USER\", \"ROLE_COMMERCIAL_AGENT\"]','$2y$13$U33ge3hcoO59JkPQ34YMceCFjjtkJwxY1jtPzJ0/N1IcQ2CXQQGqC','PODCZASKI','JeanJacques','male',NULL,'06 62 24 58 53',0,'C3BA6248832FC5C0CA0DBB6D904B604236C117630573FC57137289232132A33688053F2C','2024-04-30 08:42:40','2024-10-29 15:25:30','commercial',NULL,NULL),(356,'rgrillet@yahoo.com','[\"ROLE_COMMERCIAL_AGENT\", \"ROLE_CUSTOMER\", \"ROLE_USER\", \"ROLE_COMMERCIAL_AGENT\"]','$2y$13$vwd8nBpf1z1rPD17ggbTmu99aITNX2h28DN.hwuV/I93eatAYnPqC','GRILLET','Régis','male',NULL,'01 64 80 46 84',0,'A1250DEE7899DB6F17F56CF6F64AF00EFE8D644BD59CD1C682D0E20D47513EE56F96CC24','2024-04-30 08:42:48','2024-10-29 15:25:30','commercial',NULL,NULL),(357,'olivierlequernec1@free.fr','[\"ROLE_COMMERCIAL_AGENT\", \"ROLE_CUSTOMER\", \"ROLE_USER\", \"ROLE_COMMERCIAL_AGENT\"]','$2y$13$laGxtAvhflqzo7TL5ZtbbeMXl9NXunWERLWUZMBDxpf/djd6dcO0S','LE QUERNEC','Olivier','male','1968-07-10','06 63 09 40 50',0,'15F2E802D05E0C62A66A2C437C56BD9F291C7493B42C3A0CAF5FE64C051EF12DB6B2BAD5','2024-04-30 08:42:55','2024-10-29 15:25:30','commercial',NULL,NULL),(358,'olivier.dreher@dis-industries.com','[\"ROLE_COMMERCIAL_AGENT\", \"ROLE_CUSTOMER\", \"ROLE_USER\", \"ROLE_COMMERCIAL_AGENT\"]','$2y$13$eIwOQzNwx4dTsTyv.hVuW.V/XbWqgww.MiBKGsjIwZ9ZJBQNgVpua','DREHER','Olivier','male',NULL,'03 25 04 35 06',0,'3911C4ECCC8CCCB99330DA37A1B9587629744EA21DF300DCF58A8E963485151A696F9206','2024-04-30 08:43:03','2024-10-29 15:25:30','commercial',NULL,NULL),(359,'ph.monge@laposte.net','[\"ROLE_COMMERCIAL_AGENT\", \"ROLE_CUSTOMER\", \"ROLE_USER\", \"ROLE_COMMERCIAL_AGENT\"]','$2y$13$PXt9cqmsVML0xm9DhmiexuSrflgFK/vo/DjpEzJ1JsspuD/rZS6rW','MONGE','Philippe','male','1940-09-08','0609047940',0,'6BBBF24E7AD1732B47E41ADA024172EE59AF393D044C4BC22B6644496C0086A0FB37625E','2024-04-30 08:43:10','2024-10-29 15:25:30','commercial',NULL,NULL),(360,'d.siclari@orange.fr','[\"ROLE_COMMERCIAL_AGENT\", \"ROLE_CUSTOMER\", \"ROLE_USER\", \"ROLE_COMMERCIAL_AGENT\"]','$2y$13$8nH4/DokeeptRuWhqMkkd.9hX.wlCfDKvOZxXk8KN3BrsPfbeVHlO','Siclari','Dominique','male',NULL,'06 73 86 20 84',0,'B0010ECE1A474CB50A60A1550631AFBB16D3AFBBE6EDA00F1A4D6CD5516B16BB05ADCC76','2024-04-30 08:43:18','2024-10-30 15:30:19','commercial',NULL,NULL),(361,'jean-nicolasgauthier@orange.fr','[\"ROLE_COMMERCIAL_AGENT\", \"ROLE_CUSTOMER\", \"ROLE_USER\", \"ROLE_COMMERCIAL_AGENT\"]','$2y$13$o2ScBl4COkhWUBB/K6R30OLW5h1obIV.mcaCvWVr97fuX3xIQNXHq','GAUTHIER','Jean-Nicolas','male',NULL,'07 86 36 93 84',0,'BC249855EB26DDFBED9A920BBBFA5AE7E9712E4E97A52602DBAFF2F3A268B183940017F7','2024-04-30 08:43:25','2024-10-29 15:25:31','commercial',NULL,NULL),(362,'brigittelebacq@hotmail.com','[\"ROLE_COMMERCIAL_AGENT\", \"ROLE_CUSTOMER\", \"ROLE_USER\", \"ROLE_COMMERCIAL_AGENT\"]','$2y$13$tWeTOFL8UQwbDYjl6CM7fe8ar9f95GEISZl7ojsK1fteAxEhIExDS','LEBACQ','Brigitte','male',NULL,'06 74 21 53 49',0,'3742390482CBA1A25321C1BA577186D65D4C416F20AD2F628F1505EEC02FA967CC525CEC','2024-04-30 08:43:33','2024-10-29 15:25:31','commercial',NULL,NULL),(363,'p.lalonde@free.fr','[\"ROLE_COMMERCIAL_AGENT\", \"ROLE_CUSTOMER\", \"ROLE_USER\", \"ROLE_COMMERCIAL_AGENT\"]','$2y$13$ob9fVHh8UjwTGW2xHsQvx.g7jWopqog1mJZsEfrzOjW8LHXFGuVOi','LALONDE','Philippe','male',NULL,'06.88.54.43.35',0,'D9F215F6EAB6FE79876733EDC3E6CD0F562F932011BE8F244780FE2D7E91B8A95D609D1E','2024-04-30 08:43:40','2024-10-30 15:31:48','commercial',NULL,NULL),(364,'l.s.f@wanadoo.fr','[\"ROLE_COMMERCIAL_AGENT\", \"ROLE_CUSTOMER\", \"ROLE_USER\", \"ROLE_COMMERCIAL_AGENT\"]','$2y$13$yWTXYRfn7HMq9PxJpYcj7OY8JRxPsL5dFr2nytlqCWs6byxv3Hr22','LEPRINCE','Philippe','male',NULL,'06 11 07 04 52',0,'BC20C8D98899A8BF912D9176FE1598BE8E2FBE0D20E2A513A9812471A37911E432C8C338','2024-04-30 08:43:47','2024-12-12 09:08:45','commercial',NULL,NULL),(365,'jsinstrumentation@wanadoo.fr','[\"ROLE_COMMERCIAL_AGENT\", \"ROLE_CUSTOMER\", \"ROLE_USER\", \"ROLE_COMMERCIAL_AGENT\"]','$2y$13$DAgxhCE5db.P5z8dsiVclOVZcjRJg9U3CDOalFnv4KJCk1ixWwMW6','SANDRES','Jacques','male',NULL,'05 57 77 08 85',0,'B01F46B0B1E9ECD369EE317960AD4079E2B65EE1831A081FB62710A493F1553E96F703E6','2024-04-30 08:43:54','2024-10-29 15:25:31','commercial',NULL,NULL),(366,'contact@edmondbonnet.com','[\"ROLE_COMMERCIAL_AGENT\", \"ROLE_CUSTOMER\", \"ROLE_USER\", \"ROLE_COMMERCIAL_AGENT\"]','$2y$13$yQyV9gRR2uLt3C2pGt.6QOfdkg8zbiP5MeGuO3uXqcdMRpj3kyD0S','ABBADIE BONNET','Edmond','male',NULL,'05 59 29 61 65',0,'E96A222C588F7BF1238E2A823ABB225BA13E9E7EE83AC9CADD42034BD943C37C7E9D7171','2024-04-30 08:44:02','2024-10-29 15:25:31','commercial',NULL,NULL),(367,'blhenaff@free.fr','[\"ROLE_COMMERCIAL_AGENT\", \"ROLE_CUSTOMER\", \"ROLE_USER\", \"ROLE_COMMERCIAL_AGENT\"]','$2y$13$scF0IUsI0ZFJpDilpjxYM.iMGVPk9dfGtaO.0BXssWOLB0JQxeP.C','L\'HENAFF','Bruno','male',NULL,'02 97 63 09 14',0,'F2DDA3EA5A9FD248F380CD77F4230C133F76248E67E726D2FC170E11017C4ECAB8AE4993','2024-04-30 08:44:09','2024-10-29 15:25:31','commercial',NULL,NULL),(368,'Ch.m.bindault@wanadoo.fr','[\"ROLE_COMMERCIAL_AGENT\", \"ROLE_CUSTOMER\", \"ROLE_USER\", \"ROLE_COMMERCIAL_AGENT\"]','$2y$13$ZftvNLDjFXLNHSNo/.0m9O5b2/jfyvxwUIFEzzX7fpwg54VsqLUCC','Bindault','Charles-Marie','male',NULL,'06 81 34 05 35',0,'C850E9493FF44021DE68E0142CEB6FF791BAD8AB31F9B25C0D10880683AFDB1CC0966F79','2024-04-30 08:44:16','2024-10-29 15:25:31','commercial',NULL,NULL),(369,'tronscorff@wanadoo.fr','[\"ROLE_COMMERCIAL_AGENT\", \"ROLE_CUSTOMER\", \"ROLE_USER\", \"ROLE_COMMERCIAL_AGENT\"]','$2y$13$DvcloIuO4RehozfX8ALBrencCEKNUbb4Vcvmmwk6Tyj6KCj6BJzMm','TRONSCORFF','Michel','male',NULL,'06 09 83 19 39',0,'B84381C86F01C0C82308D35CED392A552D77FBDF1E6B98717D82ABB2B6606A7BF432F21C','2024-04-30 08:44:23','2024-10-30 15:31:24','commercial',NULL,NULL),(370,'pfroidefond@yahoo.com','[\"ROLE_COMMERCIAL_AGENT\", \"ROLE_CUSTOMER\", \"ROLE_USER\", \"ROLE_COMMERCIAL_AGENT\"]','$2y$13$TnI.khl//RpUCQ5qnut1aO.3eZlie3YQhKwMBaTtBlKOqZfUiqsIe','Froidefond','Patrice','male',NULL,'05 46 67 19 04',0,'45B779C998F17AC514D427CB2C72288D2F6731930A0428C036BB424F85DEF69FB80E22C1','2024-04-30 08:44:30','2024-10-29 15:25:31','commercial',NULL,NULL),(371,'p.prenat@gmail.com','[\"ROLE_COMMERCIAL_AGENT\", \"ROLE_CUSTOMER\", \"ROLE_USER\", \"ROLE_COMMERCIAL_AGENT\"]','$2y$13$gk7BiaC6Rx8/XSUkkaXJK..b/b5PPo8moj2VgXH20yK0MHa5aA3Im','Prenat','Pierre','male','1956-03-23','01 39 28 90 49',0,'CBA1BBBAD2E329A47CCC57D2772C62B53BD9E9150EA16E320990882514A7B26A9067C02A','2024-04-30 08:44:37','2024-10-29 15:25:31','commercial',NULL,NULL),(372,'jpaulsalvignol.acs@orange.fr','[\"ROLE_COMMERCIAL_AGENT\", \"ROLE_CUSTOMER\", \"ROLE_USER\", \"ROLE_COMMERCIAL_AGENT\"]','$2y$13$Gu.tNKR0tB6FtMLGFMuGru1v.cDZG2NcScrC.OOPw2jaj5rHEMEZK','SALVIGNOL','Elisabeth','male',NULL,'05 53 31 14 32',0,'5F311A28B0BAD3BB6F3B20135C83B3EDF71C78D8F34FA56603C72A5F72A0D9F129EBBE04','2024-04-30 08:44:44','2024-10-29 15:25:31','commercial',NULL,NULL),(373,'hnc@free.fr','[\"ROLE_COMMERCIAL_AGENT\", \"ROLE_CUSTOMER\", \"ROLE_USER\", \"ROLE_COMMERCIAL_AGENT\"]','$2y$13$7qUrn7ROFL66AiEbmEjC5.wng5kxQjK3fhcDYcLLLm14qK91mcCr2','THUET','Jean François','male','1952-05-05','06 80 67 69 43',0,'4F720BBC15620495F6CC5E32ACC988FBEDE0BE34C42CCDBAA4F6DDC15D32AF24C019F506','2024-04-30 08:44:52','2025-01-27 09:54:49','commercial',NULL,NULL),(374,'fvachette@clagny78.fr','[\"ROLE_COMMERCIAL_AGENT\", \"ROLE_CUSTOMER\", \"ROLE_USER\", \"ROLE_COMMERCIAL_AGENT\"]','$2y$13$qHjLa0YpZWj8j.8WAf1Djekh.mspU0TCE.0HGmEyA8Cpw6Wjkl9E6','VACHETTE','François','male','1948-05-19','01 39 55 66 27',0,'5ADA520623E9D061557F33645B482161F0D412FE9E752EEA421551EA8CAB03990A6BA00B','2024-04-30 08:44:59','2024-10-29 15:25:32','commercial',NULL,NULL),(375,'marcelnicolas@free.fr','[\"ROLE_COMMERCIAL_AGENT\", \"ROLE_CUSTOMER\", \"ROLE_USER\", \"ROLE_COMMERCIAL_AGENT\"]','$2y$13$stPlGXRKxAS8wUzHGZwNDuUm2fe7vUisLv/YFw6zW7bc0Emhg36hW','MARCEL','Nicolas','male','1976-08-17','06 72 76 20 20',0,'90B85EA7A2C53E1778B33E3CA64746426A1A2A82394DAABAE3FFB94F6EEC1774D34F39E9','2024-04-30 08:45:07','2024-10-29 15:25:32','commercial',NULL,NULL),(376,'ludivineweber@orange.fr','[\"ROLE_COMMERCIAL_AGENT\", \"ROLE_CUSTOMER\", \"ROLE_USER\", \"ROLE_COMMERCIAL_AGENT\"]','$2y$13$Mv2jmGepCK9IlDAhwYatduKgKPpZnpNtlsTvgShRNnLkNMadSl6IC','CARCELLE','Ludivine','male','1981-06-24','03 89 22 91 01',0,'3DFFF237F0105E90F40747D6DD09A46465B325E2C56F55FD99809525541C844A1F5D75ED','2024-04-30 08:45:15','2025-03-10 17:02:32','commercial',NULL,NULL),(377,'marcos.martins@francobras.com','[\"ROLE_COMMERCIAL_AGENT\", \"ROLE_CUSTOMER\", \"ROLE_USER\", \"ROLE_COMMERCIAL_AGENT\"]','$2y$13$uhaj/U3vgKTPr.JnIS0a8u4/EsdtxFQ7vf54/CAiqZyW/ZI6dtuxq','MARTINS DE SA','Marcos','male','1969-08-30','09 52 25 52 45',0,'A28BA0131DF693771EE371835212805715A941DFE6B486B8CA3CD1B469BC68860B889600','2024-04-30 08:45:22','2024-10-29 15:25:32','commercial',NULL,NULL),(378,'martinechartier@laposte.net','[\"ROLE_COMMERCIAL_AGENT\", \"ROLE_CUSTOMER\", \"ROLE_USER\", \"ROLE_COMMERCIAL_AGENT\"]','$2y$13$GJSpJQH02uBsOaHwBfrhIOfObaje7CU7SR4XhxuRo.2OrXeda1Vty','Chartier delamarre','Martine','male',NULL,'09 60 52 19 68',0,'74AEAB87C5347AB9A53D0C16F4723CF3E1301AEDE553492ED4EB0BA4FE99CD6B85911C51','2024-04-30 08:45:30','2024-10-29 15:25:32','commercial',NULL,NULL),(379,'andrepaget@wanadoo.fr','[\"ROLE_COMMERCIAL_AGENT\", \"ROLE_CUSTOMER\", \"ROLE_USER\", \"ROLE_COMMERCIAL_AGENT\"]','$2y$13$OqlvVyzRvgvdOBzVKiMQGOQ.AtdpVIphS67QLLlp29IXGFh.5iRFu','PAGET','André','male',NULL,'03 84 33 13 17',0,'CDDAC4461EC13A97E06DA6067031D6B72A6C139ED92B9A5B4D23016D7657AD4ACA4F5B4B','2024-04-30 08:45:37','2024-10-29 15:25:32','commercial',NULL,NULL),(380,'gaetan@vineyardsandpartners.com','[\"ROLE_COMMERCIAL_AGENT\", \"ROLE_CUSTOMER\", \"ROLE_USER\", \"ROLE_COMMERCIAL_AGENT\"]','$2y$13$RPyEQSm4Ba4oz5myfiLyTOi0ms60.EcVlfhLW1HPi/Pa4o0Qa0d2.','BIGO','Gaëtan','male',NULL,'05 56 42 65 33',0,'F246ACDFE7AAF15423515512F494F55477F46CFAFEA900F9477AC119D95CD1EE8F030FF1','2024-04-30 08:45:44','2024-10-29 15:25:32','commercial',NULL,NULL),(381,'olivier.gourlin@wanadoo.fr','[\"ROLE_COMMERCIAL_AGENT\", \"ROLE_CUSTOMER\", \"ROLE_USER\", \"ROLE_COMMERCIAL_AGENT\"]','$2y$13$9x63xBe.2nVyEvfzt2xBjOigZzokRy3f3EpAnr9mzfs1.Ti0gRL1i','GOURLIN','Olivier','male',NULL,'02 32 42 25 59',0,'C2E90E50C763E831E8DC7B970D17A5504B34ED8C2FFD081B9BCAE53D6B400B419C979641','2024-04-30 08:45:51','2024-10-30 15:39:14','commercial',NULL,NULL),(382,'p.bonhomme@wanadoo.fr','[\"ROLE_COMMERCIAL_AGENT\", \"ROLE_CUSTOMER\", \"ROLE_USER\", \"ROLE_COMMERCIAL_AGENT\"]','$2y$13$Z1iyGeqvBevAynNyeGCM2.5aN8DgJQEPMdBKzomktqF6E2KFENX7q','BONHOMME','Pascal','male','1961-07-28','05 57 58 27 78',0,'65383C1554C7595074443BC17E57513986F0C59BD3495B0822B9BE56F39D750ED5108FD5','2024-04-30 08:45:58','2024-10-30 15:26:57','commercial',NULL,NULL),(383,'cedricmdb@free.fr','[\"ROLE_COMMERCIAL_AGENT\", \"ROLE_CUSTOMER\", \"ROLE_USER\", \"ROLE_COMMERCIAL_AGENT\"]','$2y$13$6IQHylcBoEGjLdNnP4Bp0Og.Pl5r1MBTDML6ct2xWH1pgEo.cG4va','MAHEDEBERDOUARE','Cedric','male',NULL,'06 07 05 40 12',0,'0D874BEF16F43E7793CF83DE737158BBE1DDD7A21DA1ED2F759C47FEC3D483673E447046','2024-04-30 08:46:06','2024-10-29 15:25:32','commercial',NULL,NULL),(384,'joel.dareux@orange.fr','[\"ROLE_COMMERCIAL_AGENT\", \"ROLE_CUSTOMER\", \"ROLE_USER\", \"ROLE_COMMERCIAL_AGENT\"]','$2y$13$sc6/4LsGwaqeZ834uyrsVeae7btrxJGRKqV9nqxiSxVA2zbRqRHdW','DAREUX','Joël','male',NULL,'09 77 83 29 51',0,'854CE31DFEB7E3E808B1C020F97D8ED811E14B233B7ADF37C6833749B295E6B314F2C69D','2024-04-30 08:46:13','2024-10-29 15:25:32','commercial',NULL,NULL),(385,'dregazzi@hotmail.fr','[\"ROLE_COMMERCIAL_AGENT\", \"ROLE_CUSTOMER\", \"ROLE_USER\", \"ROLE_COMMERCIAL_AGENT\"]','$2y$13$adzufwSvZtYTX2kQjvz2/ehM0FsA2uDDrngSU0.n.6qgQr6dnOsPe','REGAZZI','David','male','1977-06-12','06 29 51 16 27',0,'C11832F76CF862636333F05D2564AB76369ECE055DDC0C4202323C6CD0744021A07F7954','2024-04-30 08:46:20','2024-10-29 15:25:33','commercial',NULL,NULL),(386,'chusseau@aol.com','[\"ROLE_COMMERCIAL_AGENT\", \"ROLE_CUSTOMER\", \"ROLE_USER\", \"ROLE_COMMERCIAL_AGENT\"]','$2y$13$AkZsxhbjh31zO24LQGJ2AOm9t6YRo4VNM4WYKBPCJ3udYibGwvn/S','CHUSSEAU','Françoise','male',NULL,'02 51 98 55 08',0,'8EA07E0949879A7362944A8A9FD0F7644FD52427DB89F47480B9C963872CA09934F0AA58','2024-04-30 08:46:27','2024-10-29 15:25:33','commercial',NULL,NULL),(387,'jm.coiffard@oceamail.com','[\"ROLE_COMMERCIAL_AGENT\", \"ROLE_CUSTOMER\", \"ROLE_USER\", \"ROLE_COMMERCIAL_AGENT\"]','$2y$13$qdklQ6uRXhtWLt7x8zsY8.nm8EHjz8JCymJ3jxvT78lvux3JvxmQ2','COIFFARD','Jean-Michel','male',NULL,'03 88 82 34 72',0,'8CBEA3DED16C6D77F058A67F5588D77BB4DE7F68F4E5E698C45940986C304692150C031B','2024-04-30 08:46:35','2024-10-29 15:25:33','commercial',NULL,NULL),(388,'philipperauner@bbox.fr','[\"ROLE_COMMERCIAL_AGENT\", \"ROLE_CUSTOMER\", \"ROLE_USER\", \"ROLE_COMMERCIAL_AGENT\"]','$2y$13$Ao5xu9cqxilnmbollHYhIOXDFA.Pzqu8ZZaKdI.p6245rT98jMcZG','RAUNER','Philippe','male','1958-05-24','09 81 61 38 54',0,'93F31BAB8F51F01292C99E1D7A2250B3F99035B68D3BBB27F0E681363BD57A18C0116DD2','2024-04-30 08:46:42','2025-03-02 11:31:56','commercial',NULL,NULL),(389,'pierremichelena@gmail.com','[\"ROLE_COMMERCIAL_AGENT\", \"ROLE_CUSTOMER\", \"ROLE_USER\", \"ROLE_COMMERCIAL_AGENT\"]','$2y$13$ROV5nAXq1j8Fu./IDYCp0u5R0/olJZDwpWa/ZYzBf5/iTC5HD0Fb6','MICHELENA','Pierre','male',NULL,'06 30 97 16 93',0,'50D368B69250DBA94686DEC752A24C34174788DAD3B90C58FC5215F2853E5BE60AA62B5C','2024-04-30 08:46:49','2024-10-29 15:25:33','commercial',NULL,NULL),(390,'sylvain.guillemet@wanadoo.fr','[\"ROLE_COMMERCIAL_AGENT\", \"ROLE_CUSTOMER\", \"ROLE_USER\", \"ROLE_COMMERCIAL_AGENT\"]','$2y$13$3kQSjMjKVZ4O.rkNsmWCCOEQcQSsedBj.EtUwhqWxQPgTPolHSXF.','GUILLEMET','Sylvain','male',NULL,'02 98 92 58 82',0,'6734A4440CE7B2708C306F8F13EB18243D36DB4900339CFAA420D0DA3FEB130B027DC241','2024-04-30 08:46:56','2024-10-29 15:25:33','commercial',NULL,NULL),(391,'guillet.bea@gmail.com','[\"ROLE_COMMERCIAL_AGENT\", \"ROLE_CUSTOMER\", \"ROLE_USER\", \"ROLE_COMMERCIAL_AGENT\"]','$2y$13$qQSaoca5SJZO6qWQATXXAe0tYC9M1sAyRDCBKg.28tH9SIbS5EQk6','GUILLET','Béatrice','male',NULL,'06 58 13 83 24',0,'24DA7C133BFBEE658ADE76031D456828F482E9C54C85CE464660D357DE0DB7282DCAF64D','2024-04-30 08:47:04','2024-10-29 15:25:33','commercial',NULL,NULL),(392,'jl.bardon@orange.fr','[\"ROLE_COMMERCIAL_AGENT\", \"ROLE_CUSTOMER\", \"ROLE_USER\", \"ROLE_COMMERCIAL_AGENT\"]','$2y$13$IJfIZ1n8P4dlYD0IORo4dOpFVBE6GWC2pcCXl4XFrJ19gAVN8..Nm','BARDON','Jean-Louis','male','1956-06-29','0670782747',0,'4E0BEE82EDFFC3219D2A767022693042A20127238B04BE326C310B1532910672B4616C4E','2024-04-30 08:47:11','2024-10-24 10:47:51','commercial',NULL,NULL),(393,'stanislas.capelle@agro-food-integrity.com','[\"ROLE_COMMERCIAL_AGENT\", \"ROLE_CUSTOMER\", \"ROLE_USER\", \"ROLE_COMMERCIAL_AGENT\"]','$2y$13$.c5N/8YbrAgKcU3v9JpycuBhSbNQ6VtioX4BYxJtuInbrlJ1ua4He','CAPELLE','Stanislas','male',NULL,'02 35 85 93 45',0,'08512C7363B946F8F7041D439C91FC7677F63251FA64952DF24C3C62198A898B63625CD2','2024-04-30 08:47:19','2024-10-29 15:25:33','commercial',NULL,NULL),(394,'calmettes@wanadoo.fr','[\"ROLE_COMMERCIAL_AGENT\", \"ROLE_CUSTOMER\", \"ROLE_USER\", \"ROLE_COMMERCIAL_AGENT\"]','$2y$13$cCybRLISviA6LwuxQbEHSexsNG0akY4zgObKV9BzQqk3ySt4lgssO','CALMETTES','Jean-Baptiste','male',NULL,'05 34 31 25 35',0,'C5EA298AC3835495D7E8F66F238DCCE4660D0D54C1A4FB2C14C0D2E96EBD4164E0B14D43','2024-04-30 08:47:27','2025-01-31 18:16:58','commercial',NULL,NULL),(395,'jeromeguezel@gmail.com','[\"ROLE_COMMERCIAL_AGENT\", \"ROLE_CUSTOMER\", \"ROLE_USER\", \"ROLE_COMMERCIAL_AGENT\"]','$2y$13$.s.uY.ZGL3pikybGi3rBIevxWV0aXiJeaCuK2m0aJVfYLOQ9kMZ3S','GUEZEL','Jérôme','male',NULL,'02 99 66 0 59',0,'3F942FAF2349D76496C8CBBEBB0B8E117F5BD526CB2C56BF0724D192146DE81F27DB5415','2024-04-30 08:47:34','2024-10-29 15:25:33','commercial',NULL,NULL),(396,'jy.martineau@divelek.fr','[\"ROLE_COMMERCIAL_AGENT\", \"ROLE_CUSTOMER\", \"ROLE_USER\", \"ROLE_COMMERCIAL_AGENT\"]','$2y$13$4HheBLjGQatZfzpn.18mC.PDAg5L7JmRGt5wEPzNwQbfH1/23M.Ce','MARTINEAU','Jean-Yves','male',NULL,'05 53 93 73 56',0,'489A99FE9ABAFC9FBA2A48A280D88B8211EA0D92E19636579D433D77520A3403D8A8D4B8','2024-04-30 08:47:42','2024-10-29 15:25:33','commercial',NULL,NULL),(397,'jeromeperoua@aol.fr','[\"ROLE_COMMERCIAL_AGENT\", \"ROLE_CUSTOMER\", \"ROLE_USER\", \"ROLE_COMMERCIAL_AGENT\"]','$2y$13$4q8n11WWrLas9C0Ty3kBgOPDuqJokWFbhe0q7lhGTvTbG6sgEsDm.','PEROUA','Jérôme','male','1965-02-15','09 83 34 24 71',0,'B49E72752C89F76C435BD989EF9B624C9605D7EBF670E01FE7FC9BE7F90E4C9F9C275E0E','2024-04-30 08:47:49','2024-10-29 15:25:33','commercial',NULL,NULL),(398,'isabel@saveurs-dici.fr','[\"ROLE_COMMERCIAL_AGENT\", \"ROLE_CUSTOMER\", \"ROLE_USER\", \"ROLE_COMMERCIAL_AGENT\"]','$2y$13$2wS33vRR.BNIWuZMrrHlW.CNoyxXzckrhAJjd5pYwwXemw0t9/nIG','Campanon','Isabel','male','1960-12-18','04 79 35 94 52',0,'77349C392B7AD6F14C33D4FD78BC37968CD541BEB19D490855CC64C0793472F7857908DF','2024-04-30 08:47:56','2025-03-04 15:57:09','commercial',NULL,NULL),(399,'agnes.badera@gmail.com','[\"ROLE_COMMERCIAL_AGENT\", \"ROLE_CUSTOMER\", \"ROLE_USER\", \"ROLE_COMMERCIAL_AGENT\"]','$2y$13$2jwlUnIXTBOxmuPfCmf79uxZQ2WBrEQZDAQmkXnZH06zNZp3Bi2IK','BADERA','Agnès','male',NULL,'06 50 94 67 19',0,'2064475EC075823561FE0C0BA8DBBF137C8DFD979866E3286A1784A6418CBC36E4184730','2024-04-30 08:48:04','2024-10-29 15:25:34','commercial',NULL,NULL),(400,'karseba@free.fr','[\"ROLE_COMMERCIAL_AGENT\", \"ROLE_CUSTOMER\", \"ROLE_USER\", \"ROLE_COMMERCIAL_AGENT\"]','$2y$13$NdfHVefBd364QEuZ5eCleeqtP9eUs5MpsfgsfyYaIKCapUcAGA3Ei','BRUNEAU','Sébastien','male',NULL,'06 30 21 84 92',0,'A766BAFB1E24641E2F5ACE404D18482D5E082E2970A77FF645463459CDF1CFBB3E7FDAD7','2024-04-30 08:48:11','2024-10-29 15:25:34','commercial',NULL,NULL),(401,'agence.sylvainlefebvre@outlook.fr','[\"ROLE_COMMERCIAL_AGENT\", \"ROLE_CUSTOMER\", \"ROLE_USER\", \"ROLE_COMMERCIAL_AGENT\"]','$2y$13$H1xQ7dTn.d1EYQLLNEbl1ufDlrSsRgrR5X8CvBh0NtULWl9HYJ7DK','LEFEBVRE','Sylvain','male',NULL,'06 07 67 42 35',0,'F168C295EC1BA715E482485B91CE4D57A4BB757187DC51285CEBA37DE9EE12D554C542E7','2024-04-30 08:48:19','2024-10-29 15:25:34','commercial',NULL,NULL),(402,'paul.armanet@wanadoo.fr','[\"ROLE_COMMERCIAL_AGENT\", \"ROLE_CUSTOMER\", \"ROLE_USER\", \"ROLE_COMMERCIAL_AGENT\"]','$2y$13$jh5YsAT1hwzxyfzCc39hcuuEUA49bpqlgzKDqc5jPTJhV1q7uRzlO','ARMANET','Paul','male','1948-05-29','02 48 67 94 13',0,'687DED4CF70644B7C93E73ECB3EBEA68A63064CB6BFEEFC8379F7657FA9E4BE3A811661A','2024-04-30 08:48:26','2024-10-29 15:25:34','commercial',NULL,NULL),(403,'acguillet@wanadoo.fr','[\"ROLE_COMMERCIAL_AGENT\", \"ROLE_CUSTOMER\", \"ROLE_USER\", \"ROLE_COMMERCIAL_AGENT\"]','$2y$13$Es1Fvw5VaJPISYC0FoPK1O.uPEJQ3VjVY2YXwRnIoftMnrpRKYLgu','GUILLET','Claude','male','1959-09-17','0628052635',0,'24DA7C133BFBEE658ADE76031D456828F482E9C54C85CE464660D357DE0DB7282DCAF64D','2024-04-30 08:48:34','2024-10-29 15:25:34','commercial',NULL,NULL),(404,'simon.guiot@orange.fr','[\"ROLE_COMMERCIAL_AGENT\", \"ROLE_CUSTOMER\", \"ROLE_USER\", \"ROLE_COMMERCIAL_AGENT\"]','$2y$13$cgM4oCcItBBqhQG2.5s2dOlee78.D1UPDwB9RMGp7GrbK22NYB.Um','Guiot','Simon','male',NULL,'03 29 58 98 90',0,'156C7585C85E350303E346A24C057CB24D3C96994BF4249E97020DB64B34776FE9FC6331','2024-04-30 08:48:41','2024-10-29 15:25:34','commercial',NULL,NULL),(405,'luneaudo@gmail.com','[\"ROLE_COMMERCIAL_AGENT\", \"ROLE_CUSTOMER\", \"ROLE_USER\", \"ROLE_COMMERCIAL_AGENT\"]','$2y$13$3O8xvpHowVxOMgsHXyjxb.yfZOS9NmopAeUnQMSZ2nu3KzJPk660S','LUNEAU','Dominique','male','1962-03-06','01 64 24 45 13',0,'76A6C3E1F73E3E6C32A509F89C701EC715B4D28D609B239A8564CCA2F33D7B4CD2EC2598','2024-04-30 08:48:48','2025-02-04 21:40:11','commercial',NULL,NULL),(406,'alebihan.verpiot@free.fr','[\"ROLE_COMMERCIAL_AGENT\", \"ROLE_CUSTOMER\", \"ROLE_USER\", \"ROLE_COMMERCIAL_AGENT\"]','$2y$13$YXEAQJAPhnGAphMMlls/e.fhfH3LUbLqtufbaA0U6DWn0kWDMAH.q','LEBIHAN','Anne','male',NULL,'01 30 21 84 50',0,'E53DA604724395BD9A1B3AC55BC5A6220C99D3C82DB0D60330AC39154309A202054B4573','2024-04-30 08:48:56','2024-10-29 15:25:34','commercial',NULL,NULL),(407,'contact@sensationbois.com','[\"ROLE_COMMERCIAL_AGENT\", \"ROLE_CUSTOMER\", \"ROLE_USER\", \"ROLE_COMMERCIAL_AGENT\"]','$2y$13$ZcwHk1TxXss6ZU8iV8nUFuPIXRSPLkNK1aIcjFxb1G16BD7dbuw4G','ETIENNE','François','male',NULL,'03 29 22 58 86',0,'0E0CEDB443602ABC1788041A526BF5A085E73CB870500465865AC7788DB485C9D537E4AE','2024-04-30 08:49:03','2024-10-29 15:25:34','commercial',NULL,NULL),(408,'cguery@prest-equip.fr','[\"ROLE_COMMERCIAL_AGENT\", \"ROLE_CUSTOMER\", \"ROLE_USER\", \"ROLE_COMMERCIAL_AGENT\"]','$2y$13$KPa0dV0wUJPSLRQ8yo67eelnxw0RBHGvU8jsSFDRuEEiflel32v9W','Guery','Cyrille','male',NULL,'03 83 64 59 58',0,'3371AE21DF58F99B1E53E6885710C5A6E36053CB6BB5C53ABC951189D050F24DF3871EB4','2024-04-30 08:49:11','2024-10-29 15:25:34','commercial',NULL,NULL),(409,'ac.joelbonnamy@outlook.fr','[\"ROLE_COMMERCIAL_AGENT\", \"ROLE_CUSTOMER\", \"ROLE_USER\", \"ROLE_COMMERCIAL_AGENT\"]','$2y$13$BE9gHpdPR3imZ6scO7LHreVj68eS7jpF6nMolQ6vzMUxO/wJj69rm','BONNAMY','Joël','male','1969-03-04','06 07 75 78 39',0,NULL,'2024-04-30 08:49:18','2024-10-31 09:47:05','commercial',NULL,NULL),(410,'rayon.s@wanadoo.fr','[\"ROLE_COMMERCIAL_AGENT\", \"ROLE_CUSTOMER\", \"ROLE_USER\", \"ROLE_COMMERCIAL_AGENT\"]','$2y$13$5ZXzk5wicB4KcZ5rgM8NkeVWaeZ7Dvt5i13.zsZt6h.WxS5m2i50y','RAYON','Stéphane','male',NULL,'06 11 91 55 60',0,'9A2BBFA71A134F780BB44897D7334F6865B9DE16855CD9C3B9B4DA89FB8F5D79B3D44CB8','2024-04-30 08:49:26','2024-10-29 15:25:35','commercial',NULL,NULL),(411,'info@gossa.info','[\"ROLE_COMMERCIAL_AGENT\", \"ROLE_CUSTOMER\", \"ROLE_USER\", \"ROLE_COMMERCIAL_AGENT\"]','$2y$13$mbpfczXZGwNtSvQ3zhsq3uOxcigoUOd2662kXypjXS26s/SRP7tza','GOSSA','Pierre','male','1997-09-06','06 16 57 01 17',0,'504D2E985038E5FDC1CD6F930C9B22FF05BE74B016476C98A83489C52C5C1B46030DA4AA','2024-04-30 08:49:33','2024-10-29 15:25:35','commercial',NULL,NULL),(412,'agencerusso@orange.fr','[\"ROLE_COMMERCIAL_AGENT\", \"ROLE_CUSTOMER\", \"ROLE_USER\", \"ROLE_COMMERCIAL_AGENT\"]','$2y$13$Cyzzqcj/gucsQdbtAKHnTOyh37iV3nmyemyAzWoN9nGSW1D846uSa','RUSSO','Pierre','male',NULL,'04 66 82 00 23',0,'8586A07353B1C018BCE69DED2BBA3D58360408711A77CFD898F8BE6F046E8BEF78A76D31','2024-04-30 08:49:40','2024-10-29 15:25:35','commercial',NULL,NULL),(413,'jasmiin@jasmiin.fr','[\"ROLE_COMMERCIAL_AGENT\", \"ROLE_CUSTOMER\", \"ROLE_USER\", \"ROLE_COMMERCIAL_AGENT\"]','$2y$13$OHi4H7IWMIDZAfyYhUdHqe8WW6oIWlED.ZwEJYzGC2VZ0RjIh9bza','BONNEAU','Guilhem','male',NULL,'05 53 77 06 00',0,'19FD899AC8084D60CCD394F9DCE247AAF9EBF122A87E359E489588C206E2B2327BBED606','2024-04-30 08:49:47','2024-10-29 15:25:35','commercial',NULL,NULL),(414,'seb_castel@yahoo.fr','[\"ROLE_COMMERCIAL_AGENT\", \"ROLE_CUSTOMER\", \"ROLE_USER\", \"ROLE_COMMERCIAL_AGENT\"]','$2y$13$vLRTy8X.6VO8JhX6TZG./O86XftQ5mTCkMALa4da6w1L2oMAUZgNC','CASTEL','Sébastien','male',NULL,'02 35 89 91 52',0,'7A4AA0100BCBD085C11669655CB881922CC0CFE10DDFC26663E69C45AE90403D2C79049C','2024-04-30 08:49:55','2024-10-29 15:25:35','commercial',NULL,NULL),(415,'m-chauvel@orange.fr','[\"ROLE_COMMERCIAL_AGENT\", \"ROLE_CUSTOMER\", \"ROLE_USER\", \"ROLE_COMMERCIAL_AGENT\"]','$2y$13$JnvbBu8ZGN.8nIFqhX/qKuTM59JjVU/cnPNC8tofgPnKEziHRspJy','CHAUVEL','Michel','male',NULL,'02 23 41 23 97',0,'078BFE4956FBA2FAC7FBF19C62658E4BEF5C71B8022A5B0B316E0FA6347DD603CC43AEA0','2024-04-30 08:50:02','2024-10-29 15:25:35','commercial',NULL,NULL),(416,'l.crom@orange.fr','[\"ROLE_COMMERCIAL_AGENT\", \"ROLE_CUSTOMER\", \"ROLE_USER\", \"ROLE_COMMERCIAL_AGENT\"]','$2y$13$ZGTs5POWvdH7A8438uRN7eZ62FUYfY2mgSNE042KxWoSuqvwomGeC','Crom','Lionel','male',NULL,'02 40 46 65 02',0,'A01CC82821624980ED59B1B7145D6FF6D3A13FD144B18C962916B2943E02A97E95890310','2024-04-30 08:50:09','2024-10-29 15:25:35','commercial',NULL,NULL),(417,'magac@orange.fr','[\"ROLE_COMMERCIAL_AGENT\", \"ROLE_CUSTOMER\", \"ROLE_USER\", \"ROLE_COMMERCIAL_AGENT\"]','$2y$13$zL/MsocVHBVugfgTp4MV3eliURMLHTlaPmutW1ZMteY81DdjtdXru','GIACON SERRES','Marie-Agnès','male','1956-08-11','05 56 76 86 80',0,'392C1198B254705C2DE465DADB68A34D6A28C34BFEEA2C6973179041586DD9966B6D7705','2024-04-30 08:50:16','2025-02-11 15:49:31','commercial',NULL,NULL),(418,'l.jegat@sfr.fr','[\"ROLE_COMMERCIAL_AGENT\", \"ROLE_CUSTOMER\", \"ROLE_USER\", \"ROLE_COMMERCIAL_AGENT\"]','$2y$13$PwHur5LU5yhSR7vqAtOVqOpSOuRHHLFvCj/PFNZFMVvt1e/B5eFn6','Jegat','Lionel','male',NULL,'02 96 78 81 44',0,'BE38EA88E4FF082603698A5D3F170C4F052AF515E5CDB23DB9BC45E7FBF3FDDCD3E30474','2024-04-30 08:50:23','2024-10-29 15:25:35','commercial',NULL,NULL),(419,'laurent@agence-credo.com','[\"ROLE_COMMERCIAL_AGENT\", \"ROLE_CUSTOMER\", \"ROLE_USER\", \"ROLE_COMMERCIAL_AGENT\"]','$2y$13$OFvQHg6tLvZu0J6icB0B0.2mU.qJoZDjoppOPfoCsv1zlpqfRXuYq','POIREL','laurent','male','1967-02-02','0620876520',0,NULL,'2024-04-30 08:50:31','2025-01-09 18:53:03','commercial',NULL,NULL),(420,'jean-marc.domecq@bpi2e.fr','[\"ROLE_COMMERCIAL_AGENT\", \"ROLE_CUSTOMER\", \"ROLE_USER\", \"ROLE_COMMERCIAL_AGENT\"]','$2y$13$Y9nT3TykQ9Eb52J.skGMLuxFV0mXdnSiZP0KY1co5gFnlY93ys.KK','DOMECQ','Jean-Marc','male',NULL,'05 57 89 28 79',0,'333F40B423176829BF2F0996F443CAD631456B00753DE5C4CAB55775AE8DD13DFEC540C1','2024-04-30 08:50:38','2024-10-29 15:25:36','commercial',NULL,NULL),(421,'c.maillochaud@laposte.net','[\"ROLE_COMMERCIAL_AGENT\", \"ROLE_CUSTOMER\", \"ROLE_USER\", \"ROLE_COMMERCIAL_AGENT\"]','$2y$13$pe1.hbHJnhelFzGT..7uR.zttLMnam6nmh5vIbY2wfD2FrZXJo7/y','MAILLOCHAUD','Cédric','male',NULL,'05 56 30 28 03',0,'BF88D3F357EEE15A880C0EEF36DCBD67657DB5C0D4A119A05513AC3B1E8CD42E7094EA67','2024-04-30 08:50:45','2024-10-29 15:25:36','commercial',NULL,NULL),(422,'christianegranier@wanadoo.fr','[\"ROLE_COMMERCIAL_AGENT\", \"ROLE_CUSTOMER\", \"ROLE_USER\", \"ROLE_COMMERCIAL_AGENT\"]','$2y$13$hUtMP4haQFid8CvTDo92MO1mcmYciDobKeTHXebD2F8PCyoWbqx2u','GRANIER','Christiane','male',NULL,'02 47 51 02 83',0,'C074A0A68D093B4F59B044149518D43185C4B8D44C33E86388D378C27C91D4176AC8649D','2024-04-30 08:50:53','2024-10-29 15:25:36','commercial',NULL,NULL),(423,'duhaubois.serge@gmail.com','[\"ROLE_COMMERCIAL_AGENT\", \"ROLE_CUSTOMER\", \"ROLE_USER\", \"ROLE_COMMERCIAL_AGENT\"]','$2y$13$0MZadeg9AcM4aAuU8l7bBO2gEu7BmiQ3jsNnKAGmfE3HQTIIB6fxa','DUHAUBOIS','Serge','male',NULL,'01 34 86 42 97',0,'134B7314E66EAD803D623573949039C93D953BEF43A56EB7D8A288B5147D8C5D85E7F80E','2024-04-30 08:51:00','2024-10-29 15:25:36','commercial',NULL,NULL),(424,'distribution.jps@wanadoo.fr','[\"ROLE_COMMERCIAL_AGENT\", \"ROLE_CUSTOMER\", \"ROLE_USER\", \"ROLE_COMMERCIAL_AGENT\"]','$2y$13$68vwqYQ6UjDD87EEX5ZZqe2qjtxrUUD4ojfi71gEjc9gMWyhKJs/m','ROUAULT','Stéphane','male',NULL,'06 80 37 23 40',0,'180694339F3316B673BC3E55038E8A8251074ECC602BAFA8BBD463C4CB5FA1D10605CA0F','2024-04-30 08:51:07','2024-10-29 15:25:36','commercial',NULL,NULL),(425,'vernet.fred@wanadoo.fr','[\"ROLE_COMMERCIAL_AGENT\", \"ROLE_CUSTOMER\", \"ROLE_USER\", \"ROLE_COMMERCIAL_AGENT\"]','$2y$13$D4qs3nGFTbOAClwigvu76e02uft53ep6FZLHz.6Vepr4.oDe1UByu','VERNET','Frédéric','male',NULL,'04 73 39 00 08',0,'5AB3F4C8055DD49E2E2D02F25DBC12139E3E65F04975133D6DC4320F6C78F474AE8200FE','2024-04-30 08:51:15','2024-10-30 14:59:10','commercial',NULL,NULL),(426,'charlesdemaillard@communiquezautrement.fr','[\"ROLE_COMMERCIAL_AGENT\", \"ROLE_CUSTOMER\", \"ROLE_USER\", \"ROLE_COMMERCIAL_AGENT\"]','$2y$13$06HT0U.aW2pzbeHcpU6tf.o.cq24fYlH52BeDtFbhB9GbAHZtyTrO','DEMAILLARD','Charles','male',NULL,'06 28 04 41 89',0,'042CCF2AF6BD42A87F7A5B2A9E0D8DEDA29EEBFBBCA9E9F98B2261D07C7A0B2B8C38A88E','2024-04-30 08:51:22','2024-10-29 15:25:36','commercial',NULL,NULL),(427,'ph.hottin@hotmail.fr','[\"ROLE_COMMERCIAL_AGENT\", \"ROLE_CUSTOMER\", \"ROLE_USER\", \"ROLE_COMMERCIAL_AGENT\"]','$2y$13$e4CzrgbiCYwwql84UANWou/eKQbGuq7wLivRkMKYKsgtC17gJoHUy','Hottin','Philippe','male',NULL,'03 20 75 49 32',0,'EFCDDB254673071A4293801392B0E428B98E1E5842324FC2D294BFF9D11892A2B7BA1976','2024-04-30 08:51:30','2024-10-29 15:25:36','commercial',NULL,NULL),(428,'jean-guiller@orange.fr','[\"ROLE_COMMERCIAL_AGENT\", \"ROLE_CUSTOMER\", \"ROLE_USER\", \"ROLE_COMMERCIAL_AGENT\"]','$2y$13$TVVXSpYYPaltm.vGEPiCA.HfSpciFSEiH9qMNO5QUNqcTTVZjtVIy','GUILLER','Jean','male',NULL,'09 62 02 82 46',0,'AC1D98D1783F0237B307957B9EA20C1A12113D9D84BDB2B0C8F90601445ED6B58EE20A9F','2024-04-30 08:51:38','2024-10-29 15:25:36','commercial',NULL,NULL),(429,'sebastien.argondico@wanadoo.fr','[\"ROLE_COMMERCIAL_AGENT\", \"ROLE_CUSTOMER\", \"ROLE_USER\", \"ROLE_COMMERCIAL_AGENT\"]','$2y$13$0uuCwqigbX6dX7jRkH0lwuBFteYjMMY/DJVYk6q3dzAmWKFv6Ic6.','ARGONDICO','Sébastien','male','1979-02-18','02 40 83 84 81',0,'B0F4078601FF3524C1E258D1486C56E84BCCE107BD820678855D7186505FE8488D6A045C','2024-04-30 08:51:45','2024-10-29 15:25:36','commercial',NULL,NULL),(430,'g.gibert77@gmail.com','[\"ROLE_COMMERCIAL_AGENT\", \"ROLE_CUSTOMER\", \"ROLE_USER\", \"ROLE_COMMERCIAL_AGENT\"]','$2y$13$EmkXNDzT3BXVCQmZon5JDucq4wfkNiYOEp5327Mi7uQFIBPv.kf3O','GIBERT','Gilles','male','1966-07-14','01 60 74 35 30',0,'DDE97C9B5115AD296EEAC1E346291B36B2D42243234A5E0B6AD5880A986129B7BAAB72DD','2024-04-30 08:51:53','2025-01-31 10:34:53','commercial',NULL,NULL),(431,'pcord@orange.fr','[\"ROLE_COMMERCIAL_AGENT\", \"ROLE_CUSTOMER\", \"ROLE_USER\", \"ROLE_COMMERCIAL_AGENT\"]','$2y$13$odFxv/CY6QmjHqosVxM1peqngh4XnLtj8.fEjxdtQNSPluYSIgj1W','CORDENIER','Philippe','male',NULL,'01 39 95 36 72',0,'451C07D1D36BC2F88D686AB8743BC76BCE177B5869942B65BAAAA62D76F1AB38A40B10CA','2024-04-30 08:52:00','2024-10-29 15:25:37','commercial',NULL,NULL),(432,'jff.jugon@gmail.com','[\"ROLE_COMMERCIAL_AGENT\", \"ROLE_CUSTOMER\", \"ROLE_USER\", \"ROLE_COMMERCIAL_AGENT\"]','$2y$13$dTcA60F2/Taqc/glI18.2.4cTqc/MUkwXzcok7ZDYUIodxARdlLNS','JUGON','Jean-François','male',NULL,'02 40 26 83 96',0,'F955847EBFFB73A53D09B6481AB3CCA39AEC58B98630EB1C734C65FD24CB9DE0034E5626','2024-04-30 08:52:08','2024-10-29 15:25:37','commercial',NULL,NULL),(433,'albanbouvier@abcddeveloppement.fr','[\"ROLE_COMMERCIAL_AGENT\", \"ROLE_CUSTOMER\", \"ROLE_USER\", \"ROLE_COMMERCIAL_AGENT\"]','$2y$13$T5PmEl8MgyPpYuctcGxvjOI6KDI5uQxixeeDI8yu2weP1do9OfwCu','BOUVIER','Alban','male',NULL,'02 48 20 41 68',0,'8DFF17981A79EDEDD1AF40A7AE163149979B3A35DB69165A3164655B12DDAC3F38FA1210','2024-04-30 08:52:15','2024-10-29 15:25:37','commercial',NULL,NULL),(434,'stephane.girma@yahoo.fr','[\"ROLE_COMMERCIAL_AGENT\", \"ROLE_CUSTOMER\", \"ROLE_USER\", \"ROLE_COMMERCIAL_AGENT\"]','$2y$13$uVZmRC3jWgDWymPxsgssreBNDQ7kp2RzBgPYkvljyO2D7QyfLGeFO','GIRMA','Stéphane','male',NULL,'06 95 03 52 62',0,'A069650BFBB2165FE3879D9DC101B4EC2279187BF2F4A963E389AA5B36F52F20AF898666','2024-04-30 08:52:23','2024-10-29 15:25:37','commercial',NULL,NULL),(435,'acbj@akeonet.com','[\"ROLE_COMMERCIAL_AGENT\", \"ROLE_CUSTOMER\", \"ROLE_USER\", \"ROLE_COMMERCIAL_AGENT\"]','$2y$13$hBHm3Wm4Cp4J247jfaWqsuYoEnleoHxsqk6eAwSNoNlh8VOOEDVCK','JONDA','Bernard','male',NULL,'04 78 22 73 36',0,'AEE96FA3FA1D586B253095C2392C4A18D981A96322229758041F9A8C4451A23FDCABCCF1','2024-04-30 08:52:30','2024-10-29 15:25:37','commercial',NULL,NULL),(436,'massip.didier@wanadoo.fr','[\"ROLE_COMMERCIAL_AGENT\", \"ROLE_CUSTOMER\", \"ROLE_USER\", \"ROLE_COMMERCIAL_AGENT\"]','$2y$13$XbaaLCKn8HlpdMfxG5YJNOGZ/8vSrh7HQ/qLmA9bYXC7QIce2ahju','MASSIP','Didier','male',NULL,'05 61 68 29 39',0,'1D2445234ED1B5D1923EA2BA810289A3E8C7D9B3545665125DB105A36581BBC22CDA68E8','2024-04-30 08:52:38','2024-10-29 15:25:37','commercial',NULL,NULL),(437,'flogruelles@orange.fr','[\"ROLE_COMMERCIAL_AGENT\", \"ROLE_CUSTOMER\", \"ROLE_USER\", \"ROLE_COMMERCIAL_AGENT\"]','$2y$13$aeTMp27XL8Mretsc9PnL/eNEZ8YrAcAOXpQtqG7DDn91BFuo6cs8O','GRUELLES','Florence','male',NULL,'09 75 49 29 30',0,'E86E2CDF48F41E1368008D0DEEE71194E401CED2CE4EF30D4538E230BF8E98615EB8B70B','2024-04-30 08:52:46','2024-10-29 15:25:37','commercial',NULL,NULL),(438,'adeline.pozo@wanadoo.fr','[\"ROLE_COMMERCIAL_AGENT\", \"ROLE_CUSTOMER\", \"ROLE_USER\", \"ROLE_COMMERCIAL_AGENT\"]','$2y$13$vmioCw68mOQTjVOuEKPZzOgS957k/BoOYCDUSb65dd1uqXvQm.gQy','POZO','Adeline','male','1967-12-22','05 59 64 26 54',0,'9239C8F963075A6C4C5BB0676A5579AB6492815EB6EA94C9781A639CF972D848EDA6C026','2024-04-30 08:52:53','2024-10-29 15:25:37','commercial',NULL,NULL),(439,'mbridoux@wanadoo.fr','[\"ROLE_COMMERCIAL_AGENT\", \"ROLE_CUSTOMER\", \"ROLE_USER\", \"ROLE_COMMERCIAL_AGENT\"]','$2y$13$cIZHNDyP6D6yLqegJwdCseiD2e1GnPrI/1ut4KnjKsy0Cnm9GknpS','BRIDOUX','Matthieu','male',NULL,'05 59 64 26 54',0,'C0DF387E169724D9EEB2EED8637FCC8B8C719D81BF1DAD7709953CDD1AF11CFE21DFFA67','2024-04-30 08:53:00','2024-10-29 15:25:37','commercial',NULL,NULL),(440,'gillebrunaco@gmail.com','[\"ROLE_COMMERCIAL_AGENT\", \"ROLE_CUSTOMER\", \"ROLE_USER\", \"ROLE_COMMERCIAL_AGENT\"]','$2y$13$EeJoiwR3T6vcM.mmuMiy1.YXJfBkfnoMl5gASOjraFuNHLktv7.Mi','LE BRUN','Gilles','male','1962-02-03','06 82 44 82 44',0,'173C16ECC83E7F391952D389B05136C621C3FC573927C4683C85693888393D2E7329ECE3','2024-04-30 08:53:07','2024-10-29 15:25:38','commercial',NULL,NULL),(441,'denis@gingembre.net','[\"ROLE_COMMERCIAL_AGENT\", \"ROLE_CUSTOMER\", \"ROLE_USER\", \"ROLE_COMMERCIAL_AGENT\"]','$2y$13$DqGYZ55dcA55zS7MZAxi.eFPQodTTQaVILaTF2fpepGI5N5jTAJ5e','Gingembre','Denis','male',NULL,'03 83 40 60 00',0,'EE349A70492DE22C9CC9747184C83B9EC66D8B3404859BCD18F8F2DAE5DE53172F4261EB','2024-04-30 08:53:15','2024-10-29 15:25:38','commercial',NULL,NULL),(442,'aubergelevieuxcellier@orange.fr','[\"ROLE_COMMERCIAL_AGENT\", \"ROLE_CUSTOMER\", \"ROLE_USER\", \"ROLE_COMMERCIAL_AGENT\"]','$2y$13$AgM8fT9HLjmphBTBqdDAN.E8ZFxjepEQyvcJGsTsFVZDTVNhI1OB6','MENORET','Thierry','male',NULL,'02 40 25 40 07',0,'49822BA49487C79345855DD60D1DCE4B3A57E6905EEF7995FAE414E60D9EB66FC603AC6D','2024-04-30 08:53:22','2024-10-29 15:25:38','commercial',NULL,NULL),(443,'hubert.bry@orange.fr','[\"ROLE_COMMERCIAL_AGENT\", \"ROLE_CUSTOMER\", \"ROLE_USER\", \"ROLE_COMMERCIAL_AGENT\"]','$2y$13$wqIwCv/PFVaySDesngkqsOsfYHG/ckb64eC7Xp6tctIEXv8mJNyry','Bry','Hubert','male',NULL,'03 29 80 54 14',0,'38A584B9B64C87ABEB794CCFB6756A03D6AE0521052873F061FA29AB477F8A85B0F7FD7E','2024-04-30 08:53:30','2024-10-29 15:25:38','commercial',NULL,NULL),(444,'vaivrand.samuel@wanadoo.fr','[\"ROLE_COMMERCIAL_AGENT\", \"ROLE_CUSTOMER\", \"ROLE_USER\", \"ROLE_COMMERCIAL_AGENT\"]','$2y$13$9y9vRzkD7uwp0dVSgva8QOMR0KhzNisc3vKUk4dAJwPQuSVlV7tke','VAIVRAND','Samuel','male',NULL,'06 20 77 01 42',0,'B44F1A175B2BB55D3C104479A90583FAA68191A3A6C15DDBE3C4CB2B60BCB8929BB92023','2024-04-30 08:53:37','2024-10-29 15:25:38','commercial',NULL,NULL),(445,'pascalbeneteau@free.fr','[\"ROLE_COMMERCIAL_AGENT\", \"ROLE_CUSTOMER\", \"ROLE_USER\", \"ROLE_COMMERCIAL_AGENT\"]','$2y$13$lbdbml4kS67OAIPM2zt94OS.s6pDfi10sKfUe7kfwsRhbHRllW8K2','BENETEAU','Pascal','male',NULL,'02 98 42 49 90',0,'F48334F69D7C48207E7BA781853F54C67B21843CC86A2834D02C204320F17A5DAFA49134','2024-04-30 08:53:44','2024-10-29 15:25:38','commercial',NULL,NULL),(446,'contact@omnichauf.com','[\"ROLE_CUSTOMER_VALIDATED\", \"ROLE_CUSTOMER_VALIDATED\", \"ROLE_COMMERCIAL_AGENT\", \"ROLE_CUSTOMER\", \"ROLE_USER\"]','$2y$13$OhZCokI7zDDWo3YKzKV6muZFCVIYs7snuUDdwgdVG4BHYU7AXoP8a','ETTWILLER','Cédric','male','1973-05-09','03 88 85 94 48',0,'10BCC7D171E58411955732428BC99691CDB6A4BD92F887751D32743EC2561CDFBD07E81F','2024-04-30 08:53:52','2025-02-15 15:07:31','commercial',NULL,NULL),(447,'olivier.0675618623@gmail.com','[\"ROLE_COMMERCIAL_AGENT\", \"ROLE_CUSTOMER\", \"ROLE_USER\", \"ROLE_COMMERCIAL_AGENT\"]','$2y$13$zGeOqbbLcyzjXXLHLfQLSewyrKNOl3IGx.ycWvzqPIf3FDnizu..e','HAGUENAUER','Olivier','male',NULL,'01 34 69 96 18',0,'8E26046A52312C2EEDFCEF6E990C29D50441B87FBCF7ECE292E466B9682670FF3EFC8DCD','2024-04-30 08:53:59','2024-10-29 15:25:38','commercial',NULL,NULL),(448,'pascal.briere1@free.fr','[\"ROLE_COMMERCIAL_AGENT\", \"ROLE_CUSTOMER\", \"ROLE_USER\", \"ROLE_COMMERCIAL_AGENT\"]','$2y$13$tGdBOVEUEDzby3IIqSDVxOP3qfxhQnvH.rsHolUdHHxyPQ/wPAwDW','BRIERE','Pascal','male',NULL,'06 09 59 36 35',0,'D2C070DA71383696B69A7E7D61B5568B0F227ED4E91E719D238D0DD525348C424ECF419A','2024-04-30 08:54:07','2024-10-29 15:25:38','commercial',NULL,NULL),(449,'annickcabin@gmail.com','[\"ROLE_COMMERCIAL_AGENT\", \"ROLE_CUSTOMER\", \"ROLE_USER\", \"ROLE_COMMERCIAL_AGENT\"]','$2y$13$Vsk.A.qRzZZKoV2CEBuRpedpsra3jfkNPeALjVpp6IZB5VSHxHRwC','CABIN','Annick','male','1956-03-28','0783605967',0,'BEB136AC284E4C4E4DE5B78D78189B7293863A5B3BF90DDBB50969F6FDCFC1C01664B1AF','2024-04-30 08:54:14','2025-02-04 16:11:15','commercial',NULL,NULL),(450,'charboisp@orange.fr','[\"ROLE_CUSTOMER_VALIDATED\", \"ROLE_CUSTOMER_VALIDATED\", \"ROLE_COMMERCIAL_AGENT\", \"ROLE_CUSTOMER\", \"ROLE_USER\"]','$2y$13$ptIUVqcKGoiyofiCGAaASu72kOjdoSPA6VS6gCUHGhy20hmufqV0m','GIBAUX CHARBOIS','Patricia','male','1964-04-24',' 06 07 63 12 22',0,'24580860C095D47771B258C5602DC2AB1813A6C493BDDD638BDAA2F72DAD8F02D6B59FF2','2024-04-30 08:54:21','2025-02-19 21:25:28','commercial',NULL,NULL),(451,'michel.andrieux13@gmail.com','[\"ROLE_COMMERCIAL_AGENT\", \"ROLE_CUSTOMER\", \"ROLE_USER\", \"ROLE_COMMERCIAL_AGENT\"]','$2y$13$KjbP0ZG8oJnf6jT0nQse5eSJeISIlm6D071xcPw9UkhTiEu.zNdiO','ANDRIEUX','Michel','male',NULL,'02 47 59 32 22',0,'BDC59F0DB2FFD058E65F2BDC16DCB022EFC5A9E3AC827F8150CCC038F03C096B7D8DDC13','2024-04-30 08:54:28','2024-10-29 15:25:39','commercial',NULL,NULL),(452,'xf.filtraction@gmail.com','[\"ROLE_COMMERCIAL_AGENT\", \"ROLE_CUSTOMER\", \"ROLE_USER\", \"ROLE_COMMERCIAL_AGENT\"]','$2y$13$K4tGENwKsEc1JwWbKwaz9OJhgdZntbXxoRLs2srVj4kuc7CGsTb6q','DE FENOYL','Xavier','male',NULL,'06 75 75 50 20',0,'6CFE395C86CE0A7F696DCD81FBA3F802F239FC28D074AE3FFF0ADE9A4BA4CA5631F37292','2024-04-30 08:54:36','2024-10-29 15:25:39','commercial',NULL,NULL),(453,'jmbernard@jmbpackaging.com','[\"ROLE_COMMERCIAL_AGENT\", \"ROLE_CUSTOMER\", \"ROLE_USER\", \"ROLE_COMMERCIAL_AGENT\"]','$2y$13$.AckAR6pDzdD.jKO6P94cOLDqQX3XtXBueMGLvM598dKLSS1SgYFy','Bernard','Jean-Marc','male',NULL,'02 47 66 24 97',0,'970D1CE87283088084AD6604E8179D1D7F5B633C284A72493B15307AA5D7D7C8AD8669AF','2024-04-30 08:54:43','2024-10-29 15:25:39','commercial',NULL,NULL),(454,'edith.bolla@aliceadsl.fr','[\"ROLE_COMMERCIAL_AGENT\", \"ROLE_CUSTOMER\", \"ROLE_USER\", \"ROLE_COMMERCIAL_AGENT\"]','$2y$13$LUtyf27EJOBj4Xz0a7NcAe/ocbvLCMoUdWbUcbS65xg6upYo5s1Cq','BOLLA','Edith','male',NULL,'04 50 91 12 26',0,'5322558DAC3A569EB7209A666E9DC7FFBD80F483B3EB087BB8A3E9B1F734A3ED127E39FB','2024-04-30 08:54:50','2024-10-29 15:25:39','commercial',NULL,NULL),(455,'torres.jeanfrancois@sfr.fr','[\"ROLE_COMMERCIAL_AGENT\", \"ROLE_CUSTOMER\", \"ROLE_USER\", \"ROLE_COMMERCIAL_AGENT\"]','$2y$13$IX1OgEYbDnXFasNC9Fx3juZBulFWSATbajruIWsUPEgW3qi79SUSa','TORRES','Jean-François','male',NULL,'06 78 46 77 97',0,'2CC2A36EEC4421097C826E14EBE1DB1BCA145D4BF8E2898401111D03AE28BB33FBA13CAE','2024-04-30 08:54:57','2024-10-29 15:25:39','commercial',NULL,NULL),(456,'jybaudin@orange.fr','[\"ROLE_COMMERCIAL_AGENT\", \"ROLE_CUSTOMER\", \"ROLE_USER\", \"ROLE_COMMERCIAL_AGENT\"]','$2y$13$5QnQ9TxZ3j0c0bCsSmxuV.hZh6QCbkHD.rpNowiK449zbTYzXQxfu','BAUDIN','JeanYves','male',NULL,'09 72 90 71 97',0,'0C39BB071955C9FE02233BCE6023BC261D020AB9AE01EEE58DBE50126BF40C7AB4873B27','2024-04-30 08:55:05','2024-10-29 15:25:39','commercial',NULL,NULL),(457,'p.colignon@wanadoo.fr','[\"ROLE_COMMERCIAL_AGENT\", \"ROLE_CUSTOMER\", \"ROLE_USER\", \"ROLE_COMMERCIAL_AGENT\"]','$2y$13$Jy8sM6T0Yx1SHOZtdumweOF7blDQXeGAeco5CKUY9k/zvTebDuww.','COLIGNON','Philippe','male',NULL,'04 90 66 44 53',0,'D44AAECB5F9A4838EC64AF614DDCEB34268F162397E1EE5E6AF4F2935AD016465B0AAE6B','2024-04-30 08:55:12','2024-10-29 15:25:39','commercial',NULL,NULL),(458,'b.frognet@orange.fr','[\"ROLE_COMMERCIAL_AGENT\", \"ROLE_CUSTOMER\", \"ROLE_USER\", \"ROLE_COMMERCIAL_AGENT\"]','$2y$13$aVzSX.FPtHmkL.o5kgILfuAM0H7booDpqfdlCkK1WJtDknPKMmIFu','FROGNET','Benoît','male',NULL,'06 10 50 08 65',0,'DFB7A94BF106E83063CCB1BEE0126FEB069E1BC048D80142EC45AF2D4E67D718ACC1E436','2024-04-30 08:55:19','2024-10-29 15:25:39','commercial',NULL,NULL),(459,'sylvain.hildt@wanadoo.fr','[\"ROLE_COMMERCIAL_AGENT\", \"ROLE_CUSTOMER\", \"ROLE_USER\", \"ROLE_COMMERCIAL_AGENT\"]','$2y$13$kHuYZY28bU29dJpgHGj.Ae/9X0PMUTwU96okOUP7uMGPsFPAkivB.','HILDT','Sylvain','male',NULL,'04 93 73 19 73',0,'2FB851207CF8ECD70E6A674FA2E6871F23F8CCFCC6CDA9A3784EB34B2A38E7CA6B1D27FF','2024-04-30 08:55:27','2024-10-29 15:25:39','commercial',NULL,NULL),(460,'yfages@wanadoo.fr','[\"ROLE_COMMERCIAL_AGENT\", \"ROLE_CUSTOMER\", \"ROLE_USER\", \"ROLE_COMMERCIAL_AGENT\"]','$2y$13$zoetkto6Avysdul.2buaJu.MJ8H74yMtyufd5WHjZk7bzAiDqYb4O','FAGES','Yves','male','1961-01-04','06 07 47 02 83',0,'F129AC3AF728FBFF0DE9ED52C219488D6F8A5D5B54F2EFB9C87A6B13153AC678E06F6ED3','2024-04-30 08:55:34','2024-10-29 15:25:40','commercial',NULL,NULL),(461,'bernard.bernasconi@wanadoo.fr','[\"ROLE_COMMERCIAL_AGENT\", \"ROLE_CUSTOMER\", \"ROLE_USER\", \"ROLE_COMMERCIAL_AGENT\"]','$2y$13$wSkkErQewx.1d22fz1nr5.txN45c7NHfmQqZuS.uE32trilMF32Ye','BERNASCONI','Bernard','male',NULL,'01 64 48 64 09',0,'D2C43914D7A923D5F996D310D48D9BAD33484B91561FB1599F4BE3B1B0547AFD273D5225','2024-04-30 08:55:42','2024-10-29 15:25:40','commercial',NULL,NULL),(462,'brunita.cousseau@orange.fr','[\"ROLE_COMMERCIAL_AGENT\", \"ROLE_CUSTOMER\", \"ROLE_USER\", \"ROLE_COMMERCIAL_AGENT\"]','$2y$13$FCBRu8VvqXE.qXzKcQAojOPLNCwL4xokl3xrYyC9S3rPTtoQUvd9C','Cousseau','Bruno','male',NULL,'02 51 91 08 02',0,'61568810C1F9FC8033CFF3077BD074D15A3F10C02AB4FB2EE6FAB9C22F8657CA4343217E','2024-04-30 08:55:49','2024-10-30 15:24:26','commercial',NULL,NULL),(463,'patrick.dagan@bbox.fr','[\"ROLE_COMMERCIAL_AGENT\", \"ROLE_CUSTOMER\", \"ROLE_USER\", \"ROLE_COMMERCIAL_AGENT\"]','$2y$13$mRQNkJiLZ8h4SgQbojIKG.ur8DWgBMSisOTkWFhDszdgjwj7Jph2q','DAGAN','Patrick','male',NULL,'02.51.71.09.93',0,'099C8837E404F9D999FD1F788E22277681FECF36AB51C68DA5AE996CED0718D5494553BD','2024-04-30 08:55:57','2024-10-29 15:25:40','commercial',NULL,NULL),(464,'xavier@devergnies.fr','[\"ROLE_COMMERCIAL_AGENT\", \"ROLE_CUSTOMER\", \"ROLE_USER\", \"ROLE_COMMERCIAL_AGENT\"]','$2y$13$.54gkLsz1SmCpYyZ1WQPsutkw4yiSULG33.FfqQJAPZ/Gz/ZwRuLO','DEVERGNIES','Xavier','male','1964-09-23','06 12 94 38 72',0,NULL,'2024-04-30 08:56:04','2025-01-07 04:51:31','commercial',NULL,NULL),(465,'achugo1@orange.fr','[\"ROLE_COMMERCIAL_AGENT\", \"ROLE_CUSTOMER\", \"ROLE_USER\", \"ROLE_COMMERCIAL_AGENT\"]','$2y$13$eygSWUfiFgvnmI067KJHEuE3iiQ8MGTXjYBpPhcvPAd1/zsBg1uja','Hugo','Alain','male',NULL,'02 47 39 63 65',0,'8382BDC563DF4B0DA91EA3720C497CA937D15F93097B584ACB9C731F5F3D357C0208C474','2024-04-30 08:56:12','2024-10-29 15:25:40','commercial',NULL,NULL),(466,'info@hopefrance.com','[\"ROLE_COMMERCIAL_AGENT\", \"ROLE_CUSTOMER\", \"ROLE_USER\", \"ROLE_COMMERCIAL_AGENT\"]','$2y$13$WjVcr7OtdieBuETyzzHBLOuzhAb3tq8eMCq6eVgHbhzrSlCb5VkxG','LE CORRE','Laurent','male',NULL,'06 84 93 69 39',0,'AEAC3E54BFC07F0EA37F0F1E07F5B358D37EEDF8DFAA8A51AEBB0EA4C307CC5EC73648A6','2024-04-30 08:56:19','2024-10-29 15:25:40','commercial',NULL,NULL),(467,'bernard.mereau@wanadoo.fr','[\"ROLE_COMMERCIAL_AGENT\", \"ROLE_CUSTOMER\", \"ROLE_USER\", \"ROLE_COMMERCIAL_AGENT\"]','$2y$13$aeTVT0wS8.QoNJdLXFrlzOwj9MHyNR85l3u1MlemBLvoxPOkwVL8m','MEREAU','Bernard','male',NULL,'02 47 37 42 40',0,'FE006865C4B04D82552090BE626AA05A32C62C9D53F13E3C0BC5BA237099A877643828D9','2024-04-30 08:56:26','2024-10-29 15:25:40','commercial',NULL,NULL),(468,'tho@thomasmorin.fr','[\"ROLE_COMMERCIAL_AGENT\", \"ROLE_CUSTOMER\", \"ROLE_USER\", \"ROLE_COMMERCIAL_AGENT\"]','$2y$13$PgDDVAEecIACUeZCQd38n.Ydz3cTwL3qG8sTud6ITv5RaMNPqzUl6','Morin','Thomas','male',NULL,'02.28.09.74.01',0,'4A5210FE137E71350012B6C8E91867F4D9A42704F02B59E24A689EB5D432112D76362D63','2024-04-30 08:56:34','2024-10-29 15:25:40','commercial',NULL,NULL),(469,'pjtafforin@wanadoo.fr','[\"ROLE_COMMERCIAL_AGENT\", \"ROLE_CUSTOMER\", \"ROLE_USER\", \"ROLE_COMMERCIAL_AGENT\"]','$2y$13$6.R0.t00Oae5rp3fq9diHupLFgE5rAZcNUFH85V1fwDtSZMFitZ4q','TAFFORIN','Pierre-Jean','male',NULL,'02.40.85.25.19.',0,'9236DC2E0F65A1F31FD24B27139A033493D6C0B279B4BAB95E864EFFF37549568D69F3AD','2024-04-30 08:56:41','2024-10-29 15:25:40','commercial',NULL,NULL),(470,'naso.joseph@orange.fr','[\"ROLE_CUSTOMER_VALIDATED\", \"ROLE_COMMERCIAL_AGENT\", \"ROLE_CUSTOMER\", \"ROLE_USER\"]','$2y$13$GNyjFVRk0oRz3wUEjv1eBO5yhkvTj.HDSlUeJKnu/79Xmo47rqEcu','NASO','Guiseppe','male',NULL,'09 79 73 56 05',0,NULL,'2024-04-30 08:56:48','2025-02-25 17:26:29','commercial',NULL,NULL),(471,'sarl-rdg@wanadoo.fr','[\"ROLE_COMMERCIAL_AGENT\", \"ROLE_CUSTOMER\", \"ROLE_USER\", \"ROLE_COMMERCIAL_AGENT\"]','$2y$13$s48uBghb0NxGnlKKHLRRhOT2yWdaeFOla1HuErFGJeBqmuk6X.Pg.','GAVOIS','Henri','male',NULL,'03 21 30 50 54',0,'F5877B5D958BAAE496559DA4D74EDBB2ACA832C7E275AEA9C0EC3BD0DAB6A59A6EEB5F38','2024-04-30 08:56:56','2024-10-29 15:25:41','commercial',NULL,NULL),(472,'contact@inaudi.net','[\"ROLE_COMMERCIAL_AGENT\", \"ROLE_CUSTOMER\", \"ROLE_USER\", \"ROLE_COMMERCIAL_AGENT\"]','$2y$13$ZaXwaAceBd7AwCOjMykExO9YtZAOSsDXslIQ3UFWAmq/PD9t8EPQe','Inaudi','Guy','male',NULL,'05 62 48 83 83',0,'C02BE911B143A57880960078483289E6E1186B26FFD7C6A877DC0A972163C7438982BC45','2024-04-30 08:57:03','2024-10-29 15:25:41','commercial',NULL,NULL),(473,'aclm.david@wanadoo.fr','[\"ROLE_COMMERCIAL_AGENT\", \"ROLE_CUSTOMER\", \"ROLE_USER\", \"ROLE_COMMERCIAL_AGENT\"]','$2y$13$xr4DyKT/Qt3H.KjboDliB.YME7qgK4lrPQs.9jv94saVnZHKaUPhu','DAVID','MarieClaire','male',NULL,'05 46 91 43 54',0,'165A23ED5D46830F99C3A3C1B30275D72CA53F123F24074164AB13EBF9B93036FAB7DAE3','2024-04-30 08:57:10','2024-10-29 15:25:41','commercial',NULL,NULL),(474,'herry.bruno@wanadoo.fr','[\"ROLE_COMMERCIAL_AGENT\", \"ROLE_CUSTOMER\", \"ROLE_USER\", \"ROLE_COMMERCIAL_AGENT\"]','$2y$13$N1/FRMnoOQR3q/7W9uaunucMgIRykUfEh9gCMnkWTwuBKL7wXwdv6','HERRY','Bruno','male',NULL,'02 98 61 01 44',0,'CEF9E3DB461B44508D57D1BF211F8EDE827FDAE407491CD64E1C391848D8BDB501ED9EED','2024-04-30 08:57:18','2024-10-29 15:25:41','commercial',NULL,NULL),(475,'sainthonoredefisck@sfr.fr','[\"ROLE_COMMERCIAL_AGENT\", \"ROLE_CUSTOMER\", \"ROLE_USER\", \"ROLE_COMMERCIAL_AGENT\"]','$2y$13$Eszr8ii2zHuOjkVt0oz5yODmzTtBDT92KjxzhsBB7BTsXAsGHh11i','BENSIGNOR','Albert','male','1935-09-26','01 44 71 35 86',0,'88DF067AB2EB84596184ADDB13C827DF6E07D1C1AA19517233000379BA20ECE7009F0257','2024-04-30 08:57:25','2024-10-29 15:25:41','commercial',NULL,NULL),(476,'patrick.castelneau@sfr.fr','[\"ROLE_COMMERCIAL_AGENT\", \"ROLE_CUSTOMER\", \"ROLE_USER\", \"ROLE_COMMERCIAL_AGENT\"]','$2y$13$JzTAfpAJ4O7JW5Bonqw3iO6zM1xcSnxzqltssjWV1vblJh26gLp72','CASTELNEAU','Patrick','male',NULL,'01 69 24 79 79',0,'585CB81568221402EC3E5F8CED55DA347FAC0198E58E28361A8FD3BA3B1D1341D45D4F5D','2024-04-30 08:57:32','2024-10-29 15:25:41','commercial',NULL,NULL),(477,'pascale.boccara@wanadoo.fr','[\"ROLE_COMMERCIAL_AGENT\", \"ROLE_CUSTOMER\", \"ROLE_USER\", \"ROLE_COMMERCIAL_AGENT\"]','$2y$13$3o9mKrCemHmIvM.0Opjvve.BXCtFRrCQ6i6haGI.pNsBnzdmmPqTW','Boccara','Pascale','male',NULL,'06 81 30 52 17',0,'592BB11D164E6B9A67C9FD446D7C7742F57D6B82F481FC12BB5432B853F0B8C6BB3518F0','2024-04-30 08:57:40','2024-10-29 15:25:41','commercial',NULL,NULL),(478,'ydromard@wanadoo.fr','[\"ROLE_COMMERCIAL_AGENT\", \"ROLE_CUSTOMER\", \"ROLE_USER\", \"ROLE_COMMERCIAL_AGENT\"]','$2y$13$fejRER9I9xZEQ0Lr9.4clejx57huooo2vzfodJXPN0sFp0OsxLaf.','DROMARD','Yves','male',NULL,'05 56 17 24 34',0,'9A7D44A79F9EDDAFCD06669E94121BC50B80562FDCB22AF9E57FC2306D7E86007B420F37','2024-04-30 08:57:47','2024-10-29 15:25:41','commercial',NULL,NULL),(479,'antoinesigier@orange.fr','[\"ROLE_COMMERCIAL_AGENT\", \"ROLE_CUSTOMER\", \"ROLE_USER\", \"ROLE_COMMERCIAL_AGENT\"]','$2y$13$kN.g9Pgd3Nl/ycnIZ/rHceZ1yiwOvAB6Nea5UMmwcMQOtSeAMieiy','SIGIER','Antoine','male',NULL,'06 61 39 07 09',0,'1EB29C60CECB5716CA0ED502DA1BF099F984050737722C9FE9F5AAB489EC5133724010B5','2024-04-30 08:57:54','2024-10-29 15:25:41','commercial',NULL,NULL),(480,'stephane.jeanneau@efi-ms.fr','[\"ROLE_COMMERCIAL_AGENT\", \"ROLE_CUSTOMER\", \"ROLE_USER\", \"ROLE_COMMERCIAL_AGENT\"]','$2y$13$8YnXnmUKwWQx//gtEMclZOeNxGvsvzMziBQOXDfM92.ey5DG.fg1C','JEANNEAU','Stéphane','male',NULL,'02 41 70 24 10',0,'58D3F79337EC5CA8639C9011F00C1FDE6C0295BDBE7C7D460022512DFE5D173796BC879F','2024-04-30 08:58:02','2024-10-29 15:25:42','commercial',NULL,NULL),(481,'juliennebruno@wanadoo.fr','[\"ROLE_COMMERCIAL_AGENT\", \"ROLE_CUSTOMER\", \"ROLE_USER\", \"ROLE_COMMERCIAL_AGENT\"]','$2y$13$m4pYdbjnfEQWGSBNDTepde1KIWEBFOKl5y/F39XFVJ48y5j3XD1MW','JULIENNE','Bruno','male',NULL,'01 39 43 61 15',0,'C911BE7ABEFB6810AC7D3249650F41C8ABC4E5BD434D8447CC187E2BC7810EEEAA210FF5','2024-04-30 08:58:09','2024-10-29 15:25:42','commercial',NULL,NULL),(482,'sobadif@wanadoo.fr','[\"ROLE_COMMERCIAL_AGENT\", \"ROLE_CUSTOMER\", \"ROLE_USER\", \"ROLE_COMMERCIAL_AGENT\"]','$2y$13$kV8mcy0FwHnC7noke8FFceAFr/W81TmPHYwe1vn5kcD22Lqd61lri','Badaire','Jean-Claude','male',NULL,'05 49 93 34 49',0,'F13454F9D004D03C5260F07FB5E84A29D2876E2BD0ACBF53B0E792DA04655CDCB500562B','2024-04-30 08:58:17','2024-10-29 15:25:42','commercial',NULL,NULL),(483,'jerome.pele@wanadoo.fr','[\"ROLE_COMMERCIAL_AGENT\", \"ROLE_CUSTOMER\", \"ROLE_USER\", \"ROLE_COMMERCIAL_AGENT\"]','$2y$13$mCZB4SvT7SBf26Jp8emCP.QPuhYkemMGALN.HbZDnFIen5zLD37L6','PELE','Jérôme','male',NULL,'02 51 33 15 99',0,'C8B7DDFEAA14751A45331819125B19C760EB665905402C3771AC82FAC6B19973151B6AB3','2024-04-30 08:58:24','2024-10-29 15:25:42','commercial',NULL,NULL),(484,'richard.daheron@orange.fr','[\"ROLE_COMMERCIAL_AGENT\", \"ROLE_CUSTOMER\", \"ROLE_USER\", \"ROLE_COMMERCIAL_AGENT\"]','$2y$13$jpkYzgGDzDyk6wzHOid6BuGF7PUFwc8/brUeaeOQ5QVU8GWKS9kYC','DAHERON','Richard','male',NULL,'02 51 64 61 99',0,'AF4EFFBF73D27D59BF4FEE3AA4408DA31643F9F0375B944D8807360E41A760F1CB46D6C4','2024-04-30 08:58:32','2024-05-02 07:12:07','commercial',NULL,NULL),(485,'veronique.bonassi@live.fr','[\"ROLE_COMMERCIAL_AGENT\", \"ROLE_CUSTOMER\", \"ROLE_USER\", \"ROLE_COMMERCIAL_AGENT\"]','$2y$13$ml5sDu/fgZKJnXyRs6J8zexuSyJ8jLltYQn5ItpLJQXD9.AmMny22','BONASSI','Véronique','male',NULL,'06 35 02 24 22',0,'E2E8C1E6459A714F5E380234261847198733EF7060AF8124D549BE2795836A11A319E2D6','2024-04-30 08:58:39','2024-10-29 15:25:42','commercial',NULL,NULL),(486,'jeh@sfr.fr','[\"ROLE_COMMERCIAL_AGENT\", \"ROLE_CUSTOMER\", \"ROLE_USER\", \"ROLE_COMMERCIAL_AGENT\"]','$2y$13$zgCnBBrONnpjbfzUIjkn5uhTTDaIFRl0128kY3YQMPZnNqP8L5X0W','Henry','Jacques-Etienne','male',NULL,'06 83 85 55 31',0,'7419FC06B701FA1C67430DFF88049D4DCBA9EEA916620FAACA5AD549D4F81403717F7245','2024-04-30 08:58:47','2024-10-29 15:25:42','commercial',NULL,NULL),(487,'office@scavim.fr','[\"ROLE_COMMERCIAL_AGENT\", \"ROLE_CUSTOMER\", \"ROLE_USER\", \"ROLE_COMMERCIAL_AGENT\"]','$2y$13$gsuOBPShCoe7q9IfjFoA.uCz5bpMPmvzoQKAEtdYnxbL0y7srca..','Cathebras','Armand','male','1944-03-24','01 42 67 47 83',0,'324B5CA83D14F57BFB945BBCD8B0CAADA22AF5B0B69270786AB0C7B3A49F290A5848A1AD','2024-04-30 08:58:54','2024-10-29 15:25:42','commercial',NULL,NULL),(488,'daniel.bethouart@wanadoo.fr','[\"ROLE_COMMERCIAL_AGENT\", \"ROLE_CUSTOMER\", \"ROLE_USER\", \"ROLE_COMMERCIAL_AGENT\"]','$2y$13$Dpt149IxKqQk17kztdkI3.MQvR2EmNrJbWTGOxdO3by.l8DW8ErSK','Bethouart','Daniel','male',NULL,'06 44 25 77 97',0,'F0C325507A12B059B4AC004557446AE26EC68D81808BA02B6DCA783EBC1C0569F72B8723','2024-04-30 08:59:02','2024-10-29 15:25:42','commercial',NULL,NULL),(489,'eric.bitterly@wanadoo.fr','[\"ROLE_COMMERCIAL_AGENT\", \"ROLE_CUSTOMER\", \"ROLE_USER\", \"ROLE_COMMERCIAL_AGENT\"]','$2y$13$mA2GfpblUflOtRKrRFNfb.0VERSe3/uzYYc5x/i8xM1dgKpvlaYTW','Bitterly','Eric','male',NULL,'03 29 35 63 33',0,'6215876EB9FBD3D6963E80F1A5B62503E89E04299466D763E80223E0C14D6B0469B848C2','2024-04-30 08:59:10','2024-10-29 15:25:42','commercial',NULL,NULL),(490,'annemarie.labrosse@gmail.com','[\"ROLE_COMMERCIAL_AGENT\", \"ROLE_CUSTOMER\", \"ROLE_USER\", \"ROLE_COMMERCIAL_AGENT\"]','$2y$13$iVu79hWcpsZwMx6EtbtXZu4pA40S4tinEIb3lSXnVt8E6sDKSS21a','LABROSSE','Anne-Marie','male','1962-04-26','05 56 92 51 79',0,'842634EB91B6D314385099FA6CCE5EE1E3801734C6007F0A716E10B60633BA34613D4A81','2024-04-30 08:59:17','2024-10-29 15:25:43','commercial',NULL,NULL),(491,'aca49@sfr.fr','[\"ROLE_COMMERCIAL_AGENT\", \"ROLE_CUSTOMER\", \"ROLE_USER\", \"ROLE_COMMERCIAL_AGENT\"]','$2y$13$o6dbhxhrX46WcGV1nssM1eKjTCDsN31DKqigHA9BFsh/rlKSLxE2W','FLEURIEL','Bruno','male',NULL,'07 78 02 28 82',0,'A7FD58C9C3448F81E32C07F9C59242B1138076F89C8448984E161C2074C8110CCC37EBE6','2024-04-30 08:59:25','2024-10-29 15:25:43','commercial',NULL,NULL),(492,'jean.kardous@wanadoo.fr','[\"ROLE_COMMERCIAL_AGENT\", \"ROLE_CUSTOMER\", \"ROLE_USER\", \"ROLE_COMMERCIAL_AGENT\"]','$2y$13$qKDXwXcxhTZX0unxIx76Hek4wLVqmy0V6lAtWIlhzZpnpEvdsku6q','KARDOUS','Jean','male',NULL,'06 22 05 00 10',0,'CAC25DCF2735430F31867B3B7BBF44CFC9166A5FA095BD204DBE0582E64A5AD0C496687A','2024-04-30 08:59:32','2024-10-29 15:25:43','commercial',NULL,NULL),(493,'k2.thermique@wanadoo.fr','[\"ROLE_COMMERCIAL_AGENT\", \"ROLE_CUSTOMER\", \"ROLE_USER\", \"ROLE_COMMERCIAL_AGENT\"]','$2y$13$zGPsNHHiHGLIQD2w9Ou0HOZ8xxTH3hdBLLTGqAn1w395rykpZNnxu','LEPLAT','Jean-Luc','male',NULL,'02 99 01 72 48',0,'42E2456DDE984C023BB83017EEB0DBFAC5A70F5D75AB7B365341ECCF1A3FF226A19AB172','2024-04-30 08:59:39','2024-10-29 15:25:43','commercial',NULL,NULL),(494,'nevo.sebastien@bbox.fr','[\"ROLE_COMMERCIAL_AGENT\", \"ROLE_CUSTOMER\", \"ROLE_USER\", \"ROLE_COMMERCIAL_AGENT\"]','$2y$13$8EuC/.j6dx7yrdsyJMiyiOaPBGuNItKG8j4FELyn2ZT7RgbSzSEyS','NEVO','Sébastien','male',NULL,'06 64 16 41 01',0,'99BAAA50C9525187ECB63E0862A1231CD52540CFA90B9D198A19E234F341FBC9DC9941B2','2024-04-30 08:59:47','2024-10-30 15:39:04','commercial',NULL,NULL),(495,'contact@shoe-system.fr','[\"ROLE_CUSTOMER_VALIDATED\", \"ROLE_CUSTOMER_VALIDATED\", \"ROLE_COMMERCIAL_AGENT\", \"ROLE_CUSTOMER\", \"ROLE_USER\"]','$2y$13$/Lj/3fq6ZWIUvRqO287.AubgfJzPPdOWilNWZ/xqrPyuzogaXMIX.','DENIS','Pascale','male',NULL,'06 71 77 67 65',0,'8CE281BD2C2210C50E46F886D45BCA99B7C3365D32F9DCA018C2D920C5C4363E0B77BDA0','2024-04-30 08:59:54','2025-01-07 09:23:07','commercial',NULL,NULL),(496,'yves.faure10@wanadoo.fr','[\"ROLE_COMMERCIAL_AGENT\", \"ROLE_CUSTOMER\", \"ROLE_USER\", \"ROLE_COMMERCIAL_AGENT\"]','$2y$13$AnA/C0wjR1bpcW10/r02cuqcWNhqbsRDm4SKB7xtbyJonSLYUJFiO','Faure','Yves','male',NULL,'01 60 03 08 97',0,'2E17AD79F0C409E78516BE69037421AA2EACB4726A38E5131189CE957C9F2E6FF8B1A653','2024-04-30 09:00:02','2024-10-29 15:25:43','commercial',NULL,NULL),(497,'jerome@jeromeriviere.com','[\"ROLE_COMMERCIAL_AGENT\", \"ROLE_CUSTOMER\", \"ROLE_USER\", \"ROLE_COMMERCIAL_AGENT\"]','$2y$13$p.oijLPJkFXDaLY4sn.N.O6VsC.1tXO.MjKVA.R1k2BxkYIQZxW3W','RIVIERE','Jérôme','male',NULL,'06 26 86 03 28',0,'06125A950F48A39397E57B5C69D5643E67724AAA12D725E6F75D056A30823069B3A2F1FA','2024-04-30 09:00:10','2024-10-29 15:25:43','commercial',NULL,NULL),(498,'lourdais44@gmail.com','[\"ROLE_COMMERCIAL_AGENT\", \"ROLE_CUSTOMER\", \"ROLE_USER\", \"ROLE_COMMERCIAL_AGENT\"]','$2y$13$7Bje.YBUfH1n8qtw0DzOueiC3rAI/hlC1jCxl2nW2.Fd6DMbb.3h.','LOURDAIS','Patrick','male',NULL,'02 40 59 36 75',0,'87F658C60D274CBC32C75B5DDB7C79A256B514087BA1D974FF467FC56BD055B08A79C3FB','2024-04-30 09:00:18','2024-10-29 15:25:43','commercial',NULL,NULL),(499,'agemaco@wanadoo.fr','[\"ROLE_COMMERCIAL_AGENT\", \"ROLE_CUSTOMER\", \"ROLE_USER\", \"ROLE_COMMERCIAL_AGENT\"]','$2y$13$FeP.t8WozMuQuslbLWVAoeLD.FFWc4XhU4DzXXABPRTP14tNzoejq','Berthault','Pascal','male',NULL,'02 47 27 75 75',0,'62E272BFB7FCD9CDFEE0E58999EBEC2153BB6F7FFC5F0A9881DD5CC562B2882FE3C36AE2','2024-04-30 09:00:25','2024-10-29 15:25:43','commercial',NULL,NULL),(500,'deletang@club-internet.fr','[\"ROLE_COMMERCIAL_AGENT\", \"ROLE_CUSTOMER\", \"ROLE_USER\", \"ROLE_COMMERCIAL_AGENT\"]','$2y$13$iqpzIYCeUjL0imSu0FLwfu/IWm/aZJskdedH4z/T0xeJ3dcashywW','DELETANG','Jacques','male',NULL,'06 61 18 32 87',0,'6A14ADBA54B90CA4E33D357BE2D42BB4C430228D999E942756488CA97B206A3AAE5235D3','2024-04-30 09:00:33','2024-10-29 15:25:44','commercial',NULL,NULL),(501,'elena.macchi@wanadoo.fr','[\"ROLE_COMMERCIAL_AGENT\", \"ROLE_CUSTOMER\", \"ROLE_USER\", \"ROLE_COMMERCIAL_AGENT\"]','$2y$13$uXTo7kP2PsfqSTyOdPZg2uaJkyaLbvahbH61eXM2NbAM0RGyTIX1m','MACCHI','Elena','male',NULL,'06 07 82 88 44',0,'A2BB4CD9CED2C4D64F75A47836DD31C9E12EF57F232DA7C96470FDD5F6D153E83E41EB4C','2024-04-30 09:00:41','2024-10-29 15:25:44','commercial',NULL,NULL),(502,'images.diffusion@wanadoo.fr','[\"ROLE_COMMERCIAL_AGENT\", \"ROLE_CUSTOMER\", \"ROLE_USER\", \"ROLE_COMMERCIAL_AGENT\"]','$2y$13$G5xU2chLYjhTbukyMpthq.LmtNISNdK5/CUp8o.0E4pLJEPi/vKIO','TROUDE','Jean-Pierre','male',NULL,'02 99 50 46 50',0,'652965F415A374371F8696DBB3BAB800A8AF6C81463B6B1CF2E549552130CC9815B1589F','2024-04-30 09:00:48','2024-10-29 15:25:44','commercial',NULL,NULL),(503,'htuthy@yahoo.fr','[\"ROLE_COMMERCIAL_AGENT\", \"ROLE_CUSTOMER\", \"ROLE_USER\", \"ROLE_COMMERCIAL_AGENT\"]','$2y$13$NpsnMPwCMitTYBSe5jy5..bZHMMUXlaWiMp1SDB4JioquGNKbSbMS','Huteau','Thierry','male',NULL,'02 40 63 80 65',0,'C663BB80C839E21306143FA4D0499246E7A4F3F3B0382E7C526C75A930366514DA190A66','2024-04-30 09:00:56','2024-05-02 07:11:59','commercial',NULL,NULL),(504,'jmtheron@free.fr','[\"ROLE_CUSTOMER_VALIDATED\", \"ROLE_COMMERCIAL_AGENT\", \"ROLE_CUSTOMER\", \"ROLE_USER\"]','$2y$13$JfjeR5E33TlOirfs6sMgyewPlaaX/Y95rkP0UzFAFFk7KArbz2Gl6','THERON','Jean-marie','male','1953-09-01','06 12 16 30 17',0,NULL,'2024-04-30 09:01:03','2025-02-28 19:08:25','commercial',NULL,NULL),(505,'jgaleau@orange.fr','[\"ROLE_COMMERCIAL_AGENT\", \"ROLE_CUSTOMER\", \"ROLE_USER\", \"ROLE_COMMERCIAL_AGENT\"]','$2y$13$hLkJ3rPAqlJz8wwqSEGbx.2A2wVSixIQXzIS.6XNQZLiMyn06qBcO','GALOUCHEAU','Jacques','male',NULL,'05 56 87 60 52',0,'0CB7952F5F926F8772CE3793DD990053FBDFD75F0F653515757967C47E174E2A99F131D2','2024-04-30 09:01:11','2024-10-29 15:25:44','commercial',NULL,NULL),(506,'bernard.dupouy@esp-vi.com','[\"ROLE_COMMERCIAL_AGENT\", \"ROLE_CUSTOMER\", \"ROLE_USER\", \"ROLE_COMMERCIAL_AGENT\"]','$2y$13$PeCxz9AsxSHq4BIDrt/iCOxmvPwhqNcoGjrwVbGJrTBstL34lxrWy','DUPOUY','Bernard','male',NULL,'05 56 64 16 41 ',0,'832CB613E98F9F99F79A741D01E3FE14A9D297AC73A3BAE96430B78A25E1A720A0237E72','2024-04-30 09:01:18','2024-10-29 15:25:44','commercial',NULL,NULL),(507,'yvesgirard@9business.fr','[\"ROLE_COMMERCIAL_AGENT\", \"ROLE_CUSTOMER\", \"ROLE_USER\", \"ROLE_COMMERCIAL_AGENT\"]','$2y$13$w.NKkTa/8DMHxt7QVhE4l.9x/CpaPu8st2zuN4Ievc29TqmK5lh/G','GIRARD','Yves','male',NULL,'01 55 59 92 76',0,'7B03526D10CCD8744E39149304ACE09AE75551C87B0531BCD0991C4A1A4C915F276BF551','2024-04-30 09:01:26','2024-10-29 15:25:44','commercial',NULL,NULL),(508,'ctcrea@icloud.com','[\"ROLE_CUSTOMER_VALIDATED\", \"ROLE_COMMERCIAL_AGENT\", \"ROLE_CUSTOMER\", \"ROLE_USER\"]','$2y$13$.JszepgfDF9LwW6ytXZF6OYOs3pn7IRPhxVXR8fKNCAxtAJrBcaqS','DE NOIRCARME','Thierry','male','1961-11-21','06 65 25 29 40',0,NULL,'2024-04-30 09:01:33','2025-01-31 12:00:25','commercial',NULL,NULL),(509,'xavquat@aol.com','[\"ROLE_COMMERCIAL_AGENT\", \"ROLE_CUSTOMER\", \"ROLE_USER\", \"ROLE_COMMERCIAL_AGENT\"]','$2y$13$vr0ZxUGN1XH3uB3Wvcn9SOiTNZvrOD4/YlPIY5ii4AI1v2ofHgPhi','QUATROMME','Xavier','male',NULL,'02 43 01 44 89',0,'75D1C39FE5E8F151D2AE1475BB71AA83F7AF19E7B788B86450D28B10D02DE6D40FA2B2D4','2024-04-30 09:01:40','2024-10-29 15:25:44','commercial',NULL,NULL),(510,'jc.morel@gmx.fr','[\"ROLE_COMMERCIAL_AGENT\", \"ROLE_CUSTOMER\", \"ROLE_USER\", \"ROLE_COMMERCIAL_AGENT\"]','$2y$13$KXpS0R30WjzTrvRWwEREWO98WmGw0PSRtCta0MipJ/8FcoPfHt2xq','MOREL','Jean-Charles','male','1971-11-18','06 81 31 44 41',0,'7FBDD1B0E1380BF0098C4420A00BF890D887558750CE5E9FF6BB2F4EC0A78F3223247C27','2024-04-30 09:01:48','2024-10-29 15:25:45','commercial',NULL,NULL),(511,'claire.deletraz@laposte.net','[\"ROLE_COMMERCIAL_AGENT\", \"ROLE_CUSTOMER\", \"ROLE_USER\", \"ROLE_COMMERCIAL_AGENT\"]','$2y$13$n02ocXJ9nhhJortptPokrORHVrotGEfZpOMpfnUHe6WBi9n9.Qbq6','DELETRAZ-LAGRAULA','Claire','male',NULL,'02 40 50 78 92',0,'4F8EC9123210DC79A382C3414D83F3A903105E18438F3456593E047953EE55ABC3B1F49B','2024-04-30 09:01:55','2024-10-29 15:25:45','commercial',NULL,NULL),(512,'agencemenez56@gmail.com','[\"ROLE_COMMERCIAL_AGENT\", \"ROLE_CUSTOMER\", \"ROLE_USER\", \"ROLE_COMMERCIAL_AGENT\"]','$2y$13$H/iLVPulDsDD16ga1ghg7ewmJJ.oBVsfiBQJeB7YFHcC4MQov/j8K','MENEZ','Didier','male',NULL,'02 97 83 06 56',0,'35F66E19CAAE7475C3ABECD77A02CB68CA041AF81637CD7A504511F501F535694B787256','2024-04-30 09:02:03','2024-10-29 15:25:45','commercial',NULL,NULL),(513,'dpotier@publiembal.fr','[\"ROLE_COMMERCIAL_AGENT\", \"ROLE_CUSTOMER\", \"ROLE_USER\", \"ROLE_COMMERCIAL_AGENT\"]','$2y$13$SeSVqzHJRkMy.hVdol8pteRCnv3o3yXHfsGUKyAkSutsu5FUOMqTO','Potier','Daniel','male',NULL,'02 31 47 93 69',0,'EC1E5FE177A82E6E7C766ED297B0A80BDD2E36312A2069EFB08C7F1F3B54570DBCC923DA','2024-04-30 09:02:10','2024-10-30 15:27:47','commercial',NULL,NULL),(514,'jeanmarcmercier63@yahoo.fr','[\"ROLE_COMMERCIAL_AGENT\", \"ROLE_CUSTOMER\", \"ROLE_USER\", \"ROLE_COMMERCIAL_AGENT\"]','$2y$13$fKmBNjd5EdUQ2K05.WdVs.TQOepnZ4gHiWgMT0j07aFATE9E1zfi.','Mercier','Jean-Marc','male','1960-05-08','04 73 36 70 92',0,'E4F87E7C552ED5710AFC3B409E0D1B1E91F8334995CC3444C6E33E56DFD6DE6B1F7BDADF','2024-04-30 09:02:17','2024-10-29 15:25:45','commercial',NULL,NULL),(515,'claudet02@hotmail.fr','[\"ROLE_COMMERCIAL_AGENT\", \"ROLE_CUSTOMER\", \"ROLE_USER\", \"ROLE_COMMERCIAL_AGENT\"]','$2y$13$uKiO8K5.P30Bl9CfZHVxxePUFYNAzD1ghSf.hEpuAZbvoAmRjAUzW','TOMCZAK','Claude','male',NULL,'03 23 58 71 38',0,'21376AFE15096D24B6C6BE195CA4F58D0601DA77C64DEDD80DB29147FC6B51863E840408','2024-04-30 09:02:25','2024-10-29 15:25:45','commercial',NULL,NULL),(516,'acm59@orange.fr','[\"ROLE_COMMERCIAL_AGENT\", \"ROLE_CUSTOMER\", \"ROLE_USER\", \"ROLE_COMMERCIAL_AGENT\"]','$2y$13$M.lvfUdEwKQKxu4bPxCb..eKNUWes4PLsdQsaboopFRx5wF5AOi8q','JUMEL','André','male',NULL,'03 27 48 05 09',0,'78AFBCAF796723687FC95408D75431B29CFA860C8F73DBC53B7E1DE4B2283AE5FEACDFED','2024-04-30 09:02:32','2024-10-30 15:32:11','commercial',NULL,NULL),(517,'contact@grow-up-eurl.com','[\"ROLE_COMMERCIAL_AGENT\", \"ROLE_CUSTOMER\", \"ROLE_USER\", \"ROLE_COMMERCIAL_AGENT\"]','$2y$13$aAi7O7hBxynjMRXpqRDOhunsc7YoGVSuAIq23Fwzh3UeQP3lV09YK','MOREAU','Eric','male',NULL,'02 97 59 29 95',0,'F62F42D3C47A054BEDF0B154582C46FB8C316F6E91E76CCCCA64DF637BC5CEEB809C2BE9','2024-04-30 09:02:40','2024-10-29 15:25:45','commercial',NULL,NULL),(518,'saltaville@gmail.com','[\"ROLE_COMMERCIAL_AGENT\", \"ROLE_CUSTOMER\", \"ROLE_USER\", \"ROLE_COMMERCIAL_AGENT\"]','$2y$13$jkhPqsRudAhY4MVsXmddqex0XMnKZt8N0L8DC0JoTgH.jPhGuS1ma','REAL','Bruno','male','2024-12-17','06 29 50 26 48',0,'78318D459C02E2040B81AD8107A1ED385FEFED3264DF5691F54519E8B3A24FAD03EEB014','2024-04-30 09:02:47','2025-01-13 15:54:27','commercial',NULL,NULL),(519,'francoisaugier@free.fr','[\"ROLE_COMMERCIAL_AGENT\", \"ROLE_CUSTOMER\", \"ROLE_USER\", \"ROLE_COMMERCIAL_AGENT\"]','$2y$13$UVgy15fOOpKRhxZDjFiffuM3LD/tB5U8feHr87VDeMa/igz.OtVjm','AUGIER','François','male','1980-08-09','06 31 88 56 69',0,'8BDA3980D440038DA43E54A16321B58222C4B918CC2D1D654823E486BCBE56B5EBA789F1','2024-04-30 09:02:55','2025-01-28 18:34:20','commercial','92g5Yu41jq7TdhqpykI5SiVErzC9cmVe91lIvNiXEGA','2024-12-05 19:51:35'),(520,'lucmarquant@representant.fr','[\"ROLE_COMMERCIAL_AGENT\", \"ROLE_CUSTOMER\", \"ROLE_USER\", \"ROLE_COMMERCIAL_AGENT\"]','$2y$13$9fC7/QPl9t0u8hkhBF6VGu2VhLnsR7mXoRoq47oR6iTF/N1n40gFi','MARQUANT','Luc','male',NULL,'03 20 58 84 31',0,'894E1F020C2D4DCC89CCA0C3FB4A56894BEA095519279B92905B05ADADFD8B8DE7737ED0','2024-04-30 09:03:02','2024-10-29 15:25:45','commercial',NULL,NULL),(521,'sylviechauveau05@gmail.com','[\"ROLE_COMMERCIAL_AGENT\", \"ROLE_CUSTOMER\", \"ROLE_USER\", \"ROLE_COMMERCIAL_AGENT\"]','$2y$13$dF7Mez66v0P98/3NITK4let1ua4lH1m.LfaR.LYc6c9/wMTQ.mHLy','Chauveau','Sylvie','male','1969-06-05','06 75 37 48 91',0,'812A64B715EB6293F4763043DFE80D886364032AE981B06E573A1B0CFD56DD740A5EECA4','2024-04-30 09:03:10','2024-10-29 15:25:46','commercial',NULL,NULL),(522,'roberto.perra@orange.fr','[\"ROLE_COMMERCIAL_AGENT\", \"ROLE_CUSTOMER\", \"ROLE_USER\", \"ROLE_COMMERCIAL_AGENT\"]','$2y$13$dVV4pzwo/ewLCmxPux6Xpe6P9dw/3uMjwGVqslUWuC7/8CU31G11a','PERRA','Robert','male',NULL,'01 48 35 37 39',0,'CE57D09B400EBADBE8B592498CC03DCDD4C4464820F3F8DF35472A0F17EE3278CE10C402','2024-04-30 09:03:17','2024-10-29 15:25:46','commercial',NULL,NULL),(523,'thierry.jaillette@laposte.net','[\"ROLE_COMMERCIAL_AGENT\", \"ROLE_CUSTOMER\", \"ROLE_USER\", \"ROLE_COMMERCIAL_AGENT\"]','$2y$13$loKCI2IQ9LGBg2uyrT1BOuzQlS/c9sTqLmIIms/vPe.EnErZFya32','JAILLETTE','Thierry','male',NULL,'06 78 24 27 49',0,'586A5F042D65E515535ACBD3C9632735951B9D6E063E1AEC7470E6CA133D274412EF7C62','2024-04-30 09:03:24','2024-10-29 15:25:46','commercial',NULL,NULL),(524,'jeanfrancoisjolly@gmail.com','[\"ROLE_COMMERCIAL_AGENT\", \"ROLE_CUSTOMER\", \"ROLE_USER\", \"ROLE_COMMERCIAL_AGENT\"]','$2y$13$/s8/kakwlpjH5LCleJemFufoHk49d0GWd9VNQFyKJHkek74H2eQSu','JOLLY','Jean-François','male',NULL,'09 60 54 95 33',0,'F07DF7DA26CCF00B40E5846168CF89EA5555B42531422C774EA4E6CCCF68DA402D598F53','2024-04-30 09:03:32','2024-10-29 15:25:46','commercial',NULL,NULL),(525,'nicolas.rieussec@gmail.com','[\"ROLE_COMMERCIAL_AGENT\", \"ROLE_CUSTOMER\", \"ROLE_USER\", \"ROLE_COMMERCIAL_AGENT\"]','$2y$13$j2IFiNqx3moG5L07462Y6O1dT0QQ78MSwtzXs9jjTNYXhDoGCl/n2','RIEUSSEC','Nicolas','male','1976-06-20','05 31 47 39 95',0,'90D5120B4906EC4684D28E07FBD983925635FB485585E6E27EDE77A9A9E4511D31C895CC','2024-04-30 09:03:39','2024-10-30 09:44:02','commercial',NULL,NULL),(526,'tanguy942@gmail.com','[\"ROLE_COMMERCIAL_AGENT\", \"ROLE_CUSTOMER\", \"ROLE_USER\", \"ROLE_COMMERCIAL_AGENT\"]','$2y$13$xnD.xeLALngCGgYNCgkqeOn6vLovnFluVwxoBXU/Z2zq9nm2Ses0S','LANGLOIS','Tanguy','male',NULL,'02 99 91 67 33',0,'C9C6F89247F4D0540DF33F18BE6068D0BB720D8AFCE96CDF3683029F19A23F67A540AC26','2024-04-30 09:03:46','2024-10-29 15:25:46','commercial',NULL,NULL),(527,'olivierterrasson@free.fr','[\"ROLE_COMMERCIAL_AGENT\", \"ROLE_CUSTOMER\", \"ROLE_USER\", \"ROLE_COMMERCIAL_AGENT\"]','$2y$13$5Bj75vYcf54/LYYqlM.rZ.36MkQlVq7CUE4Nz7pg9nuQYoK7O3y/6','TERRASSON','Olivier','male',NULL,'06 27 27 55 37',0,'DD63642D07AE763895218B8EC7CB88C6F91020161BA6E755353011FEF4F009664160F54D','2024-04-30 09:03:54','2024-10-29 15:25:46','commercial',NULL,NULL),(528,'corinne.teillard@neuf.fr','[\"ROLE_COMMERCIAL_AGENT\", \"ROLE_CUSTOMER\", \"ROLE_USER\", \"ROLE_COMMERCIAL_AGENT\"]','$2y$13$Ubo0DiOOyHSJCAb4NO..YeGnOspXKCHv5jGGiBrBR0GGrBbEk2NQ6','TEILLARD','Corine','male','1959-08-28','05 62 17 09 84',0,'6AB0E404769D87E3456714EEA6932386F88B1F9AF63E765C440AFDF866F323E9204FB9B1','2024-04-30 09:04:02','2024-10-29 15:25:46','commercial',NULL,NULL),(529,'silverio62@gmail.com','[\"ROLE_COMMERCIAL_AGENT\", \"ROLE_CUSTOMER\", \"ROLE_USER\", \"ROLE_COMMERCIAL_AGENT\"]','$2y$13$p6j5i/my5V7YsBmqEFHXp.4M6AAM7feGW9a3rBKzMR4B6ZGkWMZSS','SILVERIO','José','male','1962-09-22','06 08 25 61 41',0,'372796A0A77B4E220ADAEAD0EC8605940E55DF33FA0E882899328037F2F5667E0B6598BB','2024-04-30 09:04:09','2024-10-29 15:25:46','commercial',NULL,NULL),(530,'ppontay@gmail.com','[\"ROLE_COMMERCIAL_AGENT\", \"ROLE_CUSTOMER\", \"ROLE_USER\", \"ROLE_COMMERCIAL_AGENT\"]','$2y$13$TusaFbSNBNIS2tRX.gnuUeUroFfeHRy.f/PiYSL9lkFC9ysztZquW','PONTAY','Philip','male','1957-05-21','06 81 13 85 06',0,'5EFEC711D378317559F43D1AF9743B441E4724A33749C3122673B5383D4BF56D4750C2AB','2024-04-30 09:04:16','2024-10-29 15:25:47','commercial',NULL,NULL),(531,'gilles1boulay@free.fr','[\"ROLE_COMMERCIAL_AGENT\", \"ROLE_CUSTOMER\", \"ROLE_USER\", \"ROLE_COMMERCIAL_AGENT\"]','$2y$13$A00.ouybLvp1Fz5rGK2rAe2RKGsLVX1vv2ex/fh3sfxxc9bK2MXFq','BOULAY','Gilles','male',NULL,'02 47 27 18 84',0,'946A5C0C727CD3B6E32D7BC5A871B5BB4571AA11C6276960029A51A1F8D0A12DA8DD909E','2024-04-30 09:04:24','2024-10-29 15:25:47','commercial',NULL,NULL),(532,'h.jallabert@orange.fr','[\"ROLE_COMMERCIAL_AGENT\", \"ROLE_CUSTOMER\", \"ROLE_USER\", \"ROLE_COMMERCIAL_AGENT\"]','$2y$13$Vi9q8S9M.O7CV0P37m9Ceumb7utSDwJCl5KQoUZxgsKie2gZa0qEK','Jallabert','Hugues','male',NULL,'06 33 37 65 08',0,'6AB049AEBCB6CE4266875C713AEF13EFF22E384B83A59E18DBD4186EC7ECA96350C02669','2024-04-30 09:04:31','2024-10-30 15:25:20','commercial',NULL,NULL),(533,'talabardenis@gmail.com','[\"ROLE_COMMERCIAL_AGENT\", \"ROLE_CUSTOMER\", \"ROLE_USER\", \"ROLE_COMMERCIAL_AGENT\"]','$2y$13$S65fmc7RbvPfvJ8Zsb5x4.pCB1zop2pKf/ny4LtR3XRXbe/xWt9o.','Talabard','Denis','male',NULL,'06 63 19 23 14',0,'D212CE9E00ADD8AA2CFB1424255C58B6BA2C42EB0DFDBEB331998C3D8F0F22BD3A5217A0','2024-04-30 09:04:39','2024-10-29 15:25:47','commercial',NULL,NULL),(534,'franckdidier94@gmail.com','[\"ROLE_COMMERCIAL_AGENT\", \"ROLE_CUSTOMER\", \"ROLE_USER\", \"ROLE_COMMERCIAL_AGENT\"]','$2y$13$wSRQr0Ar1fuvC3wr7jbRkeP51g4bx/ah92F0VTkVp0jOQpRsr6pg.','DIDIER','Franck','male','1951-07-31','01 48 57 41 42',0,'C0FFC7DD1F871556D9415C7EDC98D8B5E073C21AA462DF585B37264970103D702EB6D387','2024-04-30 09:04:46','2024-10-29 15:25:47','commercial',NULL,NULL),(535,'pascalbengel@orange.fr','[\"ROLE_COMMERCIAL_AGENT\", \"ROLE_CUSTOMER\", \"ROLE_USER\", \"ROLE_COMMERCIAL_AGENT\"]','$2y$13$z3gPfCcPsdHcEUyllyZXxedx9qRy.NSwh6gO7USfUi9kmcz7sPD2W','BENGEL','Pascal','male','1966-05-06','06 22 93 13 70',0,'E3B85CEBA8EE1CC12A08BC77FD45714079E3F51A414CD78F999CEFEA93AADCF5B3E9E366','2024-04-30 09:04:54','2024-10-30 15:35:53','commercial',NULL,NULL),(536,'bernardgilles.bourges@orange.fr','[\"ROLE_COMMERCIAL_AGENT\", \"ROLE_CUSTOMER\", \"ROLE_USER\", \"ROLE_COMMERCIAL_AGENT\"]','$2y$13$2XfviZyyrmsRIZJm9/7B9eUQh1UVnKmzP/wbkyciIhIh/Po/TvgMy','BERNARD','Gilles','male',NULL,'06 81 87 49 61',0,'970D1CE87283088084AD6604E8179D1D7F5B633C284A72493B15307AA5D7D7C8AD8669AF','2024-04-30 09:05:01','2024-10-29 15:25:47','commercial',NULL,NULL),(537,'alainaugier@hotmail.fr','[\"ROLE_COMMERCIAL_AGENT\", \"ROLE_CUSTOMER\", \"ROLE_USER\", \"ROLE_COMMERCIAL_AGENT\"]','$2y$13$3izqf.JfmOkaLSNTKsn4S.z1UFrSFhB0PopCRMHqcEiN4M8a3H6H.','AUGIER','Alain','male',NULL,'06 07 54 37 45',0,'8BDA3980D440038DA43E54A16321B58222C4B918CC2D1D654823E486BCBE56B5EBA789F1','2024-04-30 09:05:08','2024-10-29 15:25:47','commercial',NULL,NULL),(538,'m.desve@yahoo.fr','[\"ROLE_COMMERCIAL_AGENT\", \"ROLE_CUSTOMER\", \"ROLE_USER\", \"ROLE_COMMERCIAL_AGENT\"]','$2y$13$KnkxpA76bCIMYl7kNyqcc.aOLbV0xSkZdC5lgGXTTdpFlOOo64niy','DESVERONNIERES','Michel','male',NULL,'06 62 03 15 58',0,'3FFCB9631B8FA97F2A491A2A37A80782088B6DCC4CE4647FAE172A4AFD979E48EC8C4BD6','2024-04-30 09:05:16','2024-10-29 15:25:47','commercial',NULL,NULL),(539,'yannick.odeye@yahoo.fr','[\"ROLE_COMMERCIAL_AGENT\", \"ROLE_CUSTOMER\", \"ROLE_USER\", \"ROLE_COMMERCIAL_AGENT\"]','$2y$13$3iU7Nz7ToHIHGRssAtu3SebohD5CY7qI77rduIp9Fo2P8Ppd6hRbC','ODEYE','Yannick','male',NULL,'06 75 33 17 01',0,'06FC7DF88A893DD6BF4216D250FB0B5F59DA1BD28022BDFFB98F19F76F68F136B6B5A119','2024-04-30 09:05:23','2024-10-29 15:25:47','commercial',NULL,NULL),(540,'jeanpierre.trezeguet@laposte.net','[\"ROLE_COMMERCIAL_AGENT\", \"ROLE_CUSTOMER\", \"ROLE_USER\", \"ROLE_COMMERCIAL_AGENT\"]','$2y$13$2aYpUw3LgOysXjIGDrzmg.wQ51wx4e0urlQX5JqsPkVQtGkEsDd3G','TREZEGUET','Jean-Pierre','male','1947-07-28','05 53 20 01 53',0,'2E28866E6C7E76928CFA6A39B13608D7D28E21F8834B8C9DFFD361147A53B7B10C96C7EB','2024-04-30 09:05:31','2024-10-30 15:30:07','commercial',NULL,NULL),(541,'y.marchais@orange.fr','[\"ROLE_COMMERCIAL_AGENT\", \"ROLE_CUSTOMER\", \"ROLE_USER\", \"ROLE_COMMERCIAL_AGENT\"]','$2y$13$eibAb0Z6hfAaKa6akhbrTOoSi.nHtTB3n1Ww7c5wWHvSDLxKuuiWC','MARCHAIS','Yves','male',NULL,'06 84 51 33 75',0,'85B310989BE0BD93ACFCA23605A1CD2A2559B5DD51E4406A29E2E848DE0D396ACAD63DD7','2024-04-30 09:05:38','2024-10-29 15:25:48','commercial',NULL,NULL),(542,'de-bertrand@wanadoo.fr','[\"ROLE_COMMERCIAL_AGENT\", \"ROLE_CUSTOMER\", \"ROLE_USER\", \"ROLE_COMMERCIAL_AGENT\"]','$2y$13$2XTZOcK9AF5Z9iIQY3GV2..AIXu1CB3TVkSn9tRLQS2K.ka8Ldbp2','BERTRAND','Denis','male',NULL,'09 75 63 19 13',0,'D90BC2BDD47A2CCB14F2D4539E5CC34E22FAE16672E8F94B795CDE5C3437336C091F6F73','2024-04-30 09:05:45','2024-10-29 15:25:48','commercial',NULL,NULL),(543,'agence.lalande.pro@orange.fr','[\"ROLE_COMMERCIAL_AGENT\", \"ROLE_CUSTOMER\", \"ROLE_USER\", \"ROLE_COMMERCIAL_AGENT\"]','$2y$13$PIu91uzr4X8vWp1Qh0ErYO9rTxyx0TbOl1/wb9DmYLmLnnQ5uzNhK','LALANDE','Didier','male',NULL,'05 46 70 30 77',0,'A22023EA381F1B28634419517C5FC8420FF30079659FB2A193472E06895661D85B26B728','2024-04-30 09:05:53','2024-10-29 15:25:48','commercial',NULL,NULL),(544,'plandais@accorsas.fr','[\"ROLE_COMMERCIAL_AGENT\", \"ROLE_CUSTOMER\", \"ROLE_USER\", \"ROLE_COMMERCIAL_AGENT\"]','$2y$13$YavCluAL.RBFAoBmBh.Npe3KVhMFQELUuXrTionVYFbdIbHvZHZdS','LANDAIS','Philippe','male',NULL,'02.43.39.94.73',0,'72A67AA6D4D735B3C1AA0326BE514EAF352D53FA4F555C7B37FEC1EC49BC98E3837D2D07','2024-04-30 09:06:01','2024-10-29 15:25:48','commercial',NULL,NULL),(545,'jeanlanglois33@gmail.com','[\"ROLE_COMMERCIAL_AGENT\", \"ROLE_CUSTOMER\", \"ROLE_USER\", \"ROLE_COMMERCIAL_AGENT\"]','$2y$13$A4FPxbO98W.bmGRJ3Zr7q.pBsSStCwnQWEG2nljhfiabS0IvTXDlK','LANGLOIS','Jean','male',NULL,'05 56 72 95 56',0,'C9C6F89247F4D0540DF33F18BE6068D0BB720D8AFCE96CDF3683029F19A23F67A540AC26','2024-04-30 09:06:08','2024-10-29 15:25:48','commercial',NULL,NULL),(546,'bazin.caroline@wanadoo.fr','[\"ROLE_COMMERCIAL_AGENT\", \"ROLE_CUSTOMER\", \"ROLE_USER\", \"ROLE_COMMERCIAL_AGENT\"]','$2y$13$/lle1.1iAiQ6CAj0K3hC.OoXjG1QUDf8qfyCi44sYvLobQWqJ8r96','BAZIN','Caroline','male',NULL,'02 99 85 16 06',0,'4DA2B11C90E4C78403677149A6955AF00F2FEA25813BF692A20FC8F9C037DE2DF1302DAB','2024-04-30 09:06:18','2024-10-30 15:25:07','commercial',NULL,NULL),(547,'jacky.remigereau@orange.fr','[\"ROLE_COMMERCIAL_AGENT\", \"ROLE_CUSTOMER\", \"ROLE_USER\", \"ROLE_COMMERCIAL_AGENT\"]','$2y$13$S6VwPecReTvIs/23ZCwFb.S8h6Rdr3JFXtYvK236D4A55Y3W6S8PO','Remigereau','Jacky','male',NULL,'02 51 91 15 05',0,'E54F467A3085ABAA4E076D014DBC68A922891AA83730388ED6B630CB17DDDD74A4B45CBE','2024-04-30 09:06:26','2024-10-29 15:25:48','commercial',NULL,NULL),(548,'philippeguillon@me.com','[\"ROLE_COMMERCIAL_AGENT\", \"ROLE_CUSTOMER\", \"ROLE_USER\", \"ROLE_COMMERCIAL_AGENT\"]','$2y$13$aQ2Qq7PMOXKkGnyI4NPNKO0FO6CUEa7diJBxncmBrKKFRigNUNqhi','GUILLON','Philippe','male',NULL,'02 72 02 20 78',0,'C983E14AD9C3D5BAC3EB5688158DFCEF9B5FAB0BE4C09CA9AC705DF9E31EBAFC39E5A304','2024-04-30 09:06:33','2024-10-29 15:25:48','commercial',NULL,NULL),(549,'adissat@gmail.com','[\"ROLE_COMMERCIAL_AGENT\", \"ROLE_CUSTOMER\", \"ROLE_USER\", \"ROLE_COMMERCIAL_AGENT\"]','$2y$13$QMEremp3HWzEFNm7stycperbi0q3uIgTxk5bXi8ZEEIoF4Nc5aqjO','Dissat','Pierre Alexandre','male','1960-08-04','06 99 65 01 22',0,'7B2A7995AE94A6B38DF489D182C98356DD6C85CB4BB937B48FB8526B07E6AC3E6D675DB6','2024-04-30 09:06:41','2024-10-29 15:25:48','commercial',NULL,NULL),(550,'contact@srp2.com','[\"ROLE_COMMERCIAL_AGENT\", \"ROLE_CUSTOMER\", \"ROLE_USER\", \"ROLE_COMMERCIAL_AGENT\"]','$2y$13$EO2deKHmlefl4kxYAk0HyeDh4n318IzR6imvBD/gLT278OBHP/RaC','PETIT','Philippe','male','1967-07-20','06 04 18 56 94',0,'218463877DF7B805446ABFAA99F412BBB91CE67F4B527485F15985A54DE15D4C32C1CF9E','2024-04-30 09:06:48','2024-10-29 15:25:49','commercial',NULL,NULL),(551,'fabrice.hoerter@cegetel.net','[\"ROLE_COMMERCIAL_AGENT\", \"ROLE_CUSTOMER\", \"ROLE_USER\", \"ROLE_COMMERCIAL_AGENT\"]','$2y$13$KG6wnk1ZEKB1mkbeITC1yujvBhwhtu1/fuHxTYQggqTcK3QVHHBQu','HOERTER','Fabrice','male',NULL,'01 40 54 73 42',0,'F4A1E60B5241F54981A13893025B62C417C79BB8D5E8432BFD48F068392CAEFA44D03AEE','2024-04-30 09:06:56','2024-10-29 15:25:49','commercial',NULL,NULL),(552,'jmjacquat@eu-negoce.fr','[\"ROLE_COMMERCIAL_AGENT\", \"ROLE_CUSTOMER\", \"ROLE_USER\", \"ROLE_COMMERCIAL_AGENT\"]','$2y$13$pvf1PacbAFPYOdtXjO/ciu8.I2sH7Pd.bWnFdRZvR4HsjXsLyMDh6','JACQUAT','JeanMartin','male',NULL,'03 87 74 79 84',0,'7902B3C33370D92E54864EBA82BA2E471DA52AEF394550742B5909D900650EBBFE2026FA','2024-04-30 09:07:03','2024-10-29 15:25:49','commercial',NULL,NULL),(553,'cedric.duranthon@outlook.fr','[\"ROLE_COMMERCIAL_AGENT\", \"ROLE_CUSTOMER\", \"ROLE_USER\", \"ROLE_COMMERCIAL_AGENT\"]','$2y$13$boOhTWVlB678XUFYm3gCk.wrMCE88g.jd/yfSF1SMaKlgV0/JFUWu','DURANTHON','Cédric','male',NULL,'06 65 38 03 36',0,NULL,'2024-04-30 09:07:11','2024-11-16 11:36:03','commercial',NULL,NULL),(554,'dbracq@oxyva.com','[\"ROLE_COMMERCIAL_AGENT\", \"ROLE_CUSTOMER\", \"ROLE_USER\", \"ROLE_COMMERCIAL_AGENT\"]','$2y$13$J2GFnEhzC2bkkX7Gj.fzF.GS3c61eQfIrvJvvub0.Nuom3uq56tHi','BRACQ','David','male',NULL,'06 62 59 85 31',0,'9D6168B766ACA0B24BDA0D815606E3F5425A663D5CCC18917CE70405BABAE353DBB810B1','2024-04-30 09:07:18','2024-10-29 15:25:49','commercial',NULL,NULL),(555,'christine.dodard@gmail.com','[\"ROLE_COMMERCIAL_AGENT\", \"ROLE_CUSTOMER\", \"ROLE_USER\", \"ROLE_COMMERCIAL_AGENT\"]','$2y$13$0LiP6lng97bDtIBR73WXHOcAtuwjkDh41OAc1kL5jFkdfEWW/p1KG','DODARD-STANTINAT','Christine','male',NULL,'06 98 31 78 79',0,'7BD1FC0771E234029062FDEC87E2D180D0CCE978E6DF108665E020DC53D101A791C8E2C0','2024-04-30 09:07:26','2024-10-29 15:25:49','commercial',NULL,NULL),(556,'ia@interaction-sas.fr','[\"ROLE_COMMERCIAL_AGENT\", \"ROLE_CUSTOMER\", \"ROLE_USER\", \"ROLE_COMMERCIAL_AGENT\"]','$2y$13$gJaZjG.E9PguCVf7aoVlqubrCO7YLVu9bUx1vAY.4lI/u1pbAxYw6','ROHLICH','Michaël','male','1984-02-09','01 47 80 37 37',0,'7F4D9FE98D66B8C42636C82009DD2E648C5C6B7AE3F34D2EFF91CC71CC76011EAE1EF059','2024-04-30 09:07:33','2024-10-29 15:25:49','commercial',NULL,NULL),(557,'patricemaillard@orange.fr','[\"ROLE_COMMERCIAL_AGENT\", \"ROLE_CUSTOMER\", \"ROLE_USER\", \"ROLE_COMMERCIAL_AGENT\"]','$2y$13$uE6Ni5QB4.nVj0KSPMFCk.cIMURLbePIsAA0zgvYsz9M9fecg7192','MAILLARD','Patrice','male',NULL,'02 40 56 24 69',0,'59DBB1F0115B635F593BC981B88A02F1102D05D4A0CDD36ABA0493C0D337A431D7813EEC','2024-04-30 09:07:40','2024-10-29 15:25:49','commercial',NULL,NULL),(558,'levavasseurbertrand@gmail.com','[\"ROLE_COMMERCIAL_AGENT\", \"ROLE_CUSTOMER\", \"ROLE_USER\", \"ROLE_COMMERCIAL_AGENT\"]','$2y$13$37ibaC1FH0RnjWOUaqfgF.oxsgwlIllU0fwh.4lDfXcCUaK5Uyb02','LEVAVASSEUR','Bertrand','male',NULL,'06 79 93 34 78',0,'7935D2B5811E26B35CA404E9F146988D815257BE72CBFC7D3DC48FCE0C807D9B88587DD0','2024-04-30 09:07:48','2024-10-29 15:25:50','commercial',NULL,NULL),(559,'cjeannette@agence-2cjs.com','[\"ROLE_COMMERCIAL_AGENT\", \"ROLE_CUSTOMER\", \"ROLE_USER\", \"ROLE_COMMERCIAL_AGENT\"]','$2y$13$jnls13FvFkyXZeUd2ZP5helJBJd.G6t.b4RDp44RGvEOyAS1cMpHW','JEANNETTE','Christian','male','1957-09-15','05 56 39 11 07',0,'C140F0F78804319387A3550B37593E6F4F6DB6F400148AA0AF4493EB317D919D6031795E','2024-04-30 09:07:55','2024-10-29 15:25:50','commercial',NULL,NULL),(560,'roparzh@orange.fr','[\"ROLE_COMMERCIAL_AGENT\", \"ROLE_CUSTOMER\", \"ROLE_USER\", \"ROLE_COMMERCIAL_AGENT\"]','$2y$13$3TQvh7zu70eQfPwTneIpPOntYcYUl0BGuECmFUKaC/ms0Sy.whxSK','CORAUD','Roperzh','male',NULL,'02 51 72 17 02',0,'2B0133F35864964F6969FE265FBB49A309D1D3E87C46A0DEB20DD6F65BDBD060541ED919','2024-04-30 09:08:03','2024-10-29 15:25:50','commercial',NULL,NULL),(561,'claudiomutti@latlantic.net','[\"ROLE_COMMERCIAL_AGENT\", \"ROLE_CUSTOMER\", \"ROLE_USER\", \"ROLE_COMMERCIAL_AGENT\"]','$2y$13$K4wsrwVt7XMYQXWxWQGh4OKS3PJSrsEUr08JOKZO2rm2Gl7zSjSfa','MUTTI','Claudio','male',NULL,'06 35 52 21 09',0,'8AA0F11ABDDB24187FB7117333676D33439D9F00FB04232E04E221AE65D926470B7D6765','2024-04-30 09:08:10','2024-10-29 15:25:50','commercial',NULL,NULL),(562,'anthonyfaguette@gmail.com','[\"ROLE_COMMERCIAL_AGENT\", \"ROLE_CUSTOMER\", \"ROLE_USER\", \"ROLE_COMMERCIAL_AGENT\"]','$2y$13$xVca.kXWG5O1HeCb.JnFXuOwqZBzIrDOnzMoz1edrSTKs0sr1kZMC','Faguette','Anthony','male','1982-01-19','06 86 93 68 10',0,'035E9403DE90EF81EE550D304F512427F16DB3AD6E68B9E7DBED25D8DD78459902305306','2024-04-30 09:08:17','2025-01-31 09:37:54','commercial',NULL,NULL),(563,'arebyffe@gmail.com','[\"ROLE_COMMERCIAL_AGENT\", \"ROLE_CUSTOMER\", \"ROLE_USER\", \"ROLE_COMMERCIAL_AGENT\"]','$2y$13$uBJqBPPlsNZe/1jg8b3TF.Zjxi4u3qQKlzCv9fAJEzHWWuV8PvcFC','REBYFFE','Audrey','male',NULL,'06 64 32 33 61',0,'15D1D1E38115F0E0859DA6187169D739B28F9644C643D74DABCF81E41A2CF3F4B41D285F','2024-04-30 09:08:24','2024-10-29 15:25:50','commercial',NULL,NULL),(564,'aubineau-bois@wanadoo.fr','[\"ROLE_CUSTOMER_VALIDATED\", \"ROLE_COMMERCIAL_AGENT\", \"ROLE_CUSTOMER\", \"ROLE_USER\"]','$2y$13$SzTQcPg5OY.k6umkRTAp8.kEQB8o.iNwHC6dLOHI96sdkWvwAsPJi','AUBINEAU','Guy','male','1943-12-07','06 07 89 54 70',0,'8F6EFF240FD81197AC3DB196591ADC05A84EA28056EFA5EF153B989191C10867CD3E13F3','2024-04-30 09:08:31','2024-12-16 20:44:19','commercial',NULL,NULL),(565,'contact@agensk.fr','[\"ROLE_COMMERCIAL_AGENT\", \"ROLE_CUSTOMER\", \"ROLE_USER\", \"ROLE_COMMERCIAL_AGENT\"]','$2y$13$sPyypy/5vTLzDynJ1Pfb5.wyh5uMVyP1aoQQGhWDy7WfDYVPHsCZi','KALSRON','Sylvain','male','1974-05-10','04 44 44 50 17',0,'DBE7E70C6EE72CC43CA038FA9D2C20BD5250549B9A61271C7BB7D2D82A2C672CCC21A8FD','2024-04-30 09:08:39','2024-10-29 15:25:50','commercial',NULL,NULL),(566,'laurentcocqueel@free.fr','[\"ROLE_COMMERCIAL_AGENT\", \"ROLE_CUSTOMER\", \"ROLE_USER\", \"ROLE_COMMERCIAL_AGENT\"]','$2y$13$7D.EsLg78mp3foc/Qehdr.qt6e92cknIxO.wTVt16ycIbD748ZfCS','Cocqueel','Laurent','male','2025-02-03','03 20 54 98 25',0,'C104FD9D390FEE0149982A29263CC0BF67F6C9A86B0E84CB2605DC915A05BD1E58C0C68A','2024-04-30 09:08:46','2025-02-03 18:52:50','commercial',NULL,NULL),(567,'philaugier@orange.fr','[\"ROLE_COMMERCIAL_AGENT\", \"ROLE_CUSTOMER\", \"ROLE_USER\", \"ROLE_COMMERCIAL_AGENT\"]','$2y$13$LSUWOwzViIgb2Qutus5wzuDfeDemWUxzEp5jqLS/fpupakVNZfLOG','Augier','Philippe','male',NULL,'02 47 88 18 80',0,'8BDA3980D440038DA43E54A16321B58222C4B918CC2D1D654823E486BCBE56B5EBA789F1','2024-04-30 09:08:53','2024-10-30 15:22:12','commercial',NULL,NULL),(568,'a.delombardon@wanadoo.fr','[\"ROLE_COMMERCIAL_AGENT\", \"ROLE_CUSTOMER\", \"ROLE_USER\", \"ROLE_COMMERCIAL_AGENT\"]','$2y$13$WHJ6LgajFQyriLvop4FYDueeZPplnwAOBzIB5APS82umDI7csSMmy','DELOMBARDON','Axel','male',NULL,'04 42 18 91 42',0,'D973F6754CDA53C83B36C1E7BF459DCAD2AC704442E493BAE05F959E32065C1616D23EDB','2024-04-30 09:09:01','2024-10-29 15:25:51','commercial',NULL,NULL),(569,'rdehaene@wanadoo.fr','[\"ROLE_COMMERCIAL_AGENT\", \"ROLE_CUSTOMER\", \"ROLE_USER\", \"ROLE_COMMERCIAL_AGENT\"]','$2y$13$Vna2NgJneQNNJiDjviuvmuFZ3nmaQrnMJ4VpudJ773pMaIfsq99FK','DEHAENE','René','male',NULL,'03 20 03 54 94',0,'3A8CE28E6248FB868E696CDE4AB5ADB8228D137242D2A797E0C2699B1ADF8CFB47C951FE','2024-04-30 09:09:09','2024-10-29 15:25:51','commercial',NULL,NULL),(570,'bertrandleclercq4@wanadoo.fr','[\"ROLE_COMMERCIAL_AGENT\", \"ROLE_CUSTOMER\", \"ROLE_USER\", \"ROLE_COMMERCIAL_AGENT\"]','$2y$13$6GPw5xykqnwh9yU0CC7x6ueIasiHFbBcrGFm1ptfxY3biCt4YTZfi','LECLERCQ','Bertrand','male',NULL,'03 20 93 30 27',0,'7FFDD54F7CEEC0074B3E64CDFCBA3326A600EEB3DC2B367660655B52FEECF030CA165F44','2024-04-30 09:09:16','2024-10-29 15:25:51','commercial',NULL,NULL),(571,'sarlsrd@orange.fr','[\"ROLE_COMMERCIAL_AGENT\", \"ROLE_CUSTOMER\", \"ROLE_USER\", \"ROLE_COMMERCIAL_AGENT\"]','$2y$13$/X5eF0kpKeqMR0BUqqpe4eL8zM5oeWXuavEP.7yjN0Qiw9jsK98fu','RIVORY','Serge','male',NULL,'04 94 84 77 36',0,'B9505836190E869309E8744A3BA7AD2CD653626CBCE472A62406B20D51873EAB5AB6BA52','2024-04-30 09:09:23','2024-10-29 15:25:51','commercial',NULL,NULL),(572,'marc.besseau@wanadoo.fr','[\"ROLE_COMMERCIAL_AGENT\", \"ROLE_CUSTOMER\", \"ROLE_USER\", \"ROLE_COMMERCIAL_AGENT\"]','$2y$13$CQah0Eqmzz/Lc05fS7ggpu3VBubnSdB1mT9rf2b.mpCcKMsbMJ.D.','BESSEAU','Marc','male','1953-05-31','02 28 01 13 13',0,'D0A2997193C0B8C5687122DA0EB626749E38D5AF0AD4096A1E33B6AB37079482D50CB179','2024-04-30 09:09:31','2024-10-29 15:25:51','commercial',NULL,NULL),(573,'christian.blanchaud@gmail.com','[\"ROLE_COMMERCIAL_AGENT\", \"ROLE_CUSTOMER\", \"ROLE_USER\", \"ROLE_COMMERCIAL_AGENT\"]','$2y$13$yJqrR6IXbz4W.d8lwAoiIuOB5Fb9GCX17FvIj9Pc.79ek1K67H/iC','BLANCHAUD','Christian','male',NULL,'01 60 63 45 91',0,'26E6BDF0E15F45EDE38AE31AA7EC7CF6C32DE97FC429F6F043152C9C06D13BF4970D10F6','2024-04-30 09:09:38','2024-10-29 15:25:51','commercial',NULL,NULL),(574,'gis.chataigner@gmail.com','[\"ROLE_COMMERCIAL_AGENT\", \"ROLE_CUSTOMER\", \"ROLE_USER\", \"ROLE_COMMERCIAL_AGENT\"]','$2y$13$YMWOjbBepj2GtTGI.z.5TOrzNjg/UqEDWfR16Irb2Rg.Chw/hNKyS','CHATAIGNER','Gislaine','male','1953-11-15','06 64 12 63 36',0,'C53A3DDC5F92B16A31627CE0EFB7F1940F70FC636C89A007EDE0F8D9117D907BC68869A9','2024-04-30 09:09:45','2024-10-29 15:25:51','commercial',NULL,NULL),(575,'fraigneau.vincent@orange.fr','[\"ROLE_COMMERCIAL_AGENT\", \"ROLE_CUSTOMER\", \"ROLE_USER\", \"ROLE_COMMERCIAL_AGENT\"]','$2y$13$jA7X5TAqafDc5iyMZ3MhWuDzML6BbfsPO5tko0Y7bEtYHqK4kGa/S','FRAIGNEAU','Vincent','male',NULL,'09 75 99 70 53',0,'5A8C0CC08431F91E3B60BDDA8E3E0771F20C4E3F08E7101DFC8800D59616D483EFDB961F','2024-04-30 09:09:52','2024-10-29 15:25:51','commercial',NULL,NULL),(576,'algo-france@wanadoo.fr','[\"ROLE_COMMERCIAL_AGENT\", \"ROLE_CUSTOMER\", \"ROLE_USER\", \"ROLE_COMMERCIAL_AGENT\"]','$2y$13$10BThziaYJ31O2V3pZGfgOTZsXrqoqsgP56S/cc67B8vrEyDRxAW6','Grimal','Jean-Marie','male','1947-09-19','09 67 16 47 33',0,'34466619624C41BEB406BE0F63F9E63A5BA0B760EC5896933047CE6D174AA0C5404785F3','2024-04-30 09:10:00','2025-01-31 11:11:23','commercial',NULL,NULL),(577,'gjenny@orange.fr','[\"ROLE_COMMERCIAL_AGENT\", \"ROLE_CUSTOMER\", \"ROLE_USER\", \"ROLE_COMMERCIAL_AGENT\"]','$2y$13$UbByxsEhbXLkxjKZk6sEpuJn3hQmGoJUYjm7fwfdv5QankpFgNgqG','JENNY','Gérard','male','1961-01-19','01 64 66 71 41',0,'AA6A175EE934FAF2358510C2ED68A83ADF0F882150B5400637B15839E8D2195FFD885616','2024-04-30 09:10:07','2024-10-29 15:25:52','commercial',NULL,NULL),(578,'gregory.bex@wanadoo.fr','[\"ROLE_COMMERCIAL_AGENT\", \"ROLE_CUSTOMER\", \"ROLE_USER\", \"ROLE_COMMERCIAL_AGENT\"]','$2y$13$I7O.ebYMY43sHeBKDJvSxe5Kl0X39bUz4UoJ8WsIHsimKkfpIG1kC','BEX','Gregory','male','1973-03-15','06 11 75 05 51',0,'55B07FF4DDD50880D966EBCCAAB323938600C7A192414559C5721F475642AC66CE740EB6','2024-04-30 09:10:15','2024-10-29 15:25:52','commercial',NULL,NULL),(579,'bouffardjoel@orange.fr','[\"ROLE_COMMERCIAL_AGENT\", \"ROLE_CUSTOMER\", \"ROLE_USER\", \"ROLE_COMMERCIAL_AGENT\"]','$2y$13$rJNFPixULD1lR8v8tNJgaOrBhDvD0Xr.qzHVBpNdOmcRjZjDw2bZS','BOUFFARD','Joël','male',NULL,'06 62 36 41 52',0,'F03AC53F576412098D3D8161830E0D89CDB69A02840CE0D6831148D6A6BC74B19D40044A','2024-04-30 09:10:22','2024-10-29 15:25:52','commercial',NULL,NULL),(580,'remy@sudexport.com','[\"ROLE_COMMERCIAL_AGENT\", \"ROLE_CUSTOMER\", \"ROLE_USER\", \"ROLE_COMMERCIAL_AGENT\"]','$2y$13$QyZUGsB6klxFdb/u7mbj8.fl8nsGuxwE0utysg2CSH/xqZS1SxsVC','BAZELAIRE','Rémy','male','1964-11-08','05 56 44 88 40',0,'24A75DB040843CC2A39C841DF17C3A583517E992DC1B911CD4F230854E25AA13A62637FB','2024-04-30 09:10:29','2025-02-19 15:53:29','commercial',NULL,NULL),(581,'patrice.blavet@wanadoo.fr','[\"ROLE_COMMERCIAL_AGENT\", \"ROLE_CUSTOMER\", \"ROLE_USER\", \"ROLE_COMMERCIAL_AGENT\"]','$2y$13$yayctLnIxg2Vagt7gJedZ.6fT6pP1hK39BIIBBnLvvGdgwGqu.dr2','BLAVET','Patrice','male','1951-08-05','06 07 01 16 57',0,'055DA1258641F9A92768803C0925F05ECC78E907FC6ADB446831EAF132BCEC677C046450','2024-04-30 09:10:37','2024-10-29 15:25:52','commercial',NULL,NULL),(582,'sebalbizu@gmail.com','[\"ROLE_COMMERCIAL_AGENT\", \"ROLE_CUSTOMER\", \"ROLE_USER\", \"ROLE_COMMERCIAL_AGENT\"]','$2y$13$gE2cvsqIGB6INBtqtWzEA.01RMdlKsRLbmcsbdgUXSshzLg.0Zrmm','ALBIZU','Sébastien','male','1967-12-04','05 59 85 37 36',0,'527650B04AA9FEEDCF48B9AE32B953FA817B1F53D8709C4C8481212D4A43A77818D2C4E4','2024-04-30 09:10:44','2024-10-29 15:25:52','commercial',NULL,NULL),(583,'christophe@cpifluid.com','[\"ROLE_COMMERCIAL_AGENT\", \"ROLE_CUSTOMER\", \"ROLE_USER\", \"ROLE_COMMERCIAL_AGENT\"]','$2y$13$N/M8Ln2aDMdl7vdqnq2IOeGRny8WUXCjPMlHLEka7utWyucrQotLK','PILON','Christophe','male',NULL,'02 23 15 07 07',0,'6A212816FCDFBB2C603BCC2733B4B8D42E7E24F64AED45078A6B0126275DAFA9695A362D','2024-04-30 09:10:51','2024-10-29 15:25:52','commercial',NULL,NULL),(584,'pierrebourles@phytocontrol.com','[\"ROLE_COMMERCIAL_AGENT\", \"ROLE_CUSTOMER\", \"ROLE_USER\", \"ROLE_COMMERCIAL_AGENT\"]','$2y$13$1VONnB7gh8NPclahkQqzJeAR7BAyjNPI6k.qetTolxBnc.DW7v4JO','BOURLES','Pierre','male',NULL,'01 77 01 42 53',0,'6ED953387377DFFC5EC5A09C20717650215BC44E40E61C208FFF58354AF1A4D6E5C1AAE2','2024-04-30 09:10:58','2024-10-29 15:25:52','commercial',NULL,NULL),(585,'luc.neveu@airiecs.com','[\"ROLE_COMMERCIAL_AGENT\", \"ROLE_CUSTOMER\", \"ROLE_USER\", \"ROLE_COMMERCIAL_AGENT\"]','$2y$13$1NhOTqoPrL.WoIsgsNq9JeLMz4pjwEsWx8GB4jMMruYeQvNcm9nnq','NEVEU','Luc','male','1961-03-25','02 37 42 54 93',0,'CE98C5EBCD6B3779DF7120DFFEC7BB1BFB9438F3C8DD1B4C4319D6787D74D59EA6FD38A3','2024-04-30 09:11:05','2024-10-29 15:25:53','commercial',NULL,NULL),(586,'isabelle.brisard@gmail.com','[\"ROLE_COMMERCIAL_AGENT\", \"ROLE_CUSTOMER\", \"ROLE_USER\", \"ROLE_COMMERCIAL_AGENT\"]','$2y$13$/pkCI2D1T60y2seLEdzHAOWNEiTF//7Hqmpo5YZ9.BFDVSjzMCcJO','Brisard','Isabelle','male','2024-10-30','06 33 40 36 71',0,'29093486C7684FEB9D1AEAA72898C98AC6DD9FA55330AC59194D9FE756E871CFE46D70DA','2024-04-30 09:11:13','2024-10-30 14:14:41','commercial',NULL,NULL),(587,'laurencedieumegard@wanadoo.fr','[\"ROLE_COMMERCIAL_AGENT\", \"ROLE_CUSTOMER\", \"ROLE_USER\", \"ROLE_COMMERCIAL_AGENT\"]','$2y$13$10G/Nciptls3LMgBEjpApeXkOfEADcGIyzN5taDBclH3YDpV.x5fC','DIEUMEGARD','Laurence','male',NULL,'04 67 57 20 49',0,'91836199565E91CC78A7A727001C9EF31CB062B45AD5A04C74F294D1C3CF2EC00C28678C','2024-04-30 09:11:20','2024-10-29 15:25:53','commercial',NULL,NULL),(588,'erikcorbeau@gmail.com','[\"ROLE_COMMERCIAL_AGENT\", \"ROLE_CUSTOMER\", \"ROLE_USER\", \"ROLE_COMMERCIAL_AGENT\"]','$2y$13$1tYTaO/xZC6pqXjXzR5ZeOlnOXGXSkp1xumWEziDnmTgYOuN6Euva','Corbeau','Eric','male',NULL,'06 78 71 64 65',0,'6F4418A71F154559B82D912DAFA04D3520255CAE4DCE3D05EF46B8EC94FD2E84109DBEA0','2024-04-30 09:11:27','2024-10-29 15:25:53','commercial',NULL,NULL),(589,'mdolle@clerivet.fr','[\"ROLE_CUSTOMER_VALIDATED\", \"ROLE_COMMERCIAL_AGENT\", \"ROLE_CUSTOMER\", \"ROLE_USER\"]','$2y$13$z2OmIY3W49eoo/sWuA1vJ.TKlCIYYLx3aJPl1rziEevhr6uRjpcFG','DOLLE','Marc','male','1967-12-27','06 10 49 21 80',0,'C487006BD0EDCE836909A23F5DE06D62BFC6590C068D201A3FC22A773C7CC20DA13CD72B','2024-04-30 09:11:35','2025-02-08 11:41:53','commercial',NULL,NULL),(590,'xavier.douchez@wanadoo.fr','[\"ROLE_COMMERCIAL_AGENT\", \"ROLE_CUSTOMER\", \"ROLE_USER\", \"ROLE_COMMERCIAL_AGENT\"]','$2y$13$zCu963stzOvDY.cSVNlg2O0Z9Vp0K62p0pJVgpy8hVNlLgdcC6Bb6','DOUCHEZ','Xavier','male',NULL,'02 40 31 89 32',0,'D36A56FBF7CD8626FDF32884B7925E5FC9F713707EF52E5A3DE3FCDF30C5D23B29B55391','2024-04-30 09:11:42','2024-10-29 15:25:53','commercial',NULL,NULL),(591,'seb.girodet@free.fr','[\"ROLE_COMMERCIAL_AGENT\", \"ROLE_CUSTOMER\", \"ROLE_USER\", \"ROLE_COMMERCIAL_AGENT\"]','$2y$13$AmaFVsVvQOtmQOd9Fhg.fOeA2N3Sb8fg7rn/tqgNTS18erLoEjBpy','GIRODET','Sébastien','male',NULL,'06 41 68 67 17',0,'6774340B4D7FDA3328CA6C17C6C2BD4F83BEF9FCBD179A94B04644C89AAADF1146FA33BF','2024-04-30 09:11:50','2024-10-29 15:25:53','commercial',NULL,NULL),(592,'jeanmichelkappe@gmail.com','[\"ROLE_COMMERCIAL_AGENT\", \"ROLE_CUSTOMER\", \"ROLE_USER\", \"ROLE_COMMERCIAL_AGENT\"]','$2y$13$v69VxYvDjr/J7LBQOiKuTer1h8w3IYFAz7H1YNRjJoGjAAxZ.0Jue','KAPPE','Jean-Michel','male',NULL,'06 31 49 61 68',0,'47B4C4A780B684C06F6BCB8DFCB8D5878910898232DAB058EA84909A3572B11BD593B619','2024-04-30 09:11:57','2024-10-29 15:25:53','commercial',NULL,NULL),(593,'frtomasini0485@orange.fr','[\"ROLE_COMMERCIAL_AGENT\", \"ROLE_CUSTOMER\", \"ROLE_USER\", \"ROLE_COMMERCIAL_AGENT\"]','$2y$13$bi4acz9/QJitYioDep0AwO1cGpp2zwF/.lnqJJGnrwHgN7kKwcChS','TOMASINI','François','male',NULL,'05 45 21 93 00',0,'2579303A3DD8597ED04AA74859F9C305F68DAF629E37B30110BA6FBD475576DF3B5F97D8','2024-04-30 09:12:05','2024-10-29 15:25:53','commercial',NULL,NULL),(594,'d.rouzaud@wanadoo.fr','[\"ROLE_COMMERCIAL_AGENT\", \"ROLE_CUSTOMER\", \"ROLE_USER\", \"ROLE_COMMERCIAL_AGENT\"]','$2y$13$oc.viBKmmE.66fzoOB/i.ueLB9so2wI/6aYgxzFLP2bl5TBaBnvuy','ROUZAUD','Dominique','male',NULL,'02 38 52 90 03',0,'89B996207418678B5FCD18B81385787D79A30328A757CC23A458EFCA44668EA823474EE3','2024-04-30 09:12:13','2024-10-29 15:25:54','commercial',NULL,NULL),(595,'nathaliescheid@hotmail.fr','[\"ROLE_COMMERCIAL_AGENT\", \"ROLE_CUSTOMER\", \"ROLE_USER\", \"ROLE_COMMERCIAL_AGENT\"]','$2y$13$UMgRUR28ZRg2DRTPIzNL6uTUybDaaRTFLkFh5Ou32jBzdj2nx7iHi','ROLHION SCHEID','Nathalie','male',NULL,'05 57 43 70 96',0,'652B47561622768C3CECBD725CF01528AEA72D72539CD3E8990884C0152461658BCA8489','2024-04-30 09:12:20','2024-10-30 15:26:35','commercial',NULL,NULL),(596,'jean.michel.mallet@wanadoo.fr','[\"ROLE_COMMERCIAL_AGENT\", \"ROLE_CUSTOMER\", \"ROLE_USER\", \"ROLE_COMMERCIAL_AGENT\"]','$2y$13$.eA8r8YtmbR0onbLk.w/eekS3mLtipenrC2hL6k2FbTRRdu.BZvhG','MALLET','JeanMichel','male',NULL,'02 40 33 20 20',0,'5823EA5EBE0D8DAE0FB179BFC015E58D9A292C319DAF18BBAE42F50A6EE2BF96E7DE4187','2024-04-30 09:12:28','2024-10-29 15:25:54','commercial',NULL,NULL),(597,'yann.morel@me.com','[\"ROLE_COMMERCIAL_AGENT\", \"ROLE_CUSTOMER\", \"ROLE_USER\", \"ROLE_COMMERCIAL_AGENT\"]','$2y$13$HpK52V4YucGPstAPfXlRgO8VLs4im6EY..tJWBJKr.9tqH9lvh/ai','MOREL','Yann','male',NULL,'0 80 65 55 19',0,'7FBDD1B0E1380BF0098C4420A00BF890D887558750CE5E9FF6BB2F4EC0A78F3223247C27','2024-04-30 09:12:36','2024-10-29 15:25:54','commercial',NULL,NULL),(598,'patriciachouamier@hotmail.fr','[\"ROLE_COMMERCIAL_AGENT\", \"ROLE_CUSTOMER\", \"ROLE_USER\", \"ROLE_COMMERCIAL_AGENT\"]','$2y$13$E61RBh47XLkNWqV8LKOOQeWGeADCbOPDLfglAhCRkzf3LyWZKBmYq','CHOUAMIERRENAULT','Patricia','male',NULL,'06 82 53 96 76',0,'37BBBAFCDEBC26395701175024030C8F5C452AE7467C4112D72ECE07651A8EAB857D00C2','2024-04-30 09:12:43','2024-10-29 15:25:54','commercial',NULL,NULL),(599,'sdebeaufort@wanadoo.fr','[\"ROLE_COMMERCIAL_AGENT\", \"ROLE_CUSTOMER\", \"ROLE_USER\", \"ROLE_COMMERCIAL_AGENT\"]','$2y$13$5YZXi9vQAOycj5doa5hX9.4IeEzhJMVFg74ZCoyyXmcEFl2t2SxvS','DEBEAUFORT','Sandrine','male',NULL,'06 85 30 79 24',0,'808D79C75DFAF981B770E8B37135B1559793EC9A2116B268DCA195C97933476A46437ADA','2024-04-30 09:12:50','2024-10-29 15:25:54','commercial',NULL,NULL),(600,'philippe.fenard@orange.fr','[\"ROLE_COMMERCIAL_AGENT\", \"ROLE_CUSTOMER\", \"ROLE_USER\", \"ROLE_COMMERCIAL_AGENT\"]','$2y$13$/vAUBMfY3Ma2UfFJnTHvqOhCXKCnq.fG6aALp/rOGkMw3ZCIscuPy','FENARD','Philippe','male',NULL,'06 80 42 71 10',0,'4BFA5CA6D4BB8C4AB0D7548A18E739F73366F1064CE074238162C70554B57B38C274EE8B','2024-04-30 09:12:58','2024-10-29 15:25:54','commercial',NULL,NULL),(601,'sasu.gabuis@gmail.com','[\"ROLE_COMMERCIAL_AGENT\", \"ROLE_CUSTOMER\", \"ROLE_USER\", \"ROLE_COMMERCIAL_AGENT\"]','$2y$13$wLIFIuXa/Uq.14yUy7PnrOYIQRfdGzARdHgSJk06OVA9GZDv9jsA.','BONSCH','Adrien','male',NULL,'06 16 71 51 61',0,'BEE8CBB607F139AB116A00D3F16745C1604319575512B606C3BE972E071CE93529707D18','2024-04-30 09:13:06','2024-10-29 15:25:54','commercial',NULL,NULL),(602,'boniol.marc@neuf.fr','[\"ROLE_COMMERCIAL_AGENT\", \"ROLE_CUSTOMER\", \"ROLE_USER\", \"ROLE_COMMERCIAL_AGENT\"]','$2y$13$QIY3sfxWT4tlwgut2kIm1.UpnC7VR2UyE.7AP2CDbNPlFaVcnI/SW','BONIOL','Marc','male',NULL,'05 53 83 33 37',0,'4433A8BCA9C6BF3F766FAFFD7D1F0AD089A9D00C768ABA3750BC1AE96D4C47431543A916','2024-04-30 09:13:13','2024-10-29 15:25:55','commercial',NULL,NULL),(603,'mb_diffusion_2000@bbox.fr','[\"ROLE_COMMERCIAL_AGENT\", \"ROLE_CUSTOMER\", \"ROLE_USER\", \"ROLE_COMMERCIAL_AGENT\"]','$2y$13$UID7XkLQM2MAr.yoZGUj4ekHKI1uxH92FTcRWW94Pdn5mcDdp.6Ju','BERGEOT','Jean-Michel','male',NULL,'02 43 24 87 67',0,'6CBD2225967671A12AEC2F2D5385CC57041B86A2CF1F143F03A7336E4C40B9FC43403A07','2024-04-30 09:13:21','2024-10-29 15:25:55','commercial',NULL,NULL),(604,'patrickfabre.ic@gmail.com','[\"ROLE_COMMERCIAL_AGENT\", \"ROLE_CUSTOMER\", \"ROLE_USER\", \"ROLE_COMMERCIAL_AGENT\"]','$2y$13$Duxz16o9jlzIz1nvxa/ryu8Y17lKtL8cYMYlLMu5Kej5Dsr1K5FCK','FABRE','Patrick','male',NULL,'09 87 27 05 96',0,'BD95F55ED5282B840ABB20368D8782CA8174893FDA12B76146FC70EEEB116BA0243ABDE9','2024-04-30 09:13:28','2024-10-29 15:25:55','commercial',NULL,NULL),(605,'kty.lediscot@gmail.com','[\"ROLE_COMMERCIAL_AGENT\", \"ROLE_CUSTOMER\", \"ROLE_USER\", \"ROLE_COMMERCIAL_AGENT\"]','$2y$13$Iing13NHtgd7uRYYrqdnUutWVFFDWxG6ucJ6IfXfPcpJoZHHuLYqi','LEDISCOT','Catherine','male',NULL,'02 90 98 28 05',0,'ED2A72852A84C29E4B68A78BFB43EDDF9714A58A2766DF5BE29C625F86A634D3CE1AA3FE','2024-04-30 09:13:36','2024-10-29 15:25:55','commercial',NULL,NULL),(606,'catherine.decauchy@wanadoo.fr','[\"ROLE_COMMERCIAL_AGENT\", \"ROLE_CUSTOMER\", \"ROLE_USER\", \"ROLE_COMMERCIAL_AGENT\"]','$2y$13$XXUaCfnyRbm2Y64Shvk85eDLUkYtlkWCaPCwb9KrgOM8JDTfahbQ.','DECAUCHY','Catherine','male',NULL,'03 22 46 51 11',0,'4E0E7D228DD994578E421E1DA9D3E77D9F4D6D468F07421C3E924F74E637681012178139','2024-04-30 09:13:43','2024-10-29 15:25:55','commercial',NULL,NULL),(607,'cedric.feuillie@me.com','[\"ROLE_COMMERCIAL_AGENT\", \"ROLE_CUSTOMER\", \"ROLE_USER\", \"ROLE_COMMERCIAL_AGENT\"]','$2y$13$67f76thdlrlk1tFa1JIYVeyYYcX.H8pS91V9el9NGnABIW7HG6b82','FEUILLIE','Cédric','male',NULL,'06 60 52 53 89',0,'A91D66B0DECA2D6B993C8DB15AC1C056170816C75A4491A44C613E30F115F6C9E9E12893','2024-04-30 09:13:50','2024-10-29 15:25:55','commercial',NULL,NULL),(608,'gourvennec.maryse@gmail.com','[\"ROLE_COMMERCIAL_AGENT\", \"ROLE_CUSTOMER\", \"ROLE_USER\", \"ROLE_COMMERCIAL_AGENT\"]','$2y$13$79ydhuCQebGnK56fR71R/uwqyU5oRIRgZmeA8Kp0acHsNGxM6vP.u','GOURVENNEC','Maryse','male',NULL,'06 87 33 27 49',0,'B284EB33EADF9D5A10E98F9765ED1B61338561BC04AF59181AA5F259B92D3A5B16AC1D09','2024-04-30 09:13:57','2024-10-29 15:25:55','commercial',NULL,NULL),(609,'pmhamel@noos.fr','[\"ROLE_COMMERCIAL_AGENT\", \"ROLE_CUSTOMER\", \"ROLE_USER\", \"ROLE_COMMERCIAL_AGENT\"]','$2y$13$b.PFJfi9oWb6bbjZhSGKFeNTaeQfmALfK3msodRwEsRWzU6/P/NGu','HAMEL','Patricia','male',NULL,'01 45 39 96 71',0,'E874075B1F39152CAADE6B855B59209C904C8669BC09414A2CA1D24E949B361CE2022CEB','2024-04-30 09:14:05','2024-10-29 15:25:55','commercial',NULL,NULL),(610,'okezouit@teknigence.com','[\"ROLE_COMMERCIAL_AGENT\", \"ROLE_CUSTOMER\", \"ROLE_USER\", \"ROLE_COMMERCIAL_AGENT\"]','$2y$13$jn0AtwFZriJrpiDth70Ms.R.k5JAZ8GC9YbOaOt54LawHiIIvh/wi','KEZOUIT','Omar','male',NULL,'06 82 28 19 13',0,'E1AEF494B4E31F7671640FC4DE9A47C2A4A3162E10F2F1D2CA5B169168521EAC395F475B','2024-04-30 09:14:12','2024-10-29 15:25:55','commercial',NULL,NULL),(611,'stephane.lefranc8@gmail.com','[\"ROLE_COMMERCIAL_AGENT\", \"ROLE_CUSTOMER\", \"ROLE_USER\", \"ROLE_COMMERCIAL_AGENT\"]','$2y$13$mSRpRI9KDhoriFpw28eOi.ATlYXA5THrXyiXaz4kQ67NHIGJHWiuG','LEFRANC','Stéphane','male',NULL,'06 82 86 74 57',0,'AD980FF0926EA1AEBF7BC8F4550EC9684AAACD50D4C8B66032F7A1D46C035717044E3035','2024-04-30 09:14:19','2024-10-29 15:25:56','commercial',NULL,NULL),(612,'sophie.rouleau@verpiot.com','[\"ROLE_COMMERCIAL_AGENT\", \"ROLE_CUSTOMER\", \"ROLE_USER\", \"ROLE_COMMERCIAL_AGENT\"]','$2y$13$E3aeuk7HG0oxlEXI9Y42o.wGv1tKW.q3ZQla0FC8hdOYPsAU9Pwfi','ROULEAU-VERPIOT','Sophie','male','1973-05-22','06 63 25 44 10',0,'8BCE23A583B7E9BD9DF5B7F57EC13F1DB7E8A7B8B97E75A8153BBCD58AB658118CFCF61F','2024-04-30 09:14:27','2024-10-29 15:25:56','commercial',NULL,NULL),(613,'jerome.sabourin@gmail.com','[\"ROLE_COMMERCIAL_AGENT\", \"ROLE_CUSTOMER\", \"ROLE_USER\", \"ROLE_COMMERCIAL_AGENT\"]','$2y$13$dxrJHyez.HvwPZrI4VYs6.eSunj9xvXbb2RvvArnavhS93JPQhfZ.','SABOURIN','Jérôme','male',NULL,'02 31 65 07 75',0,'8FAF3CAF0526386E0B77FAFFB205D1E4E74E5DF4A2D1A19CDBFB931AA7C6A467CA56694F','2024-04-30 09:14:35','2024-10-29 15:25:56','commercial',NULL,NULL),(614,'francois.dornant@gmail.com','[\"ROLE_COMMERCIAL_AGENT\", \"ROLE_CUSTOMER\", \"ROLE_USER\", \"ROLE_COMMERCIAL_AGENT\"]','$2y$13$298L6Us.o2lBqt1i9DZqluDNLuFQ4yeBBipNX9mM4TyS6zZk7AH42','D\'ORNANT','François','male',NULL,'09 53 11 65 75',0,'43D7920A812FE5D014AB0A324AFAB422B5D823F48EECF5CCD13C0ABB348C093986E69F52','2024-04-30 09:14:42','2024-10-29 15:25:56','commercial',NULL,NULL),(615,'mvi.marketing@free.fr','[\"ROLE_COMMERCIAL_AGENT\", \"ROLE_CUSTOMER\", \"ROLE_USER\", \"ROLE_COMMERCIAL_AGENT\"]','$2y$13$OGekHbbr2P98bPAQbf5jqe//5224VcoigR8qnNXawXvoFybUxuW5i','Delebecque','Gilles','male',NULL,'03 21 37 29 29',0,'47A4E851130F049FDA1CAD9859607B9098C19B407F8484B0BD6927ED102B069D17363DB5','2024-04-30 09:14:50','2024-10-30 15:24:13','commercial',NULL,NULL),(616,'agenceclaris@wanadoo.fr','[\"ROLE_COMMERCIAL_AGENT\", \"ROLE_CUSTOMER\", \"ROLE_USER\", \"ROLE_COMMERCIAL_AGENT\"]','$2y$13$0c5rqBckOkh1rL9KlSXy1uEX.ksz4Z/xcTsMwOP4nWbTO.XvuLoEi','MEYRAULT','Jean-Maurice','male',NULL,'06 09 40 79 20',0,'B15636F723F08EC6E2C22E3D8C97EB52DB29A0F25B4ECA5E967C9E055DA235D67020EEF7','2024-04-30 09:14:57','2024-10-29 15:25:56','commercial',NULL,NULL),(617,'fabien.devez@orange.fr','[\"ROLE_COMMERCIAL_AGENT\", \"ROLE_CUSTOMER\", \"ROLE_USER\", \"ROLE_COMMERCIAL_AGENT\"]','$2y$13$lWG6baqW/dBru1LiisN6DuRsCGM20elDbmGoU5g3l339z4AqyWLey','DEVEZ','Fabien','male',NULL,'02 47 92 26 26',0,'AFF2C463FB6B1F3DE6ADEE07572A942F936FB4F7546A8AFFBAEA8A8072F729E72AE11F43','2024-04-30 09:15:05','2025-02-03 11:39:39','commercial',NULL,NULL),(618,'marc.popis@france-aeraulique.fr','[\"ROLE_CUSTOMER_VALIDATED\", \"ROLE_CUSTOMER_VALIDATED\", \"ROLE_COMMERCIAL_AGENT\", \"ROLE_CUSTOMER\", \"ROLE_USER\"]','$2y$13$yTtZlKxOVhlkm8PxhBvb0.lSD4Ar1VMh/0.rfY9K.5dhnQuAwee0.','POPIS','Marc','male','1957-07-19','+33 684789792',0,NULL,'2024-04-30 09:15:12','2025-02-26 11:24:12','commercial',NULL,NULL),(619,'mario.debaisieux@wanadoo.fr','[\"ROLE_COMMERCIAL_AGENT\", \"ROLE_CUSTOMER\", \"ROLE_USER\", \"ROLE_COMMERCIAL_AGENT\"]','$2y$13$ZkTlAxl2M3Z2tzQu6/gX5.DXpd0iL7QYehMnYQKS3Z4Nn68bFjAQu','DEBAISIEUX','Mario','male',NULL,'04 94 51 41 00',0,'42EDC1838016698AA79F03A0FCA84ED9531F9F587B747151A1DC464A04AAB7EFC81D1B0E','2024-04-30 09:15:20','2024-10-29 15:25:57','commercial',NULL,NULL),(620,'paul.donnadieu@free.fr','[\"ROLE_COMMERCIAL_AGENT\", \"ROLE_CUSTOMER\", \"ROLE_USER\", \"ROLE_COMMERCIAL_AGENT\"]','$2y$13$9q3aEtqyS9/2JLnxtHOs1.xSrLTTI9.IctF3nclNjo1714MHPxjUO','DONNADIEU','Paul','male',NULL,'01 45 27 75 50',0,'EFD9DFB435EAE2FC44E09C9917DD2CA97AA52FF1DD1467BB0B006ED3E6B41D0C22005D00','2024-04-30 09:15:28','2024-10-29 15:25:57','commercial',NULL,NULL),(621,'champeval13@gmail.com','[\"ROLE_COMMERCIAL_AGENT\", \"ROLE_CUSTOMER\", \"ROLE_USER\", \"ROLE_COMMERCIAL_AGENT\"]','$2y$13$YA7i5wbj.ke.QHIB9mUIrexAkNv3bN9ORy9hZj8NF1PLEVpyUZ79G','CHAMPEVAL','Philippe','male',NULL,'06 86 56 10 07',0,'A1F79172584325FA80E1B49569C09961AA5F7EEC7E36FBA1B387A979D66312F6A104E356','2024-04-30 09:15:35','2024-10-29 15:25:57','commercial',NULL,NULL),(622,'sarlduluc@wanadoo.fr','[\"ROLE_COMMERCIAL_AGENT\", \"ROLE_CUSTOMER\", \"ROLE_USER\", \"ROLE_COMMERCIAL_AGENT\"]','$2y$13$ZZUt7hMzpaJIc3uAbYe9H.mYW1YpSdnMBlhPWFVI1ri7w3BGnEsgK','DULUC','JeanGuy','male',NULL,'05 58 09 09 43',0,'8E3B96528BEB4FF25BA736252EB70998D6CAD41576A5278B099B12D86B13C33C74864035','2024-04-30 09:15:43','2024-10-29 15:25:57','commercial',NULL,NULL),(623,'charlesleonetti@free.fr','[\"ROLE_COMMERCIAL_AGENT\", \"ROLE_CUSTOMER\", \"ROLE_USER\", \"ROLE_COMMERCIAL_AGENT\"]','$2y$13$qtps5Oa/0D7MbQ6OSLoeRe39i3Y//YskANx2vqDHJ2m7OP6WraUoK','LEONETTI','Charles','male',NULL,'06 88 74 67 82',0,'1334A2FE96534C3C8E3CB2331DA4D72B79950A006FD576B78F0D530038A02FAD91222E5F','2024-04-30 09:15:51','2024-10-29 15:25:57','commercial',NULL,NULL),(624,'remy.nibourel@bridoux-cie.com','[\"ROLE_COMMERCIAL_AGENT\", \"ROLE_CUSTOMER\", \"ROLE_USER\", \"ROLE_COMMERCIAL_AGENT\"]','$2y$13$hQ22pPLkWl8fZXfgkM9De.0Sm920oxjdYIuUDFYI1llWBJlQmrlDS','NIBOUREL','Rémy','male',NULL,'04 92 53 88 89',0,'92911C43538C66D5D585D2C987B15CA5A078C683E50DDA2DC346DE8D77D1BFA23D96A0AF','2024-04-30 09:15:58','2024-10-29 15:25:57','commercial',NULL,NULL),(625,'sam.simon@hotmail.fr','[\"ROLE_COMMERCIAL_AGENT\", \"ROLE_CUSTOMER\", \"ROLE_USER\", \"ROLE_COMMERCIAL_AGENT\"]','$2y$13$ue1ChipLvTEnmUUWsNUPteucktZhte5RVAOPWihAe9m8Yqm9GFqg2','ZOUARI','Simon','male',NULL,'06 49 95 38 64',0,'58B07717449C172A343CEDB4C3D2809DAE4FA8C9F37D273D2A21DC7E06DFD00C5B7A9146','2024-04-30 09:16:06','2024-10-29 15:25:57','commercial',NULL,NULL),(626,'omartelouest@orange.fr','[\"ROLE_COMMERCIAL_AGENT\", \"ROLE_CUSTOMER\", \"ROLE_USER\", \"ROLE_COMMERCIAL_AGENT\"]','$2y$13$qFntx7/KsxVhGpL3/YH51.gf5JQ24QsxvqPmwENg3nbHPN3HWMrA6','MARTEL','Olivier','male',NULL,'02 98 68 91 38',0,'997B643BA838A3193B3D3852A8733EE6D02021780201DBE20D509374FF639E3BCA063422','2024-04-30 09:16:14','2024-10-29 15:25:57','commercial',NULL,NULL),(627,'catherine.peillier@toleco.fr','[\"ROLE_COMMERCIAL_AGENT\", \"ROLE_CUSTOMER\", \"ROLE_USER\", \"ROLE_COMMERCIAL_AGENT\"]','$2y$13$zKyy7vME/pZQ2NdhQfMYuelwrvYIFMJ9sKmGI77sHeXoJnKZhG/Eu','PEILLIER','Catherine','male',NULL,'05 53 08 82 47',0,'C99577BD83779547F7C09A2881FAA871987F38BDBC77FAA1D5817D80F6EA03116B905D33','2024-04-30 09:16:21','2024-10-29 15:25:58','commercial',NULL,NULL),(628,'sltf@sltf.fr','[\"ROLE_COMMERCIAL_AGENT\", \"ROLE_CUSTOMER\", \"ROLE_USER\", \"ROLE_COMMERCIAL_AGENT\"]','$2y$13$g5mzi1/sHPHTT9AaNQ8SCONSsVTXhOvk/fE.hyivEVQdHM1LEF.0K','LAMROUDI','Saïd','male','1970-07-24','01 45 98 27 24',0,'66EA03ACB45E684C80B39FAE7060177723769686E0BB3B3664F5C4766DE479EF8E499CEE','2024-04-30 09:16:29','2024-10-29 15:25:58','commercial',NULL,NULL),(629,'c.lestienne@gmx.fr','[\"ROLE_COMMERCIAL_AGENT\", \"ROLE_CUSTOMER\", \"ROLE_USER\", \"ROLE_COMMERCIAL_AGENT\"]','$2y$13$ukY6hvw84PNebi1fnYaFSePAKKdS.bu1YxRwiPvurxruLxaXcfl36','LESTIENNE','Christophe','male',NULL,'06 07 74 39 53',0,'AEEDCB3BF25B122983B0C8D7F4CA55F2642EDD42D253F83A46A53CD9AA619DC219301F79','2024-04-30 09:16:36','2024-10-29 15:25:58','commercial',NULL,NULL),(630,'pascal.perrinet@gmail.com','[\"ROLE_COMMERCIAL_AGENT\", \"ROLE_CUSTOMER\", \"ROLE_USER\", \"ROLE_COMMERCIAL_AGENT\"]','$2y$13$3akFa/e0bh0kDmNjerAOn.m7wyarIj90vIKp8Y8.RuW0MygBucTUC','PERRINET','Pascal','male',NULL,'07 61 62 33 00',0,'EE9A27132D8FE4FC3A88ED1B6C5094258B2402854DE0B5C940C60A34DFB6B23A6E948579','2024-04-30 09:16:44','2024-10-29 15:25:58','commercial',NULL,NULL),(631,'edsa75@gmail.com','[\"ROLE_COMMERCIAL_AGENT\", \"ROLE_CUSTOMER\", \"ROLE_USER\", \"ROLE_COMMERCIAL_AGENT\"]','$2y$13$F3f2j353rwS8uQ909VYpBOCvLNZNNC9jpSo1wGKCUt2nia5uYonxG','DASILVA','Elishabeth','male',NULL,'01 60 17 85 00',0,'E8304CA67E7CD4C9BAAAE4D4F515405479FC58D61F439D78ED161A5739F7A54FFA27B5B7','2024-04-30 09:16:51','2024-10-29 15:25:58','commercial',NULL,NULL),(632,'trocmetjb@hotmail.fr','[\"ROLE_COMMERCIAL_AGENT\", \"ROLE_CUSTOMER\", \"ROLE_USER\", \"ROLE_COMMERCIAL_AGENT\"]','$2y$13$XEZkVSh2hoo5PyA2K63cU.RMEJjiE2TLkIpWs6qpSihpGszJG1k0i','TROCMET','Jean-Baptiste','male',NULL,'06 49 95 38 64',0,'13C3C261C52C7B248EF80E89FEA6571F709ABB36572454F11849629927C721E571A9E050','2024-04-30 09:16:59','2024-10-29 15:25:58','commercial',NULL,NULL),(633,'jacques.lacombe7@wanadoo.fr','[\"ROLE_COMMERCIAL_AGENT\", \"ROLE_CUSTOMER\", \"ROLE_USER\", \"ROLE_COMMERCIAL_AGENT\"]','$2y$13$iLN4Bb815m.HGC2ETIy0UusVBF4cNsHgBfFhb1Xvg7VhkSLomP.QS','LACOMBE','Jacques','male',NULL,'05 55 86 81 60',0,'E6F5CBB7EF174A166E1105479C9A7BA8C7184553AD01C0A5C22CB85E946ECA938EFF1A9A','2024-04-30 09:17:06','2024-10-30 15:38:44','commercial',NULL,NULL),(634,'info@kloosvins.com','[\"ROLE_COMMERCIAL_AGENT\", \"ROLE_CUSTOMER\", \"ROLE_USER\", \"ROLE_COMMERCIAL_AGENT\"]','$2y$13$omvu6cxkZ4lYZjPJ1rBtwOJgAmqPrmWxaotMZBCNxqs5NVA9Pgeli','KLOOSTRA','Emilia','male',NULL,'04 67 38 04 03',0,'8A3FEF8A07805514E968D93863489C3837F86497A18E6BC2FEC9D3FEFD767ABDE7F5ADC0','2024-04-30 09:17:14','2024-10-29 15:25:58','commercial',NULL,NULL),(635,'p.milleret@orange.fr','[\"ROLE_COMMERCIAL_AGENT\", \"ROLE_CUSTOMER\", \"ROLE_USER\", \"ROLE_COMMERCIAL_AGENT\"]','$2y$13$x2Gt8bZnad1P5qFmaXezgO65D1m6wxPvtpX20ZHHDdGqxkwtqm0E2','MILLERET','Patrick','male',NULL,'02 97 69 05 12',0,'D7E9D3048D37D5B527763C0F757735187C7259F7FCE24730BBD5A7A45E87F75AD3DB6102','2024-04-30 09:17:22','2024-10-29 15:25:58','commercial',NULL,NULL),(636,'agence@ardin-coyne.com','[\"ROLE_COMMERCIAL_AGENT\", \"ROLE_CUSTOMER\", \"ROLE_USER\", \"ROLE_COMMERCIAL_AGENT\"]','$2y$13$j4DLni5e/Hm54lvPt5uFQeWOQ4UuUY5Tog46m.tGnNqhUHJOToJIm','COYNE','Olivier','male',NULL,'02 37 53 14 14',0,'C5878D09C61607E12292B7A9AC7E4EECD59651CEDED23A05B7CAFDBC7014073E8CB97A9F','2024-04-30 09:17:29','2024-10-30 15:34:48','commercial',NULL,NULL),(637,'contact@Benoit-grim.fr','[\"ROLE_COMMERCIAL_AGENT\", \"ROLE_CUSTOMER\", \"ROLE_USER\", \"ROLE_COMMERCIAL_AGENT\"]','$2y$13$wI522jK6xlaLoiOV6IGH1OEF7WbCcgj5a8kK6XT2SuFalZviG3bO.','GRIM','Benoit','male','1965-07-24','06 85 73 76 19',0,'8ADE438C0E5C076C0061008B425339063AC6BA31D69C1A6CC3A4F92FDA74F73AF52DE420','2024-04-30 09:17:36','2024-10-29 19:19:24','commercial',NULL,NULL),(638,'olivier.roy100@gmail.com','[\"ROLE_COMMERCIAL_AGENT\", \"ROLE_CUSTOMER\", \"ROLE_USER\", \"ROLE_COMMERCIAL_AGENT\"]','$2y$13$ubz9v4kegSAwsBVxLBDqYuFUOXDbRY1Bphrzk9m7v4gltt0cNGbEy','ROY','Olivier','male',NULL,'06 70 27 26 45',0,'CE1F5A77C776FFEDB42CD28E7F6C944FCBDA29C4E821415BCC66D4C4EBFA3A6B050278FE','2024-04-30 09:17:44','2024-10-29 15:25:59','commercial',NULL,NULL),(639,'jacques.fourmond@orange.fr','[\"ROLE_COMMERCIAL_AGENT\", \"ROLE_CUSTOMER\", \"ROLE_USER\", \"ROLE_COMMERCIAL_AGENT\"]','$2y$13$VcVpgm66WfATR8YbbkLyy.73NDuT7rPtfFxXQaaEV8XHvy.GD39oC','FOURMOND','Jacques','male',NULL,'09 66 91 02 57',0,'FD5B646929961048CFFC05E4899D7301E4EFE87E79914D266B0C34E1A6E7D5A91E26797A','2024-04-30 09:17:51','2024-10-29 15:25:59','commercial',NULL,NULL),(640,'davodeau@club-internet.fr','[\"ROLE_COMMERCIAL_AGENT\", \"ROLE_CUSTOMER\", \"ROLE_USER\", \"ROLE_COMMERCIAL_AGENT\"]','$2y$13$5HyvwO21EqDZOWMVsdjGkevpmc3wX.0XfBsJ1/EIJZiTlMH62LJm2','Davodeau','Nadine','male',NULL,'02 40 36 71 36',0,'1BFE502953241F990BA325A93F89E152A14A2BC74C82754F8DDB4D13646E2AA9E55333F9','2024-04-30 09:17:59','2024-10-30 15:09:45','commercial',NULL,NULL),(641,'r.pougner@concept-habitat.com','[\"ROLE_COMMERCIAL_AGENT\", \"ROLE_CUSTOMER\", \"ROLE_USER\", \"ROLE_COMMERCIAL_AGENT\"]','$2y$13$3FpOtoE4JR6DrhHrL9wPzu5qqze3CZOGE/JxqnSxMaupTo1OtLs9G','POUGNER','Roland','male','1952-01-28','04 94 49 25 29',0,'6F7DC442260A8C38BFB2914F34BAA9561B8F502DEAE7A74C1578C86336371AB5FE7C33FE','2024-04-30 09:18:07','2024-10-29 15:25:59','commercial',NULL,NULL),(642,'doal@wanadoo.fr','[\"ROLE_COMMERCIAL_AGENT\", \"ROLE_CUSTOMER\", \"ROLE_USER\", \"ROLE_COMMERCIAL_AGENT\"]','$2y$13$/T1R37sob2orifGYCoEBqORdoyRitely42CGkl1GZjoGRhc8.r3HG','ALBERT','Dominique','male',NULL,'01 64 22 68 05',0,'F46C6D2F88E7F8AF08CC34DEA6E64826D93335E7886507E09CE870518D2B32F2D11D9FA5','2024-04-30 09:18:14','2024-10-29 15:25:59','commercial',NULL,NULL),(643,'egiguren.i@gmail.com','[\"ROLE_COMPANY\", \"ROLE_CUSTOMER\", \"ROLE_USER\", \"ROLE_COMPANY\"]','$2y$13$oaq4j0/TiCEuOHs.RHiRMOqpMyr2JBBzYl6fnrIRW.y2yh5BrXXDq','EGIGUREN','In1igo','male',NULL,'0559481792',0,'2887079956CF578C8E7A1D2B95DBDB1CE4A6F5EA585F2D32A7AC530E4A2C03B1EB1FF6A9','2024-04-30 09:18:22','2024-10-29 17:20:21','company',NULL,NULL),(644,'thomas@lalunebleue.fr','[\"ROLE_COMPANY\", \"ROLE_CUSTOMER\", \"ROLE_USER\", \"ROLE_COMPANY\"]','$2y$13$Xl/bH83Kn.v1tCFStnGeZeYMVmVCCr7rph/YOEwmfvCqUYGGvWAMa','Goret','Thomas','male',NULL,'0689508412',0,'E8D30B3CBCAE10A440B511355AF7862861650CE66C375CFE601F454148DF99F02B7CE896','2024-04-30 09:18:29','2024-10-29 17:22:38','company',NULL,NULL),(645,'louis.depaz@wanadoo.fr','[\"ROLE_COMPANY\", \"ROLE_CUSTOMER\", \"ROLE_USER\", \"ROLE_COMPANY\"]','$2y$13$ZWtWuBV8/XWnC96O8l2PhOFP9G17w/jpgDyHwsp5.mlb14gpOIn6u','DEPAZ','Louis','male',NULL,'0696980936',0,'3BA64213C6734A4B4B04351339AF929D08E194DD4A16C27DB64E8B9DFC06DF1F876C54BB','2024-04-30 09:18:37','2024-10-29 17:23:38','company',NULL,NULL),(646,'b.anquetil@aquaoceane.fr','[\"ROLE_COMPANY\", \"ROLE_CUSTOMER\", \"ROLE_USER\", \"ROLE_COMPANY\"]','$2y$13$gPctcIZ90VT85myvZFL7KeRWYd9r2vY4szyV6gJQMzEzODuwKV2O2','ANQUETIL','BERNARD','male',NULL,'0235481515',0,'E8D30B3CBCAE10A440B511355AF7862861650CE66C375CFE601F454148DF99F02B7CE896','2024-04-30 09:18:44','2024-10-29 17:23:41','company',NULL,NULL),(647,'s.tranchevent@gmail.com','[\"ROLE_COMPANY\", \"ROLE_CUSTOMER\", \"ROLE_USER\", \"ROLE_COMPANY\"]','$2y$13$Vdt35IGNeOzOBZCBtH2p0ekDshFN50FGfXFZVoNvqLAWKnAzBG6ua','Tranchevent','samuel','male',NULL,'0698251909',0,'E8D30B3CBCAE10A440B511355AF7862861650CE66C375CFE601F454148DF99F02B7CE896','2024-04-30 09:18:52','2024-10-29 17:23:52','company',NULL,NULL),(648,'ornella.attianese@gmail.com','[\"ROLE_COMPANY\", \"ROLE_CUSTOMER\", \"ROLE_USER\", \"ROLE_COMPANY\"]','$2y$13$jQx9zA5x1J1YJIUTFFDAt.t4ZJksYPgOsXn4D/tiFAvwgB2UNpv2K','Attianese','Ornella','male',NULL,'0635551459',0,'3BB5FFE9ABD5E66132ED20220996479EC54E040258D00AB8198E5E053C45F3430437D108','2024-04-30 09:19:00','2024-10-29 17:23:55','company',NULL,NULL),(649,'j.b_robini@orange.fr','[\"ROLE_COMPANY\", \"ROLE_CUSTOMER\", \"ROLE_USER\", \"ROLE_COMPANY\"]','$2y$13$HVOHsFoxv0gRDpEp5SYfMecUNVTYh8F4qJvmUxcvJKYwjx5eV/yfO','ROBINI','jeanbernard','male',NULL,'0142251230',0,'0E1B12A11487822074315BB1186735E420EF06545232DB184501E8D497FF4993DAFF0A81','2024-04-30 09:19:07','2024-10-29 17:24:03','company',NULL,NULL),(650,'yvan.restout@laposte.net','[\"ROLE_COMPANY\", \"ROLE_CUSTOMER\", \"ROLE_USER\", \"ROLE_COMPANY\"]','$2y$13$yLhCPmUWrNausawHGEWyDOTuyrjTNYvnofkfr5IXK4nFMh1bH16h6','RESTOUT','Yvan','male',NULL,'0624346771',0,'E8D30B3CBCAE10A440B511355AF7862861650CE66C375CFE601F454148DF99F02B7CE896','2024-04-30 09:19:14','2024-10-29 17:24:13','company',NULL,NULL),(651,'comercial@eima.net','[\"ROLE_COMPANY\", \"ROLE_CUSTOMER\", \"ROLE_USER\", \"ROLE_COMPANY\"]','$2y$13$dmRKERRpcP6AN7kEUIebkeud4xA9sw6joLGYS3yBxcFd2csPzPKbO','-','-','male',NULL,'-',0,'6E32573408480F9FF02EE725228E09041EE96B84CEB86FB897501EC660CB85F513D42565','2024-04-30 09:19:22','2024-10-29 17:24:17','company',NULL,NULL),(652,'michel.bouchara@wanadoo.fr','[\"ROLE_COMPANY\", \"ROLE_CUSTOMER\", \"ROLE_USER\", \"ROLE_COMPANY\"]','$2y$13$MYAfAt66l9rFRKdYb5/dW.UH0DAP9ALaomQkfmnP23IIWIKBTP88S','BOUCHARA','Michel','male',NULL,'0142420644',0,'FD614757A71D90344252845C5B3F7D31E719BE1E97F9B9A04A147310451917F21C2741AA','2024-04-30 09:19:30','2024-10-29 17:24:21','company',NULL,NULL),(653,'france@ateassessors.com','[\"ROLE_COMPANY\", \"ROLE_CUSTOMER\", \"ROLE_USER\", \"ROLE_COMPANY\"]','$2y$13$quSnQ/vqLP/XHOTC91dMPuCxtevrdumyM9R0btEozaAARzOlWxnAu','FERNANDEZ','Judit','male',NULL,'-',0,'9A3F732BD6BEEBBE48CDC7FB97F277E1A086F687C0D9A62930631D854DC7F9D158BC6566','2024-04-30 09:19:37','2024-10-29 17:24:24','company',NULL,NULL),(654,'raphael.leitao@hotmail.fr','[\"ROLE_COMPANY\", \"ROLE_CUSTOMER\", \"ROLE_USER\", \"ROLE_COMPANY\"]','$2y$13$Ur7mplvqKS/qEXftaHaok.TsvAUNYjGfvH9vfrKL6GEs4RW0CVYj.','dr','cdsfv','male',NULL,'02616',0,'E115202D68BBF533468C69373311CB93C27F0C980D098AD680E0CF186A8318272AA1C2D7','2024-04-30 09:19:44','2024-10-29 17:24:27','company',NULL,NULL),(655,'ch-union@wanadoo.fr','[\"ROLE_COMPANY\", \"ROLE_CUSTOMER\", \"ROLE_USER\", \"ROLE_COMPANY\"]','$2y$13$NAd5cQYuD1fKNwVKzj8AmeygcnTpew3lRltAYqw0odu0WaZLRrtKq','BOUCHARA','Michel','male',NULL,'0142420644',0,'E8D30B3CBCAE10A440B511355AF7862861650CE66C375CFE601F454148DF99F02B7CE896','2024-04-30 09:19:51','2024-10-29 17:24:31','company',NULL,NULL),(656,'jmkoczor@gmail.com','[\"ROLE_COMPANY\", \"ROLE_CUSTOMER\", \"ROLE_USER\", \"ROLE_COMPANY\"]','$2y$13$cjFKTUTzVFA01ntSKO4rV.Mc7T41TzJ.bJwkk7xuDLmSS8IMuJJXC','Koczor','Jean-Marc','male',NULL,'0669642132',0,'E8D30B3CBCAE10A440B511355AF7862861650CE66C375CFE601F454148DF99F02B7CE896','2024-04-30 09:19:59','2024-10-29 17:24:06','company',NULL,NULL),(657,'herve.cherbuy@wanadoo.fr','[\"ROLE_COMPANY\", \"ROLE_CUSTOMER\", \"ROLE_USER\", \"ROLE_COMPANY\"]','$2y$13$wmkZeFgXuoSXKVnazcI3ieEX2a1F0GyQ4oC4umNrZm3Wn9tI4/BMq','cherbuy','hervé','male',NULL,'0607841884',0,'E8D30B3CBCAE10A440B511355AF7862861650CE66C375CFE601F454148DF99F02B7CE896','2024-04-30 09:20:07','2024-10-29 17:22:03','company',NULL,NULL),(658,'sourice.joseph@sfr.fr','[\"ROLE_CUSTOMER_VALIDATED\", \"ROLE_CUSTOMER_VALIDATED\", \"ROLE_COMMERCIAL_AGENT\", \"ROLE_CUSTOMER\", \"ROLE_USER\"]','$2y$13$Su2/LgcNb5WnmYkOZEDbROYUJoDzH2npSt5/k3UDeA9ZH5GO3j6gi','SOURICE','Joseph','male','1954-03-18','06 74 15 42 94',0,NULL,'2024-04-30 09:20:14','2025-02-07 16:11:32','commercial',NULL,NULL),(659,'patrice.mancassola@estvideo.fr','[\"ROLE_COMPANY\", \"ROLE_CUSTOMER\", \"ROLE_USER\", \"ROLE_COMPANY\"]','$2y$13$nEgbpRD2kyxmILXexDvHHeeC71OSbKc8H4AKMKFHF89IdZeQ.R2nC','Mancassola','Patrice','male',NULL,'+33683920291',0,'E8D30B3CBCAE10A440B511355AF7862861650CE66C375CFE601F454148DF99F02B7CE896','2024-04-30 09:20:22','2024-10-29 17:22:12','company',NULL,NULL),(660,'csauvajolrialland@socomment.fr','[\"ROLE_COMPANY\", \"ROLE_CUSTOMER\", \"ROLE_USER\", \"ROLE_COMPANY\"]','$2y$13$OLXUN6FAnwzISdK767g.COs7R3VTmeLsuG0Z6Ye83DR6iBCt1Xqky','SAUVAJOL-RIALLAND','Caroline','male',NULL,'0616662090',0,'7059BAE5B9F29435527A7D4CCCB7D2073F65AAA06718B12493F6272D13843A8F89B18475','2024-04-30 09:20:30','2024-10-29 17:22:15','company',NULL,NULL),(661,'stemazza@me.com','[\"ROLE_COMPANY\", \"ROLE_CUSTOMER\", \"ROLE_USER\", \"ROLE_COMPANY\"]','$2y$13$SR4ta3M48ckNPIglirBCAOET2xPCcXUhRHTPgvY108P/iAm6BLMB.','MAZZA','Stefano','male',NULL,'0672171378',0,'9F3DB7456C1DB18183303935FB4E9AB2766BBDCB621F4EEAABD74EBDB83A237FEDF21061','2024-04-30 09:20:37','2024-10-29 17:22:33','company',NULL,NULL),(662,'serge.bettan@lula-diffusion.fr','[\"ROLE_COMPANY\", \"ROLE_CUSTOMER\", \"ROLE_USER\", \"ROLE_COMPANY\"]','$2y$13$S7wisxu5YZTDzvppaHF4tOZ2tTL2l0NJ2Wna/zEZ0uBQ7tgF35g16','BETTAN','SERGE','male',NULL,'0682851011',0,'1326848F7D9FD0291E62EA55C712E6502B6ED7AB515CCDB565901B9904B5AFE70C5B6798','2024-04-30 09:20:45','2024-10-29 17:22:52','company',NULL,NULL),(663,'corradi.jean-paul@orange.fr','[\"ROLE_COMPANY\", \"ROLE_CUSTOMER\", \"ROLE_USER\", \"ROLE_COMPANY\"]','$2y$13$prV9ZgB3tLy7rFA8OLhUReQoMF.dBu0U7R9PiUdcP5Pv1OP1IPGAy','Corradi','Jean-Paul','male',NULL,'06 78 95 69 13',0,'BC1FF9DD2F70DBA75F914B832BA7243321081A2922CC95325FFDEAE4B33211F98990F9B8','2024-04-30 09:20:52','2024-10-29 17:23:03','company',NULL,NULL),(664,'contact@revedepan.com','[\"ROLE_COMPANY\", \"ROLE_CUSTOMER\", \"ROLE_USER\", \"ROLE_COMPANY\"]','$2y$13$p3V4zewRtzxitRJapJk8LuD5Ve7uIni7f86tcdYNCHKMpmap189Li','DEVANNOISE','RACHEL','male',NULL,'0243027068',0,'E8D30B3CBCAE10A440B511355AF7862861650CE66C375CFE601F454148DF99F02B7CE896','2024-04-30 09:21:00','2024-10-29 17:23:06','company',NULL,NULL),(665,'pcaternet@gmail.com','[\"ROLE_COMPANY\", \"ROLE_CUSTOMER\", \"ROLE_USER\", \"ROLE_COMPANY\"]','$2y$13$Bj4KCiEfAdwLPuWQRvfhK.WBid/h5bol84YuJBrFixUQGcU35P53a','caternet','pauline','male',NULL,'0674515069',0,'E8D30B3CBCAE10A440B511355AF7862861650CE66C375CFE601F454148DF99F02B7CE896','2024-04-30 09:21:07','2024-10-29 17:23:10','company',NULL,NULL),(666,'phd@bilwinco.com','[\"ROLE_COMPANY\", \"ROLE_CUSTOMER\", \"ROLE_USER\", \"ROLE_COMPANY\"]','$2y$13$2lKkNOe.Tq9OUhvYWZVg3esQR8XdQodSdmjvLOswi/sNZLDeQJoM6','Dahl','Philip','male',NULL,'+45 86 51 06 66',0,'D84EECC9FE178D2AC3ED010D43F7D965A9B07FF347956823069022989D5AD0C269CB2168','2024-04-30 09:21:14','2024-10-29 17:23:13','company',NULL,NULL),(667,'hdesaintexupery@metalsupply.fr','[\"ROLE_COMMERCIAL_AGENT\", \"ROLE_CUSTOMER\", \"ROLE_USER\", \"ROLE_COMMERCIAL_AGENT\"]','$2y$13$dCLyWzMQtPRhV9UalzDl3uzDBdTTzcJUsvikINOG7kxIdtI0GO2HW','deSaintExupery','Hubert','male',NULL,'06 70 41 59 39',0,'383027D4CD3893322B3CF746C95C7E41628527E435496C570916E8D87FD462E85716058B','2024-04-30 09:21:22','2024-10-29 15:26:01','commercial',NULL,NULL),(668,'acomaeva64@gmail.com','[\"ROLE_COMPANY\", \"ROLE_CUSTOMER\", \"ROLE_USER\", \"ROLE_COMPANY\"]','$2y$13$td9D3PDvl/sGAk0lN0/c/OcovN6KZBYWXymOrGAWPTJWll9K5x9AW','STEVENSON','MAEVA','male',NULL,'',0,'E8D30B3CBCAE10A440B511355AF7862861650CE66C375CFE601F454148DF99F02B7CE896','2024-04-30 09:21:29','2024-10-29 17:26:59','company',NULL,NULL),(669,'jbourdaire1306@gmail.com','[\"ROLE_COMPANY\", \"ROLE_CUSTOMER\", \"ROLE_USER\", \"ROLE_COMPANY\"]','$2y$13$aUQWBPw6/Z9jmpNKzZRFYeZdc7LIkiCbDVKHaEb/67VT9WL94JlwG','Bourdaire','Jerome','male',NULL,'00491633546709',0,'E8D30B3CBCAE10A440B511355AF7862861650CE66C375CFE601F454148DF99F02B7CE896','2024-04-30 09:21:37','2024-10-29 17:45:48','company',NULL,NULL),(670,'administration@w-tech.fr','[\"ROLE_COMPANY\", \"ROLE_CUSTOMER\", \"ROLE_USER\", \"ROLE_COMPANY\"]','$2y$13$h21IgvNfFXV/gGD4hfXzauYB7Szdr9b5/DaDXL6SzDB6QkLOP91/W','Weeger','Olivier','male',NULL,'04 74 93 01 54',0,'6BA80CF5C9C70429CC9C2B928C1DAEB08F68734BB0C193EFCADB11F3497C37FB5A73E01E','2024-04-30 09:21:44','2024-10-29 17:45:52','company',NULL,NULL),(671,'Marie.Kuehnast@arnold-rv.de','[\"ROLE_COMPANY\", \"ROLE_CUSTOMER\", \"ROLE_USER\", \"ROLE_COMPANY\"]','$2y$13$M1T4Z10ydvjOnd3OHUO1g.uzuKwgzjig/ae7bgAYqyFSJq5sAe45O','Kühnast','Marie','male',NULL,'0049751361978',0,'C9A1DEE5F41D22ACBBC08A0CC16FA21142B441F8CDB6E3E493311CBC5E9D37B55D00170C','2024-04-30 09:21:52','2024-10-29 17:45:57','company',NULL,NULL),(672,'damien.lemdani@bbox.fr','[\"ROLE_COMPANY\", \"ROLE_CUSTOMER\", \"ROLE_USER\", \"ROLE_COMPANY\"]','$2y$13$ik5MNOTDiJr3IFRNE4dW2eTswYKN9v2mydwmozgBU8Zrs82LB9No6','lemdani','damien','male',NULL,'0650101549',0,'157DEA8914B4EC3DA0AD40B89CDC7CB7F6BEF9380C3A2167E64AE05CED0096A8D59488D4','2024-04-30 09:21:59','2024-10-29 17:45:42','company',NULL,NULL),(673,'dpm@monaco.mc','[\"ROLE_COMPANY\", \"ROLE_CUSTOMER\", \"ROLE_USER\", \"ROLE_COMPANY\"]','$2y$13$gqcIzSIq20D7Cn35cV/kke9wUtOljNH/G9tsaqH.f1ZpejrxwUzZm','Mangiapan','David-PierreMangiapan','male',NULL,'0640621011',0,'E8D30B3CBCAE10A440B511355AF7862861650CE66C375CFE601F454148DF99F02B7CE896','2024-04-30 09:22:06','2024-10-29 17:43:51','company',NULL,NULL),(674,'mallet.bernard@free.fr','[\"ROLE_COMPANY\", \"ROLE_CUSTOMER\", \"ROLE_USER\", \"ROLE_COMPANY\"]','$2y$13$lTetOAbRdiDmPuh55KFQx.NmMRdweTJaDfrS710fAytUZAaABNrNC','Mallet','Bernard','male',NULL,'02.35.75.61.45',0,'5823EA5EBE0D8DAE0FB179BFC015E58D9A292C319DAF18BBAE42F50A6EE2BF96E7DE4187','2024-04-30 09:22:13','2024-10-29 17:43:54','company',NULL,NULL),(675,'szucs.lionel@yahoo.fr','[\"ROLE_COMPANY\", \"ROLE_CUSTOMER\", \"ROLE_USER\", \"ROLE_COMPANY\"]','$2y$13$plaaA63GUjo5uU2uBTPjyuA1Rxg/LBP9M5DQhSnbJVRovaZRCP.ma','SZUCS','Lionel','male',NULL,'0664503552',0,'E8D30B3CBCAE10A440B511355AF7862861650CE66C375CFE601F454148DF99F02B7CE896','2024-04-30 09:22:21','2024-10-29 17:44:15','company',NULL,NULL),(676,'herve@molinero.fr','[\"ROLE_COMPANY\", \"ROLE_CUSTOMER\", \"ROLE_USER\", \"ROLE_COMPANY\"]','$2y$13$rYuYH7Qcs5Ou2oYqoneGP.o6cm8olU8hoXNtLE84iznZa3SHRKUXW','MOLINERO','Hervé','male',NULL,'06 68 60 64 77',0,'E8D30B3CBCAE10A440B511355AF7862861650CE66C375CFE601F454148DF99F02B7CE896','2024-04-30 09:22:29','2024-10-29 17:44:19','company',NULL,NULL),(677,'macedo@macedo.fr','[\"ROLE_COMPANY\", \"ROLE_CUSTOMER\", \"ROLE_USER\", \"ROLE_COMPANY\"]','$2y$13$ME78OhHAaR7hZO33q4looedfD6Iw2rZ5DBDcvq/oa2yO9s0LcVv0e','Macedo','Jorge','male',NULL,'0638015176',0,'BFEE349D48E721F32BBB290F1491C7A93802EC24E942231D084DEEA5C546995880AC5E58','2024-04-30 09:22:37','2024-10-29 17:44:36','company',NULL,NULL),(678,'didier.leclere@wanadoo.fr','[\"ROLE_COMMERCIAL_AGENT\", \"ROLE_CUSTOMER\", \"ROLE_USER\", \"ROLE_COMMERCIAL_AGENT\"]','$2y$13$L4pmhMuSOscKxDHx0epECuycp0oQmUPcQn9SdmRLXFLmJOxldolKi','LE CLERE','Didier','male',NULL,'04 74 20 30 93',0,'BEDDC25E4F95D2DA49443676296BDD64D5B9B8BA431DFA41B0DB857240528BF10C287279','2024-04-30 09:22:44','2024-10-29 15:26:02','commercial',NULL,NULL),(679,'angeline.belarbi@yahoo.fr','[\"ROLE_COMPANY\", \"ROLE_CUSTOMER\", \"ROLE_USER\", \"ROLE_COMPANY\"]','$2y$13$gHYs7GUUK2e//h22E.DN6embNu3tshg15F2KOT/mbKUy2kf4B6Rqq','belarbi','angeline','male',NULL,'',0,'61BF0601D102054480CFDDBC486F9F018E7ADF769BBC2F8BA94201EFCC24781351DC21AE','2024-04-30 09:22:52','2024-10-29 17:44:51','company',NULL,NULL),(680,'nicolas.fraikin@wanadoo.fr','[\"ROLE_COMPANY\", \"ROLE_CUSTOMER\", \"ROLE_USER\", \"ROLE_COMPANY\"]','$2y$13$sdVeGS1U7IC1q1/9x6dyCexlu4jFNXbwaa7kqMogRrm54yx4wBgzC','Fraikin','Nicolas','male',NULL,'0618026680',0,'E8D30B3CBCAE10A440B511355AF7862861650CE66C375CFE601F454148DF99F02B7CE896','2024-04-30 09:22:59','2024-10-29 17:45:03','company',NULL,NULL),(681,'rafiti93@gmail.com','[\"ROLE_COMPANY\", \"ROLE_CUSTOMER\", \"ROLE_USER\", \"ROLE_COMPANY\"]','$2y$13$PtoHFX70OoYmnOp4fxCtRefAcNs2B/YLgEEzB6/MeQCnhaoZm9iOW','tutu','titi','male',NULL,'0134088038',0,'29AC963D78FC02B1267FC8FE19F07343A2EA15089D3BC8C165B2F073C42BD5875940863C','2024-04-30 09:23:07','2024-10-24 19:07:21','company',NULL,NULL),(682,'stephane.le.corguille@gmail.com','[\"ROLE_COMPANY\", \"ROLE_CUSTOMER\", \"ROLE_USER\", \"ROLE_COMPANY\"]','$2y$13$hU.yj31Gul.mbtUGXOlWSuLGrzFnd94ejQw2QH0yAOFVOBTVi4DK6','LECORGUILLE','Stéphane','male',NULL,'0297300845',0,'63A7D56025AA10F3AB829758618500DD3EB94E7FAD04FF2A8C3DC2271DDE8600052F9259','2024-04-30 09:23:15','2024-10-24 19:07:21','company',NULL,NULL),(683,'m.lambret@orange.fr','[\"ROLE_COMPANY\", \"ROLE_CUSTOMER\", \"ROLE_USER\", \"ROLE_COMPANY\"]','$2y$13$HDsc7tA8HE5feAZIfyuZrOE./Hbz4HxBFDNpns7MhhQQqHEj.tQPK','LAMBRET','Michel','male',NULL,'',0,'E8A63FA971B7CC6A27040C007C19E07E1D439BBCCEA36EBEF1F810A4411FB49280E92CE5','2024-04-30 09:23:22','2024-10-24 19:07:21','company',NULL,NULL),(684,'patrick.salles@free.fr','[\"ROLE_COMPANY\", \"ROLE_CUSTOMER\", \"ROLE_USER\", \"ROLE_COMPANY\"]','$2y$13$eCeVkDGFtEyhMoYCYG/CyezLLUmdp/qlph72kj29fm3at2dKQ61BW','SALLES','Patrick','male',NULL,'',0,'E8A63FA971B7CC6A27040C007C19E07E1D439BBCCEA36EBEF1F810A4411FB49280E92CE5','2024-04-30 09:23:30','2024-10-24 19:07:21','company',NULL,NULL),(685,'awex.export.nantes@orange.fr','[\"ROLE_EMBASSY\", \"ROLE_CUSTOMER\", \"ROLE_USER\", \"ROLE_EMBASSY\"]','$2y$13$Bb.oWbADQbicLQbOWqJ64.YmMIlWDlxP4UHp/h31x6o/w.QD.4dAi','ERRAUD','Jocelyne','male',NULL,'02 40 73 49 48',0,'4CFCCE21FBD37D77134B72850B96E3B4FD883BDA764C1505B4E9C42511B8851DA26B650E','2024-04-30 09:23:37','2024-10-29 16:23:48','embassy',NULL,NULL),(686,'womake@outlook.fr','[\"ROLE_COMPANY\", \"ROLE_CUSTOMER\", \"ROLE_USER\", \"ROLE_COMPANY\"]','$2y$13$0zjn0lq6QtGEDAfnj5Wneuh/nPZ/wl1/GX3e3kJ7AofXaLPuHGzAW','HINI','kelly','male',NULL,'0614412908',0,'B63F86A1EE4167B38858A6ECE19044B11E1905757EF18699C05B1CF3FBB69E888A07298B','2024-04-30 09:23:45','2024-10-29 17:54:35','company',NULL,NULL),(687,'gilpas.nogre@orange.fr','[\"ROLE_COMPANY\", \"ROLE_CUSTOMER\", \"ROLE_USER\", \"ROLE_COMPANY\"]','$2y$13$SDYZYRXUP9lywKEL82FcTOF734JP2eyCMN0P1xuL9swYq3Kx7zVru','NOGRé','Gilles','male',NULL,'0682564199',0,'E8A63FA971B7CC6A27040C007C19E07E1D439BBCCEA36EBEF1F810A4411FB49280E92CE5','2024-04-30 09:23:53','2024-10-29 17:54:38','company',NULL,NULL),(688,'soluzioni.marketing@wanadoo.fr','[\"ROLE_COMPANY\", \"ROLE_CUSTOMER\", \"ROLE_USER\", \"ROLE_COMPANY\"]','$2y$13$32tIzGqUBB18vLEUPHU1fu94p4YrlaD/LX/KmXwaF4nP0G7FdfO1W','QUERCIETTO','stefano','male',NULL,'0680058946',0,'0D909506D39CC3215DA31A5AE5CB0A94905DC66D66365877D4620F297CE6C946ABBAB85D','2024-04-30 09:24:00','2024-10-29 17:54:43','company',NULL,NULL),(689,'pdecloet@dcouest.fr','[\"ROLE_COMMERCIAL_AGENT\", \"ROLE_CUSTOMER\", \"ROLE_USER\", \"ROLE_COMMERCIAL_AGENT\"]','$2y$13$cGNYR9QPcHvMEKJ11bsEruu6WWpDTi8.srQjggeTMlMwHrhnEwQ92','De Cloet','Patrick','male','1967-09-06','+33678831094',0,'AA61A05F85E0A5FABE8CDA5B2DF4908E58F8DB1BE8C4F0F98EF78DA92EB34EDC9ECBD63F','2024-04-30 09:24:08','2024-10-29 15:26:03','commercial',NULL,NULL),(690,'gert-jan@orange.fr','[\"ROLE_COMPANY\", \"ROLE_CUSTOMER\", \"ROLE_USER\", \"ROLE_COMPANY\"]','$2y$13$9OtlkcvRkFmGm1t7YwwWUu6g3.zCce7Yp8XxtobrVB8CRLXzxEHLe','r','r','male',NULL,'06',0,'CE0E45D9E737E2F7BEAB4BD75629FCA2CAD694220928B33CC5F68D7ECEB1497C58F3503F','2024-04-30 09:24:16','2024-10-29 17:55:24','company',NULL,NULL),(691,'nbskarim@gmail.com','[\"ROLE_COMPANY\", \"ROLE_CUSTOMER\", \"ROLE_USER\", \"ROLE_COMPANY\"]','$2y$13$7iLyKSszmSImVoqZ4FjHteuPkLkzV88olwhxYMy17OnDssWrnWYD6','SLITI','KARIM','male',NULL,'0624574957',0,'2553B916FE37A5383182C83CB69B3CE7EF8D9BDD44FA81B67DCD519203EBE7C9F8EA68C8','2024-04-30 09:24:23','2024-10-29 17:55:21','company',NULL,NULL),(692,'mikaelrouille@gmail.com','[\"ROLE_COMPANY\", \"ROLE_CUSTOMER\", \"ROLE_USER\", \"ROLE_COMPANY\"]','$2y$13$75u0YHJoQC10WB22gdaOO.R5wKdA.8Lp.2UppwkQN4/KXb9xnyuTy','ROUILLé','Mikael','male',NULL,'0609864071',0,'E8A63FA971B7CC6A27040C007C19E07E1D439BBCCEA36EBEF1F810A4411FB49280E92CE5','2024-04-30 09:24:30','2024-10-29 17:46:27','company',NULL,NULL),(693,'p.napiorkowski@dospel.com','[\"ROLE_COMPANY\", \"ROLE_CUSTOMER\", \"ROLE_USER\", \"ROLE_COMPANY\"]','$2y$13$d.NZvtexhwKBw6tJo4BF9uY0TDtcrgn4kh/GuFTIes/8JzH4sTmwa','EXPORTDOSPEL','DospelSp.z.o.o.Pologne','male',NULL,'+48602701577',0,'E8A63FA971B7CC6A27040C007C19E07E1D439BBCCEA36EBEF1F810A4411FB49280E92CE5','2024-04-30 09:24:38','2024-10-29 17:55:11','company',NULL,NULL),(694,'p-lebreton@orange.fr','[\"ROLE_COMPANY\", \"ROLE_CUSTOMER\", \"ROLE_USER\", \"ROLE_COMPANY\"]','$2y$13$ogqQlaSwYXwo.C/SqBLCX.f0M2rwRCW9Si8427Blk3vXNVmJ5/BaO','LEBRETON','Philippe','male',NULL,'',0,'7A3E78B1009409E7C73B96142F592CAC5AD921183776D756BA39F233453B5A40BE27313A','2024-04-30 09:24:45','2024-05-02 07:11:43','company',NULL,NULL),(695,'grison-comagent@entreloup.com','[\"ROLE_COMPANY\", \"ROLE_CUSTOMER\", \"ROLE_USER\", \"ROLE_COMPANY\"]','$2y$13$iitSkqx6lF3UJZoZ22ggyuRI2IZ3nfWqlvtOfaBkgyU9SQQbqWRB2','Grison','Régis','male',NULL,'0954756757',0,'3828B0ABEE3C0A2A8C0122466F50BD37A39E073741EBBF0ED321F91ABC12C5AFF490CD61','2024-04-30 09:24:52','2024-10-29 17:51:56','company',NULL,NULL),(696,'christian.chaise@wanadoo.fr','[\"ROLE_COMPANY\", \"ROLE_CUSTOMER\", \"ROLE_USER\", \"ROLE_COMPANY\"]','$2y$13$zujoSR9ubGhYBKmuExojkekndQQmB9ve/7HqBka1J2yNSuxVDCvfa','CHAISE','christian','male',NULL,'+33605288789',0,'8B1B536CC168547AE479B2984FABFAADF788E391CBA05EE82D033C8072D94DF36E77561D','2024-04-30 09:25:00','2024-10-29 17:44:25','company',NULL,NULL),(697,'mbm.cynthia@yahoo.fr','[\"ROLE_COMPANY\", \"ROLE_CUSTOMER\", \"ROLE_USER\", \"ROLE_COMPANY\"]','$2y$13$DvUkoXYmyabtB758eqo5u.3A46jAZgM6IkgqO82BbxW4a6MbI6AeC','PASTOR','Cynthia','male',NULL,'0674659866',0,'E8A63FA971B7CC6A27040C007C19E07E1D439BBCCEA36EBEF1F810A4411FB49280E92CE5','2024-04-30 09:25:07','2024-10-29 17:40:02','company',NULL,NULL),(698,'chomette.eric@gmail.com','[\"ROLE_COMPANY\", \"ROLE_CUSTOMER\", \"ROLE_USER\", \"ROLE_COMPANY\"]','$2y$13$WJTQJaK6a/03W93i43kx9eadRPmwuGlDgPQ6HuzvQe0Wosd/BPaeK','CHOMETTE','Eric','male',NULL,'+33760318523',0,'E8A63FA971B7CC6A27040C007C19E07E1D439BBCCEA36EBEF1F810A4411FB49280E92CE5','2024-04-30 09:25:15','2024-10-29 17:40:05','company',NULL,NULL),(699,'u_boucher@yahoo.fr','[\"ROLE_COMPANY\", \"ROLE_CUSTOMER\", \"ROLE_USER\", \"ROLE_COMPANY\"]','$2y$13$kstffYgJUhV67V4bkbD4o.8VVOim4a.3JR3kWsHhbafg3xYXw8W9y','BOUCHER','ULRICH','male',NULL,'0637139623',0,'E8A63FA971B7CC6A27040C007C19E07E1D439BBCCEA36EBEF1F810A4411FB49280E92CE5','2024-04-30 09:25:23','2024-10-29 17:40:16','company',NULL,NULL),(700,'costa_frederic@orange.fr','[\"ROLE_COMPANY\", \"ROLE_CUSTOMER\", \"ROLE_USER\", \"ROLE_COMPANY\"]','$2y$13$/lYMZNHw8PK9Csh47T0XVOXXZGaDx8R/h3gr/WE2snG44IAi/Imj.','COSTA','frederic','male',NULL,'0641971736',0,'4C2CA8EC656C01AC47131C8B536E20256DE0FD696837EF3277FAE72D3AB5BFF1A38EAAEA','2024-04-30 09:25:31','2024-10-29 17:40:36','company',NULL,NULL),(701,'antoine.barbarin@orange.fr','[\"ROLE_COMPANY\", \"ROLE_CUSTOMER\", \"ROLE_USER\", \"ROLE_COMPANY\"]','$2y$13$DWXYeWuvMVOa0NyCOWl4vecSrYy1.NGgfQm8QBSWVk3D2IFcNN5cK','ANTOINE','barbarin','male',NULL,'0686875222',0,'E8A63FA971B7CC6A27040C007C19E07E1D439BBCCEA36EBEF1F810A4411FB49280E92CE5','2024-04-30 09:25:38','2024-10-29 17:40:42','company',NULL,NULL),(702,'thierry.delande@tf-france.com','[\"ROLE_COMPANY\", \"ROLE_CUSTOMER\", \"ROLE_USER\", \"ROLE_COMPANY\"]','$2y$13$SBdGMYdrnTnIy.wzWrlKBuUYBNxbmNz/aeww.WoJPSL1I0CHJzvzG','DELANDE','Thierry','male',NULL,'-',0,'FABEEFD3962EB29F6385DFFFF653FC56E8E2D80F7DE05DE63E5E3A87F386C3A4F4ECA347','2024-04-30 09:25:45','2024-10-29 17:40:45','company',NULL,NULL),(703,'serenafashion@gmail.com','[\"ROLE_COMPANY\", \"ROLE_CUSTOMER\", \"ROLE_USER\", \"ROLE_COMPANY\"]','$2y$13$9rijucqkHLOqvZ29k1dnv..oAvnV1D5pfZio4gU6z9oVme1sXp2M2','FUMANTI','Serenella','male',NULL,'0627883610',0,'A853684EEB0A8D75589CE34EA118FEE614832711B78AB3820B9F73C980A5D2FEF03359BE','2024-04-30 09:25:53','2024-10-29 17:41:01','company',NULL,NULL),(704,'serge@mautouchet.fr','[\"ROLE_COMMERCIAL_AGENT\", \"ROLE_CUSTOMER\", \"ROLE_USER\", \"ROLE_COMMERCIAL_AGENT\"]','$2y$13$HeXK1.UnZ36M1Jv0U8482ek7v2NttztMy.R71tIYU6UdtE2xh7ypK','MAUTOUCHET','Serge','male','1958-11-21','06 11 17 89 92',0,'7EC33040F271A4151EC4DF330797A28A6DD11FBDC2B667A00E4947A41F5EA747432849F4','2024-04-30 09:26:00','2024-10-30 15:35:41','commercial',NULL,NULL),(705,'contact@opfrance.com','[\"ROLE_COMPANY\", \"ROLE_CUSTOMER\", \"ROLE_USER\", \"ROLE_COMPANY\"]','$2y$13$XkOA4y652UtK/tQl2td3EOHVU5WSfDlseiaprQnJ7VrWdjyVJG.b6','LECLERE','JEANPIERRE','male',NULL,'0670484542',0,'44ADD739A8A5DB6E415455CC35D4992071214C59A03F4A3CE90ABA52BA4541C5A4E8329F','2024-04-30 09:26:07','2024-10-29 17:41:06','company',NULL,NULL),(706,'le-martelot.thierry2@wanadoo.fr','[\"ROLE_COMMERCIAL_AGENT\", \"ROLE_CUSTOMER\", \"ROLE_USER\", \"ROLE_COMMERCIAL_AGENT\"]','$2y$13$ZEy.QUgq9IIHUR5fa5oXduS8YrpZbJ8ZNOwgGxNqTxjl6ZC49S96.','LEMARTELOT','Thierry','male',NULL,'06 83 32 01 48',0,'4F0B17D67A356F1D773BB77C5AC0676B7EBD1684A7CC3E5CABB52B3D24E7A96A291F997E','2024-04-30 09:26:15','2024-10-29 15:26:04','commercial',NULL,NULL),(707,'laurencemongil@yahoo.fr','[\"ROLE_COMPANY\", \"ROLE_CUSTOMER\", \"ROLE_USER\", \"ROLE_COMPANY\"]','$2y$13$D6SJYmz5lIKa1SEzxMxmSOmfROO8FH89GrM4nz2ozi3YL8OHHBFwC','MONGIL','laurence','male',NULL,'0770704556',0,'E8A63FA971B7CC6A27040C007C19E07E1D439BBCCEA36EBEF1F810A4411FB49280E92CE5','2024-04-30 09:26:22','2024-10-29 17:36:41','company',NULL,NULL),(708,'bourgoin.events@gmail.com','[\"ROLE_COMMERCIAL_AGENT\", \"ROLE_CUSTOMER\", \"ROLE_USER\", \"ROLE_COMMERCIAL_AGENT\"]','$2y$13$PJuyIox9aYa5FZ2CN4EBH.M68GJu7byJPsDSR6Eq5eJznIhm/EjZy','BOURGOIN','Christine','male',NULL,'02 51 13 09 79',0,'D21F4E158701F3B23CD37906C8BCCCF2365B5F9EC7785A9F62C29527FF6C4F9861D8B056','2024-04-30 09:26:29','2024-10-29 15:26:05','commercial',NULL,NULL),(709,'e.blatge@volvestrefoiegras.fr','[\"ROLE_COMPANY\", \"ROLE_CUSTOMER\", \"ROLE_USER\", \"ROLE_COMPANY\"]','$2y$13$riDruxxeFudBb/se0MBW/./rT0mqaGi4eyD/WQAN9N1q7dnCT4z6m','BLATGE','ERIC','male',NULL,'O6 28 81 11 52',0,'E8A63FA971B7CC6A27040C007C19E07E1D439BBCCEA36EBEF1F810A4411FB49280E92CE5','2024-04-30 09:26:37','2024-10-29 17:38:09','company',NULL,NULL),(710,'bosikora@gmx.fr','[\"ROLE_COMPANY\", \"ROLE_CUSTOMER\", \"ROLE_USER\", \"ROLE_COMPANY\"]','$2y$13$nY5fAWhy6e2X8H/npnx1..t4LIrO052E8ZGrbM8wpjRLeE7EYzrpa','Sikora','Bogdan','male',NULL,'0699724712',0,'9B60116FB2B75AB938258EDF5D9DCAC0B723A68EE30B2CF15B7FF606FE6A45A815063739','2024-04-30 09:26:45','2024-10-29 17:38:56','company',NULL,NULL),(711,'etsbertholet@aol.com','[\"ROLE_COMPANY\", \"ROLE_CUSTOMER\", \"ROLE_USER\", \"ROLE_COMPANY\"]','$2y$13$lXA1l4bwyrfs0wPdrruNker5UnmP7U5Aa3mcxkiiXCNgnfz9s8JbG','JACQUESOLIVIER','ROMAND','male',NULL,'0477574252',0,'3484E05DBE86FCFF6C1FA6D4623739BAACBFFCB58CCBBD59EF8C45B1375EAE7C75DC185B','2024-04-30 09:26:52','2024-10-29 17:39:02','company',NULL,NULL),(712,'adouche@expertiscfe.fr','[\"ROLE_COMPANY\", \"ROLE_CUSTOMER\", \"ROLE_USER\", \"ROLE_COMPANY\"]','$2y$13$bnV9r.qkBly5wtaKLnVMm.ntA.IR441Onle49FrkTPXKjwcqBbIiC','Douche','Alain','male',NULL,'',0,'BBD8C4632179DF60AA3FB972443296D9974B2B9EF3F378FB14CE53BB15F2C5E95E732269','2024-04-30 09:26:59','2024-10-29 17:42:29','company',NULL,NULL),(713,'infos@lorange-pressee.fr','[\"ROLE_COMPANY\", \"ROLE_CUSTOMER\", \"ROLE_USER\", \"ROLE_COMPANY\"]','$2y$13$QExLk8saRt0aocuQ3kuOwOopAZOnDr6bP4GwjbvvOvW5NuPY1Itva','MERCKLEN','Fabien','male',NULL,'0608768898',0,'8B271CAE2E20FF9F8A070621C8ACFF76CB3BABF5B7E7114C0DD4EFB7036E227E34E02444','2024-04-30 09:27:07','2024-10-29 17:42:33','company',NULL,NULL),(714,'catherine@draincolor.fr','[\"ROLE_COMPANY\", \"ROLE_CUSTOMER\", \"ROLE_USER\", \"ROLE_COMPANY\"]','$2y$13$9/uVhGB/lBGKnQdjgQ5pyeamGr2J1XIdhwji1UinLvIVBqv6XwRH.','OLIVEIRA','Catherine','male',NULL,'05 62 79 75 77',0,'E8A63FA971B7CC6A27040C007C19E07E1D439BBCCEA36EBEF1F810A4411FB49280E92CE5','2024-04-30 09:27:14','2024-10-29 17:42:36','company',NULL,NULL),(715,'ltorres@sicmap.com','[\"ROLE_COMPANY\", \"ROLE_CUSTOMER\", \"ROLE_USER\", \"ROLE_COMPANY\"]','$2y$13$w652.nrogndryWqkQxGw7eLsFnK/0CmDEtp3jouc7HW1jdANg5qTu','TORRES','laurent','male',NULL,'0254955343',0,'E8A63FA971B7CC6A27040C007C19E07E1D439BBCCEA36EBEF1F810A4411FB49280E92CE5','2024-04-30 09:27:22','2024-10-29 17:42:44','company',NULL,NULL),(716,'christian@brandtner.fr','[\"ROLE_COMMERCIAL_AGENT\", \"ROLE_CUSTOMER\", \"ROLE_USER\", \"ROLE_COMMERCIAL_AGENT\"]','$2y$13$XpcmWX5G3DYHfZRHApTaG.jCNCx1s.hD5px1a3VuKUWSvYCDH88u6','BRANDTNER','Christian','male',NULL,'04 90 07 58 42',0,'B73539149E0A8FEF618EC85968C24D9B3A5FF1C3BFFBE1BD0F43BDF755A8867800E8A404','2024-04-30 09:27:29','2024-10-29 15:26:05','commercial',NULL,NULL),(717,'karin.nowotny@menani.de','[\"ROLE_COMPANY\", \"ROLE_CUSTOMER\", \"ROLE_USER\", \"ROLE_COMPANY\"]','$2y$13$zKRIDPE9IXksCyhXym5jGepNY6trrdbuhmzMnIQfaCOAKATgfix6e','NOWOTNY','Karin','male',NULL,'+4988699118312',0,'3714A30F35856D2534DFC26BB0CC8B07C9D51C16068B30AFA6EA8D0791D7FEC9D89D966B','2024-04-30 09:27:36','2024-10-29 17:43:11','company',NULL,NULL),(718,'sands85@gmx.fr','[\"ROLE_COMPANY\", \"ROLE_CUSTOMER\", \"ROLE_USER\", \"ROLE_COMPANY\"]','$2y$13$PgMkmCW8TQsWhFcUj3/b9Od5uQ3GzCP5G88V8WWHou9qxeEsgUx5u','BARRETEAU','Nicolas','male',NULL,'',0,'E8A63FA971B7CC6A27040C007C19E07E1D439BBCCEA36EBEF1F810A4411FB49280E92CE5','2024-04-30 09:27:44','2024-10-29 17:43:21','company',NULL,NULL),(719,'p.francesca@tecnoarredo.com','[\"ROLE_COMPANY\", \"ROLE_CUSTOMER\", \"ROLE_USER\", \"ROLE_COMPANY\"]','$2y$13$FxsEfgs1HFvEHSSML0cwGuna2xyi914U2CdpHyY2mmdAyTCNf4w9y','PARNANZONE','francesca','male',NULL,'+390858709570',0,'DB3FFC6FCF86DE890A468A3EBDAC71A90233E8B09EA7F0794F8671CE417E17AC8241CCCC','2024-04-30 09:27:51','2024-10-29 17:43:32','company',NULL,NULL),(720,'pascal.lecomte41@gmail.com','[\"ROLE_COMMERCIAL_AGENT\", \"ROLE_CUSTOMER\", \"ROLE_USER\", \"ROLE_COMMERCIAL_AGENT\"]','$2y$13$6VrpUav8H.52U4Ewt7qzMuc6gUgzGvv/kEEJcsbe4zYvZDg7OFxXq','LECOMTE','Pascal','male',NULL,'02 54 98 19 27',0,'23477F9C207740FEF2F6F5C946DC908DF66A57577E4FE6E74E3A794068445BB8CC09C0FF','2024-04-30 09:27:58','2024-10-30 15:33:13','commercial',NULL,NULL),(721,'vatoons@wanadoo.fr','[\"ROLE_COMPANY\", \"ROLE_CUSTOMER\", \"ROLE_USER\", \"ROLE_COMPANY\"]','$2y$13$ybBR0tG4PYMfXD1k0jJRSOWLyUExrQFPlfhIEZWFtRF3BZ9EJXAoq','BLOT','Jérôme','male',NULL,'0786283026',0,'E88F351E7EF5CB4D6B2E43BF8778BF5B70475938E12153CAA802978C98E0C82B43287FDC','2024-04-30 09:28:06','2024-10-29 17:41:15','company',NULL,NULL),(722,'jp@sts-technologies.com','[\"ROLE_COMPANY\", \"ROLE_CUSTOMER\", \"ROLE_USER\", \"ROLE_COMPANY\"]','$2y$13$NfYEFW/2mD/VtbflMVIvc.eC9e.hOF.FUdYcEF/pn9YeDjZ6HYdcq','PEREZ-PLA','JOSEPH','male',NULL,'01 82 83 57 83',0,'7C89A269DB7E4653002000312D8C4EE57611CF6D3E8EC43A56552FD84BB63A69415D119C','2024-04-30 09:28:14','2024-10-29 17:41:22','company',NULL,NULL),(723,'catherine.zambianchi@wanadoo.fr','[\"ROLE_COMPANY\", \"ROLE_CUSTOMER\", \"ROLE_USER\", \"ROLE_COMPANY\"]','$2y$13$zMeY7wOWb4YGQmfVCHnnL.qjgKrl8am63o4CCKYvlsaGEHPBJmg.G','ZAMBIANCHI','Catherine','male',NULL,'0620601609',0,'EDF590B6AE29CB31574272DBC4DFC39335E39BA584F2985C77254BF7E702289C10AD7903','2024-04-30 09:28:21','2024-10-29 17:41:32','company',NULL,NULL),(724,'lecoindalex@gmail.com','[\"ROLE_COMPANY\", \"ROLE_CUSTOMER\", \"ROLE_USER\", \"ROLE_COMPANY\"]','$2y$13$bBhEMwgpMmzmA97kiswVeuOJyeKpSODmhBjwSrW8GoY0GTbftueMy','DURAND','Alexis','male',NULL,'0683223499',0,'E8A63FA971B7CC6A27040C007C19E07E1D439BBCCEA36EBEF1F810A4411FB49280E92CE5','2024-04-30 09:28:29','2024-10-29 17:41:35','company',NULL,NULL),(725,'ghc@gh-consulting.fr','[\"ROLE_COMPANY\", \"ROLE_CUSTOMER\", \"ROLE_USER\", \"ROLE_COMPANY\"]','$2y$13$Ly3CAW.YGrrncEMWwI3qlOFUS2DlLB5UzrpH9dEa3RVoHUAFKOeKm','HABIB','Georges','male',NULL,'0615427973',0,'755B008A7DD2175E2EE4945B78BE1A166AB9D9F6368BD641C7DEEC2698F1BBFD3370999B','2024-04-30 09:28:37','2024-10-29 17:41:42','company',NULL,NULL),(726,'ode.fsp@wanadoo.fr','[\"ROLE_COMPANY\", \"ROLE_CUSTOMER\", \"ROLE_USER\", \"ROLE_COMPANY\"]','$2y$13$vxeusSIK/TbJEUjkJ8sEaeuw0hJ.rLJoA7SmVEbTkEZYFsh.07Z3m','-','-','male',NULL,'0494437060',0,'E8A63FA971B7CC6A27040C007C19E07E1D439BBCCEA36EBEF1F810A4411FB49280E92CE5','2024-04-30 09:28:44','2024-10-29 17:42:23','company',NULL,NULL),(727,'dorine.prigent@orange.fr','[\"ROLE_COMPANY\", \"ROLE_CUSTOMER\", \"ROLE_USER\", \"ROLE_COMPANY\"]','$2y$13$7p/oVXg/cjyQvP9DgYlpheNFGHRB95xoojW1aLhLIkKqnN6HlAy5C','DORINE','prigent','male',NULL,'',0,'E8A63FA971B7CC6A27040C007C19E07E1D439BBCCEA36EBEF1F810A4411FB49280E92CE5','2024-04-30 09:28:52','2024-10-29 17:42:11','company',NULL,NULL),(728,'ode.fsp@wanado.fr','[\"ROLE_COMPANY\", \"ROLE_CUSTOMER\", \"ROLE_USER\", \"ROLE_COMPANY\"]','$2y$13$xdC4y53ooqLukrd.UOlSV.hV7YUr8EZ3bI8AStTRijcLaBX0II5Ea','ODE','Olivier','male',NULL,'04 94 43 70 60',0,'E85A9C4C58FD10F5BAFC94331DD3ED508DB6A10FD4571D4BD94B8EBF4FA22B5E6535ABE8','2024-04-30 09:28:59','2024-10-29 17:42:15','company',NULL,NULL),(729,'contact@vivreausoleilimmobilier.com','[\"ROLE_COMPANY\", \"ROLE_CUSTOMER\", \"ROLE_USER\", \"ROLE_COMPANY\"]','$2y$13$lZ32oPD6Um8ULt1m7KIdB.PdObNjN6n6xMQxngXQtYw1f/hX7e.au','MAUCLAIR','Philippe','male',NULL,'0475886819',0,'C96D9514FC41E08E126AA7156C86A38D4A03AF0B68BBA726DE1432C26591B614C53EB618','2024-04-30 09:29:06','2024-10-29 17:42:18','company',NULL,NULL),(730,'creartlive.creartlive@gmail.com','[\"ROLE_COMPANY\", \"ROLE_CUSTOMER\", \"ROLE_USER\", \"ROLE_COMPANY\"]','$2y$13$T.5fEe7XNVnVq6cAq6pB/uvhgr2a3BPfOTgnK5SDjdAvkqk9yypiO','ANDREANIHAIMARD','MarieJosé','male',NULL,'04 91 23 31 14  -  0',0,'E8A63FA971B7CC6A27040C007C19E07E1D439BBCCEA36EBEF1F810A4411FB49280E92CE5','2024-04-30 09:29:14','2024-10-29 16:36:36','company',NULL,NULL),(731,'jmkoczor@laposte.net','[\"ROLE_COMPANY\", \"ROLE_CUSTOMER\", \"ROLE_USER\", \"ROLE_COMPANY\"]','$2y$13$NZkCBfYOxYrgmW8PnGkWa.bfYEwBOMS4Kh2eEfwCAqJL.54qXc0xG','KOCZOR','Jean-Marc','male',NULL,'0669642132',0,'1CF761393207C4F4920354C54FE17FFD659DE0F8D933064C600B50D63BC3947198074F79','2024-04-30 09:29:21','2024-10-29 16:41:55','company',NULL,NULL),(732,'mcrespo222@yahoo.es','[\"ROLE_COMPANY\", \"ROLE_CUSTOMER\", \"ROLE_USER\", \"ROLE_COMPANY\"]','$2y$13$AOkr0FvN5Uh5MZxdIwqKTOcCuzXfTyENFW7GkowZFNP7Y259JmvFa','CRESPO','Mario','male',NULL,'0671598241',0,'E8A63FA971B7CC6A27040C007C19E07E1D439BBCCEA36EBEF1F810A4411FB49280E92CE5','2024-04-30 09:29:29','2024-10-29 16:36:43','company',NULL,NULL),(733,'lionel.cresta@laposte.net','[\"ROLE_COMPANY\", \"ROLE_CUSTOMER\", \"ROLE_USER\", \"ROLE_COMPANY\"]','$2y$13$grEMAT7KKfbLVERqAq5etOCtM9eyTYlyHj3HfPw68fM60cAHCKZRe','CRESTA','Lionel','male',NULL,'0698453168',0,'C780EA2812744B551395233BAFD95846FA5BBBFB422457D1A35A7F7E06C60E8483E1529C','2024-04-30 09:29:37','2024-10-29 16:37:22','company',NULL,NULL),(734,'export@arvalcosmetici.com','[\"ROLE_COMPANY\", \"ROLE_CUSTOMER\", \"ROLE_USER\", \"ROLE_COMPANY\"]','$2y$13$aIecNpaSwQn8H5lS5cNgFu.fF3B/AomlNHPYxqwYc9HWN2Lu9YIBy','ILARIA','marino','male',NULL,'',0,'E8A63FA971B7CC6A27040C007C19E07E1D439BBCCEA36EBEF1F810A4411FB49280E92CE5','2024-04-30 09:29:44','2024-10-29 16:37:30','company',NULL,NULL),(735,'info@expertima.fr','[\"ROLE_COMPANY\", \"ROLE_CUSTOMER\", \"ROLE_USER\", \"ROLE_COMPANY\"]','$2y$13$4d2.2x.r1eFLaAyaLUebHeX21FQomXdVB1rOMSBwCjPVJrH958bZ.','GALLO','MICHEL','male',NULL,'0442423210',0,'998F637F7D7383C25BED7BF312A1E4E3C2650CC5C6385B6584DE6F51454407F6875C09BB','2024-04-30 09:29:52','2024-10-29 16:37:36','company',NULL,NULL),(736,'jocaco@neuf.fr','[\"ROLE_COMMERCIAL_AGENT\", \"ROLE_CUSTOMER\", \"ROLE_USER\", \"ROLE_COMMERCIAL_AGENT\"]','$2y$13$7pKKTrqAjuqFqbj/s65IkOKFUht5MHlfd0m521oZzSwRMRKYMJdbS','CATELIN','Jean-Philippe','male',NULL,'02 41 95 51 28',0,'377FD21C93A822DE5F03CB423D5D62A06C5DCA36C6E6570B15310FDC1716CF6947E7F2A8','2024-04-30 09:29:59','2024-10-30 15:32:34','commercial',NULL,NULL),(737,'g.esnault44@gmail.com','[\"ROLE_COMMERCIAL_AGENT\", \"ROLE_CUSTOMER\", \"ROLE_USER\", \"ROLE_COMMERCIAL_AGENT\"]','$2y$13$QAT2HbYA1599GOZJAI8gfe6DdqOUXg/S1VgHilwlPwolAx34WZNi6','ESNAULT','Gérard','male',NULL,'02 28 02 04 84',0,'357A0FAF4572CAB9105618F55B30102977FE2A8EB4752D5E3320104F4D149CEB85A61D32','2024-04-30 09:30:07','2024-10-29 15:26:07','commercial',NULL,NULL),(738,'patrick.eyhorn@pixlum.fr','[\"ROLE_COMPANY\", \"ROLE_CUSTOMER\", \"ROLE_USER\", \"ROLE_COMPANY\"]','$2y$13$Rq1ZEL8D2sBPTevmpTxLlOLx4WbEGPq.8fvp3zO2MnlNWeTYV9Y5m','Eyhorn','Patrick','male',NULL,'0033611858585',0,'4B4EECE448D74E5F4799A97257B06B9552C1AFC4966C106A5C67506C1FA1147A783728EA','2024-04-30 09:30:15','2024-10-29 16:37:50','company',NULL,NULL),(739,'pbarki@barki.com','[\"ROLE_COMMERCIAL_AGENT\", \"ROLE_CUSTOMER\", \"ROLE_USER\", \"ROLE_COMMERCIAL_AGENT\"]','$2y$13$7I..qhKDdPLa7pBSFg9MxONvKkmSGOW4mrirvHctzJcsjdAokZeBW','BARKI','Pierre','male','1966-03-26','06 07 52 44 90',0,'1E47B704981D22CA8B3351C72CDE730AD7721B67C888D0859EA9E4B44415BB86E51A283B','2024-04-30 09:30:22','2025-02-19 14:58:17','commercial',NULL,NULL),(740,'medinmoulin@cegetel.net','[\"ROLE_COMMERCIAL_AGENT\", \"ROLE_CUSTOMER\", \"ROLE_USER\", \"ROLE_COMMERCIAL_AGENT\"]','$2y$13$lldH0HSBPJJfAe8cB3M2QOjVkg.vS0OhH8eljqwfnPrdwB5lHnqpS','MOULIN','Philippe','male',NULL,'04 94 29 50 66',0,'6A53F3AC9EFD3C31F24D7FD45047F0ED77917880C6F7EBEAC063371DD7D6BEB25A8D4C55','2024-04-30 09:30:30','2024-10-29 15:26:07','commercial',NULL,NULL),(741,'jean-loup@ravinetdarc.fr','[\"ROLE_COMMERCIAL_AGENT\", \"ROLE_CUSTOMER\", \"ROLE_USER\", \"ROLE_COMMERCIAL_AGENT\"]','$2y$13$PRTww28xdQ6m96gKWJrEVOda8egbdvKcZ8DiwMaqTrNhqU4ogo6gW','RAVINET','Jean-Loup','male','1963-03-28','04 94 46 58 36',0,'5F6CA2D5765732609BB116ECE00239350B8734AD217D7F4A431967711DE32C46C8416B56','2024-04-30 09:30:38','2024-10-29 15:26:07','commercial',NULL,NULL),(742,'christophe.decherf@wanadoo.fr','[\"ROLE_COMMERCIAL_AGENT\", \"ROLE_CUSTOMER\", \"ROLE_USER\", \"ROLE_COMMERCIAL_AGENT\"]','$2y$13$VyNDVdVh34GQPiCgrOGtVuJ7Y1DM0QDvOwLJ808PalRMb9sRJlLTC','DECHERF','Christophe','male',NULL,'04 42 68 41 36',0,'E9083FE6B348EF7377C4DE87EB6FE2684C7777CB744E559A92AD8A840089C0DAA3D04A5E','2024-04-30 09:30:45','2024-10-29 15:26:08','commercial',NULL,NULL),(743,'christophe.salerian@vortexws.com','[\"ROLE_COMPANY\", \"ROLE_CUSTOMER\", \"ROLE_USER\", \"ROLE_COMPANY\"]','$2y$13$aQaR2B1IgPxuINxPZidnJ.vZTV8QlHNJVKOPcJAU5OjdLM5unTyU6','salerian','christophe','male',NULL,'-',0,'95BE0B383AD7E32C2486ABA3079D3B0680FDFD69910AF7E4465BDF32490857D6E54B4BB9','2024-04-30 09:30:52','2024-10-29 16:35:26','company',NULL,NULL),(744,'ferry.pascal@sfr.fr','[\"ROLE_COMMERCIAL_AGENT\", \"ROLE_CUSTOMER\", \"ROLE_USER\", \"ROLE_COMMERCIAL_AGENT\"]','$2y$13$z5QjzzS46hM3O2d3/AQpQ.0hC.Gwns5xiXVOOJZw0OIT7f8NNLsX.','FERRY','Pascal','male',NULL,'03 29 88 39 40',0,'79034D0BF7C72D169C5554975344C0F07AC9D568ED73AE0D8A950A7775D80300B07325DF','2024-04-30 09:31:00','2024-10-29 15:26:08','commercial',NULL,NULL),(745,'loredana.coravu@orange.fr','[\"ROLE_COMMERCIAL_AGENT\", \"ROLE_CUSTOMER\", \"ROLE_USER\", \"ROLE_COMMERCIAL_AGENT\"]','$2y$13$bPGAcpWvY4ZdPUEp0cgbjOQx8rZtxT.m99p7i6FdTaeIZCGGzhMmK','Coravu','Loredana','male','2024-10-22','03 83 44 76 18',0,NULL,'2024-04-30 09:31:07','2024-12-10 10:36:01','commercial',NULL,NULL),(746,'med@mediterranea-ls.com','[\"ROLE_COMPANY\", \"ROLE_CUSTOMER\", \"ROLE_USER\", \"ROLE_COMPANY\"]','$2y$13$GMNrkVjHjwQV3slP3RsJpOpYi8eYPTo/tgcADiU6hoVRMlxq.nr8W','Longhitano','Nunzio','male',NULL,'+34 962 202 575',0,'7BB1E324B5EB3B16DDB032A6C4182E4AC1AF26C8D64F17E9358600C876DE339F921A9878','2024-04-30 09:31:15','2024-10-29 16:35:51','company',NULL,NULL),(747,'aurelie.greff@adminext.com','[\"ROLE_COMPANY\", \"ROLE_CUSTOMER\", \"ROLE_USER\", \"ROLE_COMPANY\"]','$2y$13$oGNZGZRa.JzwXit8HeCFK.bCGDalB6NRjWIf/FEYEUqdKqfLLT.8G','GREFF','Aurélie','male',NULL,'0178767575',0,'B8DEC207885473910D4D48A0CED17DD63A909707EEEC651BF64CD1BC6DBA5D64A830E644','2024-04-30 09:31:23','2024-10-29 16:36:00','company',NULL,NULL),(748,'marion@sphinx-marketing-conseil.com','[\"ROLE_COMPANY\", \"ROLE_CUSTOMER\", \"ROLE_USER\", \"ROLE_COMPANY\"]','$2y$13$J0Id2ss3PO1Oj8wde92CE.MWJ6BItgHSj5yHRr3rZoazw0D1lLL3G','Verdet','Olivier','male',NULL,'01 39 50 30 22',0,'9CB8807D9AB27A014034665984EE9FAC2B26F13A90D47DE5DD2DE61C763203178CF65FFC','2024-04-30 09:31:30','2024-10-29 16:36:10','company',NULL,NULL),(749,'sfournier.sfd@outlook.fr','[\"ROLE_CUSTOMER_VALIDATED\", \"ROLE_COMMERCIAL_AGENT\", \"ROLE_CUSTOMER\", \"ROLE_USER\"]','$2y$13$8CrEPuRk/UxPqJKNkilGo.llwtftyMpP/rS.zTQequPuQcAsH8ey.','FOURNIER','Stéphane','male','1963-07-14','0164954973',0,NULL,'2024-04-30 09:31:38','2025-02-18 11:50:44','commercial',NULL,NULL),(750,'francesco.tenuta@acft.fr','[\"ROLE_COMPANY\", \"ROLE_CUSTOMER\", \"ROLE_USER\", \"ROLE_COMPANY\"]','$2y$13$a5eepSOAelf1czv0Fd7WOOE00dXvX5c9.9am5a3lafavbQfFlh8Z6','TENUTA','FRANCESCO','male',NULL,'+33232443151',0,'C9D4AB171D42DE15E1DF7E97D55B6E28ED6716A61419F1AEEC38273CC9E7E724540AEF8A','2024-04-30 09:31:45','2024-10-29 16:36:28','company',NULL,NULL),(751,'vincent.johann@laposte.net','[\"ROLE_COMPANY\", \"ROLE_CUSTOMER\", \"ROLE_USER\", \"ROLE_COMPANY\"]','$2y$13$UCz1NwfrojNJrz7e/1k5cesf6DWoD/qQSZ.ExYA48182vLu6L/0Vu','JOHANN','Vincent','male',NULL,'+33101010101',0,'35A4A0301A9F927B95E3D0278327F00F4F092B8156DF6003A2FC2EADCD2D6811963FBAAA','2024-04-30 09:31:53','2024-10-29 16:39:25','company',NULL,NULL),(752,'rogerfaict6931@hotmail.fr','[\"ROLE_COMMERCIAL_AGENT\", \"ROLE_CUSTOMER\", \"ROLE_USER\", \"ROLE_COMMERCIAL_AGENT\"]','$2y$13$1qnBNKTkbBMpkgmEYzlAweXo/Ey1QzwEi8UYdtudDbqnVfpu55Xwe','FAICT','ROGER','male',NULL,'07 85 57 96 83',0,'E8A63FA971B7CC6A27040C007C19E07E1D439BBCCEA36EBEF1F810A4411FB49280E92CE5','2024-04-30 09:32:00','2024-10-29 15:26:09','commercial',NULL,NULL),(753,'commercial@celtsupportage.com','[\"ROLE_COMPANY\", \"ROLE_CUSTOMER\", \"ROLE_USER\", \"ROLE_COMPANY\"]','$2y$13$nV/zmCpRNTNOvFvg9Z.sJeY16n6zkPtq03PVpOWdUTctRyVf1LeJq','WEISS','ROBIN','male',NULL,'0164178401',0,'EFE70D3E9C58D1DDA38F0B6F3689AE2BB6FFC625995FEC967FF92A78C06C1BA48A59B353','2024-04-30 09:32:08','2024-10-29 16:39:51','company',NULL,NULL),(754,'mpalmia@orange.fr','[\"ROLE_COMPANY\", \"ROLE_CUSTOMER\", \"ROLE_USER\", \"ROLE_COMPANY\"]','$2y$13$XG8K41DvVPNvsXVcX.ePSuyp7vjLW9hyOB/xQjaoZ/8qzeDyzmiBq','PALMIA','Marc','male',NULL,'-',0,'C2DBBDAE0ECC76906F5E1C19941A50F975D81758058ED6B9137AC9DFDA4A41040662C32D','2024-04-30 09:32:15','2024-10-29 16:40:09','company',NULL,NULL),(755,'info@biotex.fr','[\"ROLE_COMPANY\", \"ROLE_CUSTOMER\", \"ROLE_USER\", \"ROLE_COMPANY\"]','$2y$13$0t4GjMCXWDNQJvwixB7ZZeKTx/9MZaoI1iJmR1x47xM/uZsmmYz6e','Aubagnac','JeanChristophe','male',NULL,'-',0,'C60AB2012FB6A85602B7328D726DBFB914DF3FDFED07B69C57FCD6E65A74681FE205E993','2024-04-30 09:32:23','2024-10-29 16:40:16','company',NULL,NULL),(756,'info@allo2424.com','[\"ROLE_COMPANY\", \"ROLE_CUSTOMER\", \"ROLE_USER\", \"ROLE_COMPANY\"]','$2y$13$5tBEsDKGkURV701zt/sW/OcOMivnb9DMbFSpzwJJsMwWKdxQ25fse','laloum','didier','male',NULL,'0468958912',0,'36D2A7A7120A3CAF0766EBE5128CE51B939120B70766C762DF46CCE1E7A8E9CF15095C55','2024-04-30 09:32:31','2024-10-29 16:40:33','company',NULL,NULL),(757,'comagent@my.webeego.com','[\"ROLE_COMPANY\", \"ROLE_CUSTOMER\", \"ROLE_USER\", \"ROLE_COMPANY\"]','$2y$13$GouZOErJJM88o69fVBHiDO1b9VXwg.SZiDkNaxSeYKFULaHpvOv4e','Ammirati','Lionel','male',NULL,'',0,'5728CD0A9D388CC0B6326C00252D18AF671C63B04FD78FDBF81F49A1584911F893302331','2024-04-30 09:32:38','2024-10-29 16:40:41','company',NULL,NULL),(758,'jnacnews@comagent.com','[\"ROLE_COMPANY\", \"ROLE_CUSTOMER\", \"ROLE_USER\", \"ROLE_COMPANY\"]','$2y$13$z.GloEnOuRN2f3iHZJNTUOPl97FRIuHZ3fW/KEzTy5844F4KGtSsu','Blandine','Essai','male',NULL,'-',0,'09DCD753A130C3470B8C1524C9852B676B2120E67DE0C99A540D3FDE20A0D822E8BF8953','2024-04-30 09:32:46','2025-01-22 14:14:09','company',NULL,NULL),(759,'contact@invests-btob.com','[\"ROLE_COMPANY\", \"ROLE_CUSTOMER\", \"ROLE_USER\", \"ROLE_COMPANY\"]','$2y$13$1YA87pF8LMHrm5SO3q.3jOVPJTkZMxZgqi7hM94y5/VMXZpzg17I.','HESSELBARTH','Xavier','male',NULL,'-',0,'33A3CC5C312B0C9863345510C93531F488023BA91B5A0AC6AAE01251DBC30ECCF9DF1DB4','2024-04-30 09:32:53','2024-10-29 16:38:20','company',NULL,NULL),(760,'carbel21@free.fr','[\"ROLE_COMPANY\", \"ROLE_CUSTOMER\", \"ROLE_USER\", \"ROLE_COMPANY\"]','$2y$13$QABUpuhGg5t4eeyjhHpYpeFEr8V.uhRAJTOyhNZ1.7He73Wfx1g4S','STURNER','Virginie','male',NULL,'0380901543',0,'BCB84CB8B0B88751225D2FBE01859F8BE4B5FECDC29E6EF0007CF69F40A1E3EBCD83EB98','2024-04-30 09:33:01','2024-10-29 16:38:31','company',NULL,NULL),(761,'r.marquiegui@geinsa.com','[\"ROLE_COMPANY\", \"ROLE_CUSTOMER\", \"ROLE_USER\", \"ROLE_COMPANY\"]','$2y$13$BZk8y5HYJ7wp8bNbtFdbTOoNPm4ToyJ1ScwaEVG.ijPXcPSmUCGSq','Marquiegui','Reyes','male',NULL,'0141735466',0,'259B662E7B4A25512DC26DB5BE4C710A80CA1B9542256DE5E34DE3D34D933D70EDF6CF0B','2024-04-30 09:33:09','2024-10-29 16:38:38','company',NULL,NULL),(762,'blaise.censier@toybe.es','[\"ROLE_COMPANY\", \"ROLE_CUSTOMER\", \"ROLE_USER\", \"ROLE_COMPANY\"]','$2y$13$mTUQPjEVa5/su0vdhgFrIuvmonjlBmFU8udEDL.UGXtQFL9ov2WbS','CENSIER','Blaise','male',NULL,'0034606865872',0,'FF4947F536E4F4D79124245943E4C5462A1A6AFCCC6C2B81CB95B54FB9577DCEFFB34DB2','2024-04-30 09:33:16','2024-10-29 16:38:41','company',NULL,NULL),(763,'fabrice.theodon@libertysurf.fr','[\"ROLE_COMPANY\", \"ROLE_CUSTOMER\", \"ROLE_USER\", \"ROLE_COMPANY\"]','$2y$13$FXzjOsKI8oORK2FO6QUsbejgnYk2aS3fcaRhaQqhjKVlN/KhGZcle','THEODON','FABRICE','male',NULL,'-',0,'40E23590892F9B6BE11624AF49DBF80414F887F23B64D9DC04ADF764BCEAFC18DB536C48','2024-04-30 09:33:24','2024-10-29 16:39:03','company',NULL,NULL),(764,'bertrand.massie@yahoo.fr','[\"ROLE_COMPANY\", \"ROLE_CUSTOMER\", \"ROLE_USER\", \"ROLE_COMPANY\"]','$2y$13$oe/j3A7OFoLTIidUfP6w6Ou7N8UtMNhhvrR10OjxHeHCJXFfZivVy','massie','bertrand','male',NULL,'-',0,'B17F845455A55D72809B0068F4551BC5CF6150F2B68056ABF770C5B8BCF27D50A2924C59','2024-04-30 09:33:31','2024-10-29 16:39:07','company',NULL,NULL),(765,'isabel@finieco.pt','[\"ROLE_COMPANY\", \"ROLE_CUSTOMER\", \"ROLE_USER\", \"ROLE_COMPANY\"]','$2y$13$XVv2XZHrsdRy5T6qno/f.OHMbKgexG1NsT.zRGi14FIb.lnG5v1py','ReguengaLarchez','Isabel','male',NULL,'00351252809140',0,'B1ACF10BCE459A557F6E556C048428E81315AC865BD8839D13B3D822724783605762EBA6','2024-04-30 09:33:38','2024-10-29 16:28:21','company',NULL,NULL),(766,'info@gyprod.com','[\"ROLE_COMPANY\", \"ROLE_CUSTOMER\", \"ROLE_USER\", \"ROLE_COMPANY\"]','$2y$13$UU2B4LDZsKgVeZtUCSa8iuSbrwNcFkqxdWY1HhJKdSR2juOSKVD0.','Larrea','Aritz','male',NULL,'+34 948 69 05 45',0,'4039134C7C52E8D425C372B610AF684408F0ED5DD5F13622575E829C131574620454EC6D','2024-04-30 09:33:46','2024-10-29 16:28:24','company',NULL,NULL),(767,'kvallot@francoallemand.com','[\"ROLE_COMPANY\", \"ROLE_CUSTOMER\", \"ROLE_USER\", \"ROLE_COMPANY\"]','$2y$13$Tf8oTEf6tCWi3l2yz/mX8OsvJ5UDVsrFnyaQ43Hb66.Pf8EXJiKaO','VALLOT','Kevin','male',NULL,'01 40 58 35 65',0,'217E708C6A8DA9E7831CC1E4FD368ADAA6CB737A5EAE9D02A4698C6065E33A01D58DB2E6','2024-04-30 09:33:54','2024-10-29 16:29:19','company',NULL,NULL),(768,'nicolas.rousseau14@gmail.com','[\"ROLE_COMMERCIAL_AGENT\", \"ROLE_CUSTOMER\", \"ROLE_USER\", \"ROLE_COMMERCIAL_AGENT\"]','$2y$13$eO9Y3lrt4TxTffMQDw2/KeDj4PGXVjrv46idm5NimnfEQj6vl6aXS','ROUSSEAU','NICOLAS','male',NULL,'06 24 12 76 34',0,'A09A1468214667414D2F9DA550FC9112B78B1FD2200E3B7F9A972DFBD44AC46C347D3BBC','2024-04-30 09:34:02','2024-10-29 15:26:10','commercial',NULL,NULL),(769,'noel.ponthus2@wanadoo.fr','[\"ROLE_COMMERCIAL_AGENT\", \"ROLE_CUSTOMER\", \"ROLE_USER\", \"ROLE_COMMERCIAL_AGENT\"]','$2y$13$FChQIWJeDDu3K7JMAp5bdelZ.5.69.gbWmFxh4GikkYS0NOqXHT5C','PONTHUS','Noel','male',NULL,'06 23 92 42 35',0,'C96D132C63CBA434647F7A8F12632A1310FEA97CEEA95D7C725BD26278D71A3C12FBC4BF','2024-04-30 09:34:09','2024-10-29 15:26:10','commercial',NULL,NULL),(770,'nhanssen@orange.fr','[\"ROLE_COMMERCIAL_AGENT\", \"ROLE_CUSTOMER\", \"ROLE_USER\", \"ROLE_COMMERCIAL_AGENT\"]','$2y$13$GxBRJVtDgZj1vAruEc6SPeLzP682SXsSL5vs6MW8WKeDsubWtasTS','HANSSEN','Nicolas','male',NULL,'07 86 01 09 98',0,'4C3AFFC892C12ADBD4817F637C1E35C527B17BE317D97060896DC885684A30AD0AE36A14','2024-04-30 09:34:16','2024-10-29 15:26:10','commercial',NULL,NULL),(771,'bureau@agenceapa.fr','[\"ROLE_COMMERCIAL_AGENT\", \"ROLE_CUSTOMER\", \"ROLE_USER\", \"ROLE_COMMERCIAL_AGENT\"]','$2y$13$yzN2RtW8bqEasyI2zyknl.GYyrZ2X4Lpe54P2tzdE0GfdNGDZGLOe','KATANE','Jacques','male',NULL,'01 39 34 99 20',0,'045D64BD44237359E01604B8171A043C214A22078982E646F5CCB49B4E8E463731E28761','2024-04-30 09:34:24','2024-10-29 15:26:10','commercial',NULL,NULL),(772,'guy.saget41@orange.fr','[\"ROLE_COMMERCIAL_AGENT\", \"ROLE_CUSTOMER\", \"ROLE_USER\", \"ROLE_COMMERCIAL_AGENT\"]','$2y$13$24xZ3sWsPG61BXMRsWalr.azJM2szW3PTyer2Ktt4Jwc7zb0AlKES','SAGET','Guy','male',NULL,'09 60 49 45 11',0,'F8CD1DBB43AC958731D9002435FA9BEAA16890C9093946864AAD4DFDC23AF71731DA9D8E','2024-04-30 09:34:31','2024-10-29 15:26:11','commercial',NULL,NULL),(773,'legal@hrnet.fr','[\"ROLE_COMPANY\", \"ROLE_CUSTOMER\", \"ROLE_USER\", \"ROLE_COMPANY\"]','$2y$13$Z1l0qmb8DjPxRw5ogp92J.KP53HjnnqpX5FvRt/RLdvNcycMrpV7i','BURKARD','Thierry','male',NULL,'0389360909',0,'5CA45934675F5003F7A500326A8A586B6B583AE769023A205B0419E036C0AEDAA3FB898C','2024-04-30 09:34:39','2024-10-29 16:27:11','company',NULL,NULL),(774,'acenew@gmail.com','[\"ROLE_COMPANY\", \"ROLE_CUSTOMER\", \"ROLE_USER\", \"ROLE_COMPANY\"]','$2y$13$ag5Wre5Itp0ai6/DYUBB1eyt/lxMytghx6F8Ykm7ynDKTsOf5086W','CARPENTIER','Bruno','male',NULL,'0380901543',0,'B2C7C721C15968B3BBBCE6FAE8BEF8A58E3C424B90A40D0B9232EA52E8C80C08A853437E','2024-04-30 09:34:46','2024-10-29 16:27:50','company',NULL,NULL),(775,'martine.anselin@magenta-office.fr','[\"ROLE_COMPANY\", \"ROLE_CUSTOMER\", \"ROLE_USER\", \"ROLE_COMPANY\"]','$2y$13$VgMpEL2UVENzfihsKzPvhe2HTow59CMczi9o1zHl1uw1EyRhWPqla','ANSELIN','Martine','male',NULL,'-',0,'BC4AEE8DBD0ED0B1A6C0B5953B19AFD4E3DFD98B0B4592228A6ABE812E8934B27B2B750A','2024-04-30 09:34:54','2024-10-29 16:27:45','company',NULL,NULL),(776,'serviceannonces@comagent.com','[\"ROLE_COMPANY\", \"ROLE_CUSTOMER\", \"ROLE_USER\", \"ROLE_COMPANY\"]','$2y$13$IsIQEe0XZVtFinZ59KLVTuDZkgLmaxxMyZGy5UKxWdDPYEOBP.vaa','testbl','testbl','male',NULL,'-',0,'B8823697DCCA095ECA1AC19653B05657529987C5424E33D1A082B753131786E785F9969B','2024-04-30 09:35:02','2024-10-24 13:58:07','company',NULL,NULL),